-- Table structure for table `ms011_payment_request`
--

CREATE TABLE `ms011_payment_request` (
  `id` int(10) unsigned NOT NULL AUTO_INCREMENT,
  `user_id` int(11) DEFAULT NULL,
  `relate_to` varchar(100) DEFAULT NULL,
  `relate_id` int(11) DEFAULT NULL,
  `card_number` varchar(20) DEFAULT '' COMMENT 'شماره کارت',
  `sheba` varchar(100) DEFAULT NULL COMMENT 'شماره شبا',
  `account_number` varchar(100) DEFAULT NULL COMMENT 'شماره حساب',
  `bank_name` varchar(100) DEFAULT NULL,
  `price` decimal(12,0) DEFAULT NULL COMMENT 'مبلغ واریز',
  `info` text DEFAULT NULL COMMENT 'اطلاعات اضافی',
  `description` varchar(255) DEFAULT NULL,
  `status` varchar(50) DEFAULT 'waiting',
  `type_transfer` varchar(50) DEFAULT NULL COMMENT 'نجحوه انتفال مبلغ',
  `date_clearing` datetime DEFAULT NULL COMMENT 'تاریخ تسوبه',
  `bank_fee` decimal(10,0) DEFAULT 0 COMMENT 'کارمزد بانک',
  `created_by` int(11) DEFAULT NULL,
  `updated_by` int(11) DEFAULT NULL,
  `created_at` timestamp NULL DEFAULT current_timestamp(),
  `updated_at` timestamp NULL DEFAULT NULL,
  PRIMARY KEY (`id`)
) ENGINE=MyISAM AUTO_INCREMENT=10 DEFAULT CHARSET=utf8mb4 COLLATE=utf8mb4_unicode_ci;

--
-- Dumping data for table `ms011_payment_request`
--

INSERT INTO `ms011_payment_request` VALUES
(4,412,'store_clearing',15,'60379985632659841','IR236589745236000012365897','32659874562',NULL,230702,'{\"id\":412,\"username\":\"admin\",\"parent_id\":0,\"role\":\"administrator\",\"mobile\":\"09353501323\",\"nickname\":\"\\u0645\\u062d\\u0645\\u062f \\u0645\\u062f\\u06cc\\u0631\\u06cc\\u062a\",\"fname\":\"\\u0645\\u062d\\u0645\\u062f\",\"lname\":\"\\u0645\\u062f\\u06cc\\u0631\\u06cc\\u062a\",\"request_email\":null,\"email\":\"mohammadshoja65@gmail.com\",\"permission_id\":419,\"tel\":\"\",\"credit\":\"0.0\",\"income\":\"0.0\",\"score\":0,\"debit\":\"0.00\",\"status\":\"active\",\"address\":\"\\u06a9\\u0645\\u0631\\u0628\\u0646\\u062f\\u06cc \\u0634\\u0631\\u0642\\u06cc \\u0628\\u0639\\u062f \\u0627\\u0632 \\u0686\\u0647\\u0627\\u0631 \\u0631\\u0627\\u0647 \\u0634\\u0647\\u062f\\u0627 \\u0627\\u0633\\u062a\\u062e\\u0631 \\u0648\\u0644\\u06cc \\u0639\\u0635\\u0631 \\u0628\\u0648\\u0633\\u062a\\u0627\\u0646 14 \\u0627\\u0646\\u062a\\u0647\\u0627\\u06cc \\u06a9\\u0648\\u0686\\u0647\",\"state\":27,\"city\":588,\"zip_code\":\"4713855887\",\"lat\":\"\",\"lng\":\"\",\"code_melli\":\"\",\"birthday\":\"1990-07-11 00:00:00\",\"married\":\"\",\"sex\":\"\",\"avatar\":\"34339352832.jpg\",\"description\":\"\\u0645\\u062d\\u0645\\u062f \\u0634\\u062c\\u0627\\u0639 - \\u0628\\u0631\\u0646\\u0627\\u0645\\u0647 \\u0646\\u0648\\u06cc\\u0633 \\u0637\\u0631\\u0627\\u062d \\u0648 \\u062a\\u0648\\u0633\\u0639\\u0647 \\u062f\\u0647\\u0646\\u062f\\u0647 \\u0627\\u067e\\u0644\\u06cc\\u06a9\\u06cc\\u0634\\u0646 \\u0647\\u0627\\u06cc \\u062a\\u062d\\u062a \\u0648\\u0628\",\"about_me\":\"\",\"rate\":0,\"mobile_verify_code\":\"\",\"api_token\":\"\",\"recovery_pass_token\":null,\"edit_by\":412,\"present_code\":\"3433906\",\"intro_id\":0,\"created_at\":\"2021-07-18T17:32:03.000000Z\",\"updated_at\":\"2022-01-13T05:58:14.000000Z\"}',NULL,'done','paya',NULL,0,NULL,412,'2022-08-17 16:24:13','2022-08-17 16:24:13'),
(5,412,'store_clearing',15,'',NULL,'',NULL,230702,'{\"id\":412,\"username\":\"admin\",\"parent_id\":0,\"role\":\"administrator\",\"mobile\":\"09353501323\",\"nickname\":\"\\u0645\\u062d\\u0645\\u062f \\u0645\\u062f\\u06cc\\u0631\\u06cc\\u062a\",\"fname\":\"\\u0645\\u062d\\u0645\\u062f\",\"lname\":\"\\u0645\\u062f\\u06cc\\u0631\\u06cc\\u062a\",\"request_email\":null,\"email\":\"mohammadshoja65@gmail.com\",\"permission_id\":419,\"tel\":\"\",\"credit\":\"0.0\",\"income\":\"0.0\",\"score\":0,\"debit\":\"0.00\",\"status\":\"active\",\"address\":\"\\u06a9\\u0645\\u0631\\u0628\\u0646\\u062f\\u06cc \\u0634\\u0631\\u0642\\u06cc \\u0628\\u0639\\u062f \\u0627\\u0632 \\u0686\\u0647\\u0627\\u0631 \\u0631\\u0627\\u0647 \\u0634\\u0647\\u062f\\u0627 \\u0627\\u0633\\u062a\\u062e\\u0631 \\u0648\\u0644\\u06cc \\u0639\\u0635\\u0631 \\u0628\\u0648\\u0633\\u062a\\u0627\\u0646 14 \\u0627\\u0646\\u062a\\u0647\\u0627\\u06cc \\u06a9\\u0648\\u0686\\u0647\",\"state\":27,\"city\":588,\"zip_code\":\"4713855887\",\"lat\":\"\",\"lng\":\"\",\"code_melli\":\"\",\"birthday\":\"1990-07-11 00:00:00\",\"married\":\"\",\"sex\":\"\",\"avatar\":\"34339352832.jpg\",\"description\":\"\\u0645\\u062d\\u0645\\u062f \\u0634\\u062c\\u0627\\u0639 - \\u0628\\u0631\\u0646\\u0627\\u0645\\u0647 \\u0646\\u0648\\u06cc\\u0633 \\u0637\\u0631\\u0627\\u062d \\u0648 \\u062a\\u0648\\u0633\\u0639\\u0647 \\u062f\\u0647\\u0646\\u062f\\u0647 \\u0627\\u067e\\u0644\\u06cc\\u06a9\\u06cc\\u0634\\u0646 \\u0647\\u0627\\u06cc \\u062a\\u062d\\u062a \\u0648\\u0628\",\"about_me\":\"\",\"rate\":0,\"mobile_verify_code\":\"\",\"api_token\":\"\",\"recovery_pass_token\":null,\"edit_by\":412,\"present_code\":\"3433906\",\"intro_id\":0,\"created_at\":\"2021-07-18T17:32:03.000000Z\",\"updated_at\":\"2022-01-13T05:58:14.000000Z\"}','','done','paya',NULL,0,NULL,NULL,'2022-02-01 17:10:50',NULL),
(6,412,'store_clearing',15,'',NULL,'',NULL,230702,'{\"id\":412,\"username\":\"admin\",\"parent_id\":0,\"role\":\"administrator\",\"mobile\":\"09353501323\",\"nickname\":\"\\u0645\\u062d\\u0645\\u062f \\u0645\\u062f\\u06cc\\u0631\\u06cc\\u062a\",\"fname\":\"\\u0645\\u062d\\u0645\\u062f\",\"lname\":\"\\u0645\\u062f\\u06cc\\u0631\\u06cc\\u062a\",\"request_email\":null,\"email\":\"mohammadshoja65@gmail.com\",\"permission_id\":419,\"tel\":\"\",\"credit\":\"0.0\",\"income\":\"0.0\",\"score\":0,\"debit\":\"0.00\",\"status\":\"active\",\"address\":\"\\u06a9\\u0645\\u0631\\u0628\\u0646\\u062f\\u06cc \\u0634\\u0631\\u0642\\u06cc \\u0628\\u0639\\u062f \\u0627\\u0632 \\u0686\\u0647\\u0627\\u0631 \\u0631\\u0627\\u0647 \\u0634\\u0647\\u062f\\u0627 \\u0627\\u0633\\u062a\\u062e\\u0631 \\u0648\\u0644\\u06cc \\u0639\\u0635\\u0631 \\u0628\\u0648\\u0633\\u062a\\u0627\\u0646 14 \\u0627\\u0646\\u062a\\u0647\\u0627\\u06cc \\u06a9\\u0648\\u0686\\u0647\",\"state\":27,\"city\":588,\"zip_code\":\"4713855887\",\"lat\":\"\",\"lng\":\"\",\"code_melli\":\"\",\"birthday\":\"1990-07-11 00:00:00\",\"married\":\"\",\"sex\":\"\",\"avatar\":\"34339352832.jpg\",\"description\":\"\\u0645\\u062d\\u0645\\u062f \\u0634\\u062c\\u0627\\u0639 - \\u0628\\u0631\\u0646\\u0627\\u0645\\u0647 \\u0646\\u0648\\u06cc\\u0633 \\u0637\\u0631\\u0627\\u062d \\u0648 \\u062a\\u0648\\u0633\\u0639\\u0647 \\u062f\\u0647\\u0646\\u062f\\u0647 \\u0627\\u067e\\u0644\\u06cc\\u06a9\\u06cc\\u0634\\u0646 \\u0647\\u0627\\u06cc \\u062a\\u062d\\u062a \\u0648\\u0628\",\"about_me\":\"\",\"rate\":0,\"mobile_verify_code\":\"\",\"api_token\":\"\",\"recovery_pass_token\":null,\"edit_by\":412,\"present_code\":\"3433906\",\"intro_id\":0,\"created_at\":\"2021-07-18T17:32:03.000000Z\",\"updated_at\":\"2022-01-13T05:58:14.000000Z\"}','بخاطر رعایت نکردن قوانین','reject','paya',NULL,0,NULL,412,'2022-08-17 16:23:25','2022-08-17 16:23:25'),
(7,412,'store_clearing',15,'',NULL,'',NULL,230702,'{\"id\":412,\"username\":\"admin\",\"parent_id\":0,\"role\":\"administrator\",\"mobile\":\"09353501323\",\"nickname\":\"\\u0645\\u062d\\u0645\\u062f \\u0645\\u062f\\u06cc\\u0631\\u06cc\\u062a\",\"fname\":\"\\u0645\\u062d\\u0645\\u062f\",\"lname\":\"\\u0645\\u062f\\u06cc\\u0631\\u06cc\\u062a\",\"request_email\":null,\"email\":\"mohammadshoja65@gmail.com\",\"permission_id\":419,\"tel\":\"\",\"credit\":\"0.0\",\"income\":\"0.0\",\"score\":0,\"debit\":\"0.00\",\"status\":\"active\",\"address\":\"\\u06a9\\u0645\\u0631\\u0628\\u0646\\u062f\\u06cc \\u0634\\u0631\\u0642\\u06cc \\u0628\\u0639\\u062f \\u0627\\u0632 \\u0686\\u0647\\u0627\\u0631 \\u0631\\u0627\\u0647 \\u0634\\u0647\\u062f\\u0627 \\u0627\\u0633\\u062a\\u062e\\u0631 \\u0648\\u0644\\u06cc \\u0639\\u0635\\u0631 \\u0628\\u0648\\u0633\\u062a\\u0627\\u0646 14 \\u0627\\u0646\\u062a\\u0647\\u0627\\u06cc \\u06a9\\u0648\\u0686\\u0647\",\"state\":27,\"city\":588,\"zip_code\":\"4713855887\",\"lat\":\"\",\"lng\":\"\",\"code_melli\":\"\",\"birthday\":\"1990-07-11 00:00:00\",\"married\":\"\",\"sex\":\"\",\"avatar\":\"34339352832.jpg\",\"description\":\"\\u0645\\u062d\\u0645\\u062f \\u0634\\u062c\\u0627\\u0639 - \\u0628\\u0631\\u0646\\u0627\\u0645\\u0647 \\u0646\\u0648\\u06cc\\u0633 \\u0637\\u0631\\u0627\\u062d \\u0648 \\u062a\\u0648\\u0633\\u0639\\u0647 \\u062f\\u0647\\u0646\\u062f\\u0647 \\u0627\\u067e\\u0644\\u06cc\\u06a9\\u06cc\\u0634\\u0646 \\u0647\\u0627\\u06cc \\u062a\\u062d\\u062a \\u0648\\u0628\",\"about_me\":\"\",\"rate\":0,\"mobile_verify_code\":\"\",\"api_token\":\"\",\"recovery_pass_token\":null,\"edit_by\":412,\"present_code\":\"3433906\",\"intro_id\":0,\"created_at\":\"2021-07-18T17:32:03.000000Z\",\"updated_at\":\"2022-01-13T05:58:14.000000Z\"}','','reject','paya',NULL,0,NULL,NULL,'2022-02-01 17:10:50',NULL),
(8,412,'store_clearing',15,'',NULL,'',NULL,230702,'{\"id\":412,\"username\":\"admin\",\"parent_id\":0,\"role\":\"administrator\",\"mobile\":\"09353501323\",\"nickname\":\"\\u0645\\u062d\\u0645\\u062f \\u0645\\u062f\\u06cc\\u0631\\u06cc\\u062a\",\"fname\":\"\\u0645\\u062d\\u0645\\u062f\",\"lname\":\"\\u0645\\u062f\\u06cc\\u0631\\u06cc\\u062a\",\"request_email\":null,\"email\":\"mohammadshoja65@gmail.com\",\"permission_id\":419,\"tel\":\"\",\"credit\":\"0.0\",\"income\":\"0.0\",\"score\":0,\"debit\":\"0.00\",\"status\":\"active\",\"address\":\"\\u06a9\\u0645\\u0631\\u0628\\u0646\\u062f\\u06cc \\u0634\\u0631\\u0642\\u06cc \\u0628\\u0639\\u062f \\u0627\\u0632 \\u0686\\u0647\\u0627\\u0631 \\u0631\\u0627\\u0647 \\u0634\\u0647\\u062f\\u0627 \\u0627\\u0633\\u062a\\u062e\\u0631 \\u0648\\u0644\\u06cc \\u0639\\u0635\\u0631 \\u0628\\u0648\\u0633\\u062a\\u0627\\u0646 14 \\u0627\\u0646\\u062a\\u0647\\u0627\\u06cc \\u06a9\\u0648\\u0686\\u0647\",\"state\":27,\"city\":588,\"zip_code\":\"4713855887\",\"lat\":\"\",\"lng\":\"\",\"code_melli\":\"\",\"birthday\":\"1990-07-11 00:00:00\",\"married\":\"\",\"sex\":\"\",\"avatar\":\"34339352832.jpg\",\"description\":\"\\u0645\\u062d\\u0645\\u062f \\u0634\\u062c\\u0627\\u0639 - \\u0628\\u0631\\u0646\\u0627\\u0645\\u0647 \\u0646\\u0648\\u06cc\\u0633 \\u0637\\u0631\\u0627\\u062d \\u0648 \\u062a\\u0648\\u0633\\u0639\\u0647 \\u062f\\u0647\\u0646\\u062f\\u0647 \\u0627\\u067e\\u0644\\u06cc\\u06a9\\u06cc\\u0634\\u0646 \\u0647\\u0627\\u06cc \\u062a\\u062d\\u062a \\u0648\\u0628\",\"about_me\":\"\",\"rate\":0,\"mobile_verify_code\":\"\",\"api_token\":\"\",\"recovery_pass_token\":null,\"edit_by\":412,\"present_code\":\"3433906\",\"intro_id\":0,\"created_at\":\"2021-07-18T17:32:03.000000Z\",\"updated_at\":\"2022-01-13T05:58:14.000000Z\"}','','done','paya',NULL,0,NULL,NULL,'2022-02-01 17:10:50',NULL),
(9,412,'store_clearing',14,'','IR5456456465','',NULL,170608,'{\"id\":412,\"username\":\"admin\",\"parent_id\":0,\"role\":\"administrator\",\"mobile\":\"09115119590\",\"nickname\":\"\\u0645\\u062d\\u0645\\u062f \\u0634\\u062c\\u0627\\u0639\",\"fname\":\"\\u0645\\u062d\\u0645\\u062f\",\"lname\":\"\\u0634\\u062c\\u0627\\u0639\",\"request_email\":null,\"email\":\"mohammadshoja65@gmail.com\",\"permission_id\":418,\"tel\":\"\",\"credit\":\"1222916\",\"income\":\"0.0\",\"score\":0,\"debit\":\"0.00\",\"status\":\"active\",\"address\":\"\\u06a9\\u0645\\u0631\\u0628\\u0646\\u062f\\u06cc \\u0628\\u0639\\u062f \\u0627\\u0632 \\u0645\\u06cc\\u062f\\u0627\\u0646 \\u06a9\\u0634\\u0648\\u0631\\u06cc\",\"state\":27,\"city\":588,\"zip_code\":\"26598989\",\"lat\":\"\",\"lng\":\"\",\"code_melli\":\"2064772383\",\"birthday\":\"1986-05-23 00:00:00\",\"married\":\"\",\"sex\":\"man\",\"avatar\":\"3433911965.jpg\",\"description\":\"\",\"about_me\":\"\",\"rate\":0,\"mobile_verify_code\":\"42883\",\"api_token\":\"\",\"recovery_pass_token\":null,\"edit_by\":412,\"present_code\":\"203201\",\"intro_id\":0,\"created_at\":\"2021-02-07T07:30:42.000000Z\",\"updated_at\":\"2022-08-16T04:54:34.000000Z\"}',NULL,'done','paya',NULL,0,NULL,412,'2022-08-17 16:40:42','2022-08-17 16:40:42');

--
-- Table structure for table `ms011_permission`
--

CREATE TABLE `ms011_permission` (
  `id` int(10) unsigned NOT NULL AUTO_INCREMENT,
  `group_title` varchar(100) DEFAULT NULL,
  `status` tinyint(4) DEFAULT 1,
  `created_at` timestamp NULL DEFAULT current_timestamp() ON UPDATE current_timestamp(),
  `updated_at` timestamp NULL DEFAULT NULL ON UPDATE current_timestamp(),
  PRIMARY KEY (`id`)
) ENGINE=MyISAM AUTO_INCREMENT=453 DEFAULT CHARSET=utf8mb4 COLLATE=utf8mb4_unicode_ci;

--
-- Dumping data for table `ms011_permission`
--

INSERT INTO `ms011_permission` VALUES
(421,'داشبورد',1,'2022-06-29 06:43:20','2021-11-22 07:02:46'),
(423,'مدیران و پرسنل',1,'2022-06-29 06:43:20','2021-11-22 07:02:46'),
(424,'مشتریان',1,'2022-06-29 06:43:20','2021-11-22 07:02:46'),
(440,'دفترچه تلفن',1,'2022-06-29 06:43:20','2021-11-22 07:02:46'),
(439,'تیکت',1,'2022-06-29 06:43:20','2021-11-22 07:02:46'),
(441,'وبلاگ',1,'2022-06-29 06:43:20','2021-11-22 07:02:46'),
(442,'دیدگاهها',1,'2022-06-29 06:43:20','2021-11-22 07:02:46'),
(443,'صفحه اول یا چیدمان قالب',1,'2022-06-29 06:43:20','2021-11-22 07:02:46'),
(444,'فروشندگان',1,'2022-06-29 06:43:20','2021-11-22 07:02:46'),
(446,'محصولات',1,'2022-06-29 06:43:20','2021-11-22 07:02:46'),
(447,'کوپن و جشنواره',1,'2022-06-29 06:43:20','2021-11-22 07:02:46'),
(448,'مدیریت سفارشات فروشگاه',1,'2022-06-29 06:43:20','2021-11-22 07:02:46'),
(449,'گزارشات',1,'2022-06-29 06:43:20','2021-11-22 07:02:46'),
(451,'تنظیمات',1,'2022-06-29 06:43:20','2021-11-22 07:02:46'),
(452,'املاک',0,'2022-06-29 06:43:20','2021-11-22 08:20:05');

--
-- Table structure for table `ms011_permission_item`
--

CREATE TABLE `ms011_permission_item` (
  `id` int(10) unsigned NOT NULL AUTO_INCREMENT,
  `permission_id` int(11) DEFAULT NULL,
  `title` varchar(255) DEFAULT NULL,
  `routes` text DEFAULT NULL,
  `created_at` timestamp NULL DEFAULT NULL,
  `updated_at` timestamp NULL DEFAULT NULL,
  PRIMARY KEY (`id`)
) ENGINE=MyISAM AUTO_INCREMENT=138 DEFAULT CHARSET=utf8mb4 COLLATE=utf8mb4_unicode_ci;

--
-- Dumping data for table `ms011_permission_item`
--

INSERT INTO `ms011_permission_item` VALUES
(35,424,'حذف مشتری','customer-delete','2021-07-30 11:34:06','2021-07-30 11:34:50'),
(14,421,'صفحه اول','dashboard,access-denied,empty,find-post,find-cat,find-comment,find-user,find-rs-agent,search-menu,redirect,profile,profile-update,profile-meta-save,profile-notify-save,file-list,file-uploader,files-delete,cat-item-update,save-them-setting,get-them-setting,setting-update,shop/get-city/{parent_id?},shop/find-user,get-city/{parent_id?},new-directory','2021-07-29 06:10:30','2021-11-21 15:21:28'),
(16,423,'لیست مدیران','user-list,user-list-dt','2021-07-29 06:11:58','2021-07-29 06:12:37'),
(17,423,'افزودن مدیر یا پرسنل','user-add,user-insert','2021-07-29 06:12:21','2021-07-29 06:12:51'),
(18,423,'ویرایش مدیر یا پرسنل','user-edit/{id},user-update,address-delete,address-insert,address-list/{id},change-pass','2021-07-29 06:12:35','2021-11-21 15:16:36'),
(19,423,'حذف مدیر یا پرسنل','user-delete','2021-07-29 06:13:22','2021-07-29 06:13:36'),
(20,423,'بروز رسانی متای پرسنل','user-meta-save,user-notify-save','2021-07-29 06:14:13','2021-07-29 06:14:17'),
(32,424,'لیست مشتریان','customer-list,customer-list-dt','2021-07-30 11:33:41','2021-07-30 11:34:16'),
(33,424,'افزودن مشتری','customer-add,customer-insert','2021-07-30 11:33:50','2021-07-30 11:34:27'),
(34,424,'ویرایش مشتری','customer-edit/{id},customer-update','2021-07-30 11:33:59','2021-07-30 11:34:39'),
(60,440,'حذف از دفتر تلفن','contact-delete','2021-11-21 13:07:47','2021-11-21 13:08:35'),
(50,439,'نمایش لیست تیکتها','ticket-list','2021-11-21 13:03:14','2021-11-21 13:04:15'),
(51,439,'نمایش جزییات تیکت','ticket-message/{id}','2021-11-21 13:03:30','2021-11-21 13:04:31'),
(52,439,'پاسخ به تیکت','ticket-save','2021-11-21 13:03:42','2021-11-21 13:04:51'),
(53,439,'بستن تیکت','ticket-closed','2021-11-21 13:03:59','2021-11-21 13:04:59'),
(54,439,'حذف یک یا چند پیام تیکت','ticket-message-delete','2021-11-21 13:05:29','2021-11-21 13:05:41'),
(55,439,'حذف کامل یک تیکت','ticket-delete','2021-11-21 13:05:56','2021-11-21 13:06:06'),
(56,440,'نمایش لیست تلفن ها','contact-list,contact-list-dt','2021-11-21 13:06:46','2021-11-21 13:08:00'),
(57,440,'نمایش جزییات','contact-edit/{id}','2021-11-21 13:06:57','2021-11-21 13:08:12'),
(58,440,'افزودن شماره جدید','contact-add,contact-insert','2021-11-21 13:07:29','2021-11-21 13:08:23'),
(59,440,'ورایش جزییات','contact-update','2021-11-21 13:07:36','2021-11-21 13:08:29'),
(36,424,'ویرایش اطلاعات اضافی مشتری','customer-meta-save,customer-notify-save','2021-07-30 11:35:07','2021-07-30 11:35:18'),
(65,441,'حذف مطالب','post-delete','2021-11-21 13:09:58','2021-11-21 13:11:31'),
(66,441,'نمایش دسته بندی مطالب','post-cat','2021-11-21 13:12:02','2021-11-21 13:20:21'),
(67,441,'نمایش جزییات دسته مطالب','post-cat-detail','2021-11-21 13:16:03','2021-11-21 13:21:39'),
(61,441,'دیدن لیست مطالب','post-list,post-list-dt,add-fast-category','2021-11-21 13:09:07','2021-11-21 15:17:05'),
(62,441,'افزودن مطلب جدید','post-add','2021-11-21 13:09:31','2021-11-21 13:10:42'),
(63,441,'دیدن جزییات مطلب','post-edit/{id}','2021-11-21 13:09:41','2021-11-21 13:10:50'),
(64,441,'بروز رسانی مطالب','post-update,post-get-gallery/{id},post-save-gallery','2021-11-21 13:09:49','2021-11-21 13:11:17'),
(68,441,'بروز رسانی جزییات دسته','post-cat-detail-update','2021-11-21 13:19:53','2021-11-21 13:21:47'),
(69,441,'حذف دسته مطالب','post-cat-item-delete','2021-11-21 13:20:04','2021-11-21 13:21:53'),
(70,442,'نمایش لیست دیدگاهها','comment-list,comment-list-dt','2021-11-21 13:22:27','2021-11-21 13:23:42'),
(71,442,'نمایش جزییات دیدگاه','comment-edit/{id}','2021-11-21 13:22:38','2021-11-21 13:23:54'),
(72,442,'بروز رسانی دیدگاه','comment-update','2021-11-21 13:22:57','2021-11-21 13:24:08'),
(73,442,'حذف دیدگاه','comment-delete','2021-11-21 13:23:30','2021-11-21 13:24:22'),
(74,442,'نمایش سطل زباله','comment-trash-list,comment-restore/{id}/{list_address?},comment-trashed/{id}/{list_address?}','2021-11-21 13:24:56','2021-11-21 15:17:51'),
(75,443,'لیست همه المانها','first-page-list,first-page-list-dt','2021-11-21 13:29:31','2021-11-21 13:30:47'),
(81,443,'حذف ایتم یا المان','first-page-delete','2021-11-21 13:34:31','2021-11-21 13:34:35'),
(80,443,'ایجاد و ویرایش','design-f-page,design-page-edit/{id},first-page-update','2021-11-21 13:33:25','2021-11-21 13:33:58'),
(82,443,'مدیریت منوی اصلی','index-menu','2021-11-21 13:35:40','2021-11-21 13:35:57'),
(83,444,'نمایش لیست فروشندگان','shop/store-list,shop/store-list-dt','2021-11-21 13:38:51','2021-11-21 13:39:00'),
(84,444,'نمایش جزییات فروشنده','shop/store-edit/{id}','2021-11-21 13:39:19','2021-11-21 13:39:24'),
(85,444,'بروز رسانی جزییات فروشنده','shop/store-update','2021-11-21 13:39:37','2021-11-21 13:39:45'),
(86,444,'افزودن فروشنده جدید','shop/store-add,shop/store-insert','2021-11-21 13:40:01','2021-11-21 13:40:03'),
(87,444,'حذف فروشنده','shop/store-delete','2021-11-21 13:40:24','2021-11-21 13:40:41'),
(88,444,'دسته بندی فروشگاه','shop/store-cat-detail,shop/store-cat-detail-update,shop/store-cat-item-delete,shop/cat-store','2021-11-21 13:41:23','2021-11-21 13:42:14'),
(89,444,'نمایش تسویه حساب فروشندگان','shop/store-clearing','2021-11-21 13:43:19','2021-11-21 13:43:40'),
(90,444,'ثبت تسویه حساب جدید','shop/store-clearing-done','2021-11-21 13:44:04','2021-11-21 13:44:25'),
(91,444,'نمایش مدیران فروشگاه','shop/store-user,shop/store-user-dt','2021-11-21 13:44:56','2021-11-21 13:45:04'),
(92,446,'نمایش و بروز رسانی دسته محصولات','shop/cat,shop/cat-detail','2021-11-21 13:46:56','2021-11-21 13:47:51'),
(93,446,'بروز رسانی جزییات دسته محصولات','shop/cat-detail-update','2021-11-21 13:47:30','2021-11-21 13:47:40'),
(94,446,'حذف دسته محصولات','shop/cat-item-delete','2021-11-21 13:48:10','2021-11-21 13:48:20'),
(95,446,'نمایش لیست محصولات','shop/product-list','2021-11-21 13:54:28','2021-11-21 13:54:53'),
(96,446,'افزودن محصول','shop/product-new','2021-11-21 13:55:15','2021-11-21 13:55:31'),
(97,446,'نمایش جزییات محصول','shop/product-edit/{id}','2021-11-21 13:57:18','2021-11-21 13:57:26'),
(98,446,'بروز رسانی محصول','shop/product-update,shop/product-images,shop/product-custom-field,shop/product-custom-field-update','2021-11-21 13:57:35','2021-11-21 14:13:26'),
(99,446,'ثبت موجودی محصول','shop/product-quantity/{id}','2021-11-21 13:58:07','2021-11-21 13:58:27'),
(100,446,'تغییر قیمت گروهی محصولات','shop/product-change-price','2021-11-21 14:11:06','2021-11-21 14:11:28'),
(101,446,'حذف محصولات','shop/product-delete','2021-11-21 14:11:55','2021-11-21 14:12:11'),
(102,446,'طراحی مشخصات فنی محصول','shop/custom-field','2021-11-21 14:14:02','2021-11-21 14:14:18'),
(103,446,'مدیریت رنگ ها','shop/color','2021-11-21 14:14:43','2021-11-21 14:15:10'),
(104,446,'مدیریت سایز و اندازه','shop/size','2021-11-21 14:14:52','2021-11-21 14:15:19'),
(105,446,'مدیریت برند ها','shop/brand','2021-11-21 14:15:02','2021-11-21 14:15:28'),
(106,447,'مدیریت پلن تخفیفات (جشنواره)','shop/discount','2021-11-21 14:17:10','2021-11-21 14:17:30'),
(107,447,'مدیریت کوپن های تخفیف','shop/coupon-cart','2021-11-21 14:17:21','2021-11-21 14:17:37'),
(108,448,'مدیریت فاکتورها','shop/invoice','2021-11-21 14:22:31','2021-11-21 14:22:39'),
(109,448,'روشهای حمل محصول','shop/shipping','2021-11-21 14:23:04','2021-11-21 14:23:19'),
(110,449,'لیست همه تراکنشات','transaction-list,transaction-list-dt','2021-11-21 14:25:24','2021-11-21 14:25:35'),
(111,449,'افزودن تراکنش جدید','transaction-insert','2021-11-21 14:25:48','2021-11-21 14:26:12'),
(112,449,'پرداختی های درگاه','payment-list,payment-list-dt,payment-detail','2021-11-21 14:45:21','2021-11-21 14:45:36'),
(114,449,'نمایش پیامک ها','sms-list,sms-list-dt,sms-detail','2021-11-21 14:47:49','2021-11-21 14:48:20'),
(115,449,'ارسال پیامک دستی','sms-send','2021-11-21 14:48:05','2021-11-21 14:48:13'),
(116,449,'رویدادها','notify-list,notify-list-dt,notify-refresh','2021-11-21 15:06:53','2021-11-21 15:07:42'),
(117,449,'خواندن و تغییر وضعیت رویداد','notify-read,notify-delete','2021-11-21 15:08:05','2021-11-21 15:08:31'),
(120,451,'پیکر بندی','setting,setting-image-update','2021-11-21 15:11:28','2021-11-21 15:12:26'),
(121,451,'شبکه های اجتماعی','setting-social','2021-11-21 15:12:12','2021-11-21 15:12:18'),
(122,451,'قالب ارسال رویداد','shop/notify-temp','2021-11-21 15:13:04','2021-11-21 15:13:07'),
(123,451,'پشتیبان گیری','backup-list,import-database,export-database','2021-11-21 15:13:34','2021-11-21 15:14:45'),
(124,449,'حذف تراکنش (در انتخاب این مجوز دقت شود)','transaction-delete','2021-11-21 15:19:01','2021-11-21 15:19:25'),
(125,452,'نمایش لیست املاک','amlak-list,amlak-list-dt,amlak/print/{id}','2021-11-22 07:55:31','2021-11-22 08:15:30'),
(126,452,'افزودن ملک','amlak-add,amlak-insert','2021-11-22 08:12:00','2021-11-22 08:12:11'),
(127,452,'نمایش جزییات املاک','amlak-edit/{id}','2021-11-22 08:12:21','2021-11-22 08:12:31'),
(128,452,'بروز رسانی املاک','amlak-edit-address/{id},amlak-edit-content/{id},amlak-edit-image/{id},amlak-update,amlak-address-update,amlak-file-update,amlak-get-image/{id},amlak-content-update,amlak-video-update,amlak-delete-image','2021-11-22 08:12:40','2021-11-22 08:13:43'),
(129,452,'حذف ملک','amlak-delete','2021-11-22 08:13:14','2021-11-22 08:13:53'),
(130,452,'مدیریت دسته بندی املاک','amlak-cat,amlak-cat-detail,amlak-cat-detail-update,amlak-cat-item-delete','2021-11-22 08:14:06','2021-11-22 08:14:22'),
(131,452,'مدیریت امکانات ملک','amlak-property,amlak-property-detail,amlak-property-detail-update,amlak-property-item-delete','2021-11-22 08:14:47','2021-11-22 08:15:00'),
(132,452,'مدیریت زونکن ها','amlak-zonkan,amlak-zonkan-item-delete','2021-11-22 08:15:10','2021-11-22 08:15:20'),
(133,452,'نمایش لیست سرنخ ها','clue-list,clue-list-dt','2021-11-22 08:16:05','2021-11-22 08:16:20'),
(134,452,'افزودن سرنخ جدید','clue-add,clue-insert','2021-11-22 08:16:33','2021-11-22 08:16:40'),
(135,452,'نمایش جزییات سرنخ','clue-edit/{id}','2021-11-22 08:16:52','2021-11-22 08:17:00'),
(136,452,'بروز رسانی سرنخ ها','clue-update','2021-11-22 08:17:09','2021-11-22 08:17:15'),
(137,452,'حذف سرنخ ها','clue-delete','2021-11-22 08:17:22','2021-11-22 08:17:28');

--
-- Table structure for table `ms011_permission_list`
--

CREATE TABLE `ms011_permission_list` (
  `id` int(10) unsigned NOT NULL AUTO_INCREMENT,
  `title` varchar(100) CHARACTER SET utf8mb4 COLLATE utf8mb4_unicode_ci DEFAULT NULL,
  `items` text CHARACTER SET utf8mb4 COLLATE utf8mb4_bin DEFAULT NULL,
  `created_at` timestamp NULL DEFAULT current_timestamp(),
  `updated_at` timestamp NULL DEFAULT NULL ON UPDATE current_timestamp(),
  PRIMARY KEY (`id`)
) ENGINE=MyISAM AUTO_INCREMENT=420 DEFAULT CHARSET=utf8mb4 COLLATE=utf8mb4_persian_ci;

--
-- Dumping data for table `ms011_permission_list`
--

INSERT INTO `ms011_permission_list` VALUES
(419,'مجوز نمایندگان سطح 1','[\"dashboard\",\"access-denied\",\"empty\",\"find-post\",\"find-cat\",\"find-comment\",\"find-user\",\"find-rs-agent\",\"search-menu\",\"redirect\",\"profile\",\"profile-update\",\"profile-meta-save\",\"profile-notify-save\",\"file-list\",\"file-uploader\",\"files-delete\",\"cat-item-update\",\"save-them-setting\",\"get-them-setting\",\"setting-update\",\"shop\\/get-city\\/{parent_id?}\",\"shop\\/find-user\",\"get-city\\/{parent_id?}\",\"new-directory\",\"user-list\",\"user-list-dt\",\"user-add\",\"user-insert\",\"user-edit\\/{id}\",\"user-update\",\"address-delete\",\"address-insert\",\"address-list\\/{id}\",\"change-pass\",\"user-delete\",\"user-meta-save\",\"user-notify-save\",\"ticket-save\",\"ticket-message-delete\",\"post-cat-detail\",\"post-list\",\"post-list-dt\",\"add-fast-category\",\"post-update\",\"post-get-gallery\\/{id}\",\"post-save-gallery\",\"design-f-page\",\"design-page-edit\\/{id}\",\"first-page-update\",\"shop\\/store-add\",\"shop\\/store-insert\",\"shop\\/store-delete\",\"shop\\/store-clearing\",\"shop\\/product-new\",\"shop\\/product-change-price\"]','2021-09-28 09:53:39','2021-11-21 15:25:26');

--
-- Table structure for table `ms011_poll`
--

CREATE TABLE `ms011_poll` (
  `id` int(10) unsigned NOT NULL AUTO_INCREMENT,
  `title` varchar(100) NOT NULL,
  `max_score` int(11) DEFAULT 5,
  `description` varchar(255) DEFAULT NULL,
  `img` varchar(255) DEFAULT NULL,
  `created_by` int(11) DEFAULT NULL COMMENT 'لایک یا دیس لایک | like - dislike',
  `updated_by` int(11) DEFAULT NULL,
  `created_at` timestamp NULL DEFAULT current_timestamp(),
  `updated_at` timestamp NULL DEFAULT NULL ON UPDATE current_timestamp(),
  PRIMARY KEY (`id`),
  KEY `comments_post_id_index` (`max_score`)
) ENGINE=MyISAM AUTO_INCREMENT=9 DEFAULT CHARSET=utf8mb4 COLLATE=utf8mb4_unicode_ci;

--
-- Dumping data for table `ms011_poll`
--

INSERT INTO `ms011_poll` VALUES
(1,'نظر سنجی گوشی های موبایل',5,NULL,NULL,412,NULL,'2022-07-14 06:33:04','2022-07-14 06:33:36'),
(6,'نظرسنجی شماره 2',5,'این نظر سنجی میتواند برای محصول بکار رود','2137961.png',412,412,'2022-08-03 07:45:48','2022-08-12 15:20:38'),
(8,'نظر سنچی لباس',5,'خیلی جالب میشه','1960910.png',412,412,'2022-08-12 15:19:03','2022-08-12 15:19:46');

--
-- Table structure for table `ms011_poll_answer`
--

CREATE TABLE `ms011_poll_answer` (
  `id` bigint(20) unsigned NOT NULL AUTO_INCREMENT,
  `poll_id` int(11) NOT NULL,
  `poll_item_id` int(11) DEFAULT NULL,
  `user_id` int(11) DEFAULT NULL,
  `relate_to` varchar(30) DEFAULT NULL,
  `relate_id` int(11) DEFAULT NULL,
  `comment_id` int(11) DEFAULT NULL,
  `score` int(11) DEFAULT NULL,
  `description` varchar(255) DEFAULT NULL,
  `ip` varchar(50) DEFAULT NULL,
  `created_at` timestamp NULL DEFAULT current_timestamp(),
  `updated_at` timestamp NULL DEFAULT NULL ON UPDATE current_timestamp(),
  PRIMARY KEY (`id`),
  KEY `comments_post_id_index` (`relate_to`)
) ENGINE=MyISAM AUTO_INCREMENT=159 DEFAULT CHARSET=utf8mb4 COLLATE=utf8mb4_unicode_ci;

--
-- Dumping data for table `ms011_poll_answer`
--

INSERT INTO `ms011_poll_answer` VALUES
(108,1,108,1,'product',52,NULL,1,NULL,NULL,'2022-07-14 06:46:14','2022-07-14 06:48:31'),
(109,1,109,1,'product',52,NULL,5,NULL,NULL,'2022-07-14 06:46:17','2022-07-14 06:48:31'),
(110,1,110,1,'product',52,NULL,3,NULL,NULL,'2022-07-14 06:46:18','2022-07-14 06:48:31'),
(111,1,111,1,'product',52,NULL,3,NULL,NULL,'2022-07-14 06:46:21','2022-07-14 06:48:31'),
(112,1,112,1,'product',52,NULL,4,NULL,NULL,'2022-07-14 06:46:23','2022-07-14 06:48:31'),
(113,1,113,1,'product',52,NULL,2,NULL,NULL,'2022-07-14 06:47:01','2022-07-14 06:48:31'),
(114,1,108,406,'product',52,NULL,2,NULL,NULL,'2022-07-14 06:49:44',NULL),
(115,0,109,406,'product',52,NULL,5,NULL,NULL,'2022-07-14 06:53:40','2022-07-14 06:54:23'),
(116,0,110,406,'product',52,NULL,2,NULL,NULL,'2022-07-14 06:53:43','2022-07-14 06:54:23'),
(117,0,111,406,'product',52,NULL,4,NULL,NULL,'2022-07-14 06:53:45','2022-07-14 06:54:23'),
(118,0,112,406,'product',52,NULL,1,NULL,NULL,'2022-07-14 06:53:46','2022-07-14 06:54:23'),
(119,0,113,406,'product',52,NULL,5,NULL,NULL,'2022-07-14 06:53:53','2022-07-14 06:54:23'),
(120,1,108,412,'product',52,115,4,'','::1','2022-07-19 16:14:27',NULL),
(121,1,109,412,'product',52,115,5,'','::1','2022-07-19 16:14:27',NULL),
(122,1,110,412,'product',52,115,2,'','::1','2022-07-19 16:14:27',NULL),
(123,1,111,412,'product',52,115,4,'','::1','2022-07-19 16:14:27',NULL),
(124,1,112,412,'product',52,115,1,'','::1','2022-07-19 16:14:27',NULL),
(125,1,113,412,'product',52,115,4,'','::1','2022-07-19 16:14:27',NULL),
(126,1,108,412,'product',52,116,3,'','::1','2022-07-19 16:22:44',NULL),
(127,1,109,412,'product',52,116,3,'','::1','2022-07-19 16:22:44',NULL),
(128,1,110,412,'product',52,116,3,'','::1','2022-07-19 16:22:44',NULL),
(129,1,111,412,'product',52,116,3,'','::1','2022-07-19 16:22:44',NULL),
(130,1,112,412,'product',52,116,3,'','::1','2022-07-19 16:22:44',NULL),
(131,1,113,412,'product',52,116,3,'','::1','2022-07-19 16:22:44',NULL),
(132,1,108,412,'product',52,117,3,'','::1','2022-07-19 16:23:01',NULL),
(133,1,109,412,'product',52,117,3,'','::1','2022-07-19 16:23:01',NULL),
(134,1,110,412,'product',52,117,3,'','::1','2022-07-19 16:23:01',NULL),
(135,1,111,412,'product',52,117,3,'','::1','2022-07-19 16:23:01',NULL),
(136,1,112,412,'product',52,117,3,'','::1','2022-07-19 16:23:01',NULL),
(137,1,113,412,'product',52,117,3,'','::1','2022-07-19 16:23:01',NULL),
(138,1,108,412,'product',52,118,3,'','::1','2022-07-19 16:27:38',NULL),
(139,1,109,412,'product',52,118,4,'','::1','2022-07-19 16:27:38',NULL),
(140,1,110,412,'product',52,118,2,'','::1','2022-07-19 16:27:38',NULL),
(141,1,111,412,'product',52,118,3,'','::1','2022-07-19 16:27:38',NULL),
(142,1,112,412,'product',52,118,3,'','::1','2022-07-19 16:27:38',NULL),
(143,1,113,412,'product',52,118,1,'','::1','2022-07-19 16:27:38',NULL),
(144,1,108,412,'product',52,119,3,'','::1','2022-07-19 16:30:03',NULL),
(145,1,109,412,'product',52,119,3,'','::1','2022-07-19 16:30:03',NULL),
(146,1,110,412,'product',52,119,3,'','::1','2022-07-19 16:30:03',NULL),
(147,1,111,412,'product',52,119,3,'','::1','2022-07-19 16:30:03',NULL),
(148,1,112,412,'product',52,119,3,'','::1','2022-07-19 16:30:03',NULL),
(149,1,113,412,'product',52,119,3,'','::1','2022-07-19 16:30:03',NULL),
(150,1,108,412,'product',52,121,4,'','::1','2022-07-23 06:50:01',NULL),
(151,1,109,412,'product',52,121,2,'','::1','2022-07-23 06:50:01',NULL),
(152,1,110,412,'product',52,121,5,'','::1','2022-07-23 06:50:01',NULL),
(153,1,111,412,'product',52,121,2,'','::1','2022-07-23 06:50:01',NULL),
(154,1,112,412,'product',52,121,1,'','::1','2022-07-23 06:50:01',NULL),
(155,1,113,412,'product',52,121,1,'','::1','2022-07-23 06:50:01',NULL),
(156,7,116,412,'product',39,122,3,'','::1','2022-08-03 10:16:04',NULL),
(157,7,117,412,'product',39,122,3,'','::1','2022-08-03 10:16:04',NULL),
(158,7,118,412,'product',39,122,3,'','::1','2022-08-03 10:16:04',NULL);

--
-- Table structure for table `ms011_poll_item`
--

CREATE TABLE `ms011_poll_item` (
  `id` int(10) unsigned NOT NULL AUTO_INCREMENT,
  `poll_id` int(11) NOT NULL,
  `title` varchar(100) NOT NULL,
  `max_score` int(11) DEFAULT NULL COMMENT 'حداکثر امتیاز این ایتم',
  `description` varchar(255) DEFAULT NULL,
  `sort` int(11) DEFAULT NULL,
  `created_by` int(11) DEFAULT NULL COMMENT 'لایک یا دیس لایک | like - dislike',
  `updated_by` int(11) DEFAULT NULL,
  `created_at` timestamp NULL DEFAULT current_timestamp(),
  `updated_at` timestamp NULL DEFAULT NULL ON UPDATE current_timestamp(),
  PRIMARY KEY (`id`)
) ENGINE=MyISAM AUTO_INCREMENT=121 DEFAULT CHARSET=utf8mb4 COLLATE=utf8mb4_unicode_ci;

--
-- Dumping data for table `ms011_poll_item`
--

INSERT INTO `ms011_poll_item` VALUES
(108,1,'کیفیت ساخت',5,NULL,1,412,NULL,'2022-07-14 06:35:13','2022-07-14 06:36:59'),
(109,1,'ارزش خرید به نسبت قیمت',5,NULL,2,412,NULL,'2022-07-14 06:35:33','2022-07-14 06:36:59'),
(110,1,'نوآوری',5,NULL,3,412,NULL,'2022-07-14 06:35:58','2022-07-14 06:36:59'),
(111,1,'امکانات و قابلیت ها',5,NULL,4,412,NULL,'2022-07-14 06:36:18','2022-07-14 06:36:59'),
(112,1,'سهولت استفاده',5,NULL,5,412,NULL,'2022-07-14 06:36:39','2022-07-14 06:36:59'),
(113,1,'طراحی و ظاهر',5,NULL,6,412,NULL,'2022-07-14 06:36:53','2022-07-14 06:36:59'),
(114,6,'ارزش خرید',5,'',1,NULL,NULL,'2022-08-03 09:37:10','2022-08-03 09:38:04'),
(115,6,'راحتی استفاده',5,'',2,NULL,NULL,'2022-08-03 09:37:10','2022-08-03 09:38:04'),
(116,7,'کیفیت و استایل',5,'',1,NULL,NULL,'2022-08-03 10:08:23','2022-08-03 10:17:22'),
(117,7,'شستشو و اب خوری پارچه',5,'',2,NULL,NULL,'2022-08-03 10:08:23',NULL),
(118,7,'رنگ و مقاومت',5,'',3,NULL,NULL,'2022-08-03 10:08:23',NULL),
(119,8,'استایل چطور بود',5,'',1,NULL,NULL,'2022-08-12 15:19:29',NULL),
(120,8,'رنگبندی چطور بود',5,'',2,NULL,NULL,'2022-08-12 15:19:29',NULL);

--
-- Table structure for table `ms011_post`
--

CREATE TABLE `ms011_post` (
  `id` int(10) unsigned NOT NULL AUTO_INCREMENT,
  `parent_id` int(11) DEFAULT 0,
  `title` varchar(100) CHARACTER SET utf8mb4 COLLATE utf8mb4_unicode_ci DEFAULT NULL,
  `type` varchar(20) CHARACTER SET utf8mb4 COLLATE utf8mb4_unicode_ci DEFAULT 'post',
  `content_type` varchar(100) CHARACTER SET utf8mb4 COLLATE utf8mb4_unicode_ci DEFAULT 'text' COMMENT 'نوع محتوا مثلا متنی یا گالری یا از نوع فیلم یا پادکست',
  `lang` varchar(50) CHARACTER SET utf8mb4 COLLATE utf8mb4_unicode_ci DEFAULT 'fa' COMMENT 'زبان مطلب',
  `unique_title` varchar(255) CHARACTER SET utf8mb4 COLLATE utf8mb4_unicode_ci DEFAULT NULL COMMENT 'میتوانید پیوند یکتا این پست را ایجاد کنید',
  `content` longtext CHARACTER SET utf8mb4 COLLATE utf8mb4_unicode_ci DEFAULT NULL,
  `excerpt` varchar(255) CHARACTER SET utf8mb4 COLLATE utf8mb4_unicode_ci DEFAULT NULL,
  `img` varchar(255) CHARACTER SET utf8mb4 COLLATE utf8mb4_unicode_ci DEFAULT NULL,
  `thumbnail` varchar(255) CHARACTER SET utf8mb4 COLLATE utf8mb4_unicode_ci DEFAULT NULL,
  `gallery` longtext CHARACTER SET utf8mb4 COLLATE utf8mb4_bin DEFAULT NULL,
  `url` varchar(255) CHARACTER SET utf8mb4 COLLATE utf8mb4_unicode_ci DEFAULT NULL,
  `status` varchar(255) CHARACTER SET utf8mb4 COLLATE utf8mb4_unicode_ci NOT NULL DEFAULT 'active',
  `comment_status` varchar(255) CHARACTER SET utf8mb4 COLLATE utf8mb4_unicode_ci NOT NULL DEFAULT 'open',
  `edit_by` int(11) NOT NULL DEFAULT 0,
  `created_by` int(11) DEFAULT NULL,
  `tags` varchar(255) CHARACTER SET utf8mb4 COLLATE utf8mb4_unicode_ci DEFAULT NULL,
  `cats` varchar(255) CHARACTER SET utf8mb4 COLLATE utf8mb4_unicode_ci DEFAULT NULL,
  `access_type` varchar(50) CHARACTER SET utf8mb4 COLLATE utf8mb4_unicode_ci DEFAULT 'public' COMMENT 'vip | login | money',
  `amount` decimal(10,2) DEFAULT 0.00,
  `rate_total` int(11) DEFAULT NULL COMMENT 'جمع امتیازات این مطلب',
  `rate_number` tinyint(4) DEFAULT 0 COMMENT 'ستاره این مطلب',
  `view` int(11) DEFAULT 0 COMMENT 'تعداد بازدید این مطلب',
  `info` text DEFAULT NULL,
  `created_at` timestamp NULL DEFAULT current_timestamp(),
  `updated_at` timestamp NULL DEFAULT NULL ON UPDATE current_timestamp(),
  PRIMARY KEY (`id`)
) ENGINE=MyISAM AUTO_INCREMENT=87 DEFAULT CHARSET=utf8mb4 COLLATE=utf8mb4_persian_ci;

--
-- Dumping data for table `ms011_post`
--

INSERT INTO `ms011_post` VALUES
(2,0,'تماس با ما','page','image','fa','contact','<p>&nbsp;</p>\r\n<p><img style=\"display: block; margin-left: auto; margin-right: auto;\" src=\"http://localhost/digishop2/uploads/media/happy-young-employees-giving-support-help-each-other_179970-774.jpg\" alt=\"Mohammad Shoja\" width=\"415\" height=\"276\" /></p>\r\n<h5 style=\"text-align: center;\">برای مشاوره ، راهنمایی و هرگونه پرسش و درمورد این فروشگاه با ما تماس بگیرید</h5>\r\n<p>&nbsp;</p>\r\n<hr />\r\n<p>&nbsp;</p>\r\n<p><span style=\"color: #2dc26b;\"><strong>گروه نرم افزاری اَپِــــــــــک</strong></span></p>\r\n<p>موبایل&nbsp; : <a href=\"tel:09353501323\">09353501323</a></p>\r\n<p>تلگرام : <strong><a href=\"https://t.me/Mohammad_Shojaaa\">https://t.me/Mohammad_Shojaaa</a></strong></p>\r\n<p>واتس اپ : <a href=\"https://wa/me/09353501323\"><strong>https://wa.me/989353501323</strong></a></p>\r\n<p>اینستاگرام : <a href=\"https://www.instagram.com/mohammad.shojaaa/\">mohammad.shojaaa@</a></p>\r\n<p><span style=\"color: #2dc26b;\"><strong>محمد شجاع</strong></span></p>\r\n<p>&nbsp;</p>','بنابر اعلام رئیس ستاد استهلال دفتر رهبری، روز دوشنبه 6خرداد، 21 رمضان و تعطیل رسمی است. براساس تقویم سال 1398 شروع ماه مبارک رمضان روز دوشنبه 16 اردیبهشت ماه بود، اما با توجه به اینکه هلال ماه در روز 29 ماه شعبان مطابق با 15 اردیبهشت ماه رویت نشد.',NULL,'','\"[]\"','','active','open',412,412,'تماس با گروه نرم افزاری یونیک,گروه نرم افزاری یونیک,گروه یونیک,کامپیوتر و نرم افزار یونیک,دیجی شاپ,فروشگاه اینترنتی,بازار فروشگاهی اینترنتی','169,164,168,170','public',0.00,NULL,0,1,'','2019-05-30 13:08:37','2022-08-04 14:40:10'),
(48,0,'سرفیس پرو ۸ مایکروسافت با نمایشگر ۱۳ اینچی معرفی شد','education','text','fa','سرفیس-پرو-۸-مایکروسافت-با-نمایشگر-۱۳-اینچی-معرفی-شد','<p>مایکروسافت ساعاتی پیش و در جریان کنفرانسی اختصاصی، عضوی جدید تحت عنوان سرفیس پرو ۸ را به خانواده مدل&zwnj;های سرفیس خود اضافه کرد.</p>\r\n<p>محصولی که با به&zwnj;روزرسانی&zwnj;ها و تغییرات قابل&zwnj;توجهی همراه شده و از طراحی جدیدی نسبت به مدل&zwnj;های قبلی سرفیس پرو بهره می&zwnj;برد. مهندسان مایکروسافت برای اولین بار در این محصول از نمایشگر ۱۲۰ هرتزی با حاشیه&zwnj;های کناری بسیار باریک استفاده و آن را به کیبورد جدید و همچنین قلم سرفیس اسلیم پن ۲ ارتقایافته، مجهز کرده&zwnj;اند.</p>\r\n<p>از دیگر مشخصات سرفیس پرو ۸ می&zwnj;توان به نمایشگر ۱۳ اینچی پیکسل&zwnj;سنس فلو دیسپلی اشاره کرد که نسبت به دیگر مدل&zwnj;های ۱۲.۳ اینچی سرفیس پرو، بزرگ&zwnj;تر است و از رزولوشن بالاتری نیز بهره می&zwnj;برد به طوری که طبق گفته مایکروسافت، ۱۱ درصد بزرگ&zwnj;تر شده، از ۱۲.۵ درصد روشنایی بیشتر بهره می&zwnj;برد و رزولوشن آن نیز ۱۱ درصد بیشتر شده است.</p>\r\n<div class=\"crp_related  \">\r\n<div class=\"mag-box-title the-global-title\">\r\n<h3>مقالات مرتبط:</h3>\r\n</div>\r\n<div class=\"related-posts\">\r\n<div class=\"posts\"><a class=\"crp_link post-71007\" href=\"https://itiran.com/2019/10/07/%d9%85%d9%82%d8%a7%db%8c%d8%b3%d9%87-%d8%b3%d8%b1%d9%81%db%8c%d8%b3-%d9%be%d8%b1%d9%88-%d8%a7%db%8c%da%a9%d8%b3-%d9%88-%d8%b3%d8%b1%d9%81%db%8c%d8%b3-%d9%be%d8%b1%d9%88-7/\"><span class=\"crp_title\">مقایسه سرفیس پرو ایکس و سرفیس پرو 7</span></a></div>\r\n<div class=\"posts\"><a class=\"crp_link post-70955\" href=\"https://itiran.com/2019/10/03/%d8%b3%d8%b1%d9%81%db%8c%d8%b3-%d9%be%d8%b1%d9%88-%d8%a7%db%8c%da%a9%d8%b3%d8%8c-%d9%85%d8%ad%d8%b5%d9%88%d9%84-%d8%ac%d8%af%db%8c%d8%af-%d9%85%d8%a7%db%8c%da%a9%d8%b1%d9%88%d8%b3%d8%a7%d9%81%d8%aa/\"><span class=\"crp_title\">سرفیس پرو ایکس محصول جدید مایکروسافت برای علاقمندان&hellip;</span></a></div>\r\n<div class=\"posts\"><a class=\"crp_link post-69848\" href=\"https://itiran.com/2019/09/15/%d9%85%d8%a7%db%8c%da%a9%d8%b1%d9%88%d8%b3%d8%a7%d9%81%d8%aa-%d8%b3%d8%b1%d9%81%db%8c%d8%b3-%d9%84%d9%be%d8%aa%d8%a7%d9%be-3-%d9%86%d8%b3%d8%ae%d9%87-15-%d8%a7%db%8c%d9%86%da%86%db%8c-%d9%85%d8%b9/\"><span class=\"crp_title\">مایکروسافت سرفیس لپتاپ 3 نسخه 15 اینچی معرفی می&zwnj;کند؟</span></a></div>\r\n<div class=\"posts\"><a class=\"crp_link post-70945\" href=\"https://itiran.com/2019/10/03/%d8%b3%d8%b1%d9%81%db%8c%d8%b3-%d9%86%d8%a6%d9%88-%d8%b1%d8%b3%d9%85%d8%a7-%d9%85%d8%b9%d8%b1%d9%81%db%8c-%d8%b4%d8%af%d8%9b-%d8%aa%d8%a8%d9%84%d8%aa%db%8c-%d9%85%d8%ac%d9%87%d8%b2-%d8%a8%d9%87-%d8%af/\"><span class=\"crp_title\">مایکروسافت سرفیس نئو رسما معرفی شد؛ تبلتی مجهز به دو نمایشگر</span></a></div>\r\n</div>\r\n<div class=\"crp_clear\">&nbsp;</div>\r\n</div>\r\n<p>همچنین این نمایشگر از فناوری&zwnj;های دالبی ویژن و آداپتیو کالر تکنولوژی می&zwnj;برد. مایکروسافت اعلام کرد که این نمایشگر، از لحاظ فنی، پیشرفته&zwnj;ترین نمایشگری است که تاکنون توسط این شرکت تولید شده است.</p>\r\n<p>همچنین حاشیه&zwnj;های کناری نمایشگر نیز کوچک&zwnj;تر شده و ظاهری شبیه به سرفیس پرو ایکس را برای سرفیس پرو ۸ به ارمغان آورده است. نرخ رفرش این نمایشگر هم برابر با ۱۲۰ هرتز عنوان شده که البته به صورت پیش&zwnj;فرض روی ۶۰ هرتز تنظیم شده که تا ۱۲۰ هرتز افزایش خواهد یافت.</p>\r\n<p>به گفته مایکروسافت، در سرفیس پرو ۸ قابلیت جدید Dynamic Refresh Rate ویندوز ۱۱ به&zwnj;کار رفته که از عملکردی شبیه به قابلیت پروموشن نمایشگرهای اپل برخوردار است و به نمایشگر اجازه می&zwnj;دهد تا با توجه به محتوای در حال نمایش و کاری که انجام می&zwnj;دهد، نرخ رفرش مناسب را انتخاب و اعمال کند.</p>\r\n<p>همچنین این محصول به کیبرد سرفیس پرو سیگنچر و قلم سرفیس اسلیم پن ۲ مجهز شده است. این قلم به یک موتور لمسی داخلی مجهز شده که می&zwnj;تواند حسی شبیه به نوشتن با یک قلم معمولی را برای کاربر به ارمغان آورد. همچنین این استایلوس به لطف برخورداری از نوک جدید به دقت بالاتر و تاخیر واکنش کمتر مجهز شده است.</p>\r\n<p><a href=\"https://itiran.com/wp-content/uploads/2021/09/01-1.jpg\"><img class=\"alignnone wp-image-105893 lazyloaded\" src=\"https://itiran.com/wp-content/uploads/2021/09/01-1.jpg\" sizes=\"(max-width: 400px) 100vw, 400px\" srcset=\"https://itiran.com/wp-content/uploads/2021/09/01-1.jpg 715w, https://itiran.com/wp-content/uploads/2021/09/01-1-300x176.jpg 300w\" alt=\"سرفیس پرو ۸\" width=\"400\" height=\"235\" data-ll-status=\"loaded\" /></a></p>\r\n<p>روی بدنه سرفیس پرو ۸ نیز درگاه&zwnj;های متعددی تعبیه شده است. مایکروسافت بالاخره پشتیبانی از درگاه تاندربولت ۴ را به این محصول اضافه و درگاه USB-A قدیمی&zwnj; را حذف کرد. این دستگاه از دو درگاه USB-C تاندربولت ۴ و درگاه سرفیس کانکت برای شارژ بهره می&zwnj;برد.</p>\r\n<p><a href=\"https://itiran.com/wp-content/uploads/2021/09/00.jpg\"><img class=\"alignnone wp-image-105894 lazyloaded\" src=\"https://itiran.com/wp-content/uploads/2021/09/00.jpg\" sizes=\"(max-width: 400px) 100vw, 400px\" srcset=\"https://itiran.com/wp-content/uploads/2021/09/00.jpg 723w, https://itiran.com/wp-content/uploads/2021/09/00-300x167.jpg 300w\" alt=\"سرفیس پرو ۸\" width=\"400\" height=\"222\" data-ll-status=\"loaded\" /></a></p>\r\n<p>این یعنی کاربران می&zwnj;توانند سرفیس پرو ۸ خود را به چند نمایشگر ۴K متصل کنند، از حافظه اکسترنال با سرعت بالا بهره&zwnj;مند شوند و یا حتی از یک پردازنده اکسترنال برای تبدیل کردن این محصول به یک پی&zwnj;سی گیمینگ استفاده کنند.</p>\r\n<p>در خصوص دیگر مشخصات سخت&zwnj;افزاری سرفیس پرو ۸ نیز باید گفت که این محصول در مدل&zwnj;هایی مجهز به پردازنده&zwnj;های نسل یازدهم Core i۷، Core i۵ و حتی Core i۳ قابل انتخاب خواهد بود. مدل پایه این دستگاه از رم ۸ گیگابایتی و حافظه ۱۲۸ گیگابایتی بهره می&zwnj;برد که به ترتیب تا ۳۲ گیگابایت و یک ترابایت قابل ارتقا هستند.</p>\r\n<p><a href=\"https://itiran.com/wp-content/uploads/2021/09/03-1.jpg\"><img class=\"alignnone wp-image-105892 lazyloaded\" src=\"https://itiran.com/wp-content/uploads/2021/09/03-1.jpg\" sizes=\"(max-width: 400px) 100vw, 400px\" srcset=\"https://itiran.com/wp-content/uploads/2021/09/03-1.jpg 719w, https://itiran.com/wp-content/uploads/2021/09/03-1-300x172.jpg 300w\" alt=\"سرفیس پرو ۸\" width=\"400\" height=\"230\" data-ll-status=\"loaded\" /></a></p>\r\n<p>طبق اعلام مایکروسافت، عملکرد پردازشی سرفیس پرو ۸ نسبت به سرفیس پرو ۷ تا ۴۰ درصد سریع&zwnj;تر است و توان گرافیکی آن نیز حدود ۷۴ درصد بالاتر است. در خصوص باتری نیز باید گفت که سرفیس پرو ۸ از طول عمر باتری ۱۶ ساعته بهره می&zwnj;برد. قیمت پایه این دستگاه برابر با ۱۰۹۹ دلار تعیین شده و فروش آن از ۵ اکتبر آغاز خواهد شد.</p>\r\n<p><a href=\"https://itiran.com/wp-content/uploads/2021/09/04-1.jpg\"><img class=\"alignnone wp-image-105891 lazyloaded\" src=\"https://itiran.com/wp-content/uploads/2021/09/04-1.jpg\" sizes=\"(max-width: 400px) 100vw, 400px\" srcset=\"https://itiran.com/wp-content/uploads/2021/09/04-1.jpg 565w, https://itiran.com/wp-content/uploads/2021/09/04-1-300x277.jpg 300w\" alt=\"سرفیس پرو ۸\" width=\"400\" height=\"370\" data-ll-status=\"loaded\" /></a></p>\r\n<div class=\"post-bottom-meta post-bottom-tags post-tags-modern\">&nbsp;</div>','تعویض باطری','surfacepro8no-780x470.jpg','','\"[]\"','','active','open',1,1,'','169,179,180','public',0.00,NULL,0,0,NULL,'2019-09-04 12:16:03','2022-08-04 14:40:10'),
(57,0,'بررسی لپ تاپ MSI Modern 15','post','text','fa','بررسی-لپ-تاپ-MSI-Modern-15','<div class=\"article-summery\">\r\n<p>اگر می&zwnj;خواهید با هزینه&zwnj;ای معقول، لپ&zwnj;تاپی باریک، سبک و توانمند تهیه کنید و علاقه&zwnj;ای به مک&zwnj;بوک&zwnj;های اپل ندارید، ام اس آی انتخاب جذابی برایتان دارد. با زومیت در بررسی لپ تاپ ام اس آی Modern 15 همراه شوید.</p>\r\n</div>\r\n<div class=\"article-section\">\r\n<div id=\"bodyContainer\">\r\n<div class=\"narrow\">\r\n<p>در گذشته&zwnj;ای نه&zwnj;چندان دور، خرید لپ&zwnj;تاپ جدید، چندان چالش&zwnj;برانگیز نبود؛ چراکه کالای آن&zwnj;چنان گران&zwnj;قیمتی محسوب نمی&zwnj;شد؛ اما حالا به&zwnj;دلیل رشد افسارگسیخته&zwnj;ی قیمت دلار، لپ&zwnj;تاپ&zwnj;ها به کالای لوکسی تبدیل شده&zwnj;اند که حتی خرید ارزان&zwnj;ترین مدلشان هم برای بیشتر جامعه امکان&zwnj;پذیر نیست. در چنین شرایطی، بیشترین استقبال از لپ&zwnj;تاپ&zwnj;هایی است که بتوانند تجربه&zwnj;ی خوب و کاملی را با کمترین قیمت ممکن ارائه دهند. شاید بتوانیم مک&zwnj;بوک ایر M1 اپل را در صدر لپ&zwnj;تاپ&zwnj;هایی با بیشترین ارزش خرید بدانیم؛ اما ماهیت کلی این&nbsp;<a href=\"https://www.zoomit.ir/product/list/laptop/\" target=\"_blank\" rel=\"noopener\">لپ&zwnj;تاپ&zwnj;</a>&nbsp;و اکوسیستم مک، حداقل طیف گسترده&zwnj;ای از کاربرانی ایرانی را به سمت لپ&zwnj;تاپ&zwnj;های ویندوزی سوق می&zwnj;دهد.</p>\r\n</div>\r\n<p><img class=\"img-responsive\" src=\"https://cdn01.zoomit.ir/2021/9/msi-modern-15-design.jpg\" alt=\"لپ تاپ MSI Modern 15\" /></p>\r\n<div class=\"narrow\">\r\n<p>شرکت ام اس آی به&zwnj;تازگی سری Modern 15 را در بازار ایران به&zwnj;فروش می&zwnj;رساند، این لپ&zwnj;تاپ با بدنه&zwnj;ی تمام&zwnj;فلزی و باریک و سخت&zwnj;افزار توانمندش به&zwnj;همراه محصولاتی همچون ذن&zwnj;بوک 14 و سرفیس پرو 7 از رقبای ویندوزی مک&zwnj;بوک&zwnj;های اپل به&zwnj;شمار می&zwnj;آید. MSI سری Modern را درست&zwnj;مثل سری Prestige برای تولیدکنندگان محتوا به&zwnj;فروش می&zwnj;رساند؛ بنابراین می&zwnj;توانید انتظار نمایشگری با رنگ&zwnj;های دقیق، عملکردی سریع و بدنه&zwnj;ای باریک و سبک را از آن داشته باشید. در حقیقت می&zwnj;توانیم سری Modern را مدل اقتصادی&zwnj;تر Prestige بدانیم.</p>\r\n<p><a href=\"https://www.zoomit.ir/\" target=\"_blank\" rel=\"noopener\">زومیت</a>&nbsp;لپ&zwnj;تاپ Modern 15 را با شماره&zwnj;مدل A10RBS برای بررسی دراختیار دارد. این مدل از پردازنده&zwnj;ی نسل دهم و شش&zwnj;هسته&zwnj;ای Core i7-10710U در کنار ۸ گیگابایت رم، ۵۱۲ گیگابایت SSD از نوع NMVe و گرافیک مجزای GeForce MX350 با دو گیگابایت حافظه قدرت می&zwnj;گیرد. با چنین سخت&zwnj;افزاری به نظر می&zwnj;رسد که Modern 15 بتواند تجربه&zwnj;ی خوبی را ارائه کند. برای پی&zwnj;بردن عملکرد دستگاه در دنیای واقعی، در ادامه با بررسی لپ تاپ ام اس آی Modern 15 همراه زومیت باشید.</p>\r\n<h2>طراحی و کیفیت ساخت Modern 15</h2>\r\n<p>ام اس آی Modern 15 در بین لپ&zwnj;تاپ&zwnj;های ۱۵ اینچی، جزو مدل&zwnj;های سبک و باریک محسوب می&zwnj;شود؛ حداقل در بین لپ&zwnj;تاپ&zwnj;هایی که کارت گرافیک مجزا دارند، جزو سبک&zwnj;ترین&zwnj;ها به&zwnj;حساب می&zwnj;آید. این دستگاه ۱٫۶ کیلوگرم وزن دارد و ضخامت آن در باریک&zwnj;ترین قسمت بدنه به ۱۶٫۹ میلی&zwnj;متر می&zwnj;رسد. بی&zwnj;شک می&zwnj;توان در همین محدوده&zwnj;ی قیمتی، لپ&zwnj;تاپ&zwnj;های باریک&zwnj;تر و سبک&zwnj;تری نیز در بازار یافت؛ اما مدل&zwnj;های اندکی را می&zwnj;توان یافت که در کنار چنین مشخصه&zwnj;هایی، از پردازنده&zwnj;ی گرافیکی مجزا هم بهره ببرد.</p>\r\n<p class=\"midmargin\"><img class=\"img-responsive\" src=\"https://cdn01.zoomit.ir/2021/9/msi-modern-15-full-open.jpg\" alt=\"لپ تاپ MSI Modern 15\" /></p>\r\n<p>به لطف حاشیه&zwnj;های باریک اطراف نمایشگر، مهندسان ام اس آی توانسته&zwnj;اند نمایشگر ۱۵٫۶ اینچی لپ&zwnj;تاپ Modern 15 را درون بدنه&zwnj;ای هم&zwnj;اندازه&zwnj;ی لپ&zwnj;تاپ&zwnj;های ۱۴ اینچی جای دهند. بدنه&zwnj;ی دستگاه به&zwnj;طور کامل از فلزی با بافت بُرس&zwnj;خورده ساخته شده، پوشش بدنه نیز به&zwnj;گونه&zwnj;ای است که آثار انگشت و چربی دست چپدان روی آن نمایان نمی&zwnj;شود. MSI لپ تاپ مدرن 15 را در دو رنگ مشکی و خاکستری به&zwnj;فروش می&zwnj;رساند.</p>\r\n<div class=\"pullquote larticle\">کیفیت ساخت بسیار خوب با استاندارد نظامی</div>\r\n<p>دو لولای کوچک در دو طرف دستگاه، وظیفه نگه&zwnj;داشتن نمایشگر را برعهده دارند. این لولاها می&zwnj;توانند نمایشگر را در هر زاویه&zwnj;&zwnj;ای بین صفر تا ۱۸۰ درجه نگه دارند. لولاهای Modern 15 در آزمون &laquo;باز کردن لپ&zwnj;تاپ با یک دست&raquo; نیز نمره&zwnj;ی قبولی می&zwnj;گیرند. یکی از ضعف&zwnj;&zwnj;های طراحی به پایداری نه&zwnj;چندان زیاد لولاها بازمی&zwnj;گردد؛ بدین&zwnj;مفهوم که چنانچه دستگاه را مقداری تکان دهید، نمایشگر سرجایش باقی نمی&zwnj;ماند و زاویه&zwnj;ی آن افزایش می&zwnj;یابد.</p>\r\n<p>بد نیست بدانید که طبق ادعای MSI، لپ&zwnj;تاپ Modern 15 استاندارد نظامی MIL-STD 810G را یدک می&zwnj;کشد. به لطف این استاندارد، Modern 15 در مقابل تغییر فشار هوا، شوک و ضربه، لرزش بدنه، تغییرات دما و رطوبت و پاشش یک سری ذرات جامد مثل نمک، شن و ماسه مقاوم است؛ البته MSI تضمینی برای عملکرد صحیح لپ&zwnj;تاپ تحت شرایط یادشده ارائه نمی&zwnj;دهد؛ بنابراین پیشنهاد می&zwnj;کنیم که نگاهتان به استاندارد نظامی صرفا به جلوگیری از اتفاقات ناگهانی و تصادفی محدود باشد و هیچ&zwnj;وقت لپ&zwnj;تاپتان را در معرض چنین شرایطی قرار ندهید.</p>\r\n</div>\r\n<div class=\"pad20T pad20B clearfix\">\r\n<div class=\"col-xs-12 col-md-6 pad0A\"><img class=\"img-responsive\" src=\"https://cdn01.zoomit.ir/2021/9/msi-modern-15-design-front.jpg\" alt=\"پنل پشت لپ تاپ MSI Modern 15\" /></div>\r\n<div class=\"col-xs-12 col-md-6 pad0A\"><img class=\"img-responsive\" src=\"https://cdn01.zoomit.ir/2021/9/msi-modern-15-logo.jpg\" alt=\"لوگو لپ تاپ MSI Modern 15\" /></div>\r\n<div class=\"col-xs-12 col-md-6 pad0A\"><img class=\"img-responsive\" src=\"https://cdn01.zoomit.ir/2021/9/msi-modern-15-back-pannel.jpg\" alt=\"بخش زیرین لپ تاپ MSI Modern 15\" /></div>\r\n<div class=\"col-xs-12 col-md-6 pad0A\"><img class=\"img-responsive\" src=\"https://cdn01.zoomit.ir/2021/9/msi-modern-15-side-fan.jpg\" alt=\"درگاه&zwnj;های خروجی هوا لپ تاپ MSI Modern 15\" /></div>\r\n</div>\r\n<div class=\"narrow\">\r\n<p>Modern 15 از نظر کیفیت ساخت و استحکام بدنه نیز رضایتتان را جلب می&zwnj;کند؛ دستگاه ساختار مستحکمی دارد، نیمه&zwnj;ی پایین دستگاه مقابل فشرده&zwnj;شدن و نیمه&zwnj;ی بالایی آن مقابل پیچش و اعمال فشار، مقاومت خوبی نشان می&zwnj;دهد.</p>\r\n<h2>کیبورد، ترک پد و مجموعه درگاه Modern 15</h2>\r\n<p>کیبورد جزیره&zwnj;&zwnj;ای لپ&zwnj;تاپ مدرن 15 تجربه&zwnj;ی تایپ بسیار لذت&zwnj;بخشی را به&zwnj;ارمغان می&zwnj;آورد. کلیدها چینش استاندارد و فاصله&zwnj;ی مناسبی از هم دارند. عمق حرکتی ۱٫۵ میلی&zwnj;متری کلیدها، حس خوبی را به کاربر انتقال می&zwnj;دهد، از سوی دیگر افزایش ۱۵ درصدی سطح آن&zwnj;ها درمقایسه&zwnj;با نسل گذشته، به جاگیری بهتر انگشت کمک می&zwnj;کند؛ به&zwnj;طوری که در مدت کوتاهی می&zwnj;توان به تایپ با کلیدها عادت کرد. MSI می&zwnj;گوید چراغ&zwnj;های LED زیر کلیدها با چینش افقی&zwnj;شان، اکنون ۲ برابر نوردهی بیشتری دارند؛ موضوعی که لذت تایپ با دستگاه در محیط&zwnj;های تاریک را دوچندان می&zwnj;سازد.</p>\r\n<p class=\"midmargin\"><img class=\"img-responsive\" src=\"https://cdn01.zoomit.ir/2021/9/msi-modern-15-keyboard.jpg\" alt=\"صفحه کلید لپ تاپ MSI Modern 15\" /></p>\r\n<p>تایوانی&zwnj;ها چند کلید کارآمد را نیز برای مدرن 15 در نظر گرفته&zwnj;اند؛ کلید F5 امکان قطع میکروفون&zwnj;ها را فراهم می&zwnj;سازد، کلید F7 پروفایل عملکردی دستگاه را بین حالت&zwnj;های Super Battery، Silent، Balanced و High Performance تغییر می&zwnj;دهد، کلید F8 نور پس&zwnj;زمینه&zwnj;ی کلیدها را در سطح صفر تا ۳ تغییر می&zwnj;دهد و کلید F12 امکان چرخش تصویر هنگام نمایش محتوا به دیگران در حالت ۱۸۰ درجه فراهم می&zwnj;کند. نکته&zwnj;&zwnj;ی مثبت دیگر درباره&zwnj;ی کلیدها، به امکان قفل حالت Fn برای دسترسی به عملکرد ثانویه&zwnj;ی کلیدهای ردیف F1-12 بدون نیاز به نگه&zwnj;داشتن کلید Fn بازمی&zwnj;گردد.</p>\r\n<p>با ابعاد ۶۵ &times; ۱۰۵ میلی&zwnj;متری، ترک&zwnj;پد مدرن 15 به&zwnj;وسعت نمونه&zwnj;ی موجود در مک&zwnj;بوک&zwnj;های اپل نیست؛ اما در عموم کاربری&zwnj;ها نیازتان را مرتفع می&zwnj;سازد. این ترک&zwnj;پد عملکرد بسیار خوبی در تعقیب حرکت انگشت دارد و به&zwnj;لطف استفاده از درایورهای پرسیژن مایکروسافت، از تمام ژست&zwnj;های حرکتی ویندوز نیز پشتیبانی می&zwnj;کند؛ به&zwnj;عنوان مثال لمس سه&zwnj;انگشتی ترک&zwnj;پد، باکس جست&zwnj;وجوی ویندوز را فرامی&zwnj;خواند و سوایپ سه&zwnj;انگشتی به چپ و راست، امکان جابه&zwnj;جایی بین اپ&zwnj;ها را فراهم می&zwnj;آورد.</p>\r\n</div>\r\n<div class=\"pad20T pad20B clearfix\">\r\n<div class=\"col-xs-12 col-md-6 pad0A\"><img class=\"img-responsive\" src=\"https://cdn01.zoomit.ir/2021/9/msi-modern-15-right-side-ports.jpg\" alt=\"پورت&zwnj;های لپ تاپ MSI Modern 15\" /></div>\r\n<div class=\"col-xs-12 col-md-6 pad0A\"><img class=\"img-responsive\" src=\"https://cdn01.zoomit.ir/2021/9/msi-modern-15-left-side-ports.jpg\" alt=\"پورت&zwnj;های لپ تاپ MSI Modern 15\" /></div>\r\n</div>\r\n<div class=\"narrow\">\r\n<div class=\"pullquote larticle\">درگاه&zwnj;های متنوع و کاربردی</div>\r\n<p>لپ&zwnj;&zwnj;تاپ Modern 15 مجموعه&zwnj;ی درگاه&zwnj;های بسیار متنوعی را دراختیارتان می&zwnj;گذارد؛ در لبه&zwnj;ی سمت راست دستگاه، به دو درگاه USB 3.2 Gen 2 Type-A و یک درگاه کارت حافظه&zwnj;ی microSD دسترسی خواهید داشت؛ درحالی&zwnj;که در لبه&zwnj;ی سمت چپ، یک جک هدفون/میکروفون، یک درگاه USB 3.2 Gen 1 Type-A، یک درگاه USB 3.2 Gen 1 Type-C با پشتیبانی از سیگنال DisplayPort، یک درگاه HDMI و ورودی آداپتور برق DC مشاهده خواهید کرد. بهتر بود که MSI به&zwnj;جای microSD، درگاه پرکاربردترِ SD را برای عکاس&zwnj;ها در نظر بگیرد و روی درگاه Type-C از اتصال سودمند و آینده&zwnj;نگرانه&zwnj;ی تاندربولت پشتیبانی کند.</p>\r\n<h2>صفحه&zwnj;نمایش و اسپیکر Modern 15</h2>\r\n<p>لپ&zwnj;تاپی که کاربرانی همچون طراح و عکاس، جامعه&zwnj;ی هدفش را تشکیل می&zwnj;دهند، باید صفحه&zwnj;نمایش کارآمدی داشته باشد، MSI با علم به این موضوع، پیرامون قابلیت&zwnj;ها و دقت نمایش رنگ&zwnj;ها در لپ&zwnj;تاپ مدرن 15 مانور بسیاری می&zwnj;دهد. MSI می&zwnj;گوید نمایشگر ۱۵٫۶ اینچی مدرن 15 پوشش کاملی از فضای رنگی sRGB&zwnj; را ارائه می&zwnj;دهد و می&zwnj;تواند ۶ حالت رنگی sRGB، Designer، Office، Movie، Anti-Blue و Gamer را بسته به نوع نیاز، دراختیار کاربر بگذارد.</p>\r\n<p class=\"midmargin\"><img class=\"img-responsive\" src=\"https://cdn01.zoomit.ir/2021/9/msi-modern-15-windows.jpg\" alt=\"لپ تاپ MSI Modern 15\" /></p>\r\n<p>براساس بررسی&zwnj;های زومیت، صفحه&zwnj;نمایش لپ&zwnj;تاپ مدرن ۱۵ از پنل IPS LCD با وضوح ۱۰۸۰ &times; ۱۹۲۰ پیکسلی ساخت شرکت چینی Chei Mei زیرمجموعه&zwnj;ی گروه Innoux بهره می&zwnj;برد. این صفحه&zwnj;نمایش تراکم&zwnj;پیکسلی ۱۴۱ پیکسل&zwnj;براینچ را دراختیارتان می&zwnj;گذارد که برای نمایشگری به&zwnj;قطر ۱۵٫۶ اینچ کاملا کافی به&zwnj;نظر می&zwnj;رسد. صفحه&zwnj;نمایش مدرن ۱۵ لمسی نیست، پوشش مات دارد و نرخ نوسازی ۶۰ هرتزی را دراختیارتان می&zwnj;گذارد.</p>\r\n<div class=\"table-responsive midmargin\">\r\n<table class=\"table table-striped redtable table-bordered\">\r\n<thead>\r\n<tr>\r\n<th colspan=\"11\"><strong>عملکرد نمایشگر MSI Modern 15 دربرابر لپ&zwnj;تاپ&zwnj;های دیگر</strong></th>\r\n</tr>\r\n<tr>\r\n<th rowspan=\"6\"><strong>لپ&zwnj;تاپ / آزمایش</strong></th>\r\n<th colspan=\"2\"><strong>تصویر سفید</strong></th>\r\n<th><strong>تصویر مشکی</strong></th>\r\n<th><strong>نسبت کنتراست</strong></th>\r\n<th colspan=\"2\"><strong>AdobeRGB</strong></th>\r\n<th colspan=\"2\"><strong>sRGB</strong></th>\r\n<th colspan=\"2\"><strong>DCI-P3</strong></th>\r\n</tr>\r\n<tr>\r\n<th><strong>حداکثر روشنایی</strong></th>\r\n<th><strong>حداقل روشنایی</strong></th>\r\n<th><strong>میانگین روشنایی</strong></th>\r\n<th><strong>Native</strong></th>\r\n<th><strong>پوشش</strong></th>\r\n<th><strong>میانگین خطا</strong></th>\r\n<th><strong>پوشش</strong></th>\r\n<th><strong>میانگین خطا</strong></th>\r\n<th><strong>پوشش</strong></th>\r\n<th><strong>میانگین</strong>&nbsp;<strong>خطا</strong></th>\r\n</tr>\r\n</thead>\r\n<tbody>\r\n<tr>\r\n<td><strong>MSI Modern 15</strong></td>\r\n<td><strong>۲۱۱٫۱ نیت</strong></td>\r\n<td><strong>۱۱٫۲۵ نیت</strong></td>\r\n<td><strong>۲٫۳۱ نیت</strong></td>\r\n<td><strong>۹۱٫۴</strong></td>\r\n<td><strong>۶۸٫۵</strong></td>\r\n<td><strong>۳٫۷</strong></td>\r\n<td><strong>۹۳٫۶</strong></td>\r\n<td><strong>۱٫۶</strong></td>\r\n<td><strong>۶۸٫۷</strong></td>\r\n<td><strong>۲٫۹</strong></td>\r\n</tr>\r\n<tr>\r\n<td>مک بوک پرو M1</td>\r\n<td>۴۳۶ نیت</td>\r\n<td>۰٫۰۰ نیت</td>\r\n<td>۰٫۵۵ نیت</td>\r\n<td>۸۵۵</td>\r\n<td>۷۶٫۴</td>\r\n<td>--</td>\r\n<td>۹۹٫۹</td>\r\n<td>۲٫۳</td>\r\n<td>۷۸٫۳</td>\r\n<td>--</td>\r\n</tr>\r\n<tr>\r\n<td>MSI GF66 Katana</td>\r\n<td>۱۶۸ نیت</td>\r\n<td>۸٫۰۰ نیت</td>\r\n<td>۱٫۲۷ نیت</td>\r\n<td>۱۳۲٫۲</td>\r\n<td>۴۷٫۹</td>\r\n<td>--</td>\r\n<td>۶۴</td>\r\n<td>۴٫۰</td>\r\n<td>۴۷٫۶</td>\r\n<td>--</td>\r\n</tr>\r\n<tr>\r\n<td>MSI GE66 Raider</td>\r\n<td>۱۸۱٫۷ نیت</td>\r\n<td>۸٫۱۱ نیت</td>\r\n<td>۱٫۱۶ نیت</td>\r\n<td>۱۵۶٫۱</td>\r\n<td>۷۳٫۱</td>\r\n<td>--</td>\r\n<td>۹۹</td>\r\n<td>۳٫۶</td>\r\n<td>۷۵٫۴</td>\r\n<td>--</td>\r\n</tr>\r\n<tr>\r\n<td>ایسر ConceptD 7 Ezel Pro</td>\r\n<td>۲۹۴٫۶ نیت</td>\r\n<td>۱۵٫۷ نیت</td>\r\n<td>۲٫۴۲ نیت</td>\r\n<td>۱۲۱٫۷</td>\r\n<td>۱۰۰</td>\r\n<td>۲٫۵</td>\r\n<td>۱۴۳٫۴</td>\r\n<td>۵٫۴</td>\r\n<td>۹۲٫۹</td>\r\n<td>۳٫۶</td>\r\n</tr>\r\n<tr>\r\n<td>میت بوک D 14</td>\r\n<td>۱۹۱ نیت</td>\r\n<td>۳٫۶۵ نیت</td>\r\n<td>۱٫۰۳ نیت</td>\r\n<td>۱۸۵٫۴</td>\r\n<td>۴۷٫۸</td>\r\n<td>--</td>\r\n<td>۶۴</td>\r\n<td>۴٫۸</td>\r\n<td>۴۷٫۵</td>\r\n<td>--</td>\r\n</tr>\r\n<tr>\r\n<td>سرفیس لپ تاپ Go</td>\r\n<td>۲۱۴٫۷ نیت</td>\r\n<td>۰٫۶۳ نیت</td>\r\n<td>۲٫۰۴ نیت</td>\r\n<td>۱۰۵٫۲</td>\r\n<td>۷۳٫۳</td>\r\n<td>--</td>\r\n<td>۹۷٫۷</td>\r\n<td>۱٫۹</td>\r\n<td>۷۴٫۷</td>\r\n<td>--</td>\r\n</tr>\r\n<tr>\r\n<td>مک بوک پرو M1</td>\r\n<td>۴۳۶ نیت</td>\r\n<td>۰٫۰۰ نیت</td>\r\n<td>۰٫۵۵ نیت</td>\r\n<td>۸۵۵</td>\r\n<td>۷۶٫۴</td>\r\n<td>--</td>\r\n<td>۹۹٫۹</td>\r\n<td>۲٫۳</td>\r\n<td>۷۸٫۳</td>\r\n<td>--</td>\r\n</tr>\r\n<tr>\r\n<td>هلیوس ۳۰۰</td>\r\n<td>۳۱۹ نیت</td>\r\n<td>۲۱٫۳ نیت</td>\r\n<td>۳٫۷۵ نیت</td>\r\n<td>۸۵</td>\r\n<td>۷۰</td>\r\n<td>۶٫۱</td>\r\n<td>۹۱٫۵</td>\r\n<td>۵٫۵</td>\r\n<td>--</td>\r\n<td>--</td>\r\n</tr>\r\n<tr>\r\n<td>سرفیس بوک ۳ ۱۵ اینچی</td>\r\n<td>۴۰۵ نیت</td>\r\n<td>۳٫۴ نیت</td>\r\n<td>۰٫۵۳ نیت</td>\r\n<td>۷۶۴</td>\r\n<td>۶۵</td>\r\n<td>۳٫۸</td>\r\n<td>۹۴</td>\r\n<td>۱٫۳</td>\r\n<td>۷۴</td>\r\n<td>۳٫۴</td>\r\n</tr>\r\n<tr>\r\n<td><a href=\"https://www.zoomit.ir/product/acer-nitro-7-an715-core-i7-gtx-1650-16gb-1tb/\" target=\"_blank\" rel=\"noopener\">ایسر نیترو ۷</a></td>\r\n<td>۲۶۸ نیت</td>\r\n<td>۱۸٫۸ نیت</td>\r\n<td>۲٫۰۵ نیت</td>\r\n<td>۱۲۹٫۵</td>\r\n<td>۷۱٫۵</td>\r\n<td>۵٫۳</td>\r\n<td>۹۲٫۵</td>\r\n<td>۴</td>\r\n<td>--</td>\r\n<td>--</td>\r\n</tr>\r\n<tr>\r\n<td><a href=\"https://www.zoomit.ir/product/huawei-matebook-d-15-core-i5-10210u-mx250-8gb-1256gb/\" target=\"_blank\" rel=\"noopener\">میت بوک D15</a></td>\r\n<td>۲۱۳ نیت</td>\r\n<td>۴٫۳ نیت</td>\r\n<td>۱٫۵۴ نیت</td>\r\n<td>۱۳۸</td>\r\n<td>۴۸</td>\r\n<td>۵٫۱</td>\r\n<td>۶۳</td>\r\n<td>۴٫۴</td>\r\n<td>--</td>\r\n<td>--</td>\r\n</tr>\r\n<tr>\r\n<td><a href=\"https://www.zoomit.ir/product/microsoft-surface-pro-7-core-i7-1065g7-iris-plus-16gb-1tb/\" target=\"_blank\" rel=\"noopener\">سرفیس پرو ۷</a></td>\r\n<td>۳۹۴ نیت</td>\r\n<td>۰٫۸ نیت</td>\r\n<td>۰٫۶ نیت</td>\r\n<td>۶۲۵</td>\r\n<td>۷۲٫۵</td>\r\n<td>۴٫۰</td>\r\n<td>۹۶</td>\r\n<td>۱٫۶</td>\r\n<td>--</td>\r\n<td>--</td>\r\n</tr>\r\n</tbody>\r\n</table>\r\n<small>* تمامی اعداد ذکرشده در جدول بالا در آزمایشگاه زومیت حاصل شده است.</small></div>\r\n<p>لپ&zwnj;تاپ مدرن 15 با حداکثر روشنایی ۲۱۱٫۱ نیت در زمینه&zwnj;ی روشنایی و کنتراست، در سطح رقبا ظاهر نمی&zwnj;شود؛ اما دقت نمایش رنگ&zwnj;ها در نمایشگر آن را محصولات قدرتمندی همچون مک&zwnj;بوک پرو M1 را از پیش&zwnj;رو برمی&zwnj;دارد. میان دستگاه&zwnj;هایی که تاکنون در زومیت بررسی کرده&zwnj;ایم، تنها سرفیس&zwnj;بوک ۳ دقت بهتری در نمایش رنگ&zwnj;های sRGB دارد. به&zwnj;عنوان یک نقطه&zwnj;ضعف برای لپ&zwnj;تاپ مدرن 15، می&zwnj;توانیم به پشتیبانی&zwnj;نکردن از فضای رنگی وسیع&zwnj;ترِ DCI P3 اشاره کنیم.</p>\r\n</div>\r\n<p><img class=\"img-responsive\" src=\"https://cdn01.zoomit.ir/2021/9/msi-modern-15-watching-movie.jpg\" alt=\"لپ تاپ MSI Modern 15\" /></p>\r\n<div class=\"narrow\">\r\n<p>همان&zwnj;طور که پیش&zwnj;تر نیز اشاره شد، اولترابوک MSI از طریق نرم&zwnj;افزار Creator Center، شش پروفایل رنگی دراختیارتان می&zwnj;گذارد که براساس بررسی&zwnj;های زومیت، حالت پیش&zwnj;فرض، موسوم به sRGB دقیق&zwnj;ترین عملکرد را داشت و حتی پروفایل Designer را نیز از این نظر پشت&zwnj;سر گذاشت. لپ&zwnj;تاپ Modern 15 رنگ&zwnj;ها را با دمای متعادلی نیز نمایش می&zwnj;دهد؛ اما در پروفایل Gamer تمایل اندکی به سردی دارد.</p>\r\n<p>MSI&zwnj; می&zwnj;گوید اسپیکرهای استریوی لپ&zwnj;تاپ Modern 15، درست&zwnj;مانند آنچه در لپ&zwnj;تاپ Katana GF66 نیز تجربه کردیم، صدای Hi-Res با عمق ۲۴ بیت و نرخ نمونه&zwnj;برداری ۱۹۲ مگاهرتزی تولید می&zwnj;کند و از طریق فناوری Nahimic Audio صدای فراگیر ۷٫۱ کاناله را به گوش کاربر می&zwnj;رساند. این اسپیکرها عملکرد مناسبی در تولید صداهای فرکانس میانی و بالا دارند؛ اما در فرکانس پایین چندان کوبنده نیستند. بلندی صدای لپ&zwnj;تاپ را برای یک اتاق کوچک کافی می&zwnj;دانیم.</p>\r\n<h2>سخت افزار، عملکرد و باتری Modern 15</h2>\r\n<p>MSI لپ&zwnj;تاپ مدرن ۱۵ را با پیکره&zwnj;بندی&zwnj;های متفاوتی از پردازنده&zwnj;های نسل&zwnj;دهمی Comet Lake اینتل و گرافیک&zwnj;های یکپارچه یا مجزا به&zwnj;فروش می&zwnj;رساند. ما یکی از قدرتمندترین پیکره&zwnj;بندی&zwnj;های مدرن 15 را با پردازنده&zwnj;ی شش&zwnj;هسته&zwnj;ای Core i7-10710U، گرافیک MX350 انویدیا، ۸ گیگابایت رم DDR4 و ۵۱۲ گیگابایت حافظه&zwnj;ی NVMe برای بررسی دراختیار داشتیم.</p>\r\n<p class=\"midmargin\"><img class=\"img-responsive\" src=\"https://cdn01.zoomit.ir/2021/9/msi-modern-15-laptop-stickers.jpg\" alt=\"لپ تاپ MSI Modern 15\" /></p>\r\n<p>باوجود آنکه تراشه&zwnj;ی Core i7-10710U از رم&zwnj;های DDR4 با فرکانس بالغ&zwnj;بر ۱۳۳۳ مگاهرتز (DDR4-2666) پشتیبانی می&zwnj;کند، تایوانی&zwnj;ها ماژول رم DDR4-3200 با فرکانس ۱۶۰۰ مگاهرتز را برای مدرن 15 در نظر گرفته&zwnj;اند. اولترابوک ام اس آی از دو اسلات رم و دو اسلات M2 که از آن&zwnj;ها می&zwnj;توانید برای ارتقای رم تا سقف ۶۴ گیگابایت و حافظه&zwnj;ی SSD استفاده کنید.</p>\r\n<div class=\"table-responsive midmargin\">\r\n<table class=\"table table-striped redtable table-bordered\">\r\n<thead>\r\n<tr>\r\n<th colspan=\"2\"><strong>مشخصات فنی CPU و GPU لپ&zwnj;تاپ MSI Modern 15</strong></th>\r\n</tr>\r\n<tr>\r\n<th colspan=\"2\"><strong>مشخصات CPU</strong></th>\r\n</tr>\r\n</thead>\r\n<tbody>\r\n<tr>\r\n<td><strong>نام پردازنده</strong></td>\r\n<td>Intel Core i7-10710U</td>\r\n</tr>\r\n<tr>\r\n<td><strong>معماری</strong></td>\r\n<td>کامت&zwnj;لیک با معماری بهبودیافته&zwnj;ی Skylake</td>\r\n</tr>\r\n<tr>\r\n<td><strong>لیتوگرافی</strong></td>\r\n<td>۱۴ نانومتر</td>\r\n</tr>\r\n<tr>\r\n<td><strong>تعداد هسته</strong></td>\r\n<td>۶ هسته / ۱۲ ترد</td>\r\n</tr>\r\n<tr>\r\n<td><strong>فرکانس</strong></td>\r\n<td>۱٫۱۰ گیگاهرتز پایه، ۳٫۹۰ گیگاهرتز توربو (کل هسته&zwnj;ها)</td>\r\n</tr>\r\n<tr>\r\n<td><strong>حافظه&zwnj;ی کش</strong></td>\r\n<td>۱۲ مگابایت</td>\r\n</tr>\r\n<tr>\r\n<td><strong>TDP</strong></td>\r\n<td>۱۵ وات در فرکانس پایه</td>\r\n</tr>\r\n<tr>\r\n<td><strong>گرافیک یکپارچه</strong></td>\r\n<td>Intel UHD Graphics با ۲۴ واحد اجرایی</td>\r\n</tr>\r\n<tr>\r\n<td><strong>eDRAM</strong></td>\r\n<td>ندارد</td>\r\n</tr>\r\n<tr>\r\n<td><strong>فرکانس گرافیک یکپارچه</strong></td>\r\n<td>فرکانس پایه&zwnj; ۳۰۰ مگاهرتز، فرکانس بیشینه ۱٫۱۵ گیگاهرتز</td>\r\n</tr>\r\n<tr>\r\n<td><strong>پشتیبانی از حافظه</strong></td>\r\n<td>DDR4-2666, LPDDR3-2133, LPDDR4-2933</td>\r\n</tr>\r\n</tbody>\r\n<thead>\r\n<tr>\r\n<th colspan=\"2\"><strong>مشخصات dGPU</strong></th>\r\n</tr>\r\n</thead>\r\n<tbody>\r\n<tr>\r\n<td><strong>نام پردازنده&zwnj;ی گرافیکی</strong></td>\r\n<td>NVIDIA GeForce MX350</td>\r\n</tr>\r\n<tr>\r\n<td><strong>لیتوگرافی</strong></td>\r\n<td>۱۴ نانومتر</td>\r\n</tr>\r\n<tr>\r\n<td><strong>معماری</strong></td>\r\n<td>پاسکال</td>\r\n</tr>\r\n<tr>\r\n<td><strong>تعداد هسته&zwnj;های Cuda</strong></td>\r\n<td>۶۴۰</td>\r\n</tr>\r\n<tr>\r\n<td><strong>تعداد هسته&zwnj;های Tensor</strong></td>\r\n<td>--</td>\r\n</tr>\r\n<tr>\r\n<td><strong>تعداد هسته&zwnj;های RT</strong></td>\r\n<td>--</td>\r\n</tr>\r\n<tr>\r\n<td><strong>تعداد TMU</strong></td>\r\n<td>۴۰</td>\r\n</tr>\r\n<tr>\r\n<td><strong>تعداد ROP</strong></td>\r\n<td>۳۲</td>\r\n</tr>\r\n<tr>\r\n<td><strong>فرکانس گرافیک</strong></td>\r\n<td>پایه: ۱۳۵۴ مگاهرتز - بیشینه: ۱۴۶۸ مگاهرتز</td>\r\n</tr>\r\n<tr>\r\n<td><strong>فرکانس حافظه</strong></td>\r\n<td>۱۷۵۰ مگاهرتز</td>\r\n</tr>\r\n<tr>\r\n<td><strong>حافظه</strong></td>\r\n<td>۲ گیگابایت GDDR5</td>\r\n</tr>\r\n<tr>\r\n<td><strong>پهنای باس حافظه</strong></td>\r\n<td>۶۴ بیت</td>\r\n</tr>\r\n<tr>\r\n<td><strong>پهنای باند حافظه</strong></td>\r\n<td>۵۶٫۰ گیگابایت&zwnj;برثانیه</td>\r\n</tr>\r\n<tr>\r\n<td><strong>توان محاسباتی FP32</strong></td>\r\n<td>۱٫۹ ترافلاپس</td>\r\n</tr>\r\n<tr>\r\n<td><strong>توان طراحی گرمایی</strong></td>\r\n<td>۲۵ وات</td>\r\n</tr>\r\n</tbody>\r\n</table>\r\n</div>\r\n<p>تراشه&zwnj;&zwnj;ی Core i7-10710U از ۶ هسته / ۱۲ رشته&zwnj;ی پردازشی با فرکانس پایه&zwnj;ی ۱٫۱۰ گیگاهرتز و فرکانس توربوی ۴٫۷ و ۳٫۹ گیگاهرتز در پردازش&zwnj;های تک و چند هسته&zwnj;ای استفاده می&zwnj;کند. اینتل توان طراحی گرمایی تراشه را در فرکانس پایه بالغ&zwnj;بر ۱۵ وات اعلام می&zwnj;کند؛ اما شرکت&zwnj;ها می&zwnj;توانند به&zwnj;دلخواه خود، توان مصرفی را تا ۲۵ وات نیز افزایش دهند.</p>\r\n<p>معمولا اولترابوک&zwnj;ها از گرافیک یکپارچه&zwnj;ی موجود در دل تراشه استفاده می&zwnj;کنند؛ درحالی&zwnj;که تایوانی&zwnj;ها لپ&zwnj;تاپ مدرن ۱۵ را با گرافیک MX350&zwnj; انویدیا نیز به&zwnj;فروش می&zwnj;رسانند. این گرافیک در دو نسخه&zwnj;ی ۱۵ و ۲۵ واتی در لپ&zwnj;تاپ&zwnj;ها به&zwnj;کار می&zwnj;رود، براساس بررسی&zwnj;های زومیت، MSI نسخه&zwnj;ی ۲۵ واتی MX350 را در لپ&zwnj;تاپ Modern 15 به&zwnj;کار برده است که بیش&zwnj;از ۵۵ درصد فرکانس و توان محاسباتی FP32 بیشتری را دراختیار کاربر می&zwnj;گذارد.</p>\r\n</div>\r\n<p><img class=\"img-responsive\" src=\"https://cdn01.zoomit.ir/2021/9/msi-modern-15-multitasking.jpg\" alt=\"لپ تاپ MSI Modern 15\" /></p>\r\n<div class=\"narrow\">\r\n<p>درحالی&zwnj;که ویندوز به&zwnj;صورت پیش&zwnj;فرض پروفایل&zwnj;های متفاوتی، شامل Best Performance، Better Performance و Best Battery Life برای مدیریت نوع مصرف برق در لپ&zwnj;تاپ&zwnj;ها ارائه می&zwnj;دهد، لپ&zwnj;تاپ Modern 15 به&zwnj;صورت مستقل از ویندوز، سناریوهای دیگری را نیز در قالب نرم&zwnj;افزار Creative Center دراختیارتان قرار می&zwnj;دهد، این سناریوها چهار گزینه&zwnj;ی&nbsp;<strong>Super Battery</strong>،&nbsp;<strong>Silent، Balanced</strong>&nbsp;و&nbsp;<strong>High Performance</strong>&nbsp;را دربرمی&zwnj;گیرند.</p>\r\n<p>MSI به&zwnj;صورت پیش&zwnj;فرض تنظیمات مصرف انرژی لپ&zwnj;تاپ Modern 15 را در حالت Balanced قرار می&zwnj;دهد؛ اما ما برای پی&zwnj;بردن به نهایت توان پردازشی دستگاه، بنچمارک&zwnj;ها را در حالت&nbsp;<strong>High Performance</strong>&nbsp;اجرا کردیم، در مراحل بعدی، تفاوت عملکرد مدرن 15 در دو حالت Balanced و High Performance را نیز نشان داده&zwnj;ایم. تمامی نتایج موجود در جدول زیر در حالتی به&zwnj;دست آمده&zwnj;اند که لپ&zwnj;تاپ&zwnj;ها به پریز برق متصل بوده&zwnj;اند.</p>\r\n<div class=\"table-responsive midmargin\">\r\n<table class=\"table table-striped redtable table-bordered\">\r\n<thead>\r\n<tr>\r\n<th colspan=\"11\"><strong>عملکرد MSI Modern 15 دربرابر لپ&zwnj;تاپ&zwnj;های دیگر (Plugged)</strong></th>\r\n</tr>\r\n<tr>\r\n<th rowspan=\"4\"><strong>لپ&zwnj;تاپ / بنچمارک</strong></th>\r\n<th rowspan=\"4\"><strong>مشخصات فنی</strong></th>\r\n<th><strong>عملکرد روزمره</strong></th>\r\n<th><strong>وب&zwnj;گردی</strong></th>\r\n<th><strong>شبیه&zwnj;ساز بازی</strong></th>\r\n<th colspan=\"3\"><strong>عملکرد در گرافیک</strong></th>\r\n<th><strong>عملکرد CPU در رندر</strong></th>\r\n<th><strong>توان محاسباتی CPU</strong></th>\r\n<th><strong>توان محاسباتی GPU</strong></th>\r\n</tr>\r\n<tr>\r\n<th rowspan=\"3\"><strong>PCMark 10</strong></th>\r\n<th rowspan=\"3\"><strong>Speedometer 2.0</strong></th>\r\n<th><strong>GFXBench</strong></th>\r\n<th colspan=\"3\"><strong>3DMark</strong></th>\r\n<th><strong>CineBench R23</strong></th>\r\n<th><strong>GeekBench 5</strong></th>\r\n<th><strong>GeekBench 5</strong></th>\r\n</tr>\r\n<tr>\r\n<td><strong>Aztec Ruins High Tier</strong></td>\r\n<td><strong>Time Spy</strong></td>\r\n<td><strong>Wild Life</strong></td>\r\n<td><strong>Night Raid</strong></td>\r\n<td rowspan=\"2\"><strong>Single<br />Multi</strong></td>\r\n<td rowspan=\"2\"><strong>Single<br />Multi</strong></td>\r\n<td><strong>OpenCL</strong></td>\r\n</tr>\r\n<tr>\r\n<td><strong>DirectX 12/Metal</strong></td>\r\n<td><strong>DirectX 12</strong></td>\r\n<td><strong>Vulkan/Metal</strong></td>\r\n<td><strong>DirectX 12</strong></td>\r\n<td><strong>iGPU<br />dGPU</strong></td>\r\n</tr>\r\n</thead>\r\n<tbody>\r\n<tr>\r\n<td><strong>Modern 15</strong></td>\r\n<td><strong>Core i7-10710U</strong><br /><strong>MX350</strong></td>\r\n<td><strong>۴۵۰۹</strong></td>\r\n<td><strong>۱۲۰</strong></td>\r\n<td><strong>۶۴٫۸ فریم&zwnj;برثانیه</strong></td>\r\n<td><strong>۱۴۸۹</strong></td>\r\n<td><strong>۸۳۶۰</strong></td>\r\n<td><strong>۱۵۲۷۸</strong></td>\r\n<td><strong>۱۱۸۰<br />۶۳۳۶</strong></td>\r\n<td><strong>۱۲۲۰<br />۴۵۵۶</strong></td>\r\n<td><strong>۵۴۶۲<br />۱۵۰۲۹</strong></td>\r\n</tr>\r\n<tr>\r\n<td>MacBook Pro M1</td>\r\n<td>Apple M1<br />Apple GPU</td>\r\n<td>--</td>\r\n<td>۲۰۹</td>\r\n<td>۸۱٫۳۷ فریم&zwnj;برثانیه</td>\r\n<td>--</td>\r\n<td>۱۰۰۱۷</td>\r\n<td>--</td>\r\n<td>۱۵۱۲<br />۷۷۷۸</td>\r\n<td>۱۷۲۹<br />۷۶۷۰</td>\r\n<td>۱۹۱۹۴<br />--</td>\r\n</tr>\r\n<tr>\r\n<td>Katana GF66</td>\r\n<td>Core i7-11800H<br />RTX 3060</td>\r\n<td>۶۶۸۰</td>\r\n<td>۱۸۰٫۸</td>\r\n<td>۱۷۵٫۳ فریم&zwnj;برثانیه</td>\r\n<td>۷۱۷۷</td>\r\n<td>۴۱۹۴۵</td>\r\n<td>۳۹۹۸۸</td>\r\n<td>۱۴۹۹<br />۱۰۷۷۹</td>\r\n<td>۱۵۵۴<br />۷۶۷۳</td>\r\n<td>۸۴۰۷<br />۹۸۸۵۵</td>\r\n</tr>\r\n<tr>\r\n<td>Raider GE66</td>\r\n<td>Core i7-10875H<br />RTX 2070 Super</td>\r\n<td>۵۸۸۲</td>\r\n<td>۱۵۰٫۰</td>\r\n<td>۲۰۹٫۱ فریم&zwnj;برثانیه</td>\r\n<td>۸۳۹۳</td>\r\n<td>۴۸۳۴۰</td>\r\n<td>۴۶۷۰۲</td>\r\n<td>۱۲۰۱<br />۹۶۳۳</td>\r\n<td>۱۳۴۶<br />۸۱۰۶</td>\r\n<td>۶۱۴۴<br />۹۵۷۳۳</td>\r\n</tr>\r\n<tr>\r\n<td>ConceptD 7 Ezel Pro</td>\r\n<td>Core i7-10875H<br />Quadro RTX 3000</td>\r\n<td>۵۱۷۳</td>\r\n<td>۱۶۴٫۰</td>\r\n<td>۱۳۳٫۳۹ فریم&zwnj;برثانیه</td>\r\n<td>۵۷۵۳</td>\r\n<td>۲۱۱۴۱</td>\r\n<td>۲۷۶۰۰</td>\r\n<td>۱۳۰۷<br />۱۰۵۱۳</td>\r\n<td>۱۳۴۰<br />۷۹۰۴</td>\r\n<td>۶۴۴۷<br />۷۲۸۶۶</td>\r\n</tr>\r\n<tr>\r\n<td>MateBook D 14</td>\r\n<td>Core i5-10210U<br />MX250</td>\r\n<td>۴۴۰۳</td>\r\n<td>--</td>\r\n<td>۳۱٫۸۹ فریم&zwnj;برثانیه</td>\r\n<td>۱۱۷۹</td>\r\n<td>۷۲۷۸</td>\r\n<td>۱۱۴۴۹</td>\r\n<td>۱۰۶۶<br />۳۵۸۵</td>\r\n<td>۱۰۶۲<br />۳۷۷۴</td>\r\n<td>۵۴۸۹<br />۱۱۶۰۵</td>\r\n</tr>\r\n<tr>\r\n<td>Acer Helios 300</td>\r\n<td>Core i7 - 10750H<br />1650Ti</td>\r\n<td>۵۱۴۸</td>\r\n<td>--</td>\r\n<td>۹۷٫۱۴ فریم&zwnj;برثانیه</td>\r\n<td>۳۹۳۴</td>\r\n<td>۲۳۶۹۸</td>\r\n<td>۲۸۷۹۳</td>\r\n<td>۱۲۳۸<br />۶۸۲۹</td>\r\n<td>۱۲۳۹<br />۴۸۳۸</td>\r\n<td>۵۵۸۳<br />۴۱۴۲۴</td>\r\n</tr>\r\n<tr>\r\n<td>Surface Book 3 15</td>\r\n<td>Core i7 - 1065G7<br />1660Ti Max-Q</td>\r\n<td>۴۲۷۰</td>\r\n<td>--</td>\r\n<td>۱۳۱٫۱ فریم&zwnj;برثانیه</td>\r\n<td>۴۹۷۹</td>\r\n<td>--</td>\r\n<td>۲۲۱۸۲</td>\r\n<td>۱۱۵۳<br />۴۴۷۵</td>\r\n<td>۱۳۳۴<br />۴۳۴۷</td>\r\n<td>۱۰۷۳۹<br />۶۰۳۱&zwj;۶</td>\r\n</tr>\r\n<tr>\r\n<td>Acer Nitro 7</td>\r\n<td>Core i7 - 9750H<br />GTX 1650</td>\r\n<td>۵۱۰۵</td>\r\n<td>--</td>\r\n<td>۸۹٫۴۹ فریم&zwnj;برثانیه</td>\r\n<td>--</td>\r\n<td>--</td>\r\n<td>--</td>\r\n<td>--</td>\r\n<td>۱۲۴۹<br />۵۳۲۴</td>\r\n<td>۵۷۶۶<br />۴۲۲۰۶</td>\r\n</tr>\r\n</tbody>\r\n</table>\r\n<small>* تمامی بنچمارک&zwnj;های ذکرشده در این جدول را زومیت اجرا کرده است.</small></div>\r\n<p>مطابق&zwnj;انتظار، مدرن ۱۵ بهترین عملکرد خود را زمانی به&zwnj;نمایش می&zwnj;گذارد که به برق متصل بوده و روی پروفایل High Performance خودِ MSI تنظیم شده باشد؛ درچنین شرایطی، اولترابوک MSI&zwnj; در پردازش&zwnj;های CPU-محور و چندرشته&zwnj;ای CineBench، محصول گران&zwnj;قیمتی همچون سرفیس&zwnj;بوک ۳ با پردازنده&zwnj;ی Core i7-1065G7 را پشت&zwnj;سر می&zwnj;گذارد و به لپ&zwnj;تاپ هلیوس ۳۰۰ با پردازنده&zwnj;ی پرمصرف&zwnj;ترِ Core i7-10750H نیز نزدیک می&zwnj;شود؛ اما مانند سایر&nbsp;<strong>اولترابوک&zwnj;های ویندوزی</strong>، از رسیدن به سطح عملکرد مک&zwnj;بوک پرو با تراشه&zwnj;ی M1 بازمی&zwnj;ماند.</p>\r\n<p>پردازنده&zwnj;ی گرافیکی MX350 قدرت پردازشی خارق&zwnj;العاده&zwnj;ای به&zwnj;ارمغان نمی&zwnj;آورد؛ براساس بررسی&zwnj;های ما، این پردازنده، ۱۵ تا ۲۲ درصد از واحد پردازش گرافیکی مک&zwnj;بوک پرو M1 ضعیف&zwnj;تر عمل می&zwnj;کند؛ اما می&zwnj;تواند از پس&zwnj;ِ کاربری&zwnj;های روزمره و اجرای گاه&zwnj;وبی&zwnj;گاه بازی&zwnj;ها با نرخ فریم معقول و تنظیمات گرافیکی متوسط بربیاید.</p>\r\n<div class=\"table-responsive midmargin\">\r\n<table class=\"table table-striped redtable table-bordered\">\r\n<thead>\r\n<tr>\r\n<th colspan=\"6\"><strong>عملکرد لپ&zwnj;تاپ MSI Modern 15 در حالت متصل به پریز برق و با باتری</strong></th>\r\n</tr>\r\n<tr>\r\n<th><strong>پروفایل مصرف انرژی لپ&zwnj;تاپ</strong></th>\r\n<th>وضعیت لپ&zwnj;تاپ</th>\r\n<th>عملکرد CPU در دور نخست آزمون پایداری عملکرد</th>\r\n<th><strong>عملکرد CPU پس از ۳۰ دقیقه اجرای آزمون پایداری عملکرد</strong></th>\r\n<th>PCMark 10</th>\r\n<th>Gears 5</th>\r\n</tr>\r\n</thead>\r\n<tbody>\r\n<tr>\r\n<td rowspan=\"2\"><strong>High Performance</strong></td>\r\n<td><strong>متصل به پریز برق</strong></td>\r\n<td>۶۲۸۹</td>\r\n<td>۵۵۳۰</td>\r\n<td>۴۵۰۹</td>\r\n<td>۴۲٫۷</td>\r\n</tr>\r\n<tr>\r\n<td><strong>با باتری</strong></td>\r\n<td>۴۰۹۱</td>\r\n<td>۴۰۵۰</td>\r\n<td>۳۶۸۷</td>\r\n<td>۳۷٫۰</td>\r\n</tr>\r\n<tr>\r\n<td rowspan=\"2\"><strong>Balanced</strong></td>\r\n<td><strong>متصل به پریز برق</strong></td>\r\n<td>۴۳۱۳</td>\r\n<td>۴۰۴۹</td>\r\n<td>۴۱۸۵</td>\r\n<td>--</td>\r\n</tr>\r\n<tr>\r\n<td><strong>با باتری</strong></td>\r\n<td>۴۰۹۷</td>\r\n<td>۴۰۶۹</td>\r\n<td>۳۶۹۶</td>\r\n<td>--</td>\r\n</tr>\r\n</tbody>\r\n</table>\r\n<small>* تمامی بنچمارک&zwnj;های ذکرشده در این جدول را زومیت اجرا کرده است.</small></div>\r\n<p>اولترابوک MSI نیز مانند عموم لپ&zwnj;تاپ&zwnj;های ویندوزی با جدا&zwnj;شدن از پریز برق، برای ارائه&zwnj;ی شارژدهی مناسب، دچار افت عملکرد می&zwnj;شود. بررسی&zwnj;های زومیت نشان می&zwnj;دهد که مدرن ۱۵ هنگام جدا شدن از پریز برق، حدود ۲۰ درصد در کاربری&zwnj;های روزمره و ۳۵ درصد در پردازش&zwnj;های سنگین CPU-محور، ضعیف&zwnj;تر از حالت متصل به برق عمل می&zwnj;کند.</p>\r\n<p>برای ارزیابی عملکرد مدرن ۱۵ در بارهای پردازشی مداوم و طولانی، آزمون پایداری عملکرد CPU را روی آن اجرا کردیم. در این آزمون، بنچمارک چندرشته&zwnj;ای CineBench R23 به&zwnj;مدت ۳۰ دقیقه به&zwnj;صورت پی&zwnj;درپی اجرا شده و طی آن، پارامترهای مختلف سیستم از جمله فرکانس، توان مصرفی و دمای پردازنده پایش می&zwnj;شود. ما آزمون پایداری عملکرد را با پروفایل&zwnj;های انرژی Balanced و High Performance در دو حالت متصل به پریز برق و با باتری روی لپ&zwnj;تاپ Modern 15 اجرا کردیم.</p>\r\n</div>\r\n<p><img class=\"img-responsive\" src=\"https://cdn01.zoomit.ir/2021/9/msi-modern-15-playing-game.jpg\" alt=\"لپ تاپ MSI Modern 15\" /></p>\r\n<div class=\"narrow\">\r\n<p>MSI می&zwnj;گوید در اولترابوک مدرن 15 فناوری اختصاصی Cooler Boost 3 با دو فن و سه لوله&zwnj;ی حرارتی را برای خنک&zwnj;سازی قطعات به&zwnj;کار گرفته است.</p>\r\n<p>با اتصال لپ&zwnj;تاپ به برق و تنظیم پروفایل انرژی روی گزینه&zwnj;ی High Performance، مدرن ۱۵ در ثانیه&zwnj;های ابتدایی آزمون پایداری عملکرد با تخصیص بیش&zwnj;از ۴۰ وات به پردازنده، فرکانس تمام هسته&zwnj;ها را به حدود ۳٫۱۰ گیگاهرتز می&zwnj;رساند؛ اما پس&zwnj;از آن، فرکانس پردازنده روی ۲٫۷۰ گیگاهرتز و توان مصرفی روی ۲۸ وات پایدار می&zwnj;شد. با پروفایل انرژی High Performance و در حالت متصل به برق، دمای پردازنده همواره در محدوده&zwnj;ی ۹۵ درجه&zwnj;ی سلسیوس قرار داشت و این دما باعث داغ&zwnj;شدن بدنه می&zwnj;شد.</p>\r\n<p class=\"midmargin\"><img class=\"img-responsive\" src=\"https://cdn01.zoomit.ir/2021/9/msi-modern-15-cpu-clock-graph.jpg\" alt=\"فرکانس پردازنده MSI Modern 15 در آزمون پایداری عملکرد\" /></p>\r\n<p class=\"midmargin\"><img class=\"img-responsive\" src=\"https://cdn01.zoomit.ir/2021/9/msi-modern-15-cpu-power-graph.jpg\" alt=\"توان مصرفی پردازنده MSI Modern 15 در آزمون پایداری عملکرد\" /></p>\r\n<p class=\"midmargin\"><img class=\"img-responsive\" src=\"https://cdn01.zoomit.ir/2021/9/msi-modern-15-cpu-temp-graph.jpg\" alt=\"دمای پردازنده MSI Modern 15 در آزمون پایداری عملکرد\" /></p>\r\n<p>چنانچه در حالت متصل به برق، پروفایل انرژی را روی Balanced قرار دهید یا دستگاه را در هر یک از دو حالت Balanced و High Performance از پریز برق بکشید، رفتار لپ&zwnj;تاپ مدرن 15 بسیار مشابه خواهد بود. در هریک از سناریوهای یادشده، فرکانس به&zwnj;صورت پایدار روی ۲٫۰ گیگاهرتز و توان مصرفی روی ۱۵ وات باقی می&zwnj;ماند؛ البته در پروفایل Balanced و حالت متصل به برق در ثانیه&zwnj;های ابتدایی، جهشی به فرکانس ۲٫۶۰ گیگاهرتز و توان مصرفی ۲۵ وات صورت می&zwnj;گرفت.</p>\r\n<p>روی پروفایل انرژی Balanced و هنگامی که لپ&zwnj;تاپ مدرن ۱۵ به برق متصل بود، دمای لپ&zwnj;تاپ مدرن 15 به&zwnj;تدریج افزایش یافت و به ۷۰ درجه&zwnj;ی سلسیوس رسید؛ اما با جدا شدن دستگاه از برق، دمای پردازنده در محدوده&zwnj;ی ۶۵ درجه&zwnj;ی سلسیوس پایدار می&zwnj;شد. به&zwnj;صورت کلی چنانچه از لپ&zwnj;تاپ مدرن 15 روی پروفایل انرژی پیش&zwnj;فرض Balanced استفاده کنید، شاهد داغ&zwnj;شدن بدنه نخواهید بود.</p>\r\n<p>متأسفانه هنگام اجرای آزمون پایداری عملکرد گرافیک، موفق به پایش توان مصرفی پردازنده&zwnj;ی گرافیکی نشدیم، از همین&zwnj;رو نموداری را در این بخش ارائه نمی&zwnj;دهیم؛ اما می&zwnj;توانیم بگوییم که گرافیک MX350 چه در حالت Plugged، چه Unplugged با فرکانس حدودی ۱۴۵۰ مگاهرتز کار می&zwnj;کند.</p>\r\n<div class=\"table-responsive midmargin\">\r\n<table class=\"table table-striped redtable table-bordered\">\r\n<thead>\r\n<tr>\r\n<th colspan=\"5\"><strong>عملکرد MSI Modern 15 در بازی و کاربری&zwnj;های حرفه&zwnj;ای</strong></th>\r\n</tr>\r\n<tr>\r\n<th><strong>کامپیوتر/کاربری</strong></th>\r\n<th><strong>مشخصات فنی</strong></th>\r\n<th><strong>Gears 5 با گرافیک High و وضوح 1080p</strong></th>\r\n<th><strong>رندر مدل BMW با وضوح Full-HD و پلتفرم Cuda</strong></th>\r\n<th><strong>تبدیل ویدئوی 4K HDR به 1080p با انکد سخت&zwnj;افزاری H.264</strong></th>\r\n</tr>\r\n</thead>\r\n<tbody>\r\n<tr>\r\n<td><strong>MSI Modern 15</strong></td>\r\n<td><strong>Core i7-10710U</strong><br /><strong>MX350</strong></td>\r\n<td><strong>۴۲٫۷ فریم&zwnj;برثانیه</strong></td>\r\n<td><strong>۳۲۲ ثانیه</strong></td>\r\n<td><strong>۴۷۵ ثانیه</strong></td>\r\n</tr>\r\n<tr>\r\n<td>سیستم مرجع زومیت</td>\r\n<td>Core i7-10700<br />RTX 2060</td>\r\n<td>--</td>\r\n<td>۷۲ ثانیه</td>\r\n<td>۱۷۸ ثانیه</td>\r\n</tr>\r\n</tbody>\r\n</table>\r\n</div>\r\n<p>از یک اولترابوک نمی&zwnj;توان انتظار عملکرد درخشانی در کاربری&zwnj;های حرفه&zwnj;ای و گرافیکی سنگین داشت، Modern 15 نیز از این قاعده مستثنی نیست؛ لپ تاپ باریک و سبک ام اس آی با ثبت مدت&zwnj;زمان ۳۲۲ ثانیه در رندر مدل BMW با نرم&zwnj;افزار Blender و ۴۷۵ ثانیه در تبدیل ویدئوی ۹۰ ثانیه&zwnj;ای 4K HDR به 1080p با انکد سخت&zwnj;افزاری، بر درستی گفته&zwnj;ی ما صحه می&zwnj;گذارد. گذشته از بحث کاربری&zwnj;های حرفه&zwnj;ای، مدرن ۱۵ می&zwnj;تواند تعدادی از بازی&zwnj;ها را با گرافیک متوسط و نرخ فریم آبرومندانه&zwnj;ای اجرا کند.</p>\r\n<div class=\"table-responsive midmargin\">\r\n<table class=\"table table-striped redtable table-bordered\">\r\n<thead>\r\n<tr>\r\n<th colspan=\"3\"><strong>عملکرد حافظه MSI Modern 15 دربرابر لپ&zwnj;تاپ&zwnj;های دیگر</strong></th>\r\n</tr>\r\n<tr>\r\n<th><strong>مدل&zwnj;ها / عملکرد</strong></th>\r\n<th><strong>نرخ خواندن ترتیبی<br />(مگابایت&zwnj;برثانیه)</strong></th>\r\n<th><strong>نرخ نوشتن ترتیبی<br />(مگابایت&zwnj;برثانیه)</strong></th>\r\n</tr>\r\n</thead>\r\n<tbody>\r\n<tr>\r\n<td><strong>MSI Modern 15</strong></td>\r\n<td><strong>۱۷۴۱٫۲۵</strong></td>\r\n<td><strong>۹۳۵٫۷۲</strong></td>\r\n</tr>\r\n<tr>\r\n<td>MacBook Pro M1</td>\r\n<td>۲۵۱۷٫۱۷</td>\r\n<td>۲۳۳۰٫۹</td>\r\n</tr>\r\n<tr>\r\n<td>MSI Katana GF66</td>\r\n<td>۱۹۸۵٫۹۲</td>\r\n<td>۹۶۳٫۰۸</td>\r\n</tr>\r\n<tr>\r\n<td>MSI Raider GE66</td>\r\n<td>۳۳۹۲٫۴۰</td>\r\n<td>۳۱۰۴٫۱۳</td>\r\n</tr>\r\n<tr>\r\n<td>Acer ConceptD 7 Ezel Pro</td>\r\n<td>۳۵۶۲٫۸۷</td>\r\n<td>۳۰۲۷٫۲۲</td>\r\n</tr>\r\n<tr>\r\n<td>MateBook D 14</td>\r\n<td>۳۴۱۵٫۸۹</td>\r\n<td>۲۹۸۵٫۴۳</td>\r\n</tr>\r\n<tr>\r\n<td>Surface Laptop Go</td>\r\n<td>۱۶۷۱٫۶۵</td>\r\n<td>۳۷۶٫۶۴</td>\r\n</tr>\r\n<tr>\r\n<td><span dir=\"ltr\">Acer Predator Helios 300</span></td>\r\n<td>۱۸۴۰٫۵۸</td>\r\n<td>۲۷۲۵٫۴۸</td>\r\n</tr>\r\n<tr>\r\n<td><span dir=\"ltr\">Microsoft Surface Book 3 15</span></td>\r\n<td>۲۰۷۱٫۸۷</td>\r\n<td>۸۰۵٫۹۵</td>\r\n</tr>\r\n<tr>\r\n<td>Acer Nitro 7</td>\r\n<td>۱۷۹۲٫۸۰</td>\r\n<td>۱۵۵۰٫۴۹</td>\r\n</tr>\r\n<tr>\r\n<td>Surface Pro 7</td>\r\n<td>۲۰۱۸٫۳۵</td>\r\n<td>۸۱۲٫۴۶</td>\r\n</tr>\r\n</tbody>\r\n</table>\r\n<small>*تمامی بنچمارک&zwnj;های ذکرشده در این جدول را زومیت اجرا کرده است.</small></div>\r\n<p>اولترابوک ام اس آی مدرن 15 موردبررسی زومیت از ۵۱۲ گیگابایت حافظه&zwnj;ی NVMe SSD ساخت شرکت Kingston استفاده می&zwnj;کند. این حافظه با سرعت خواندن و نوشتن ترتیبی ۱۷۴۱ و ۹۳۵ مگابایت&zwnj;برثانیه&zwnj;ای، عملکرد رضایت&zwnj;بخشی را به&zwnj;نمایش می&zwnj;گذارد؛ اما در جمع پرسرعت&zwnj;ترین&zwnj;های بازار قرار نمی&zwnj;گیرد. خوشبختانه Modern 15 به&zwnj;لطف بهره&zwnj;گیری از دو اسلات M.2 امکان ارتقا به حافظه&zwnj;های پرسرعت&zwnj;تر را فراهم می&zwnj;آورد.</p>\r\n</div>\r\n<p><img class=\"img-responsive\" src=\"https://cdn01.zoomit.ir/2021/9/msi-modern-15-browsing-web.jpg\" alt=\"لپ تاپ MSI Modern 15\" /></p>\r\n<div class=\"narrow\">\r\n<p>لپ&zwnj;تاپ مدرن ۱۵ برای تأمین انرژی موردنیازش به باتری لیتیوم-پلیمر ۵۲ وات&zwnj;ساعتی اتکا دارد و آن را با آداپتور ۶۵ واتی شارژ می&zwnj;کند. ام اس آی می&zwnj;گوید اولترابوک Modern 15 با یک بار شارژ می&zwnj;تواند بالغ&zwnj;بر ۹ ساعت کاربر را همراهی کند. تایوانی&zwnj;ها ادعا می&zwnj;کنند شارژر همراه مدرن ۱۵ از نمونه&zwnj;های عادی ۳۸ درصد سبک&zwnj;تر و ۱۹ درصد کوچک&zwnj;تر است.</p>\r\n<div class=\"table-responsive midmargin text-center\">\r\n<table class=\"table table-striped redtable table-bordered text-center\">\r\n<thead>\r\n<tr>\r\n<th colspan=\"7\"><strong>عملکرد باتری MSI Modern 15 دربرابر لپ&zwnj;تاپ&zwnj;های دیگر</strong></th>\r\n</tr>\r\n<tr>\r\n<th rowspan=\"4\"><strong>لپ&zwnj;تاپ / آزمایش</strong></th>\r\n<th><strong>نمایشگر</strong></th>\r\n<th><strong>باتری</strong></th>\r\n<th><strong>ویدئو</strong></th>\r\n<th><strong>PCMark 10</strong></th>\r\n<th colspan=\"2\"><strong>GFXBench Manhattan 3.1</strong></th>\r\n</tr>\r\n<tr>\r\n<th><strong>ابعاد و رزولوشن</strong></th>\r\n<th><strong>وات&zwnj;ساعت</strong></th>\r\n<th><strong>دقیقه:ساعت</strong></th>\r\n<th><strong>دقیقه:ساعت</strong></th>\r\n<th><strong>طول&zwnj;عمر باتری</strong><br /><strong>(دقیقه)</strong></th>\r\n<th><strong>کم&zwnj;ترین نرخ فریم</strong><br /><strong>(فریم&zwnj;برثانیه)</strong></th>\r\n</tr>\r\n</thead>\r\n<tbody>\r\n<tr>\r\n<td><strong>MSI Modern 15</strong></td>\r\n<td><strong>۱۵٫۶ اینچ</strong><br /><strong>۱۰۸۰ &times; ۱۹۲۰ پیکسل</strong></td>\r\n<td><strong>۵۲</strong></td>\r\n<td><strong>۸:۲۰</strong></td>\r\n<td><strong>۵:۰۸</strong></td>\r\n<td><strong>۱۱۶٫۰</strong></td>\r\n<td><strong>۴۶٫۴</strong></td>\r\n</tr>\r\n<tr>\r\n<td>Apple MacBook Pro M1</td>\r\n<td>۱۳٫۳ اینچ<br />۱۶۰۰ &times; ۲۵۶۰ پیکسل</td>\r\n<td>۵۸٫۲</td>\r\n<td>۱۶:۴۷</td>\r\n<td>--</td>\r\n<td>۲۱۸٫۸۴</td>\r\n<td>۶۰٫۰۱</td>\r\n</tr>\r\n<tr>\r\n<td>MSI Katana GF66</td>\r\n<td>۱۵٫۶ اینچ<br />۱۰۸۰ &times; ۱۹۲۰ پیکسل</td>\r\n<td>۵۲</td>\r\n<td>۳:۵۴</td>\r\n<td>۲:۳۲</td>\r\n<td>۵۱٫۲</td>\r\n<td>۹۷٫۸</td>\r\n</tr>\r\n<tr>\r\n<td>MSI Raider GE66</td>\r\n<td>۱۵٫۶ اینچ<br />۱۰۸۰ &times; ۱۹۲۰ پیکسل</td>\r\n<td>۹۵</td>\r\n<td>۵:۳۹</td>\r\n<td>۳:۴۸</td>\r\n<td>۵۷٫۷</td>\r\n<td>۱۳۶٫۵</td>\r\n</tr>\r\n<tr>\r\n<td>Acer Ezel Pro</td>\r\n<td>۱۵٫۶ اینچ<br />۲۱۶۰ &times; ۳۸۴۰ پیکسل</td>\r\n<td>۸۴</td>\r\n<td>۹:۴۱</td>\r\n<td>۶:۴۷</td>\r\n<td>۱۱۷٫۹</td>\r\n<td>۳۰٫۲</td>\r\n</tr>\r\n<tr>\r\n<td>MateBook D 14</td>\r\n<td>۱۴ اینچ<br />۱۰۸۰ &times; ۱۹۲۰ پیکسل</td>\r\n<td>۵۷</td>\r\n<td>۱۱:۳۴</td>\r\n<td>۹:۰۰</td>\r\n<td>۲۶۴٫۸۷</td>\r\n<td>۵۹٫۷۹</td>\r\n</tr>\r\n<tr>\r\n<td>Surface Laptop Go</td>\r\n<td>۱۲٫۴۵ اینچ<br />۱۰۲۴ &times; ۱۵۳۶ پیکسل</td>\r\n<td>۳۹٫۷</td>\r\n<td>۱۰:۱۳</td>\r\n<td>۶:۰۸</td>\r\n<td>۲۶۴٫۸۷</td>\r\n<td>۱۴٫۸۵</td>\r\n</tr>\r\n<tr>\r\n<td>Acer Predator Helios 300</td>\r\n<td>۱۵٫۶ اینچ<br />۱۰۸۰ &times; ۱۹۲۰ پیکسل</td>\r\n<td>۵۵</td>\r\n<td>۵:۲۱</td>\r\n<td>۳:۲۴</td>\r\n<td>۵۶٫۵۵</td>\r\n<td>۱۳۰٫۹</td>\r\n</tr>\r\n<tr>\r\n<td>Surface Book 3 15<br />Laptop Mode</td>\r\n<td>۱۵ اینچ<br />۲۱۶۰ &times; ۳۲۴۰ پیکسل</td>\r\n<td>۸۵</td>\r\n<td>۱۴:۰۵</td>\r\n<td>--</td>\r\n<td>۱۴۱٫۲۵۷</td>\r\n<td>۵۱٫۲۵</td>\r\n</tr>\r\n<tr>\r\n<td>Acer Nitro 7 2019</td>\r\n<td>۱۵٫۶ اینچ<br />۱۰۸۰ &times; ۱۹۲۰ پیکسل</td>\r\n<td>۵۷٫۵</td>\r\n<td>۶:۲۷</td>\r\n<td>--</td>\r\n<td>۱۲۰٫۲۲</td>\r\n<td>۳۷۱۰٫۵۲</td>\r\n</tr>\r\n<tr>\r\n<td>Surface Pro 7</td>\r\n<td>۱۲٫۳ اینچ<br />۱۸۲۴ &times; ۲۷۳۶ پیکسل</td>\r\n<td>۴۳٫۲</td>\r\n<td>۱۰:۰۰</td>\r\n<td>--</td>\r\n<td>۱۲۳/۷۹</td>\r\n<td>۲۲٫۷۶</td>\r\n</tr>\r\n</tbody>\r\n</table>\r\n<small>* تمامی بنچمارک&zwnj;های ذکرشده در این جدول را زومیت اجرا کرده است.</small></div>\r\n<div class=\"pullquote larticle\">عمر مناسب باتری</div>\r\n<p>برای ارزیابی شارژدهی&nbsp;<a href=\"https://www.zoomit.ir/product/list/laptop/msi/\" target=\"_blank\" rel=\"noopener\">لپ&zwnj;تاپ MSI</a>، پروفایل انرژی آن را در حالت High Performance قرار دادیم، کلیه&zwnj;ی اتصالات بی&zwnj;سیم را قطع و روشنایی نمایشگر را روی ۲۰۰ نیت (اسلایدر روشنایی روی ۸۷ درصد) تنظیم کردیم. اولترابوک Modern 15 در آزمون باتری PCMark 10 که شارژدهی در کاربری&zwnj;های روزمره و اداری بی&zwnj;وقفه را می&zwnj;سنجد، به&zwnj;مدت&nbsp;<strong>۵ ساعت و ۸ دقیقه</strong>&nbsp;دوام آورد که نتیجه&zwnj;ی رضایت&zwnj;بخشی به&zwnj;حساب می&zwnj;آید. اولترابوک تایوانی&zwnj;ها توانست تا زمان خالی&zwnj;شدن شارژ، ویدئوی HD معیار زومیت را نیز&nbsp;<strong>۸ ساعت و ۲۰ دقیقه</strong>&nbsp;به&zwnj;صورت مداوم پخش کند.</p>\r\n<h2>جمع&zwnj;بندی</h2>\r\n<p>لپ&zwnj;تاپ مدرن ۱۵ در محدوده&zwnj;ی قیمتی زیر ۳۰ میلیون تومان، یکی از کارآمدترین اولترابوک&zwnj;های ویندوزی به&zwnj;حساب می&zwnj;آید. بدنه&zwnj;ی کاملا فلزی باریک و سبک، نمایشگر ۱۵٫۶ اینچی IPS با رنگ&zwnj;های بسیار دقیق، پردازنده&zwnj;ی ۶ هسته&zwnj;ای Core i7-10710U با عملکرد بسیار پایدار، گرافیک مجزای MX350 برای اجرای گاه&zwnj;وبی&zwnj;گاه بازی و شارژدهی بسیار خوب در کاربری&zwnj;های روزمره از جمله&zwnj;ی مهم&zwnj;ترین ویژگی&zwnj;های اولترابوک ام اس آی Modern 15 به&zwnj;&zwnj;حساب می&zwnj;آید.</p>\r\n</div>\r\n<p><img class=\"img-responsive\" src=\"https://cdn01.zoomit.ir/2021/9/msi-modern-15-laptop.jpg\" alt=\"لپ تاپ MSI Modern 15\" /></p>\r\n<div class=\"narrow\">\r\n<p>نرم&zwnj;افزار Creative Center ام&zwnj;اس&zwnj;آی امکان تغییر سطح عملکرد لپ&zwnj;تاپ در سناریوهای مختلف را به&zwnj;ارمغان می&zwnj;آورد؛ با این نرم&zwnj;افزار می&zwnj;توانید به بهترین سطح عملکرد پردازنده&zwnj;ی مدرن ۱۵ دست یابید یا آن را به دستگاهی کاملا بی&zwnj;صدا با شارژدهی طولانی بدل سازید. اولترابوک باریک ام اس آی درگاه&zwnj;های متنوع و کارآمدی را نیز دراختیارتان می&zwnj;گذارد.</p>\r\n<p>گذشته از ویژگی&zwnj;های مثبت Modern 15، این دستگاه ضعف&zwnj;هایی هم دارد که از جمله&zwnj;ی آن&zwnj;ها می&zwnj;توان به فقدان درگاه تاندربولت، روشنایی و کنتراست پایین&zwnj;ترِ صفحه&zwnj;نمایش در مقایسه&zwnj;با پاره&zwnj;ای از رقبا و استفاده از پردازنده&zwnj;ی نسل گذشته اشاره کرد.</p>\r\n<p>برای خرید لپ&zwnj;تاپ MSI Modern 15 می&zwnj;توانید به&nbsp;<a href=\"https://www.digikala.com/search/category-notebook-netbook-ultrabook/?brand[0]=95&amp;pageno=1&amp;last_filter=brand&amp;last_value=95&amp;sortby=4\" target=\"_blank\" rel=\"nofollow noopener\">دیجی&zwnj;کالا</a>&nbsp;یا&nbsp;<a href=\"https://shop.matris.co.ir/%D9%86%D9%88%D8%AA-%D8%A8%D9%88%DA%A9\" target=\"_blank\" rel=\"nofollow noopener\">وب&zwnj;سایت ماتریس</a>&nbsp;مراجعه کنید.</p>\r\n</div>\r\n</div>\r\n</div>','','imagename.png','','\"null\"','','active','open',1,1,'salam,good','168,180','public',0.00,NULL,0,1,NULL,'2021-02-15 09:27:52','2022-08-04 14:40:10'),
(58,0,'رونمایی از پنل جدید','post','text','fa','رونمایی-از-پنل-جدید','<div id=\"Intro\" class=\"vc_row wpb_row vc_row-fluid qodef-section qodef-content-aligment-left\">\r\n<div class=\"clearfix qodef-full-section-inner\">\r\n<div class=\"wpb_column vc_column_container vc_col-sm-12\">\r\n<div class=\"vc_column-inner\">\r\n<div class=\"wpb_wrapper\">\r\n<div class=\"wpb_text_column wpb_content_element \">\r\n<div class=\"wpb_wrapper\">\r\n<h2 id=\"h--2\" class=\"has-pale-cyan-blue-color has-text-color\">مقدمه</h2>\r\n<p class=\"has-very-dark-gray-color has-text-color\">اغراق نیست اگر بگوییم کارتابل مهمترین مفهوم در هر سامانه<strong>&nbsp;<a href=\"http://payvast.com/products/%d9%86%d8%b1%d9%85-%d8%a7%d9%81%d8%b2%d8%a7%d8%b1-%d8%a7%d8%aa%d9%88%d9%85%d8%a7%d8%b3%db%8c%d9%88%d9%86-%d8%a7%d8%af%d8%a7%d8%b1%db%8c/\" target=\"_blank\" rel=\"noreferrer noopener\" aria-label=\"undefined (در تب جدید مرورگر باز می شود )\">اتوماسیون اداری</a></strong>&nbsp;محسوب شده و ساختار، ویژگی ها و امکانات موجود در آن را می توان معیار خوبی برای سنجش پختگی و کامل بودن یک سامانه اتوماسیون اداری به حساب آورد. ارائه یک تحلیل منطقی و درست از این مفهوم مهم می تواند به یک محصول اتوماسیون اداری منسجم و همگن منجر شود و بالعکس در صورتی که تصویر درستی از مفهوم کارتابل در ذهن طراحان چنین سیستمی شکل نگرفته باشد با یک اتوماسیون اداری ضعیف، مغشوش و سردرگم مواجه خواهیم بود.</p>\r\n<p>&nbsp;</p>\r\n<p class=\"has-very-dark-gray-color has-text-color\">با عنایت به این موضوع در این نوشتار می خواهیم به برخی ویژگی های کلیدی کارتابل و نکات متمایز کننده آن اشاره کنیم. این ویژگی ها می توانند شاخصی برای سنجش و انتخاب یک سامانه اتوماسیون اداری مناسب به دست بدهند. قبل از پرداختن به ویژگی های شاخص یک کارتابل مناسب بهتر است ابتدا اجمالا تعریفی مختصر ولی شفاف از کارتابل داشته باشیم.</p>\r\n<p>&nbsp;</p>\r\n<div class=\"wp-block-spacer\" aria-hidden=\"true\">&nbsp;</div>\r\n<p>&nbsp;</p>\r\n<div class=\"wp-block-image\">\r\n<figure class=\"aligncenter size-large is-resized\"><img class=\"wp-image-10528\" src=\"http://payvast.com/wp-content/uploads/2020/07/psg_kartable.jpg\" sizes=\"(max-width: 600px) 100vw, 600px\" srcset=\"https://payvast.com/wp-content/uploads/2020/07/psg_kartable.jpg 600w, https://payvast.com/wp-content/uploads/2020/07/psg_kartable-300x144.jpg 300w\" alt=\"\" width=\"600\" height=\"288\" /></figure>\r\n</div>\r\n<p>&nbsp;</p>\r\n<div class=\"wp-block-spacer\" aria-hidden=\"true\">&nbsp;</div>\r\n</div>\r\n</div>\r\n</div>\r\n</div>\r\n</div>\r\n</div>\r\n</div>\r\n<div id=\"The concept of cartables\" class=\"vc_row wpb_row vc_row-fluid qodef-section qodef-content-aligment-left\">\r\n<div class=\"clearfix qodef-full-section-inner\">\r\n<div class=\"wpb_column vc_column_container vc_col-sm-12\">\r\n<div class=\"vc_column-inner\">\r\n<div class=\"wpb_wrapper\">\r\n<div class=\"wpb_text_column wpb_content_element \">\r\n<div class=\"wpb_wrapper\">\r\n<div class=\"wp-block-spacer\" aria-hidden=\"true\">&nbsp;</div>\r\n<p>&nbsp;</p>\r\n<h2 id=\"h--3\" class=\"has-vivid-cyan-blue-color has-text-color\">مفهوم کارتابل</h2>\r\n<p>&nbsp;</p>\r\n<div class=\"wp-block-spacer\" aria-hidden=\"true\">&nbsp;</div>\r\n<p>&nbsp;</p>\r\n<div class=\"wp-block-group\">\r\n<div class=\"wp-block-group__inner-container\">\r\n<p class=\"has-very-dark-gray-color has-text-color\">&nbsp;</p>\r\n<ul class=\"has-black-color has-text-color\">\r\n<li>ابتدا اینکه کارتابل یک ابزار است که می تواند فیزیکی باشد مانند آنچه که در گذشته نه چندان دور و برای سالیان دراز، مورد استفاده مدیران و کارمندان ادارات بوده است و یا ممکن است الکترونیکی باشد مانند آنچه که امروزه در اغلب سامانه های اتوماسیون اداری ارائه می شود و باید توجه داشت که الکترونیکی بودن کارتابل نباید ماهیت و کارکرد آن را تغییر دهد.</li>\r\n</ul>\r\n<p class=\"has-very-dark-gray-color has-text-color\">&nbsp;</p>\r\n<div class=\"wp-block-spacer\" aria-hidden=\"true\">&nbsp;</div>\r\n<p class=\"has-very-dark-gray-color has-text-color\">&nbsp;</p>\r\n<ul class=\"has-black-color has-text-color\">\r\n<li>نکته بعدی اشاره به این واقعیت است که متصدی و مالک کارتابل یک فرد یا یک شخص حقیقی نیست بلکه یک شخصیت دارای مسئولیت اجرایی در سازمان، متصدی آن می باشد بعبارتی روشن تر هر شخص مسئولی در سازمان به ازای هر پست منتسب در چارت سازمانی به وی، دارای یک کارتابل مستقل خواهد بود و در صورت واگذاری پست خود، کارتابل مربوطه نیز به متصدی جدید منتقل خواهد شد.</li>\r\n</ul>\r\n<p class=\"has-very-dark-gray-color has-text-color\">&nbsp;</p>\r\n<p class=\"has-very-dark-gray-color has-text-color\">&nbsp;</p>\r\n<div class=\"wp-block-spacer\" aria-hidden=\"true\">&nbsp;</div>\r\n<p class=\"has-very-dark-gray-color has-text-color\">&nbsp;</p>\r\n<ul class=\"has-black-color has-text-color\">\r\n<li>نکته مهم دیگری که باید به آن توجه داشت این است که ورودی یک کارتابل، کار است نه نامه یا چیز دیگر. علیرغم تصور رایج در بیشتر سازمان ها که کارتابل از نامه های اداری تشکیل می شود در واقع باید گفت کارتابل از کارهای محوله به فرد مسئول که بوسیله نامه یا هر موجودیت دیگر به وی ارجاع می شود پر می شود. بنابراین یک کارتابل اصولی می بایست پذیرای انواع ورودی های متنوع از قبیل نامه رسمی، یادداشت، فرم سازمانی، ایمیل و هر نوع ورودی دیگری که با خود کار و وظیفه ای را برای متصدی کارتابل بهمراه دارند باشد.&nbsp; با این نگاه، کارتابل، یک حلقه از زنجیره فرایندی سازمان است که در آن فعالیت های لازم آن مرحله، صورت گرفته و جریان کار به حلقه بعدی فرایند منتقل می شود .</li>\r\n</ul>\r\n<p class=\"has-very-dark-gray-color has-text-color\">&nbsp;</p>\r\n<div class=\"wp-block-spacer\" aria-hidden=\"true\">&nbsp;</div>\r\n<p class=\"has-very-dark-gray-color has-text-color\">&nbsp;</p>\r\n<ul class=\"has-black-color has-text-color\">\r\n<li>و نکته آخر اینکه وجود کارتابل برای رسیدگی به کارها و وظایف محوله است. بنابراین در کارتابل باید ابزار و امکانات لازم برای رسیدگی به کارها و انجام اقدامات مرتبط وجود داشته باشد، اقداماتی نظیر بررسی کار، ارجاع آن به مسئول بعدی، تعیین تکلیف و بایگانی کردن آن برای مراجعات بعدی، ثبت اقدامات لازم و کارهایی از این قبیل.</li>\r\n</ul>\r\n</div>\r\n</div>\r\n<p>&nbsp;</p>\r\n<div class=\"wp-block-spacer\" aria-hidden=\"true\">&nbsp;</div>\r\n<p>&nbsp;</p>\r\n<p>&nbsp;</p>\r\n<div class=\"wp-block-spacer\" aria-hidden=\"true\">&nbsp;</div>\r\n<p>&nbsp;</p>\r\n<div class=\"wp-block-image\">\r\n<figure class=\"aligncenter size-large\"><img class=\"wp-image-10536\" src=\"http://payvast.com/wp-content/uploads/2020/07/a01.jpg\" sizes=\"(max-width: 900px) 100vw, 900px\" srcset=\"https://payvast.com/wp-content/uploads/2020/07/a01.jpg 900w, https://payvast.com/wp-content/uploads/2020/07/a01-300x177.jpg 300w, https://payvast.com/wp-content/uploads/2020/07/a01-768x452.jpg 768w\" alt=\"کارتابل اتوماسیون ادرای\" width=\"900\" height=\"530\" /></figure>\r\n</div>\r\n<p>&nbsp;</p>\r\n<div class=\"wp-block-spacer\" aria-hidden=\"true\">&nbsp;</div>\r\n</div>\r\n</div>\r\n</div>\r\n</div>\r\n</div>\r\n</div>\r\n</div>\r\n<div id=\"Cartable measurement criteria\" class=\"vc_row wpb_row vc_row-fluid qodef-section qodef-content-aligment-left\">\r\n<div class=\"clearfix qodef-full-section-inner\">\r\n<div class=\"wpb_column vc_column_container vc_col-sm-12\">\r\n<div class=\"vc_column-inner\">\r\n<div class=\"wpb_wrapper\">\r\n<div class=\"wpb_text_column wpb_content_element \">\r\n<div class=\"wpb_wrapper\">\r\n<div class=\"wp-block-spacer\" aria-hidden=\"true\">&nbsp;</div>\r\n<p>&nbsp;</p>\r\n<h2 id=\"h--4\" class=\"has-vivid-cyan-blue-color has-text-color\">معیارهای سنجش کارتابل</h2>\r\n<p>&nbsp;</p>\r\n<div class=\"wp-block-spacer\" aria-hidden=\"true\">&nbsp;</div>\r\n<p>&nbsp;</p>\r\n<p class=\"has-very-dark-gray-color has-text-color\">&nbsp;گفته شد در کارتابل باید امکانات رسیدگی به کارها در دسترسی مسئول کارتابل باشد تا بتواند براحتی از عهده وظایف محوله برآید. بنابراین طبیعی است که در کارتابل های مکانیزه امروزی که بعنوان بخشی از سامانه اتوماسیون اداری سازمان ها در اختیار کاربران قرار دارد، شاهد این امکانات و ابزارها باشیم. حال با نگاه ها و سلیقه های و احیانا تحلیل های متفاوت پدیدآورندگان این سامانه ها مواجه می شویم و براساس این دیدگاههای متفاوت می توان معیارهای سنجش این سامانه ها را استخراج کرد.</p>\r\n<p>&nbsp;</p>\r\n<p class=\"has-very-dark-gray-color has-text-color\">در یک نگاه کلی می توان سه ویژگی سادگی، انعطاف و پوشا بودن کارتابل را&nbsp; مهمترین معیارهای سنجش یک کارتابل مناسب دانست. امکاناتی که در کارتابل ارائه می شود نباید با این سه ویژگی در تعارض باشند، بلکه باید آنها را تقویت نمایند.</p>\r\n<p>&nbsp;</p>\r\n<div class=\"wp-block-spacer\" aria-hidden=\"true\">&nbsp;</div>\r\n<p>&nbsp;</p>\r\n<p class=\"has-cyan-bluish-gray-color has-text-color\"><strong>کمی با این سه ویژگی آشنا شویم&hellip;</strong></p>\r\n<p>&nbsp;</p>\r\n<h3 id=\"h--5\" class=\"has-pale-cyan-blue-color has-text-color\">١-&nbsp;<strong>کارتابل باید ساده باشد</strong></h3>\r\n<p>در بسیاری از موارد وجود امکانات متعدد در کارتابل موجب شلوغی و پیچیدگی آن می شود و بجایی که به کاربر کمک کند باعث سردرگمی وی می شود. اینجا نقش طراح متبحر UI/UX برجسته می شود که باید هنر خودش را نشان دهد . البته این موضوع تا حدی نیز به مفاهیم تحلیلی و ساختار درنظر گرفته شده برای کارتابل نیز مربوط می شود.</p>\r\n<p>آنچه بعنوان یک ساختار پذیرفته شده بین همه برنامه های کاربردی مبتنی بر کارتابل مرسوم است، این است که کارتابل باید شامل پوشه ای برای دریافت ورودی ها و پوشه ای برای نگهداری سوابق و پیگیری کارهای واگذار شده باشد، همان In Box /Out Box معروف. &nbsp;وجود برخی پوشه های اضافی که برای نگهداری نوعی خاص یا وضعیت خاصی از موجودیت ها است علاوه بر آنکه کارتابل را از عمومیت خارج می کند باعث سردرگمی کاربر نیز می شود.</p>\r\n<p>&nbsp;</p>\r\n<h3 id=\"h--6\" class=\"has-pale-cyan-blue-color has-text-color\">۲-&nbsp;<strong>کارتابل باید منعطف باشد</strong></h3>\r\n<p>سادگی یک کارتابل نباید مانع کارآمدی و انعطاف آن شود، از این رو کارتابل باید این قابلیت را داشته باشد که کاربر در عین احساس راحتی و سادگی کار با کارتابل، کمبودی در آن نیز احساس نکند.</p>\r\n<p>&nbsp;یکی از اموری که معمولا در هنگام رسیدگی به کارها به ما کمک می کند وجود امکان دسته بندی و طبقه بندی کارهاست که با این کار ما می توانیم کارها را بهتر سامان دهی کرده و راحت تر به آنها رسیدگی کنیم . لذا در برنامه های معتبر مبتنی بر کارتابل اجازه داده می شود کاربر بتواند محتویات داخل کارتابل ورودی خود را دسته بندی نماید و آن ها را در قالب پوشه های که خود تعریف کرده است سازماندهی نماید. از آنجائیکه در اینگونه برنامه ها این خود کاربر است که کارتابلش را مطابق سلیقه و مسئولیت خود دسته بندی می کند خود او بخوبی توازنی میان کاربردی بودن و پیچیدگی کارتابل برقرار خواهد کرد.</p>\r\n<p>&nbsp;</p>\r\n<h3 id=\"h--7\" class=\"has-pale-cyan-blue-color has-text-color\">۳-&nbsp;<strong>کارتابل باید پوشا باشد</strong></h3>\r\n<p>یک کارتابل مناسب باید نسبت به همه انواع کارها و مسئولیت ها پوشا باشد. کارتابلی که مختص به یک یا چند نوع ورودی مشخص باشد کارتابل کاملی نیست.&nbsp; عموما در سامانه های یکپارچه که مجموعه ای از برنامه های کاربردی در کنار هم به تبادل داده و موجودیت اطلاعاتی می پردازند وجود کارتابلی که بتواند از همه این انواع داده پشتیبانی کرده و چرخه فرایندی سازمان را کامل کند نمایانگر تحلیل یک کارتابل کامل و مناسب می باشد.</p>\r\n<p>&nbsp;</p>\r\n<div class=\"wp-block-spacer\" aria-hidden=\"true\">&nbsp;</div>\r\n<p>&nbsp;</p>\r\n<div class=\"wp-block-image\">\r\n<figure class=\"aligncenter size-large\"><img class=\"wp-image-10552\" src=\"http://payvast.com/wp-content/uploads/2020/07/a2.jpg\" sizes=\"(max-width: 900px) 100vw, 900px\" srcset=\"https://payvast.com/wp-content/uploads/2020/07/a2.jpg 900w, https://payvast.com/wp-content/uploads/2020/07/a2-300x112.jpg 300w, https://payvast.com/wp-content/uploads/2020/07/a2-768x287.jpg 768w\" alt=\"\" width=\"900\" height=\"336\" /></figure>\r\n</div>\r\n<p>&nbsp;</p>\r\n<div class=\"wp-block-spacer\" aria-hidden=\"true\">&nbsp;</div>\r\n</div>\r\n</div>\r\n</div>\r\n</div>\r\n</div>\r\n</div>\r\n</div>\r\n<div id=\"Cartables features\" class=\"vc_row wpb_row vc_row-fluid qodef-section qodef-content-aligment-left\">\r\n<div class=\"clearfix qodef-full-section-inner\">\r\n<div class=\"wpb_column vc_column_container vc_col-sm-12\">\r\n<div class=\"vc_column-inner\">\r\n<div class=\"wpb_wrapper\">\r\n<div class=\"wpb_text_column wpb_content_element \">\r\n<div class=\"wpb_wrapper\">\r\n<h2 id=\"h--8\" class=\"has-vivid-green-cyan-color has-text-color\">ویژگی های یک کارتابل مناسب</h2>\r\n<p>&nbsp;</p>\r\n<div class=\"wp-block-spacer\" aria-hidden=\"true\">&nbsp;</div>\r\n<p>بعد از بیان معیارهای عمومی سنجش یک کارتابل خوب، حال بهتر است بطور مصداقی و مشخص به ویژگی هایی بپردازیم که ما را در انتخاب بهینه کارتابل یاری خواهند کرد.</p>\r\n<p>&nbsp;</p>\r\n<h3 id=\"h--9\" class=\"has-light-green-cyan-color has-text-color\">+&nbsp;<strong>مستقل بودن از مرورگر</strong></h3>\r\n<p>باید بتوان کارتابل را بدون نگرانی از اینکه از چه مرورگری روی دستگاه خود استفاده می کنیم، مورد استفاده قرار دهیم و همه قابلیت های کارتابل بدون محدودیت در دسترس باشند . این بدان معناست که تولید کننده کارتابل نباید برای تولید و توسعه کارتابل از ابزار توسعه ای که او را به مرورگر خاصی محدود کند استفاده کرده باشد.</p>\r\n<p>&nbsp;</p>\r\n<h3 id=\"h--10\" class=\"has-light-green-cyan-color has-text-color\">+&nbsp;<strong>قابلیت استفاده بر روی انواع دستگاه ها</strong></h3>\r\n<p>استانداردهایی در طراحی و توسعه وجود دارد که در صورت رعایت شدن، برنامه تولید شده را می توان روی انواع دستگاه ها و ماشین ها و گوشی های هوشمند بکار برد. قواعد مربوط به طراحی واسط کاربر که متضمن پشتیبانی از ابزارهای لمسی و نیز پاسخگو بودن برنامه روی ابعاد مختلف صفحه نمایش (ریسپانسیو بودن) است از جمله این اصول و استانداردها می باشد.</p>\r\n<p>&nbsp;</p>\r\n<h3 id=\"h--11\" class=\"has-light-green-cyan-color has-text-color\">+&nbsp;<strong>چند زبانه بودن</strong></h3>\r\n<p>کارتابلی که بتوان آن را بطور همزمان با چند زبان مختلف بکار برد می تواند یک انتخاب ایده آل برای شرکت ها و سازمان هایی است که به لحاظ گستره جغرافیایی در میان چند کشور توزیع شده و یا کارمندان چند ملیتی دارند. بنابراین برای سازمان ها و بنگاه های بزرگ پشتیبانی همزمان از چند زبان می تواند بعنوان یک پارامتر انتخاب کارتابل مناسب در نظر گرفته شود.</p>\r\n<p>&nbsp;</p>\r\n<h3 id=\"h--12\" class=\"has-light-green-cyan-color has-text-color\">+&nbsp;<strong>قابلیت خودکار سازی</strong></h3>\r\n<p>اگر بتوان الگویی را برای کارتابل تعیین نمود که بر اساس آن کارتابل بتواند مجموعه ای از کارهای روتین و تکراری فرد را به نیابت از وی به انجام برساند می توان بخش زیادی از زمان را برای انجام اموری که نیاز به تمرکز و وقت بیشتر دارند ذخیره نمود. چنین قابلیتی علاوه بر اینکه سرعت واکنش متصدی کارتابل را به میزان قابل توجهی افزایش می دهد می تواند کارتابل را برای نگهداری کارهای مهم تر خلوت نگاه دارد. قابلیت اتوماتیک سازی کارتابل به نحوی که بتوان مجموعه ای اقدامات از پیش تعریف شده و شرط انجام را برای آن تعریف نمود از جمله ویژگی های جذابی است که یک کارتابل مدرن باید حائز آن باشد.</p>\r\n<p>&nbsp;</p>\r\n<div class=\"wp-block-image\">&nbsp;</div>\r\n</div>\r\n</div>\r\n</div>\r\n</div>\r\n</div>\r\n</div>\r\n</div>\r\n<div id=\"Facilities\" class=\"vc_row wpb_row vc_row-fluid qodef-section qodef-content-aligment-left\">\r\n<div class=\"clearfix qodef-full-section-inner\">\r\n<div class=\"wpb_column vc_column_container vc_col-sm-12\">\r\n<div class=\"vc_column-inner\">\r\n<div class=\"wpb_wrapper\">\r\n<div class=\"wpb_text_column wpb_content_element \">\r\n<div class=\"wpb_wrapper\">\r\n<h2 id=\"h--13\" class=\"has-vivid-cyan-blue-color has-text-color\">امکاناتی که یک کارتابل مناسب ارائه می کند</h2>\r\n<p>&nbsp;</p>\r\n<p class=\"has-very-dark-gray-color has-text-color\">متصدی کارتابل برای رسیدگی هرچه بهتر به کارهای خود باید بتواند امکانات و ابزار مورد لزوم را در اختیار داشته باشد تا بتواند عملیات مربوطه را بدون مشکل و با سرعت بالا انجام دهد. در اینجا به مهمترین عملیاتی که در کارتابل برای انجام آنها ابزارهای مناسب دیده شده باشد اشاره می کنیم:</p>\r\n<p>&nbsp;</p>\r\n<h3 id=\"h--14\" class=\"has-pale-cyan-blue-color has-text-color\"><em class=\"fa fa-search\" aria-hidden=\"true\">&nbsp;<strong>گزینش و جستجو</strong>&nbsp;:</em></h3>\r\n<p>باید بتوان براحتی روی محتویات کارتابل براساس ویژگی های آنها جستجو کرد و کارهای مورد نظر را براحتی یافت. با آنکه ابزارهای گزینش و جستجو تقریبا مشابه هستند و کاربرد یکسانی دارند اما نحوه کاربری آنها اندکی متفاوت بوده و بر حسب موقعیت های مختلف ممکن است کاربر ترجیح بدهد از یکی از آنها استفاده نماید. گزینش و فیلتر کردن محتویات کارتابل یکی از بدیهی ترین امکانات یک کارتابل مناسب است . کاربر باید بتواند براحتی بر حسب ویژگی های مشترک محتویات آنها را گزینش و باقی را موقتا از جلوی چشم دور کند.</p>\r\n<p>&nbsp;</p>\r\n<h3 id=\"h--15\" class=\"has-pale-cyan-blue-color has-text-color\"><em class=\"fa fa-address-book\" aria-hidden=\"true\"><strong>&nbsp;شخصی سازی</strong>&nbsp;:</em></h3>\r\n<p>کارتابل باید حاوی مجموعه ای از امکاناتی باشد &nbsp;که به کاربر اجازه می دهند چینش کارتابل و امکانات آن را به نحوه دلخواه خود تغییر داده و مرتب نماید. شخصی سازی تاثیر فوق العاده زیادی در راحتی و رضایت کاربر در استفاده از کارتابل بهمراه خواهد داشت.</p>\r\n<p>&nbsp;</p>\r\n<h3 id=\"h--16\" class=\"has-pale-cyan-blue-color has-text-color\"><em class=\"fa fa-star\" aria-hidden=\"true\">&nbsp;<strong>نشانه گذاری</strong>&nbsp;:</em></h3>\r\n<p>این ابزار کمک می کند کاربر کارهای ارجاعی مورد نظر خود را علامت گذاری کرده و بعدها بر حسب نیاز، براحتی به آنها مراجعه کند حتی اگر آن کارها را از کارتابل خود خارج کرده باشد.</p>\r\n<p>&nbsp;</p>\r\n<h3 id=\"h--17\" class=\"has-pale-cyan-blue-color has-text-color\"><em class=\"fa fa-paperclip\" aria-hidden=\"true\">&nbsp;<strong>سنجاق کردن</strong>&nbsp;:</em></h3>\r\n<p>کاربر کارهایی را که برایش اهمیت زیادی دارد و نمی خواهد آنها در لابلای کارهای دیگر گم کند باید بتواند به نحوی در بالای لیست کارهای خود سنجاق کند به نحوی که حتی با ورود کار جدید، کار سنجاق شده در بالای لیست باقی بماند.</p>\r\n<p>&nbsp;</p>\r\n<h3 id=\"h--18\" class=\"has-pale-cyan-blue-color has-text-color\"><em class=\"fa fa-mail-reply\" aria-hidden=\"true\">&nbsp;<strong>واگذاری</strong>&nbsp;:</em></h3>\r\n<p>در مواقعی که مسئول کارتابل بهردلیل برای مدتی با کارتابل خود کار نمی کند باید بتواند آن را به فرد جانشین خود تفویض نماید. وی در هنگام تفویض باید بتواند مشخص کند آیا می خواهد تمام مسئولیت ها و اختیارات خود را واگذار می کند یا بخشی از آنها را. در ضمن خوب است که متصدی کارتابل بتواند زمانی را هم برای واگذاری کارتابل خود معین نماید که با انقضای آن بطور خودکار، کارتابل و مسئولیت های آن از فرد جانشین سلب و به متصدی اصلی بازگردد.</p>\r\n<p>&nbsp;</p>\r\n<h3 id=\"h--19\" class=\"has-pale-cyan-blue-color has-text-color\"><em class=\"fa fa-bars\" aria-hidden=\"true\">&nbsp;<strong>دستور سازی</strong>&nbsp;:</em></h3>\r\n<p>ایجاد بسته های دستوری از دیگر امکانات مفید در یک کارتابل است که به کاربر اجازه می هد بتواند تعدادی از دستورهای عملیاتی روتین و پرکاربرد خود را در قالب یک بسته دستوری واحد تعریف کرده و بطور مکرر از آن استفاده نماید. این قابلیت استفاده از امکانات کارتابل را برای کاربر تسهیل و تاثیر فراوانی در افزایش سرعت و کاهش زمان کار با کارتابل خواهد داشت.</p>\r\n<p>&nbsp;</p>\r\n<h3 id=\"h--20\" class=\"has-pale-cyan-blue-color has-text-color\">&nbsp;</h3>\r\n<p>&nbsp;</p>\r\n<h3 id=\"h--20\" class=\"has-pale-cyan-blue-color has-text-color\"><em class=\"fa fa-calendar\" aria-hidden=\"true\">&nbsp;<strong>رجوع به تاریخچه</strong>&nbsp;:</em></h3>\r\n<p>در برخی مواقع نیاز می شود &nbsp;به کاری که در گذشته &nbsp;رسیدگی شده و اکنون دیگر در کارتابل نیست رجوع کنیم در حالیکه ویژگی مشخصی از آن بیاد نداریم در چتنین مواقعی وجود ابزاری برای مشاهده تاریخچه کارتابل بر حسب تاریخ می تواند راهگشا بوده و ما را در دستیابی به اطلاعات مورد نظر کمک کند.</p>\r\n<p>&nbsp;</p>\r\n<p>&nbsp;</p>\r\n<h3 id=\"h--21\" class=\"has-pale-cyan-blue-color has-text-color\"><em class=\"fa fa-database\" aria-hidden=\"true\">&nbsp;<strong>بایگانی کردن</strong>&nbsp;:</em></h3>\r\n<p>بایگانی کردن کارها و مستندات همواره یکی از نیازهای معمول مرسوم در سیستم مکانیزه می باشد که بایگانی نیز از آن مستثنا نبوده و یک کارتابل مناسب حتما ابزارهای مناسبی برای بایگانی کارها به تفکیک کارهای سازمانی و شخصی در اختیار کاربر قرار می دهد.</p>\r\n<p>&nbsp;</p>\r\n<div class=\"wp-block-image\">\r\n<figure class=\"aligncenter size-large\"><img class=\"wp-image-10555\" src=\"http://payvast.com/wp-content/uploads/2020/07/a4.jpg\" sizes=\"(max-width: 900px) 100vw, 900px\" srcset=\"https://payvast.com/wp-content/uploads/2020/07/a4.jpg 900w, https://payvast.com/wp-content/uploads/2020/07/a4-300x138.jpg 300w, https://payvast.com/wp-content/uploads/2020/07/a4-768x352.jpg 768w\" alt=\"\" width=\"900\" height=\"413\" /></figure>\r\n</div>\r\n</div>\r\n</div>\r\n</div>\r\n</div>\r\n</div>\r\n</div>\r\n</div>\r\n<div id=\"Common mistakes\" class=\"vc_row wpb_row vc_row-fluid qodef-section qodef-content-aligment-left\">\r\n<div class=\"clearfix qodef-full-section-inner\">\r\n<div class=\"wpb_column vc_column_container vc_col-sm-12\">\r\n<div class=\"vc_column-inner\">\r\n<div class=\"wpb_wrapper\">\r\n<div class=\"wpb_text_column wpb_content_element \">\r\n<div class=\"wpb_wrapper\">\r\n<h2 id=\"h--22\" class=\"has-vivid-red-color has-text-color\">اشتباهات رایج در استفاده از کارتابل</h2>\r\n<p>در استفاده از کارتابل برخی اوقات اشتباهاتی توسط کاربر صورت می گیرد که ممکن است موجب سخت شدن بهره برداری از کارتابل شود در اینجا به چند نمونه از اشتباهات رایج اشاره می شود :</p>\r\n<p>&nbsp;</p>\r\n<h3 id=\"h--23\" class=\"has-pale-pink-color has-text-color\"><em class=\"fa fa-times\" aria-hidden=\"true\">&nbsp;<strong>نگهداری طولانی مدت ارجاعات در کارتابل</strong>&nbsp;:</em></h3>\r\n<p>&nbsp;</p>\r\n<p>کارتابل محلی برای نگهداری و انبار کردن کارهای دریافتی نیست. بلکه محلی است برای رسیدگی و تعیین تکلیف آنها در اولین فرصت. در حالت عادی کاربر پس از مشاهده محتویات یک کار، درخصوص آن تصمیم گرفته و عملیات مورد نظر مانند ارجاع، ثبت اقدام، حذف از کارتابل یا بایگانی کردن را انجام می دهد، بنابراین دیگر نیازی به نگهداری طولانی مدت کارها در کارتابل نیست. برای نگهداری کارهایی که در دست اقدام است و نیاز به زمان بیشتر برای رسیدگی به آنها می باشد می توان از پوشه هایی که توسط کاربر در کارتابل تعریف می شوند استفاده کرد. کارتابل مملو از ارجاعات معمولا باعث سردرگمی و عدم تمرکز کاربر آن در رسیدگی به امور جاری و به تعویق افتادن اقدامات می شود و بر عکس، با خالی بودن کارتابل جاری به محض دریافت ارجاع جدید کاربر راحت تر متوجه ورودی جدید شده و سریعتر می تواند واکنش لازم را نشان دهد.</p>\r\n<p>&nbsp;</p>\r\n<p>&nbsp;</p>\r\n<h3 id=\"h--24\" class=\"has-pale-pink-color has-text-color\"><em class=\"fa fa-times\" aria-hidden=\"true\">&nbsp;<strong>نگرانی از حذف ارجاعات از کارتابل</strong>&nbsp;:</em></h3>\r\n<p>&nbsp;</p>\r\n<p>بسیاری فکر می کنند با حذف کارها از درون کارتابل، دیگر به آنها دسترسی نخواهند داشت بنابراین بسختی خود را متقاعد می کنند که موارد خاتمه یافته و یا مواردی که در آینده می بایست رسیدگی شوند را از کارتابل خود حذف کنند. این تصور درستی نیست زیرا با استفاده از امکانات فراوانی که در کارتابل ها در اختیار کاربر است او می تواند در هر لحظه که اراده کند کار مورد نظر را یافته و عملیات مربوطه را انجام دهد. امکانات مربوط به جستجوی ساده و پیشرفته، انواع بایگانی ها، نشانه گذاری و تاریخچه از جمله امکاناتی است که کاربر می تواند به ارجاعات حذف شده از کارتابل خود، مجددا دسترسی پیدا کند.</p>\r\n</div>\r\n</div>\r\n</div>\r\n</div>\r\n</div>\r\n</div>\r\n</div>','','social-media-dashboard-vector-concept-metaphor-2C86WY5.jpg','','\"null\"','','active','open',1,1,',رونمایی,پنل جدید','9,167,169,164,179','public',0.00,NULL,0,1,NULL,'2021-02-15 13:47:49','2022-08-04 14:40:10'),
(63,0,'درباره ما','page','text','fa','about','<h2 style=\"text-align: justify;\">چگونه یک صفحه درباره ما بنویسیم؟</h2>\r\n<p style=\"text-align: justify;\">صفحه &laquo;درباره ما&raquo; شما باید دعوت کننده باشد و شامل موارد زیر باشد:</p>\r\n<ul style=\"text-align: justify;\">\r\n<li><strong>داستان شرکت را به اشتراک بگذارد</strong></li>\r\n</ul>\r\n<p style=\"text-align: justify;\">اجازه دهید صفحه درباره ما بگوید شرکت چگونه شروع به کار کرده است. یک روایت کوتاهی را به اشتراک بگذارید که انگیزه&zwnj;ای برای تشکیل شرکت بوده است. یک نوار زمان (timeline) از آنچه که شرکت انجام داده، ارائه کنید. در این صفحه بیان کنید که چرا شرکت شما در مورد آنچه که انجام می&zwnj;دهید پر اشتیاق است و اجازه دهید تا افراد با مطالعه این صفحه تا حد بیشتری با شما و نقاط قوتی که شرکت شما با سایر رقبا در حوزه کاری خود دارد، آشنا شوند. مشتریان دوست دارند وضعیت یک کسب و کار را درک کنند.</p>\r\n<ul style=\"text-align: justify;\">\r\n<li><strong>در مورد داستان افراد بگویید</strong></li>\r\n</ul>\r\n<p style=\"text-align: justify;\">مشتریان می&zwnj;دانند که کسب و کار شما بیش از یک نام تجاری است. در مورد بنیانگذاران و مدیران مهم دیگر بیشتر بگویید و حتی در مورد افرادی که مشتریان با آنها ارتباط برقرار می&zwnj;کنند بیشتر صحبت کنید. همچنین برای بیان داستان شرکت و افرادی که در آن کار می&zwnj;کنند می&zwnj;توانید از تصاویر مناسب استفاده کنید. قرار دادن تصاویر پرسنل و مدیران شرکت در این صفحه می&zwnj;تواند در برقراری ارتباط و شناخت از شرکت تأثیر قابل توجهی را داشته باشد.</p>\r\n<ul style=\"text-align: justify;\">\r\n<li><strong>خصوصیات شرکت را نشان دهید</strong></li>\r\n</ul>\r\n<p style=\"text-align: justify;\">حتی اگر شرکت شما در یک صنعت مالی محافظه&zwnj;کارانه است نشان دادن هویت و خصوصیات آن بدان آسیب نخواهد زد. سعی کنید کمی شوخی و طنز در صفحه درباره ما داشته باشید و در نوشتن مطالب این صفحه منافع کاربران و اینکه کار شما چه مزایایی برای آنها خواهد داشت را لحاظ کنید.</p>\r\n<h2 style=\"text-align: justify;\">نکاتی در مورد طراحی صفحه درباره ما</h2>\r\n<p style=\"text-align: justify;\">در اینجا ایده&zwnj;هایی که در صفحه درباره ما می&zwnj;توانید استفاده کنید بیان می&zwnj;شود.</p>\r\n<ul style=\"text-align: justify;\">\r\n<li><strong>&nbsp;تصویر و بیوگرافی</strong></li>\r\n</ul>\r\n<p style=\"text-align: justify;\">حداقل یک تصویر و بیوگرافی از هر کدام از عوامل اجرایی شرکت آپلود کنید. اگر شرکت کوچک است اینکار را با همه کارکنان آن انجام دهید. یک بیوگرافی نشاط آور تولید کنید بدان معنا که کمی خلاق باشد. همچنین می&zwnj;توانید تصاویری از محیط شرکت و یا کارخانه، عکس از رویدادهای مهم که در آن شرکت کرده&zwnj;اید مانند نمایشگاه&zwnj;ها و همایش&zwnj;ها قرار دهید تا در برقراری ارتباط و شناخت از شرکت تأثیر زیادی را داشته باشد.</p>\r\n<ul style=\"text-align: justify;\">\r\n<li><strong>ایجاد ویدئوی مرتبط با شرکت</strong></li>\r\n</ul>\r\n<p style=\"text-align: justify;\">ویدئوی کوتاهی در مورد شرکت خود بسازید که در آن امکانات و خدمات ارائه شده توسط شرکت را به صورت کوتاه نشان دهد. جتی می&zwnj;توانید مصاحبه&zwnj;هایی را با مالک و سایر افراد مهم در شرکت انجام دهید و آنها را بر روی صفحه درباره ما ارسال کنید.&nbsp; &nbsp; &nbsp;</p>\r\n<ul style=\"text-align: justify;\">\r\n<li><strong>عکس&zwnj;ها را به صورت Timeline نشان دهید</strong></li>\r\n</ul>\r\n<p style=\"text-align: justify;\">آیا شرکت در طول چند سالی که کار می&zwnj;کند، عکسها را ذخیره کرده است؟ می&zwnj;توانید عکس&zwnj;هایی از مکان&zwnj;های بازدید شده، تجربیاتی را به دست آورده اید و حتی شروع شرکت عکسهایی بگذارید که این امر کمک می&zwnj;کند تا نشان دهید یک شرکت معتبر هستید.</p>\r\n<ul style=\"text-align: justify;\">\r\n<li><strong>شامل لینک&zwnj;های شبکه&zwnj;های اجتماعی باشد</strong></li>\r\n</ul>\r\n<p style=\"text-align: justify;\">اگر کسب و کار شما دارای حساب&zwnj;های شبکه&zwnj; اجتماعی مانند فیسبوک، ایسنتاگرام، لینکدین و دیگر شبکه&zwnj;های اجتماعی است، آیکون آنها در صفحه درباره ما قرار دهید تا خوانندگان بتوانند براحتی عضو آنها شوند.&nbsp;</p>\r\n<h2 style=\"text-align: justify;\">اشتباهات رایج در ایجاد صفحه درباره ما</h2>\r\n<p style=\"text-align: justify;\">اکثر صاحبان کسب و کارها نمی&zwnj;دانند که چگونه یک صفحه درباره ما مناسب ایجاد کنند و اغلب در ایجاد آن سهل انگاری و بی&zwnj;توجهی می&zwnj;کنند. اما صفحه درباره ما در بیشتر وبسایت&zwnj;ها یکی از صفحات&nbsp; پربازدید است و این صفحه به نوعی کاربران را هدایت می&zwnj;کند و باعث جلب اعتماد آنها می&zwnj;شود. در ادامه نمونه&zwnj;هایی از اشتباهات رایج بیان می&zwnj;شود:</p>\r\n<ul style=\"text-align: justify;\">\r\n<li class=\"ms-hover\"><strong>بیان طولانی و غیرضروری آنچه که شرکت انجام می&zwnj;دهد</strong></li>\r\n</ul>\r\n<p style=\"text-align: justify;\">این نکته را باید در نظر گرفت که بسیاری از کاربران دوست دارند در مورد تاریخچه و چگونگی شروع به کار وبسایت و تجربه&zwnj;های کاری اطلاع پیدا کنند اما باید مطالب این بخش بسیار خلاصه بیان شود و جزئیاتی که بیان آنها ضرورتی ندارد آورده نشود. همچنین در این قسمت باید به کاربران توضیح داد که مزایای این کسب و کار برای کاربران چیست و چه برتری&zwnj;هایی نسبت به افراد دیگر در همین حوزه کاری دارد. بنابراین توضیحات را با زبان ساده و با اندکی طنز به خوانندگان خود ارائه دهید.</p>\r\n<ul style=\"text-align: justify;\">\r\n<li class=\"ms-hover\"><strong>بیان نکردن هدف کلی وبسایت و برتری&zwnj;های آن نسبت به دیگران</strong></li>\r\n</ul>\r\n<p style=\"text-align: justify;\">در صفحه درباره ما صاحبان وبسایت باید بگونه&zwnj;ای در مورد محصولات و یا خدمات خود توضیح دهند که برتری&zwnj;های خود را نسبت به رقبا بیشتر بیان کرده و بتوانند کاربران را از کیفیت خدمات یا محصولات مطمئن سازند. همچنین مطالب موجود در صفحه درباره ما باید بگونه&zwnj;ای بیان شود که باعث جلب توجه خوانندگان شود و احساس کنند به درستی به وبسایت مراجعه کرده&zwnj;اند.</p>\r\n<ul style=\"text-align: justify;\">\r\n<li><strong>قرار ندادن اطلاعات تماس و لینک&zwnj;های شبکه&zwnj;های اجتماعی</strong></li>\r\n</ul>\r\n<p style=\"text-align: justify;\">بسیاری از افراد روش&zwnj;های ارتباطی مانند شماره تلفن یا ایمیل را بسیار با اهمیت می&zwnj;دانند و از آن برای سنجش اعتبار یک سایت و اعتماد کردن به آنها در نظر می&zwnj;گیرند. علاوه بر این، چون بیشتر افراد وقت خود را در شبکه&zwnj;های اجتماعی می&zwnj;گذارنند حتما آدرس شبکه&zwnj;های اجتماعی خود را در صفحه درباره ما قرار دهید. بنابراین با قرار دادن این اطلاعات کاربران می&zwnj;توانند در صورت نیاز به کسب اطلاعات بیشتر با شما ارتباط برقرار کنند. همچنین می&zwnj;توانید از نظرات سازنده افراد، در جهت بهبود کسب و کار خود استفاده کنید و گاه این نظرات و پیشنهاداتی که از طریق راه&zwnj;های ارتباطی به شما می&zwnj;رسد ممکن است به فکر شما نرسیده باشد و بسیار سازنده باشند. در نتیجه قرار ندادن آن می&zwnj;تواند به ضرر شما تمام شود.</p>\r\n<ul style=\"text-align: justify;\">\r\n<li><strong>قرار ندادن مستنداتی که نشان دهنده قابل اعتماد بودن مالکین وبسایت است</strong></li>\r\n</ul>\r\n<p style=\"text-align: justify;\">در صفحه &laquo;درباره ما&raquo; می&zwnj;توانید مستنداتی را در مورد رضایت کاربران و معتبر بودن تجارت خود قرار دهید و بدین طریق اعتماد خوانندگان را جلب کنید و به آنها نشان دهید که وبسایت شما از اعتبار بالایی برخوردار است.</p>\r\n<h2 style=\"text-align: justify;\">نمونه&zwnj;های صفحه درباره ما</h2>\r\n<p style=\"text-align: justify;\">ماهیت چگونگی نوشتن یک صفحه درباره ما این است که محتوایی جذاب و گیرا ایجاد کنید. تاریخچه کوچکی از شرکت به اشتراک بگذارید و نیز در آن فاکتورهای انسانی کسب و کار خود را نشان دهید. با یک صفحه &laquo;درباره ما&raquo; که بازدیدکنندگان را جذب کند و به کسب و کار شما مرتبط کند، می&zwnj;توانید نرخ تبدیل&zwnj;های بیشتری را برای کسب و کار خود ایجاد کنید. برخی از نمونه&zwnj;های خوب صفحه درباره ما در ادامه آورده شده است:</p>\r\n<ul style=\"text-align: justify;\">\r\n<li><strong>Moz&nbsp;</strong></li>\r\n</ul>\r\n<p style=\"text-align: justify;\"><img src=\"http://localhost/material/uploads/media/image/moz about_wm.jpg\" alt=\"Mohammad Shoja\" /></p>\r\n<p style=\"text-align: justify;\">موز (Moz) یک شرکت معروف در بهینه&zwnj;سازی موتور جستجو است که دارای یک وبلاگ بسیار خوب و حتی مجموعه&zwnj;ای از محصولات عالی است که کمک می&zwnj;کند به شما ترافیک بیشتری را برای وبسایت خود بدست آورید. صفحه درباره ما آنها یکی از نمونه&zwnj;های قوی می&zwnj;باشد که تمرکز اصلی صفحه درباره ما Moz یک گرافیک timeline (نمایش وقایع در یک بازه معین) است که به شما تاریخچه&zwnj;ای از گذشته و جزئیاتی در مورد دستاوردها، چالش&zwnj;ها و تاریخ&zwnj;های مهم شرکت را می&zwnj;دهد و می&zwnj;توانید تصاویر دایره&zwnj;ای را در طول مسیر، براحتی بررسی کنید. این امر به شما یک حس واقعی از ثبات و پایداری شرکت را می&zwnj;دهد و به شما القا می&zwnj;کند که Moz می&zwnj;تواند تا سال&zwnj;های طولانی در کنار شما باشد. مزیت عمده این نوع صفحه &laquo;درباره ما&raquo; این است که این نوار زمان (timeline) به شما این امکان را می&zwnj;دهد که حس کنید بخشی از داستان آنها هستید و می&zwnj;دانید که دقیقا چگونه شرکت شکوفا شده است و چه کارهایی در آن انجام شده است.</p>\r\n<ul style=\"text-align: justify;\">\r\n<li><strong>آدیداس</strong></li>\r\n</ul>\r\n<p style=\"text-align: justify;\"><img src=\"http://localhost/material/uploads/media/image/adidas about_wm.jpg\" alt=\"Mohammad Shoja\" /></p>\r\n<p style=\"text-align: justify;\">در صفحه &laquo;درباره ما&raquo; سایت آدیداس شما به یک سفر گرافیکی توسط تاریخچه شرکت می&zwnj;روید. این یک روش بسیار خوب و منحصر به فرد است که به افراد آنچه را که شرکت انجام می&zwnj;دهد نشان می&zwnj;دهد. در صفحه درباره ما آدیداس اطلاعات زیادی می&zwnj;توان پیدا کرد؛ از تاریخچه برند، از استراتژی&zwnj;ها و برندهای مختلف تحت آدیداس را در این صفحه پروفایل می&zwnj;توان یافت. علی رغم همه این اطلاعات ظاهر کم را حفظ کرده است. بنابراین می&zwnj;توانید خلاق باشید. از این رو یک گرافیک فوق العاده می&zwnj;تواند یک تجربه کاربری باور نکردنی را منجر شود. اگر می&zwnj;خواهید اینکار را انجام دهید پیشنهاد می&zwnj;شود که تنها در بخشی از صفحه و نه در کل صفحه استفاده کنید؛ به این دلیل که ممکن است در زمانیکه شما به دنبال اسکن اطلاعات به طور سریع هستید آزار دهنده باشد.. بدین ترتیب می&zwnj;توانید مطمئن می&zwnj;شوید در صورتی که گرافیک عمل نکند (نشان داده نشود) افراد می&zwnj;توانند موار دیگر را دریافت کنند.</p>\r\n<ul style=\"text-align: justify;\">\r\n<li><strong>Mail Chimp</strong></li>\r\n</ul>\r\n<p style=\"text-align: justify;\"><img src=\"http://localhost/material/uploads/media/image/mailchimp about_wm.jpg\" alt=\"Mohammad Shoja\" /></p>\r\n<p style=\"text-align: justify;\">همانطور که می&zwnj;دانید Mail Chimp یکی از سرویس دهندگان ایمیل مارکتینگ معروف در جهان می&zwnj;باشد که یک نسخه رایگان برای ارسال ایمیل به صورت انبوه در اختیار شما می&zwnj;گذارد. صفحه &laquo;درباره ما&raquo; آن یک نمونه عالی می&zwnj;باشد؛ به این دلیل که تصویر مهربانی و خونگرمی کارکنان با نام کسب و کار فعلی آنها ترکیب می&zwnj;شود. این در واقع صفحه&zwnj;ای برای فروش به صورت هوشمندانه است. آنها یک پاراگراف در مورد خود می&zwnj;نویسند و سپس بیان می&zwnj;کنند:<br />\"... اما دیگر صحبت در مورد خودمان کافی است - بگذارید در مورد شما صحبت کنیم. خواه اینکه دارای یک کسب و کار باشید و یا اینکه خبرنامه&zwnj;های ایمیل را برای مشتریان خود مدیریت می&zwnj;کنید، به یک سرویس ایمیل مارکتینگ نیاز دارید تا از موارد پیچیده جلوگیری کند و بتوانید بر روی کار خود تمرکز کنید&raquo;. همچنین تمرکزی بر سایر عناصر شرکت به دور از خدمات اصلی آنها مانند تعامل اجتماعی و فرهنگ وجود دارد.<br />در صورت داشتن ایده در مورد صفحه درباره ما و همچنین نظرات خود، آنها را با وب 24 درمیان بگذارید.</p>','','About_Me_Logo.jpg','','\"[]\"','','active','open',412,412,'درباه ما,تلاش و پشتکار,انتخاب روش صحیح','9,167,164','public',0.00,NULL,0,3,'','2021-03-01 07:10:04','2022-08-04 14:40:10'),
(64,0,'بیت کوین در مقابل بیت کوین کش','post','text','fa','بیت-کوین-در-مقابل-بیت-کوین-کش','<p>از ابتدای تاسیس، سوالاتی پیرامون توانایی مقیاس گذاری موثر&nbsp;<a href=\"https://fa.wikipedia.org/wiki/%D8%A8%DB%8C%D8%AA%E2%80%8C%DA%A9%D9%88%DB%8C%D9%86\">بیت کوین</a>&nbsp;وجود دارد. معاملات مربوط به ارز دیجیتال بیت کوین پردازش، تأیید و ذخیره می&zwnj;شوند و در دفتر کل دیجیتال که به عنوان بلاک چین شناخته می&zwnj;شود. دستکاری دفاتر حسابداری بسیار سخت&zwnj;تر می&zwnj;باشد. علاوه بر این، این شبکه غیر متمرکز است. در رایانه&zwnj;های سراسر جهان وجود دارد.</p>\r\n<p>مشکل فناوری بلاک چین در شبکه بیت کوین کند بودن آن است، به ویژه در مقایسه با بانک&zwnj;هایی که با تراکنش&zwnj;های کارت اعتباری سروکار دارند. به عنوان مثال، شرکت کارت اعتباری معروف Visa، Inc. (V)، نزدیک به ۱۵۰ میلیون تراکنش در روز را پردازش می&zwnj;کند، به طور متوسط ​​حدود ۱۷۰۰ تراکنش در ثانیه.</p>\r\n<h2>شبکه بیت کوین در هر ثانیه چند تراکنش می&zwnj;تواند انجام دهد؟</h2>\r\n<p>پردازش تراکنش&zwnj;ها چند دقیقه یا بیشتر طول می&zwnj;کشد. با رشد شبکه کاربران بیت کوین، زمان انتظار طولانی&zwnj;تر شده است زیرا تراکنش&zwnj;های بیشتری برای پردازش بدون تغییر در فناوری اصلی پردازنده آنها وجود دارد.</p>\r\n<div class=\"crp_related  \">\r\n<div class=\"mag-box-title the-global-title\">\r\n<h3>مقالات مرتبط:</h3>\r\n</div>\r\n<div class=\"related-posts\">\r\n<div class=\"posts\"><a class=\"crp_link post-105255\" href=\"https://itiran.com/2021/09/12/%d8%ae%d8%b1%db%8c%d8%af-%d9%85%d9%88%d8%aa%d9%88%d8%b1-%da%a9%d8%b1%da%a9%d8%b1%d9%87-%d8%a8%d8%b1%d9%82%db%8c-%d8%a7%d8%b2-%d8%b4%d8%b1%da%a9%d8%aa-%d8%a2%d8%b3%db%8c%d8%a7-%d8%af%d9%8f%d8%b1/\"><span class=\"crp_title\">خرید موتور کرکره برقی از شرکت آسیا دُر</span></a></div>\r\n<div class=\"posts\"><a class=\"crp_link post-53012\" href=\"https://itiran.com/2018/11/18/%da%a9%d8%a7%d9%87%d8%b4-%d8%a7%d8%b1%d8%b2%d8%b4-%d8%a8%db%8c%d8%aa%e2%80%8c%da%a9%d9%88%db%8c%d9%86-%d9%85%d9%88%d9%82%d8%aa%db%8c-%d8%a7%d8%b3%d8%aa/\"><span class=\"crp_title\">کاهش ارزش بیت&zwnj;کوین موقتی است</span></a></div>\r\n<div class=\"posts\"><a class=\"crp_link post-54466\" href=\"https://itiran.com/2018/12/14/%d8%aa%d9%87%d8%af%db%8c%d8%af-%d8%a7%d9%86%d9%81%d8%ac%d8%a7%d8%b1-%d8%a8%d8%a7%d8%ac%e2%80%8c-%da%af%db%8c%d8%b1%d8%a7%d9%86-%d8%a8%db%8c%d8%aa-%da%a9%d9%88%db%8c%d9%86/\"><span class=\"crp_title\">حمله گسترده باج گیران بیت کوین به آمریکا و کانادا</span></a></div>\r\n<div class=\"posts\"><a class=\"crp_link post-60268\" href=\"https://itiran.com/2019/05/08/%d9%87%da%a9%d8%b1%d9%87%d8%a7-%db%b4%db%b0-%d9%85%db%8c%d9%84%db%8c%d9%88%d9%86-%d8%af%d9%84%d8%a7%d8%b1-%d8%a8%db%8c%d8%aa-%da%a9%d9%88%db%8c%d9%86-%d8%a7%d8%b2-%db%8c%da%a9-%d8%b5%d8%b1%d8%a7%d9%81/\"><span class=\"crp_title\">هکرها ۴۰ میلیون دلار بیت کوین از یک صرافی دزدیدند</span></a></div>\r\n</div>\r\n<div class=\"crp_clear\">&nbsp;</div>\r\n</div>\r\n<p>بحث&zwnj;های مستمر پیرامون فناوری بیت کوین مربوط به این مشکل اصلی مقیاس بندی و افزایش سرعت فرآیند تأیید تراکنش است. توسعه دهندگان و استخراج کنندگان ارزهای رمزنگاری شده دو راه حل عمده برای این مشکل ارائه کرده اند. اولین مورد شامل کوچک کردن حجم داده&zwnj;هایی است که باید در هر بلوک تأیید شود، بنابراین تراکنش&zwnj;هایی سریع&zwnj;تر و ارزان&zwnj;تر ایجاد می&zwnj;شود، در حالی که دومی نیاز به بزرگتر کردن بلوک داده&zwnj;ها دارد، به طوری که اطلاعات بیشتری را می&zwnj;توان در یک زمان پردازش کرد. Bitcoin Cash (BCH) با استفاده از این راه حل&zwnj;ها توسعه یافته است. در زیر، ما تفاوت دقیق بیت کوین و BCH را از یکدیگر بررسی خواهیم کرد.</p>\r\n<h2>بیت کوین</h2>\r\n<p>در جولای ۲۰۱۷، استخرهای استخراج و شرکت&zwnj;هایی که تقریباً ۸۰ تا ۹۰ درصد از قدرت محاسبات بیت کوین را تشکیل می&zwnj;دهند، به استفاده از فناوری معروف به عنوان شاهد جداگانه یا Segwit رای دادند.</p>\r\n<p>این رفع با حذف داده&zwnj;های امضا از بلوک داده&zwnj;هایی که باید در هر تراکنش پردازش شوند و در یک بلوک گسترده متصل شوند، مقدار داده&zwnj;هایی را که باید در هر بلوک تأیید شود، کوچکتر می&zwnj;کند. تخمین زده می&zwnj;شود که داده&zwnj;های امضا تا ۶۵ درصد از داده&zwnj;های پردازش شده در هر بلوک را شامل می&zwnj;شود، بنابراین این یک تغییر تکنولوژیکی مهم و ارزشمند است.</p>\r\n<p>در مورد دو برابر شدن حجم بلوک&zwnj;ها از ۱ مگابایت به ۲ مگابایت در ۲۰۱۷ و ۲۰۱۸ افزایش یافت و از فوریه ۲۰۱۹، متوسط ​​اندازه بلوک بیت کوین به ۱.۳۰۵ مگابایت افزایش یافت و از رکوردهای قبلی فراتر رفت. با این حال، تا ژانویه ۲۰۲۰، اندازه بلوک به طور متوسط ​​به ۱ مگابایت کاهش یافته است. ۴ اندازه بلوک بزرگتر به بهبود مقیاس پذیری بیت کوین کمک می&zwnj;کند. در سپتامبر ۲۰۱۷، تحقیقات منتشر شده توسط مبادله ارزهای رمزپایه BitMex نشان داد که پیاده سازی SegWit به افزایش اندازه بلوک کمک کرده است، درحالی که نرخ استفاده از این فناوری ثابت است.</p>\r\n<h2>بیت کوین کش</h2>\r\n<figure class=\"wp-caption aligncenter\"><a href=\"https://itiran.com/wp-content/uploads/2021/09/image_4e6cadf52dd9864680afc533fe822612cacb6e72.jpg\"><img class=\"wp-image-106063 lazyloaded\" src=\"https://itiran.com/wp-content/uploads/2021/09/image_4e6cadf52dd9864680afc533fe822612cacb6e72-1024x512.jpg\" sizes=\"(max-width: 661px) 100vw, 661px\" srcset=\"https://itiran.com/wp-content/uploads/2021/09/image_4e6cadf52dd9864680afc533fe822612cacb6e72-1024x512.jpg 1024w, https://itiran.com/wp-content/uploads/2021/09/image_4e6cadf52dd9864680afc533fe822612cacb6e72-300x150.jpg 300w, https://itiran.com/wp-content/uploads/2021/09/image_4e6cadf52dd9864680afc533fe822612cacb6e72-768x384.jpg 768w, https://itiran.com/wp-content/uploads/2021/09/image_4e6cadf52dd9864680afc533fe822612cacb6e72-1536x768.jpg 1536w, https://itiran.com/wp-content/uploads/2021/09/image_4e6cadf52dd9864680afc533fe822612cacb6e72.jpg 2000w\" alt=\"بیت کوین کش\" width=\"661\" height=\"331\" data-ll-status=\"loaded\" /></a>\r\n<figcaption class=\"wp-caption-text\">بیت کوین کش</figcaption>\r\n</figure>\r\n<p>بیت کوین کش داستان متفاوتی دارد. بیت کوین کش توسط استخراج کنندگان بیت کوین و توسعه دهندگان به همان اندازه نگران آینده رمز ارز&nbsp; شده و قابلیت مقیاس گذاری موثر آن است. با این حال، این افراد نسبت به اتخاذ فناوری شاهد جداگانه اعتراض داشتند. آنها تصور می&zwnj;کردند SegWit2x مشکل اساسی مقیاس پذیری را به طور معناداری مورد بررسی قرار نمی&zwnj;دهد و از نقشه راهی که در ابتدا توسط ساتوشی ناکاموتو، طرف ناشناس که برای اولین بار فناوری بلاک چین را در پشت رمز ارز ارائه داد، پیروی نمی&zwnj;کرد.</p>\r\n<p>علاوه بر این، فرآیند معرفی SegWitx به عنوان راه پیش رو هر چیزی جز شفافیت نبود و این نگرانی وجود داشت که معرفی آن عدم تمرکززدایی و دموکراتیزه شدن ارز را تضعیف می&zwnj;کند.</p>\r\n<p>در آگوست ۲۰۱۷، برخی از ماینرها و توسعه دهندگان آنچه را که به عنوان هارد فورک شناخته می&zwnj;شود، راه اندازی کردند و عملاً یک ارز جدید ایجاد کردند که آن را با نام بیت کوین کش می&zwnj;شناسیم. &nbsp; BCH دارای بلاک چین و مشخصات خاص خود است، از جمله یک تمایز بسیار مهم با بیت کوین. BCH برای افزایش سرعت تأیید، حجم بلوک ۸ مگابایتی را افزایش داده است، با دشواری قابل تنظیم برای اطمینان از بقا و سرعت تأیید تراکنش، بدون در نظر گرفتن تعداد ماینرهایی که از آن پشتیبانی می&zwnj;کنند.</p>\r\n<p>در سال ۲۰۱۸، حداکثر اندازه بلوک برای BCH ۴ برابر افزایش یافت و به ۳۲ مگابایت رسید، اما اندازه بلوک&zwnj;های واقعی در پول نقد بیت کوین تنها بخش کوچکی از محدوده ۳۲ مگابایت باقی مانده است.</p>\r\n<p>بنابراین بیت کوین کش می&zwnj;تواند تراکنش&zwnj;ها را سریعتر از شبکه بیت کوین پردازش کند، به این معنی که زمان انتظار کوتاهتر و هزینه پردازش تراکنش کمتر است. شبکه بیت کوین کش می&zwnj;تواند تراکنش&zwnj;های بیشتری را در ثانیه بیشتر از شبکه بیت کوین انجام دهد. با این حال، با تأیید سریعتر معامله، زمان منفی نیز به همراه دارد. یکی از مشکلات احتمالی در مورد اندازه بلوک بزرگتر مربوط به BCH این است که امنیت می&zwnj;تواند نسبت به شبکه بیت کوین به خطر بیفتد. به طور مشابه، بیت کوین همچنان محبوب&zwnj;ترین ارز دیجیتال شناخته شده در جهان و همچنین بزرگترین رمزارز&nbsp; شده در بازار است، بنابراین کاربران BCH ممکن است متوجه شوند که نقدینگی و قابلیت استفاده در دنیای واقعی کمتر از بیت کوین است.</p>\r\n<h2>از کجا بیت کوین بخریم؟</h2>\r\n<p>شاید شما هم به خرید و فروش ارز&zwnj;های دیجیتال علاقه و بخصوص&nbsp;<a href=\"https://ok-ex.io/buy-and-sell/BTC\">خرید بیت کوین</a>&nbsp;علاقه مند شده باشید. برای اینکه بتوانید به سادگی و به صورت آنی بیت کوین بخرید، می&zwnj;توانید وارد وب سایت اوکی اکسچنج شوید و شروع به خرید و فروش بیت کوین کنید.</p>\r\n<h2>اوکی اکسچنج از چه رمزارز&zwnj;های دیگری پشتیبانی می&zwnj;کند؟</h2>\r\n<p>یکی از سوالاتی که برای کاربران هنگام&nbsp;<a href=\"https://ok-ex.io/\">خرید ارز دیجیتال</a>&nbsp;به وجود می&zwnj;آید، این می&zwnj;باشد که اوکی اکسچنج از چه ارز&zwnj;های دیجیتال دیگری پشتیبانی می&zwnj;کند. شما می&zwnj;توانید با وارد شدن به صرافی رمز ارز اوکی اکسچنج، به بیش از ۴۰۰ رمزارز دسترسی داشته باشید و هر زمان که مدنظرتان بود، اقدام به خرید ارز دیجیتال کنید.</p>','','image_3d95a534839fbd2454309408917737173a21ee22-780x470.jpg','','\"[]\"','','active','open',1,1,'','424,425,426','public',0.00,NULL,0,0,NULL,'2021-09-26 10:29:16','2022-08-04 14:40:10'),
(65,0,'آیفون ۱۳ پرو زیر تیغ مهندسان iFixit','post','text','fa','آیفون-۱۳-پرو-زیر-تیغ-مهندسان-iFixit','<p>هنوز چند روزی از عرضه آیفون ۱۳ پرو نمی&zwnj;گذرد که تیم iFixit به مانند همیشه، جدیدترین محصول اپل را زیر تیغ بردند تا از آنچه در دل این دستگاه می&zwnj;گذرد، باخبر شوند.</p>\r\n<p>در کالبدشکافی آیفون ۱۳ پرو شخص شد که این گوشی از یک باتری بزرگ بهره می&zwnj;برد و تغییراتی جزیی نیز به منظور استفاده از ناچ کوچک&zwnj;تر به نسب آیفون سال قبل، اعمال شده است.</p>\r\n<p>در این بررسی، تیم iFixit ابتدا به سراغ باتری آیفون ۱۳ پرو و تست&zwnj;های تعویض باتری رفتند. &nbsp; نتایج نیز راضی&zwnj;کننده بود و نشان داد که باتری این گوشی بی&zwnj;دردسر قابل تعویض است. همانطور که در تصاویر مشاهده می&zwnj;کنید، اپل امسال نیز همانند آیفون۱۲ پرو، از &nbsp;باتری Lشکل در آیفون ۱۳ پرو استفاده کرده است.</p>\r\n<div class=\"crp_related  \">\r\n<div class=\"mag-box-title the-global-title\">\r\n<h3>مقالات مرتبط:</h3>\r\n</div>\r\n<div class=\"related-posts\">\r\n<div class=\"posts\"><a class=\"crp_link post-91561\" href=\"https://itiran.com/2020/11/16/%d8%a2%db%8c%d9%81%d9%88%d9%86-12-%d9%85%db%8c%d9%86%db%8c-%d8%b2%db%8c%d8%b1-%d8%aa%db%8c%d8%ba-%d9%85%d8%aa%d8%ae%d8%b5%d8%b5%d8%a7%d9%86-ifixit/\"><span class=\"crp_title\">آیفون 12 مینی زیر تیغ متخصصان iFixit</span></a></div>\r\n<div class=\"posts\"><a class=\"crp_link post-92813\" href=\"https://itiran.com/2020/12/14/%da%a9%d8%a7%d9%84%d8%a8%d8%af%d8%b4%da%a9%d8%a7%d9%81%db%8c-%d9%be%d9%84%db%8c-%d8%a7%d8%b3%d8%aa%db%8c%d8%b4%d9%86-%db%b5-%d8%aa%d9%88%d8%b3%d8%b7-%d9%85%d9%87%d9%86%d8%af%d8%b3%d8%a7%d9%86-ifixit/\"><span class=\"crp_title\">کالبدشکافی پلی استیشن ۵ توسط مهندسان iFixit</span></a></div>\r\n<div class=\"posts\"><a class=\"crp_link post-26474\" href=\"https://itiran.com/2018/10/27/%d9%85%d9%82%d8%a7%d9%88%d9%85%d8%aa-%d8%b1%db%8c%d8%b2%d8%b1-%d9%81%d9%88%d9%86-2-%d8%b2%db%8c%d8%b1-%d8%aa%db%8c%d8%ba-%d9%88%db%8c%d8%af%d8%a6%d9%88/\"><span class=\"crp_title\">مقاومت ریزر فون 2 زیر تیغ (ویدئو)</span></a></div>\r\n<div class=\"posts\"><a class=\"crp_link post-58164\" href=\"https://itiran.com/2019/03/02/%d9%85%d9%82%d8%a7%d9%88%d9%85%d8%aa-%da%af%d9%84%da%a9%d8%b3%db%8c-%d8%a7%d8%b3-%db%b1%db%b0/\"><span class=\"crp_title\">گلکسی اس ۱۰ زیر تیغ</span></a></div>\r\n</div>\r\n<div class=\"crp_clear\">&nbsp;</div>\r\n</div>\r\n<p>به گفته iFixit، این باتری Lشکل احتمالا از ظرفیت ۱۱.۹ وات&zwnj;ساعتی بهره می&zwnj;برد، درحالی که آیفون ۱۲پرو به باتری ۱۰.۷۸ وات&zwnj;ساعتی مجهز بود. در هر صورت، این باتری از ظرفیت استاندارد باتری&zwnj;های مستطیلی ۱۲.۵۴ وات&zwnj;ساعتی کوچک&zwnj;تر است.</p>\r\n<p>در بخش دیگری از گزارش iFixit آمده که اپل توانسته از طریق جابجا کردن اسپیکر مکالمه از پشت نمایشگر به داخل شاسی گوشی، اندازه ناچ را کوچک&zwnj;تر کند که البته این جابجایی، باعث می&zwnj;شود تا دسترسی و تعمیر اسپیکر مکالمه برای تعمیرکاران دشوار شود.</p>','','14-3-731x470.jpg','','\"[]\"','','active','open',1,1,'','424,425,427','public',0.00,NULL,0,1,NULL,'2021-09-26 10:30:12','2022-08-04 14:40:10'),
(66,0,'گوشی‌های سری نوا 9 هواوی رسماً معرفی شدند؛ مقرون به صرفه‌ترین میان‌رده‌ها','post','text','fa','گوشی‌های-سری-نوا-9-هواوی-رسماً-معرفی-شدند؛-مقرون-به-صرفه‌ترین-میان‌رده‌ها','<p>هواوی در اولین روز پاییز از سری جدید گوشی&zwnj;های nova به نام نوا 9 و نوا 9 پرو رونمایی کرد. هر دو نسخه سری nova 9 به ویژگی&zwnj;های قابل توجهی نظیر نمایشگر اولد 120 هرتزی، دوربین باکیفیت 50 مگاپیکسلی و تراشه قدرتمند اسنپدراگون 778G مجهز شده&zwnj;اند؛ اما مشخصات وسوسه کننده این دو گوشی به همین جا ختم نمی&zwnj;شود. در ادامه مطلب با سری نوا 9 هواوی آشنا شوید.</p>\r\n<p>گوشی&zwnj;های سری nova هواوی معمولاً با مشخصات رده بالا و قیمت مقرون به صرفه شناخته می شوند. این بار نیز در سری هواوی نوا 9 همین رویکرد ادامه پیدا کرده و این شرکت محصولات جدید خود را در دو نسخه معمولی و پرو معرفی کرده است. دو گوشی میان رده جدید هواوی هر چند در بیشتر بخش&zwnj;ها با یکدیگر شباهت دارند؛ اما نسخه پرو با در اختیار داشتن برخی برتری&zwnj;ها، تعریف ما از نسبت کارایی به قیمت را دگرگون می&zwnj;کند.</p>','','Huawei-Nova-9-1-780x470.jpg','','\"[]\"','','active','open',1,1,'','424,425,429,430','public',0.00,NULL,0,3,NULL,'2021-09-26 10:31:00','2022-08-04 14:40:10'),
(67,0,'مدیر ارشد هواوی پس از توافق با آمریکا آزاد شد','post','text','fa','مدیر-ارشد-هواوی-پس-از-توافق-با-آمریکا-آزاد-شد','<p>وزارت دادگستری آمریکا پس از حصول توافق با منگ وانژو، مدیر ارشد مالی هواوی، با بازگشت وی به چین موافقت کرد.</p>\r\n<p>منگ وانژو در سال 2018 به اتهام نقض تحریم&zwnj;&zwnj;های آمریکا علیه ایران و بنا به درخواست آمریکا در کانالا بازداشت شد. او بارها اعلام کرد که این اتهامات بی&zwnj;اساس است و مخالف استرداد به آمریکا بود.</p>\r\n<p>در این مدت، منگ وانژو در بازداشت خانگی به سر &zwnj;می&zwnj;برد. حال طی توافق صورت گرفته، او برخی از اتهامات مطرح&zwnj;شده علیه خود را پذیرفت و در صورت عمل به تعهداتش، دادستانی نیز اتهامات مربوط به کلاهبرداری&zwnj;&zwnj;های بانکی و مخابراتی علیه وی را تعلیق و در نهایت، لغو خواهد کرد.</p>\r\n<div class=\"crp_related  \">\r\n<div class=\"mag-box-title the-global-title\">\r\n<h3>مقالات مرتبط:</h3>\r\n</div>\r\n<div class=\"related-posts\">\r\n<div class=\"posts\"><a class=\"crp_link post-79538\" href=\"https://itiran.com/2020/02/27/%d8%ac%d8%af%d8%a7%db%8c%db%8c-%d8%af%d9%88-%d9%85%d8%af%db%8c%d8%b1-%d8%a7%d8%b1%d8%b4%d8%af-%d8%a7%d9%be%d9%84-%d8%a7%d8%b2-%d8%a7%db%8c%d9%86-%d8%b4%d8%b1%da%a9%d8%aa/\"><span class=\"crp_title\">جدایی دو مدیر ارشد اپل از این شرکت</span></a></div>\r\n<div class=\"posts\"><a class=\"crp_link post-101524\" href=\"https://itiran.com/2021/06/26/%d8%b4%d9%87%d8%b1%d8%a7%d9%85-%d8%b4%d8%a7%d9%87%da%a9%d8%a7%d8%b1-%d9%85%d8%af%db%8c%d8%b1-%d8%af%db%8c%d9%88%d8%a7%d8%b1/\"><span class=\"crp_title\">شهرام شاهکار، مدیر ارشد اجرایی دیوار شد</span></a></div>\r\n<div class=\"posts\"><a class=\"crp_link post-102247\" href=\"https://itiran.com/2021/07/11/%d8%aa%d9%88%d8%a7%d9%81%d9%82%e2%80%8c%d9%86%d8%a7%d9%85%d9%87-%d8%a7%d8%b3%d8%aa%d9%81%d8%a7%d8%af%d9%87-%d8%a7%d8%b2-%d9%81%d9%86%d8%a7%d9%88%d8%b1%db%8c%e2%80%8e%d9%87%d8%a7-%d8%af%d8%b1-%d8%b5/\"><span class=\"crp_title\">توافق&zwnj;نامه استفاده از فناوری&lrm;ها در صنعت خودرو بین&hellip;</span></a></div>\r\n<div class=\"posts\"><a class=\"crp_link post-78330\" href=\"https://itiran.com/2020/02/07/%d9%82%d8%b1%d9%86%d8%b7%db%8c%d9%86%d9%87-%d9%85%d8%af%db%8c%d8%b1%d8%a7%d9%86-%d8%a7%d8%b1%d8%b4%d8%af-%d9%87%d9%88%d8%a7%d9%88%db%8c-%d9%82%d8%a8%d9%84-%d8%a7%d8%b2-%da%a9%d9%86%da%af%d8%b1%d9%87/\"><span class=\"crp_title\">قرنطینه مدیران ارشد هواوی قبل از کنگره جهانی موبایل</span></a></div>\r\n</div>\r\n<div class=\"crp_clear\">&nbsp;</div>\r\n</div>\r\n<p>مدیر ارشد مالی هواوی روز جمعه و از راه دور، در جلسه دادگاه فدرال شرکت کرد و به گفته وزارت دادگستری آمریکا، در زمینه اتهامات علیه منگ وانژو توافقاتی حاصل شد. دادستان&zwnj;&zwnj;ها مدعی شدند که منگ در سال 2013، اطلاعات غلطی را در خصوص ارتباط هواوی با ایران در اختیار بانک&zwnj;&zwnj;ها قرار داد. منگ اما این اتهامات را که &zwnj;می&zwnj;توانست به صدور حکم 30 سال زندان برای وی تمام شود، رد کرد.</p>\r\n<p>بازداشت خانگی منگ منجر به بروز اتفاقاتی در سطح بین الملل شد به طوری که چند روز پس از دستگیری وی، دو کانادایی در چین دستگیر شدند. وال استریت&zwnj; ژورنال در گزارش خود نوشت که توافق دادستانی آمریکا با منگ &zwnj;می&zwnj;تواند منجر به آزاد شدن این دو شهروند کانادایی شود.</p>\r\n<p>گفته &zwnj;می&zwnj;شود که مقامات دولت ترامپ نیز در سال گذشته، پیشنهاد مشابهی را برای حل و فصل اختلافات به منگ ارائه کردند اما او هیچگونه اتها&zwnj;می&zwnj;علیه خود را نپذیرفت. با روی کار آمدن دولت بایدن، این پرونده بار دیگر به جریان افتاد و به نظر &zwnj;می&zwnj;رسد که اشتیاق وی برای دیدار خانواده&zwnj;اش، باعث شد تا برخی از اتهامات را قبول کند و با وزارت دادگستری آمریکا به توافق برسد.</p>\r\n<div class=\"box shadow  \">\r\n<div class=\"box-inner-block\"><a href=\"https://itiran.com/2020/05/14/%d8%aa%d9%85%d8%af%db%8c%d8%af-%d9%85%d9%85%d9%86%d9%88%d8%b9%db%8c%d8%aa-%d9%87%d9%85%da%a9%d8%a7%d8%b1%db%8c-%d9%87%d9%88%d8%a7%d9%88%db%8c-%d8%a8%d8%a7-%d8%b4%d8%b1%da%a9%d8%aa%e2%80%8c%d9%87%d8%a7/\">تمدید ممنوعیت همکاری هواوی با شرکت&zwnj;های آمریکایی تا یک سال دیگر</a></div>\r\n</div>\r\n<p>طبق آخرین شنیده&zwnj;&zwnj;ها، قرار بود که در اواخر سال جاری میلادی، یک قاضی در ونکوور کانادا، دستور تحویل این مدیر ارشد هواوی به آمریکا را صادر کند. در حال حاضر، اتهاماتی علیه هواوی و شرکت&zwnj;&zwnj;های زیرمجموعه آن در آمریکا مطرح و اختلاف نظرهای زیادی میان این طرفین حاکم است.</p>\r\n<p>مقامات آمریکا طی لابی&zwnj;&zwnj;هایی که با متحدان خود داشتند از آنها خواستند تا به دلیل نگرانی&zwnj;&zwnj;های امنیت ملی از تجهیزات مخابراتی مربوط به فناوری 5G هواوی استفاده نکنند. هواوی اما بارها اعلام کرده که این تجهیزات کاملا امن هستند.</p>','','86f714f0-1d58-11ec-beff-13872640c036.jpg','','\"[]\"','','active','open',1,1,'','170,179,424,427,429','public',0.00,NULL,0,2,NULL,'2021-09-26 10:32:07','2022-08-04 14:40:10'),
(68,0,'انتشار اطلاعات تازه از هدست واقعیت افزوده اپل + قیمت و زمان عرضه','post','text','fa','انتشار-اطلاعات-تازه-از-هدست-واقعیت-افزوده-اپل-+-قیمت-و-زمان-عرضه','<p>چند وقتی است که شنیده&zwnj;هایی در خصوص تلاش مهندسان اپل برای ساخت یک هدست واقعیت افزوده پیشرفته به گوش می&zwnj;رسد. محصولی که اخیرا اطلاعات تازه&zwnj;ای از آن به دست آمده و زمان عرضه احتمالی آن را فاش می&zwnj;کند.</p>\r\n<p>طبق گزارش Digitimes، نمونه اولیه هدست واقعیت افزوده اپل اخیرا دومین فاز از مراحل بررسی&nbsp; را خود پشت سر گذاشته است. همچنین در این گزارش آمده که این هدست، در سه ماهه دوم سال ۲۰۲۲ وارد فاز تولید انبوه و در سه ماهه سوم یا چهارم سال بعد نیز به بازار عرضه خواهد شد.</p>\r\n<p>این وب&zwnj;سایت مدعی شد که با توجه به قیمت بالای این هدست واقعیت افزوده، اپل آن را به عنوان یک محصول صنعتی در اختیار شرکت&zwnj;ها و کسب&zwnj;وکارها قرار خواهد داد. برای این هدست قیمتی بیش از ۲۰۰۰ دلار پیش&zwnj;بینی شده است.</p>\r\n<div class=\"crp_related  \">\r\n<div class=\"mag-box-title the-global-title\">\r\n<h3>مقالات مرتبط:</h3>\r\n</div>\r\n<div class=\"related-posts\">\r\n<div class=\"posts\"><a class=\"crp_link post-104713\" href=\"https://itiran.com/2021/09/04/%d8%a7%d9%86%d8%aa%d8%b4%d8%a7%d8%b1-%d8%a7%d8%b7%d9%84%d8%a7%d8%b9%d8%a7%d8%aa-%d8%aa%d8%a7%d8%b2%d9%87-%d8%a7%d8%b2-%d9%87%d8%af%d8%b3%d8%aa-%d9%88%d8%a7%d9%82%d8%b9%d8%aa-%d8%a7%d9%81%d8%b2%d9%88/\"><span class=\"crp_title\">انتشار اطلاعات تازه از هدست واقعت افزوده اپل + زمان عرضه</span></a></div>\r\n<div class=\"posts\"><a class=\"crp_link post-72077\" href=\"https://itiran.com/2019/10/22/%d9%87%d8%af%d8%b3%d8%aa-%d9%88%d8%a7%d9%82%d8%b9%db%8c%d8%aa-%d8%a7%d9%81%d8%b2%d9%88%d8%af%d9%87-%d8%a7%d9%be%d9%84-%d8%af%d8%b1-%d8%b3%d8%a7%d9%84-%d8%a2%db%8c%d9%86%d8%af%d9%87-%d8%b9%d8%b1%d8%b6/\"><span class=\"crp_title\">هدست واقعیت افزوده اپل در سال آینده عرضه می&zwnj;شود؟</span></a></div>\r\n<div class=\"posts\"><a class=\"crp_link post-73408\" href=\"https://itiran.com/2019/11/11/%d8%aa%d8%a7%d8%b1%db%8c%d8%ae-%d8%b9%d8%b1%d8%b6%d9%87-%d9%87%d8%af%d8%b3%d8%aa-%d8%a7%d9%be%d9%84/\"><span class=\"crp_title\">تاریخ عرضه هدست و عینک واقعیت افزوده اپل فاش شد</span></a></div>\r\n<div class=\"posts\"><a class=\"crp_link post-73030\" href=\"https://itiran.com/2019/11/06/%d9%87%d8%af%d8%b3%d8%aa%e2%80%8c-%d9%88%d8%a7%d9%82%d8%b9%db%8c%d8%aa-%d8%a7%d9%81%d8%b2%d9%88%d8%af%d9%87-%d8%a7%d9%be%d9%84-%d8%a8%d8%a7-%d9%87%d9%85%da%a9%d8%a7%d8%b1%db%8c-%d8%b4%d8%b1%da%a9/\"><span class=\"crp_title\">هدست&zwnj; واقعیت افزوده اپل با همکاری شرکت Valve تولید می&zwnj;شود</span></a></div>\r\n</div>\r\n<div class=\"crp_clear\">&nbsp;</div>\r\n</div>\r\n<p>اما اپل برای کاربران عادی و عموم مردم نیز یک نسخه دیگری از این هدست را در دست طراحی دارد. محصولی ارزان&zwnj;تر که احتمالا تحت عنوان اپل گلس (Apple Glass) معرفی خواهد شد. متاسفانه ساخت این محصول، با سرعت کمتری دنبال می&zwnj;شود.</p>\r\n<p>در گزارش Digitimes آمده که هنوز طراحی اپل گلس نهایی نشده اما انتظار می&zwnj;رود پس از سال ۲۰۲۳ وارد فاز تولید انبوه شود. این بازه زمانی، با پیش&zwnj;بینی مینگ-چی کو، تحلیلگر برجسته محصولات اپل در خصوص زمان عرضه این هدست، همخوانی دارد.</p>\r\n<div class=\"box &laquo;shadow&raquo;  &laquo;class=&raquo;\">\r\n<div class=\"box-inner-block\"><a href=\"https://itiran.com/2021/09/14/%d8%aa%d9%81%d8%a7%d9%88%d8%aa-%d9%87%d8%af%d9%81%d9%88%d9%86%d8%8c-%d9%87%d8%af%d8%b3%d8%aa-%d9%88-%d9%87%d9%86%d8%af%d8%b2%d9%81%d8%b1%db%8c-%da%86%db%8c%d8%b3%d8%aa/\">تفاوت هدفون، هدست و هندزفری چیست؟</a></div>\r\n</div>\r\n<p>این کارشناس آی&zwnj;تی چندی پیش اعلام کرد که اولین هدست واقعیت افزوده اپل در سال ۲۰۲۲ عرضه خواهد شد و تا سال ۲۰۲۵ نیز خبری از عرضه نسخه ارزان&zwnj;تر این هدست نخواهد بود.</p>','','Apple-Glass-AR-Glasses-iDrop-News-x-Martin-Hajek-34-rOS-Featured-Image-780x470.jpg','','\"[]\"','','active','open',1,1,'','424,425,428,430,434','public',0.00,NULL,0,2,NULL,'2021-09-26 10:32:54','2022-08-04 14:40:10'),
(69,0,'اولین تصاویر گلکسی اس۲۲ اولترا فاش شد','post','text','fa','اولین-تصاویر-گلکسی-اس۲۲-اولترا-فاش-شد','<p>اگرچه سامسونگ امسال مدل&zwnj;های جدید گلکسی نوت را از خط تولید خود خارج کرد، اما بسیاری از مشخصات و ویژگی&zwnj;های این گوشی در دل نسخه اولترای گلکسی اس۲۲ جای خواهد گرفت.</p>\r\n<p>طبق آخرین شنیده&zwnj;ها، سامسونگ قصد دارد تا از قلم S Pen در نسل جدید این گوشی استفاده کند و لبه&zwnj;های این گوشی نیز به صورت مربعی طراحی خواهند شد. در همین رابطه، اخیرا تصاویری منتسب به گلکسی اس۲۲ اولترا توسط یکی از افشاگران اطلاعات گوشی&zwnj;های هوشمند به نام OnLeaks منتشر شده که شکل و شمایل احتمالی آن را فاش می&zwnj;کند.</p>\r\n<p>همانطور که مشاهده می&zwnj;کنید، این اسمارت&zwnj;فون به دکمه&zwnj;هایی صاف و لبه&zwnj;های مربعی&zwnj;شکل مجهز شده است. همچنین برای این گوشی از نمایشگر ۶.۸ اینچی منحنی امولد با نرخ رفرش بالا پیش&zwnj;بینی شده است.</p>','','galaxy-s22-ultra-onleaks-768x768-1.jpg','','\"[]\"','','active','open',1,1,'','424,425,426,429','public',0.00,NULL,0,0,NULL,'2021-09-26 10:37:49','2022-08-04 14:40:10'),
(70,0,'دنیای ما در سال 2030 از دید هواوی چه ویژگی هایی خواهد داشت؟','post','text','fa','دنیای-ما-در-سال-2030-از-دید-هواوی-چه-ویژگی-هایی-خواهد-داشت؟','<p>همه ما گاهی در تصورات خود به این فکر می&zwnj;کنیم که آینده به چه شکل خواهد بود و چه فناوری&zwnj;های جدیدی راه خود را به جنبه&zwnj;های مختلف زندگی ما باز خواهند کرد. ونگ تائو، رییس بخش محصولات و راهکارها ارتباطات و فناوری اطلاعات هواوی در روز 31 شهریور، گزارشی با عنوان &laquo;جستجوی بیکران، ورود به آینده&raquo; منتشر کرد که در آن به ویژگی&zwnj;های احتمالی جهان در سال 2030 اشاره شده است.</p>\r\n<p>در این گزارش جامع، هواوی دیدگاه&zwnj;های خود درباره مختصات دنیای فناوری در زمینه&zwnj;های مهمی مانند پزشکی و سلامتی، شبکه&zwnj;های مخابراتی، صنعت ICT، پردازش و محاسبات، انرژی دیجیتال و تکنولوژی&zwnj;های مربوط به خودروهای هوشمند در دهه آینده میلادی را به اشتراک گذاشته است.</p>\r\n<p>هواوی این گزارش را طی پروژه پژوهشی در مدت زمان سه سال با تحقیق و تحلیل عمیق روی داده&zwnj;های به دست آمده توسط نهادهای معتبری مانند سازمان ملل متحد، مجمع جهانی اقتصاد و سازمان جهانی بهداشت تنظیم کرده است. باید به این نکته اشاره کنیم که بیش از 1000 پژوهشگر با حضور در 2000 سمینار، هواوی را در تحلیل این داده&zwnj;ها یاری رسانده&zwnj;اند تا تجربیات و پیش&zwnj;بینی&zwnj;های بهترین متخصصان فناوری از تمام جهان، در یک گزارش گردآوری شود.</p>','','World-smart-2030-003-780x470.jpg','','\"[]\"','','active','open',1,1,'','427,429,430,431','public',0.00,NULL,0,0,NULL,'2021-09-26 10:38:43','2022-08-04 14:40:10'),
(71,0,'اولین ویدیو از پیکسل ۶ پرو گوگل لو رفت','post','text','fa','اولین-ویدیو-از-پیکسل-۶-پرو-گوگل-لو-رفت','<p>گوگل در ماه آگوست امسال و زودتر از آنکه شایعات در فضای وب پُر شوند، از نسل جدید گوشی&zwnj;های پیکسل ۶ و پیکسل ۶ پرو رونمایی و مشخصات این دو محصول را اعلام کرد.</p>\r\n<p>طبق گفته گوگل، این دو محصول مجهز به پردازنده اختصاصی تنسور (Tensor) این شرکت که چند وقتی است توسط مهندسان این شرکت در حال طراحی است، عرضه خواهند شد. اگرچه هنوز خبری از عرضه این گوشی&zwnj;ها نشده، اما ساعاتی پیش، ویدیویی در فضای وب منتشر شده که گفته می&zwnj;شود مربوط به پیکسل ۶ پرو است.</p>\r\n<p>در این ویدیو که توسط اکانت Thisistechtoday منتشر شده، نسخه تولیدی پیکسل ۶ پرو را که از دوربین سه گانه نیز بهره می&zwnj;برد، نشان می&zwnj;دهد. با توجه به تصاویر و اطلاعاتی که تاکنون از این محصول اعلام شده، می&zwnj;توان گفت که شباهت زیادی میان گوشی موجود در این ویدیو و اطلاعات گوگل وجود دارد.</p>\r\n<div class=\"crp_related  \">\r\n<div class=\"mag-box-title the-global-title\">\r\n<h3>مقالات مرتبط:</h3>\r\n</div>\r\n<div class=\"related-posts\">\r\n<div class=\"posts\"><a class=\"crp_link post-101235\" href=\"https://itiran.com/2021/06/20/%d8%a7%d9%86%d8%aa%d8%b4%d8%a7%d8%b1-%d8%aa%d8%b5%d8%a7%d9%88%db%8c%d8%b1%db%8c-%d8%ac%d8%af%db%8c%d8%af-%d8%a7%d8%b2-%d9%be%db%8c%da%a9%d8%b3%d9%84-6-%d9%88-%d9%be%db%8c%da%a9%d8%b3%d9%84-6-%d9%be/\"><span class=\"crp_title\">انتشار تصاویری جدید از پیکسل 6 و پیکسل 6 پرو گوگل</span></a></div>\r\n<div class=\"posts\"><a class=\"crp_link post-95046\" href=\"https://itiran.com/2021/01/25/%d8%b7%d8%b9%d9%86%d9%87-%d9%85%d8%a7%db%8c%da%a9%d8%b1%d9%88%d8%b3%d8%a7%d9%81%d8%aa-%d8%a8%d9%87-%d9%85%da%a9-%d8%a8%d9%88%da%a9-%d9%be%d8%b1%d9%88-%d8%a7%d9%be%d9%84-%d8%af%d8%b1-%db%8c%da%a9/\"><span class=\"crp_title\">طعنه مایکروسافت به اپل در یک ویدیو تبلیغاتی سرفیس&hellip;</span></a></div>\r\n<div class=\"posts\"><a class=\"crp_link post-71672\" href=\"https://itiran.com/2019/10/15/%da%af%d9%88%da%af%d9%84-%d9%be%db%8c%d8%b3%da%a9%d9%84-4-%d9%88-%d9%be%db%8c%da%a9%d8%b3%d9%84-4-%d8%a7%db%8c%da%a9%d8%b3-%d8%a7%d9%84-%d8%b1%d9%88%d9%86%d9%85%d8%a7%db%8c%db%8c-%d8%b4%d8%af%d9%86/\"><span class=\"crp_title\">گوگل پیکسل ۴ و پیکسل ۴ ایکس ال رونمایی شدند</span></a></div>\r\n<div class=\"posts\"><a class=\"crp_link post-104414\" href=\"https://itiran.com/2021/08/28/%d8%b7%d8%b9%d9%86%d9%87-%da%af%d9%88%da%af%d9%84-%d8%a8%d9%87-%d8%ac%d8%a7%d9%86%db%8c-%d8%a2%db%8c%d9%88-%d8%af%d8%b1-%d9%88%db%8c%d8%af%db%8c%d9%88%db%8c-%d8%aa%d8%a8%d9%84%db%8c%d8%ba/\"><span class=\"crp_title\">طعنه گوگل به &laquo;جانی آیو&raquo; در ویدیوی تبلیغاتی پیکسل 5A + ویدیو</span></a></div>\r\n</div>\r\n<div class=\"crp_clear\">&nbsp;</div>\r\n</div>\r\n<p>همانطور که در ادامه مشاهده می&zwnj;کنید، این گوشی به دوربین سلفی پانچ هول (Pucnh-hole) مجهز شده و تمامی&zwnj; دکمه&zwnj;ها نیز در سمت راست بدنه تعبیعه شده&zwnj;اند. از طرفی دیگر، به مانند رندرهایی که گوگل از پیکسل ۶ پرو منتشر کرده، دوربین&zwnj;های پشتی این گوشی درون فضایی با رنگ متفاوت با دیگر قسمت&zwnj;های بدنه جای گرفته&zwnj;اند که این قسمت از طراحی شیشه&zwnj;ای و براق بهره می&zwnj;برد. این در حالی است که این قسمت در گوشی پیکسل ۶، تیره&zwnj;تر بوده و از نمایی مات برخوردار است.</p>','','لل-736x470.jpg','','\"[]\"','','active','open',1,1,'','424,425,426,428,430','public',0.00,NULL,0,0,NULL,'2021-09-26 10:39:50','2022-08-04 14:40:10'),
(72,0,'فروشنده شوید','post','text','fa','فروشنده-شوید','<p style=\"text-align: justify;\">دیجی&zwnj;کالا به عنوان یکی از قدیمی&zwnj;ترین فروشگاه های اینترنتی با بیش از یک دهه تجربه، با پایبندی به سه اصل، پرداخت در محل، ۷ روز ضمانت بازگشت کالا و تضمین اصل&zwnj;بودن کالا موفق شده تا همگام با فروشگاه&zwnj;های معتبر جهان، به بزرگ&zwnj;ترین فروشگاه اینترنتی ایران تبدیل شود. به محض ورود به سایت دیجی&zwnj;کالا با دنیایی از کالا رو به رو می&zwnj;شوید! هر آنچه که نیاز دارید و به ذهن شما خطور می&zwnj;کند در اینجا پیدا خواهید کرد. حتی زمانی که بین خرید کالاها برای شخصی مردد هستید می&zwnj;توانید با خرید کارت هدیه دیجی کالا ، انتخاب را به سایرین بسپارید. این فروشگاه مثل یک ویترین پر زرق و برق است که با انواع و اقسام محصولاتی نظیر گوشی موبایل سامسونگ ، ساعت هوشمند اپل ، تلویزیون سامسونگ ، لپ تاپ و الترابوک ایسوس ، گوشی موبایل هواوی و همچنین محصولاتی که هر فرد در زندگی شخصی، تحصیلی و کاری خود به آنها احتیاج پیدا می&zwnj;کند، چیده شده است. اینجا مرجع متنوع&zwnj;ترین کالاهای مصرفی از گوشی موبایل موتورولا گرفته تا تبلت لنوو ، اتو پاناسونیک ، جارو شارژی بلک اند دکر ، کولر آبی آبسال ، اسپیکر (بلندگو) جی بی ال و حتی خرید لوازم جهیزیه می&zwnj;باشد. دیجی&zwnj;کالا همچنین یک بازار آنلاین برای خرید جدیدترین و ضروری&zwnj;ترین لوازم خانگی همانند سرخ کن فیلیپس ، یخچال و فریزر امرسان ، جاروبرقی پارس خزر ، آبمیوه گیری بوش ، سینمای خانگی و ساندبار سونی و انواع پخش کننده خانگی می&zwnj;باشد تا هر فرد بتواند مطابق با سلیقه شخصی خود، خانه رویاهایش را بسازد. حتی می&zwnj;توانید از مشهورترین برندهای داخلی و خارجی انواع مدل مانتو جدید ، لباس خواب زنانه ، پیراهن مردانه ، پیراهن و لباس مجلسی زنانه ، لباس بچه گانه ، شومیز زنانه و دخترانه و انواع لباس زیر مردانه را به صورت آنلاین با کمک راهنمای سایز خریداری کنید. این فروشگاه اینترنتی حتی برای سرگرمی کودکان هم خرید محصولاتی مانند عروسک ، مدل&zwnj;های اسباب بازی دخترانه و پسرانه و انواع لگو را فراهم کرده است. همچنین با سر زدن به محصولات آرایشی و بهداشتی زنانه و مردانه مانند عطر و ادکلن دیور ، لالیک ، جگوار ، گرلن اصل ، انواع دستگاه اصلاح موی صورت فیلیپس ، موزر ، پاناسونیک و حتی بهترین برندهای رنگ مو و ابرو می&zwnj;توانید تجربه&zwnj;ای جدید از خرید آنلاین کسب کنید. شما می توانید کلیه نیازهای خود را تنها با چند کلیک سفارش داده و در کمترین زمان ممکن درب منزل تحویل بگیرید.</p>','','social-media-dashboard-vector-concept-metaphor-2C86WY5.jpg','','\"[]\"','','active','open',1,1,'','433,434','public',0.00,NULL,0,2,NULL,'2021-10-03 15:10:18','2022-08-04 14:40:10'),
(73,0,'مختری در مورد گوشی شیائومی Xiaomi POCO F3 5G M2012K11AG Dual SIM','post','text','fa','مختری-در-مورد-گوشی-شیائومی-Xiaomi-POCO-F3-5G-M2012K11AG-Dual-SIM-256لبلبGB-And-8GB-RAMe','<div id=\"desc\" class=\"c-content-expert js-product-tab-content is-active\" data-method=\"desc\">\r\n<article>\r\n<div class=\"o-box__header\"><span class=\"o-box__title\">نقد و بررسی اجمالی</span><span class=\"o-box__header-desc\">Xiaomi POCO F3 5G M2012K11AG Dual SIM 256GB And 8GB RAM Mobile Phone</span></div>\r\n<section class=\"c-content-expert__summary\">\r\n<div class=\"c-mask js-mask\">\r\n<div class=\"c-mask__text c-mask__text--product-summary js-mask__text is-active\">گوشی موبایل شیائومی مدل Poco F3 دو سیم&zwnj; کارت ظرفیت 256 گیگابایت از جمله محصولات برند شیائومی که در سال 2021 روانه بازار شده است. این محصول دارای ساختاری متوازن و خوش&zwnj;ساخت بدون پشتیبانی از تکنولوژی 5G روانه بازار شده است. این محصول از بدنه شیشه&zwnj;ای و فریم پلاستیکی ساخته شده است که قاب جلو شیشه&zwnj;ای جلوه ویژه&zwnj;ای به این مدل بخشیده است. صفحه&zwnj;نمایش گوشی موبایل شیائومی مدل POCO F3 دو سیم&zwnj; کارت ظرفیت 256 گیگابایت در اندازه 6.67 منتشر شده است. این صفحه&zwnj;نمایش کاملاً تمام&zwnj;صفحه است و در بالا وسط اثری از بریدگی یا حفره دوربین سلفی وجود دیده می&zwnj;شود. دوربین سلفی این محصول دارای حسگر 20 مگاپیکسلی است .صحفه&zwnj;نمایش گوشی موبایل شیائومی مدل POCO F3 با استفاده از فناوری Corning Gorilla Glass 5 در برابر خط&zwnj;وخش و صدمات احتمالی محافظت می&zwnj;شود. گفتنی است 3 دوربین که سنسور اصلی آن 48 مگاپیکسلی است در قسمت پشتی این گوشی جا خوش کرده&zwnj;اند. این دوربین&zwnj;ها قادر هستند ویدئوی 4K را ثبت و ضبط کنند. دوربین&zwnj; سلفی این محصول هم به سنسوری 20 مگاپیکسلی مجهز شده است. بلوتوث نسخه 5.1 ، نسخه 11 سیستم عامل اندروید و باتری 4520 میلی&zwnj;آمپرساعتی از دیگر ویژگی&zwnj;&zwnj;های این گوشی جدید هستند.</div>\r\n</div>\r\n</section>\r\n<div class=\"c-content-expert__separator\">&nbsp;</div>\r\n</article>\r\n</div>\r\n<div id=\"expert_review\" class=\"c-content-expert js-product-tab-content is-active\" data-method=\"expert_review\">\r\n<article>\r\n<div class=\"o-box__header\"><span class=\"o-box__title\">نقد و بررسی تخصصی</span><span class=\"o-box__header-desc\">Xiaomi POCO F3 5G M2012K11AG Dual SIM 256GB And 8GB RAM Mobile Phone</span></div>\r\n<div class=\"c-content-expert__articles js-product-review-container is-open\">\r\n<section class=\"c-content-expert__article js-expert-article is-active\">\r\n<h3 class=\"c-content-expert__title\">معرفی</h3>\r\n<div class=\"c-content-expert__text\">\r\n<p>&nbsp;</p>\r\n<p>بسیاری از ما به دلیل بالا بودن قیمت گوشی&zwnj;های پرچمدار امکان خرید این محصولات را نداریم. بنابراین در بازار گوشی&zwnj;های میان&zwnj;رده باید گوشی مورد نظر خود را جستجو کنیم. حال در این میان شرکت بزرگ شیائومی که یکی از بزرگترین شرکت&zwnj;های تولید کننده گوشی موبایل در جهان است تنوع بالایی از گوشی&zwnj;های میان&zwnj;رده با کیفیت و هزینه معقول روانه بازار کرده است. سری پوکو برند شیائومی یکی از محبوب&zwnj;ترین میان&zwnj;رده&zwnj;های موجود در بازار است.&nbsp;شیائومی این بار گوشی موبایل&nbsp;POCO F3 را طراحی کرده است. این گوشی در بعضی از سطوح در حد و اندازه یک پرچمدار است.&nbsp;&nbsp;این گوشی موبایل دارای یک طراحی زیبا &nbsp;در قامت&nbsp;یک پرچمدار در اواخر مارس ۲۰۲۱ معرفی شده است.&nbsp;شیائومی نسخه POCO F3 با تکنولوژی 5G&nbsp;را با وزنی مناسب و یک طراحی متفاوت نسبت به سری&zwnj;های قبلی روانه بازار کرده است.&nbsp;شرکت شیائومی برای گوشی&nbsp;POCO F3 هم سه دوربین واید، التراواید و ماکرو در نظر کرفته است. تراشه یا چیپست رده بالا از دیگر امکانات قابل ذکر و مهم این مدل است.&nbsp;شرکت شیائومی با ساخت گوشی موبایل مدل POCO F3 5G M2012K11AG بار دیگر سعی کرده است تا سهم بازار خود را در گوشی&lrm;&zwnj;های میان رده حفظ کند.</p>\r\n<p>&nbsp;</p>\r\n</div>\r\n<div class=\"c-content-expert__text c-content-expert__text--center\">\r\n<div class=\"c-content-expert__img c-content-expert__img--center\"><img src=\"https://dkstatics-public.digikala.com/digikala-reviews/00c4d45f3cf6b7f832cdb70084716c8b0adfdefc_1627204357.jpg?x-oss-process=image/resize,w_960/quality,q_70\" data-src=\"https://dkstatics-public.digikala.com/digikala-reviews/00c4d45f3cf6b7f832cdb70084716c8b0adfdefc_1627204357.jpg?x-oss-process=image/resize,w_960/quality,q_70\" /></div>\r\n</div>\r\n</section>\r\n<section class=\"c-content-expert__article js-expert-article is-active\">\r\n<h3 class=\"c-content-expert__title\">طراحی و صفحه نمایش</h3>\r\n<div class=\"c-content-expert__text\">\r\n<p>&nbsp;</p>\r\n<p>طراحی و ظاهر مدل&nbsp;POCO F3 اندکی با سری&zwnj;های قبلی&nbsp;POCO متفاوت&zwnj;تر است. بدنه جلو وعقب گوشی توسط&nbsp;&nbsp;گوریلا گلس ۵ محافظت شده است. همچنین مهندسان شیائومی مدل&nbsp;POCO F3 را به گواهینامه IP53 مجهز کرده&zwnj;اند که به این معنا است که این محصول در برابر قطرات آب و گردوغبار مقاوم است.&nbsp;&nbsp;قاب پشتی گوشی POCO F3 مانند بسیاری از گوشی&zwnj;های مدرن که درعین سادگی به کیفیت هم فکر می&zwnj;کنند از یک رنگ و بافت منحصربه&zwnj;فرد برخوردارند و دارای طراحی خاصی است. برخلاف سری&zwnj;های پیشین&nbsp;POCO حسگر های دوربین از مرکز پشت قاب، به گوشه نقل مکان کرده&zwnj;اند. سنسور اثرانگشت هم روی لبه قاب تعبیه شده که به همراه کلید&zwnj;های کنترل صدا در یک سمت قرار گرفته است.&nbsp;قاب جلویی گوشی را یک نمایشگر تمام صفحه پر کرده است. گوشی F3&nbsp;از صفحه&zwnj;نمایشی بزرگ بهره می&zwnj;برد که شیائومی این روزها ارائه می&zwnj;دهد. صفحه&zwnj;نمایش 6.67 اینچی Full HD Plus با فناوری AMOLED با محافظ گوریلا گلس ۵ همراه&zwnj;شده است. این صفحه نمایش با دقت تصویر ۲۴۰۰ &times; ۱۰۸۰ پیکسل و تراکم پیکسلی ۳۹۵ پیکسل در هر اینچ، کیفیت مرغوبی را برای تماشای ویدیو، بازی کردن و گشت&zwnj;وگذار در اینترنت برای کاربران فراهم می&zwnj;کند. در این صفحه نمایش از فناوری E4 AMOLED بهره گرفته شده است علاوه بر اینکه&nbsp;می&zwnj;تواند تا ۱۶ میلیون رنگ را به راحتی آنالیز و نمایش دهد باعث افزایش ۱۵ درصدی عمر باتری هم خواهد شد. وجود نمایشگر با فناوری&nbsp;HDR10+ و 1300 نیت روشنایی موجب بهبود کیفیت رنگ&zwnj;ها شده است.&nbsp;بنابراین شما می&zwnj;توانید رنگ&zwnj;ها را در صفحه&zwnj;نمایش POCO F3&nbsp;بسیار زنده و با جزئیات مشاهده کنید.</p>\r\n<p>&nbsp;</p>\r\n</div>\r\n<div class=\"c-content-expert__text c-content-expert__text--center\">\r\n<div class=\"c-content-expert__img c-content-expert__img--center\"><img src=\"https://dkstatics-public.digikala.com/digikala-reviews/1d7c2d87290c00401a6fa68ce3ca3d21ef756fd8_1627218463.jpg?x-oss-process=image/resize,w_960/quality,q_70\" data-src=\"https://dkstatics-public.digikala.com/digikala-reviews/1d7c2d87290c00401a6fa68ce3ca3d21ef756fd8_1627218463.jpg?x-oss-process=image/resize,w_960/quality,q_70\" /></div>\r\n</div>\r\n</section>\r\n<section class=\"c-content-expert__article js-expert-article is-active\">\r\n<h3 class=\"c-content-expert__title\">عملکرد</h3>\r\n<div class=\"c-content-expert__text c-content-expert__text--row\">\r\n<div class=\"c-content-expert__text--right\">\r\n<p>&nbsp;</p>\r\n<p>اگر بخواهیم به&zwnj;صورت کاملا فنی و دقیق به مهم&zwnj;ترین بخش&zwnj;های داخلی سخت&zwnj;افزاری گوشی که تراشه، پردازنده، پردازنده گرافیکی و حافظه&zwnj;ها هستند به طور خلاصه نگاهی داشت، می&zwnj;&zwnj;توان گفت که گوشی موبایل پوکو مدل POCO F3 M2012K11AG دو سیم&zwnj; کارت ظرفیت 256 گیگابایت به تراشه Qualcomm SM8250-AC Snapdragon 870 5G (7 nm) Chipset مجهز شده است. تراشه&zwnj;ای که برای استفاده روی گوشی&zwnj;های میان&zwnj;رده&nbsp;رو به&zwnj; بالا&nbsp;ساخته و طراحی&zwnj;شده است. این تراشه ۳ پردازنده Kryo 585، Triple-Core Kryo 585 و&nbsp;Quad-Core Kryo 585 با فرکانس&zwnj;های&nbsp;3.2، 2.42، 1.80 گیگاهرتز&nbsp;را در خود قرار داده که بتواند سرعت و قدرت عملیاتی بالایی را برای گوشی را فراهم کند. روی این تراشه از پردازنده گرافیکی Adreno 650 GPU هم استفاده&zwnj;شده است که می&zwnj;توان با آن کارها و بازی&zwnj;های گرافیکی معمولی یا نیمه&zwnj;سنگین و در برخی اوقات سنگین را هم انجام داد. باید به این اشاره داشته باشیم که پردازنده این گوشی ۶۴ بیتی بوده و دارای سرعت بسیار بالاتری نسبت به پردازنده&zwnj;های ۳۲ بیتی است. ۸ گیگابایت حافظه رم هم برای این تلفن همراه هوشمند در نظر گرفته&zwnj;شده تا گوشی در بهترین حالت ممکن بتواند چند کار را با هم انجام دهد ولی با کمی کاهش سرعت روبرو می&zwnj;شود. این مقدار حافظه رم نقطه ضعفی برای این گوشی محبوب نیست. سازندگان POCO F3&nbsp;برای این مدل از حافظه داخلی ۲۵۶ گیگابایت استفاده کرده&zwnj;اند. در آزمایشات ما نشان&zwnj;داده شده است که این گوشی با این مقدار حافظه و RAM می&zwnj;تواند به راحتی پاسخ گوی نیازهای شما باشد. همچنین شیائومی با بکارگیری فناوری&nbsp;LiquidCool یا خنک&zwnj;کننده مایع، موجب خنک شدن گوشی در هنگام اجرای برنامه&zwnj;های سنگین شده است که این امر باعث بهبود عملکرد کلی دستگاه می&zwnj;شود.</p>\r\n<p>&nbsp;</p>\r\n</div>\r\n<div class=\"c-content-expert__img c-content-expert__img--left\"><img src=\"https://dkstatics-public.digikala.com/digikala-reviews/a3c8312aecf3195e6b027f264218f5ca7353e15d_1627216323.jpg?x-oss-process=image/resize,w_360/quality,q_70\" data-src=\"https://dkstatics-public.digikala.com/digikala-reviews/a3c8312aecf3195e6b027f264218f5ca7353e15d_1627216323.jpg?x-oss-process=image/resize,w_360/quality,q_70\" /></div>\r\n</div>\r\n</section>\r\n<section class=\"c-content-expert__article js-expert-article is-active\">\r\n<h3 class=\"c-content-expert__title\">دوربین</h3>\r\n<div class=\"c-content-expert__text c-content-expert__text--row\">\r\n<div class=\"c-content-expert__img c-content-expert__img--right\"><img src=\"https://dkstatics-public.digikala.com/digikala-reviews/97fcbb6be33fa25137c14ef7645357fbc16d3a5e_1627216869.jpg?x-oss-process=image/resize,w_360/quality,q_70\" data-src=\"https://dkstatics-public.digikala.com/digikala-reviews/97fcbb6be33fa25137c14ef7645357fbc16d3a5e_1627216869.jpg?x-oss-process=image/resize,w_360/quality,q_70\" /></div>\r\n<div class=\"c-content-expert__text--left\">\r\n<p>&nbsp;</p>\r\n<p>POCO F3 هم با سه دوربین ۴۸، ۸&nbsp;و ۵ مگاپیکسل معرفی شد. دوربین مخصوص و بسیار محبوب عکاسی از اجسام بسیار ریز یا همان ماکرو دارای قدرت بیشتری شده بود و طرفداران این نوع عکاسی که از محصولات شیائومی استفاده می&zwnj;کردند نظرات بسیار مثبتی به این موضوع داشتند. حالا شیائومی، دوربین POCO F3&nbsp;خود را با یک لنز فوق عریض با رزولوشن بالا و یک لنز ماکرو ۵&nbsp;مگاپیکسلی ارتقاء داده است. به این ترتیب دوربین POCO&nbsp;F3 شامل سه دوربین روی قاب پشتی است. این دوربین&zwnj;ها شامل یک لنز اصلی با رزولوشن ۴۸ مگاپیکسل، یک لنز فوق عریض ۸ مگاپیکسل&nbsp;و یک لنز ماکرو ۵ مگاپیکسلی است. البته یک فلش LED دوربین هم تعبیه&zwnj;شده است. در قاب&nbsp;جلو هم یک دوربین سلفی ۲۰ مگاپیکسل قرار گرفته است.&nbsp;دوربین اصلی POCO&nbsp;F3، عکس&zwnj;های بسیار خوبی را ثبت می&zwnj;کند و رنگ&zwnj;های طبیعی با جزئیات فراوان را برای کاربر به همراه دارد. همچنین عکس&zwnj;ها از رنگ، کنتراست و گستره داینامیک (Dynamic Range) خوبی برخوردار است. البته گستره داینامیک با استفاده از HDR هم تقویت می&zwnj;شود که البته برخی از جزئیات عکس در حین پردازش از بین می&zwnj;رود. کاهش نویز در تصاویر هم به&zwnj;خوبی انجام می&zwnj;گیرد. به&zwnj;طور کلی عکس&zwnj;های ۴۸ مگاپیکسلی پیش&zwnj;فرض برای یک گوشی میان&zwnj;رده رو به بالا کاملا&nbsp;عالی و قابل&zwnj;قبول هستند.&nbsp;به لطف وجود سنسور ماکرو، امکان ثبت تصاویر باکیفیت از فاصله بسیار نزدیک فراهم&zwnj;شده است. دوربین ۵ مگاپیکسلی ماکرو دارای فوکس ثابت در فاصله ۳ الی ۵ سانتی&zwnj;متری است؛ از این&zwnj;رو اگر سوژه مورد نظر در این فاصله قرار نگرفته باشد، با تصاویر تار مواجه خواهیم بود. استفاده از سنسور عمق برای عکاسی&lrm;&zwnj;های پرتره کاربرد دارد که باعث می&zwnj;&lrm;شود تصویر پشت سوژه محو (Bukeh) به نظر برسد. گفتنی است گه از لنز ماکرو می&zwnj;توان برای عکاسی از اجسام&nbsp;بسیار ریز هم مورد استفاده باشد.&nbsp;عکس&zwnj;های ثبت&zwnj;شده در نور کم هم همچنان از کیفیت مطلوبی برخوردارند. تصاویر از رنگ&zwnj;های خوبی برخوردار است و نویز در سطح پایین نگه&zwnj;داشته می&zwnj;شود.</p>\r\n<p>&nbsp;</p>\r\n</div>\r\n</div>\r\n<div class=\"c-content-expert__text\">\r\n<p>&nbsp;</p>\r\n<p>گوشی موبایل پوکو مدل F3&nbsp;دو سیم&zwnj; کارت ظرفیت 256 گیگابایت&nbsp;همچنین می&zwnj;تواند ویدیوهایی با رزولوشن&zwnj;ها و سرعت&zwnj;های مختلفی را &nbsp;با دوربین اصلی، لنز فوق عریض و دوربین سلفی فیلمبرداری ضبط کند. موضوعی که در فیلم&zwnj;برداری POCO F3 برای تمامی کاربران و منتقدان جالب و ارزشمند است، این بوده که این گوشی توانایی این را دارد که با حالات و سرعت&zwnj;های مختلفی فیلمبرداری کند و با تثبیت&zwnj;کننده الکترونیکی تصویر مبتنی بر ژیروسکوپ (gyro-EIS) تصاویری بسیار دقیق و با کیفیت را برای ما ثبت کند. همچنین ویدیوها از کنتراست و Dynamic Range خوبی برخوردار هستند. با متداول شدن دوربین&zwnj;هایی با کیفیت تصویر بهتر و بالاتر و افزایش قدرت بزرگنمایی دوربین&zwnj;ها از سمتی دیگر، مشکلات و ایرادهای تصویر در مواقع مختلف بیشتر به چشم کاربران می&zwnj;آید. حساسیت نسبت به تامین تصویری با کیفیت در تمامی شرایط و تمام طول شبانه روز افزایش قابل توجهی پیدا کرده است. EIS و یا (DIS (Digital Image Stabilization بر مبنای الگوریتم&zwnj;هایی کار می&zwnj;کند که به شبیه&zwnj;سازی حرکات دوربین و نیز کاهش اثر این حرکات در تصویر می&zwnj;پردازند. نقطه ضعف این روش این است که امکان دارد حرکت اجسام متحرک در تصویر (به ویژه اجسام متحرک با سرعت بالا) با ارتعاش ایجاد شده بر روی کل دوربین اشتباه گرفته شود. مزیت این روش نیز، عدم استفاده از قطعات بیشتر و هزینه کم پیاده&zwnj;سازی آن است. برای رفع مشکل ذکر شده از تکنیک Optical Image Stabilization استفاده می&zwnj;کنند. این تکنیک بر مبنای داده&zwnj;های حاصل از Gyroscope و یا همان شتاب&zwnj;سنج برای تشخیص و اندازه&zwnj;گیری میزان حرکت دوربین طی یک ارتعاش (لرزه) کار می&zwnj;کند. اطلاعات به&zwnj;دست&zwnj;آمده از شتاب&zwnj;سنج&zwnj;ها صرفا محدود به حرکت افقی و عمودی دوربین (Pan&amp;Tilt) هستند و باید بعدا توسط رله&zwnj;ها به&zwnj;سمت محرک&zwnj;ها (Actuator) موتور کنترل&zwnj;کننده لنز هدایت شوند. در بعضی موارد به جای حرکت لنز،&nbsp;سنسور تصویر توسط موتورهای خطی حرکت داده می&zwnj;شود. در هر صورت&zwnj;، چه لنز حرکت کند یا سنسور، این حرکات با این هدف است که نور درست همانند وقتی که لرزشی در کار نیست به سنسور برسد. این روش به ویژه در مواردی که از لنزهای با فاصله کانونی&zwnj;های دورتر (Longer Focal Length) استفاده می&zwnj;کنیم کاربرد دارد و نیز در تصویر برداری در محیط کم نور به بهبود تصویر کمک میکند. تنها نکته منفی در این روش هزینه بالای آن است.</p>\r\n<p>&nbsp;</p>\r\n</div>\r\n</section>\r\n<section class=\"c-content-expert__article js-expert-article is-active\">\r\n<h3 class=\"c-content-expert__title\">باتری</h3>\r\n<div class=\"c-content-expert__text\">\r\n<p>&nbsp;</p>\r\n<p>گوشی موبایل شیائومی POCO F3&nbsp;دو سیم&zwnj; کارت&nbsp;یک&nbsp;باتری لیتیوم-پلیمر با ظرفیت 4520 میلی&zwnj;آمپرساعت دارد. این میزان ظرفیت باتری فوق&zwnj;العاده است و می&zwnj;تواند این گوشی را به محصولی شگفت&zwnj;انگیز از لحاظ قدرت و ماندگاری شارژ باتری در بین محصولات میان&zwnj;رده بازار تبدیل کند. باتری در شرایط استفاده معمولی، می&zwnj;تواند ۲ الی ۳ روز گوشی را روشن نگه دارد. با این حال تماشای فیلم با صفحه نمایش کاملا روشن و بازی کردن، مخصوصا بازی&zwnj;های سبک، مصرف باتری را بالا می&zwnj;برد و اینجا است که مشاهده می&zwnj;کنید باتری زودتر تمام می&zwnj;شود. این باتری استفاده شده در F3&nbsp;لیتیوم-پولیمری است که جدیدترین نوع باتری برای استفاده در گوشی&zwnj;ها است. گفتنی است طبق ادعای شیائومی باتری این گوشی&nbsp;52 زمان برای تکمیل شارژ نیاز دارد و این موضوع نشان از شارژر سریع 33 واتی اسن محصول است.</p>\r\n<p>&nbsp;</p>\r\n</div>\r\n<div class=\"c-content-expert__text c-content-expert__text--center\">\r\n<div class=\"c-content-expert__img c-content-expert__img--center\"><img src=\"https://dkstatics-public.digikala.com/digikala-reviews/141d70d774c18b260165c729453ee838a7102155_1627218204.jpg?x-oss-process=image/resize,w_960/quality,q_70\" data-src=\"https://dkstatics-public.digikala.com/digikala-reviews/141d70d774c18b260165c729453ee838a7102155_1627218204.jpg?x-oss-process=image/resize,w_960/quality,q_70\" /></div>\r\n</div>\r\n</section>\r\n</div>\r\n</article>\r\n</div>',NULL,'shakhes-1.jpg',NULL,'\"[]\"',NULL,'active','open',412,412,'','168,170,431,432','public',0.00,NULL,0,3,'','2021-10-24 09:46:03','2022-10-05 14:42:13'),
(74,0,'پشتیبانی و خرید محصول','page','text','fa','support','<h5 style=\"text-align: center;\">برای مشاوره ، راهنمایی و هرگونه پرسش و درمورد این فروشگاه با ما تماس بگیرید</h5>\r\n<p style=\"text-align: center;\">&nbsp;</p>\r\n<hr />\r\n<p><span style=\"color: #2dc26b;\"><strong>محمد شجاع</strong></span></p>\r\n<p>تلفن : <a href=\"tel:09353501323\">09353501323</a></p>\r\n<p>تلگرام : <a href=\"https://t.me/Mohammad_Shojaaa\">https://t.me/Mohammad_Shojaaa</a></p>\r\n<p>اینستاگرام : <a href=\"https://www.instagram.com/mohammad.shojaaa/\">mohammad.shojaaa@</a></p>',NULL,'b2.jpg',NULL,'\"[]\"',NULL,'active','open',412,412,'دیجی شاپ,فروشگاه,بازار اینترنتی,فروشگاه اینترنتی,اسکریپت چند فروشگاهی','','public',0.00,NULL,0,3,'[{\"name\":\"\\u062a\\u06a9\\u0646\\u0648\\u0644\\u0648\\u0698\\u06cc \\u0645\\u0648\\u0631\\u062f \\u0627\\u0633\\u062a\\u0641\\u0627\\u062f\\u0647\",\"value\":\"php , VueJs , NodeJs , Csst , Laravel , Redis , Material\",\"class\":\"fal fa-user\"},{\"name\":\"\\u0627\\u062f\\u0631\\u0633 \\u062f\\u0627\\u0645\\u0646\\u0647\",\"value\":\"http:\\/\\/sakha.com\",\"class\":\"fal fa-globe\"},{\"name\":\"\\u0646\\u0648\\u0639 \\u0633\\u0627\\u06cc\\u062a\",\"value\":\"\\u0641\\u0631\\u0648\\u0634\\u06af\\u0627\\u0647\\u06cc \\u060c \\u062e\\u0628\\u0631\\u06cc\",\"class\":\"fal fa-bookmark\"},{\"name\":\"\\u0632\\u0645\\u0627\\u0646 \\u067e\\u0631\\u0648\\u0698\\u0647\",\"value\":\"45 \\u0631\\u0648\\u0632\",\"class\":\"fal fa-bell\"}]','2021-10-24 12:07:59','2022-08-04 14:40:10'),
(75,0,'اسکریپت چند فروشگاهی دیجی شاپ','page','text','fa','digishop','<p><strong>اسکریپت دیجی شاپ&nbsp;</strong>یک&nbsp;<a href=\"https://moderniz.ir/demo/shop\">اسکریپت چند فروشگاهی</a>&nbsp;است که به شما کمک می کند کسب و کار اینترنتی خودتان را در سریع ترین زمان پیاده سازی کنید.<strong>&nbsp;</strong><strong>اسکریپت دیجی شاپ </strong>یک سامانه <a href=\"https://moderniz.ir/demo/shop\">فروشگاهی&nbsp;اینترنتی</a>&nbsp;است که توسط آخرین ورژن فریم ورک محبوب لاراول ایجاد شده ، در این&nbsp;<a href=\"https://moderniz.ir/demo/shop\">اسکریپت</a>&nbsp; هیچ گونه محدودیت در کدها اعمال نشده است و در صورت تمایل میتوانید در هر کجا که مایل بودید درخواست تغییر یا سفارشی سازی ایجاد کنید.&nbsp;</p>\r\n<p>&nbsp;</p>\r\n<p><img style=\"display: block; margin-left: auto; margin-right: auto;\" src=\"https://moderniz.ir/demo/shop/uploads/media/dashboard.jpg\" alt=\"Mohammad Shoja\" width=\"934\" height=\"708\" /></p>\r\n<p>&nbsp;</p>\r\n<p>ما با استفاده از قرار دادن قابلیت چند فروشگاهی در این اسکریپت و مرتفع کردن چالش های فروش محصولات چند انباری به شما کمک میکنیم تا علاوه بر فروش محصولات کسب و کار خود ، بتوانید از طریق اختصاص پنل فروش به صاحبان کسب و کار دیگر به دارمد زایی بیشتر برسید .</p>\r\n<p><img style=\"display: block; margin-left: auto; margin-right: auto;\" src=\"https://moderniz.ir/demo/shop/uploads/media/edit1.jpg\" alt=\"Mohammad Shoja\" width=\"605\" height=\"737\" /></p>\r\n<p><img style=\"display: block; margin-left: auto; margin-right: auto;\" src=\"https://moderniz.ir/demo/shop/uploads/media/product.jpg\" alt=\"Mohammad Shoja\" width=\"631\" height=\"745\" /></p>\r\n<p>اسکریپت فروشگاهی دیجی شاپ یک اسکریپت لاراول حرفه ای و خلاق می باشد که شما به راحتی می توانید یک سایت مشابه کسب و کارهای بزرگ راه اندازی کنید. اسکریپت فروشگاهی دیجی شاپ&nbsp; یک پنل حرفه ای مدیریت هم در اختیار شما قرار داده می شود و می توانید به کامل ترین شکل آن را مدیریت کنید و یا با سطح دسترسی کنترل شده آنرا در اختیار اپراتور های خود قرار دهید.</p>\r\n<p><img style=\"display: block; margin-left: auto; margin-right: auto;\" src=\"https://moderniz.ir/demo/shop/uploads/media/7.png\" alt=\"Mohammad Shoja\" width=\"540\" height=\"765\" /></p>\r\n<p>امروزه همه کسب و کار ها نیاز به یک سایت زیبا برای فروش محصولات خود دارند و باید بتوانند محصولات خود را به زیباترین شکل به مشتریان عرضه کنند . اسکریپت دیجی شاپ&nbsp; یک محصول ایرانی است و مطابق با سلیقه کاربران ایرانی و قالب زیبای همتا طراحی شده است و به شما کمک میکند تا در کمترین زمان بهترین سایت فروشگاهی اختصاصی خود را داشته باشید.</p>\r\n<p>&nbsp;</p>\r\n<h5><img style=\"display: block; margin-left: auto; margin-right: auto;\" src=\"https://moderniz.ir/demo/shop/uploads/media/main-1.jpg\" alt=\"Mohammad Shoja\" width=\"636\" height=\"1890\" /></h5>\r\n<h5>&nbsp;</h5>\r\n<h5>قابلیت چند فروشگاهی</h5>\r\n<p>یکی از مزایای بازارهای انلاین ، قابلیت پشتیبانی از همکاری در فروش و اختصاص پنل فروشندگان به هر مدیر فروشگاه برای عرضه محصولات خود در بازار شما میباشد که علاوه بر فروش محصولات خود صاحب فروشگاه میتواند با احتساب درصدی از سود فروش از هر فروشنده جدید به دامد مناسبی از این طریق نیز برسد</p>\r\n<p><img style=\"display: block; margin-left: auto; margin-right: auto;\" src=\"https://moderniz.ir/demo/shop/uploads/media/open2.png\" alt=\"Mohammad Shoja\" width=\"364\" height=\"192\" /></p>\r\n<p>&nbsp;</p>\r\n<h5><img src=\"https://moderniz.ir/demo/shop/uploads/media/open3.png\" alt=\"Mohammad Shoja\" width=\"62\" height=\"55\" />&nbsp;مدیریت موجودی انبار و&nbsp; محصولات</h5>\r\n<p>امکان ثبت و درج و حذف محصولات برای هر فروشگاه با مشخصات هر محصول و همچنین ایجاد تخفیف محصول بر اساس درصد تخفیف برای کالای مربوط به یک فروشگاه خاص و محاسبه قیمت تمام شده مشتری (ثبت قیمت دلخواه هر فروشنده)</p>\r\n<p><img style=\"display: block; margin-left: auto; margin-right: auto;\" src=\"https://moderniz.ir/demo/shop/uploads/media/open3.png\" alt=\"Mohammad Shoja\" width=\"158\" height=\"140\" /></p>\r\n<p>&nbsp;</p>\r\n<h5><img src=\"https://moderniz.ir/demo/shop/uploads/media/open4.png\" alt=\"Mohammad Shoja\" width=\"68\" height=\"68\" />&nbsp; مدیریت روشهای حمل مرسوله پستی</h5>\r\n<p style=\"text-align: right;\">مدیریت روش های حمل با در نظر گرفتن قیمت استان های همجوار امکان وارد کردن نرخ مصوب جدول پستی سالانه و معادله افزایش وزن کالا برای هر یک از روشهای حمل و همچنین ایجاد بینهایت روش حمل محصولات</p>\r\n<p style=\"text-align: right;\">&nbsp;</p>\r\n<h5 style=\"text-align: center;\">&nbsp; &nbsp;&nbsp; &nbsp; &nbsp;</h5>\r\n<p style=\"text-align: center;\"><img src=\"http://moderniz.ir/demo/shop/uploads/media/open4-1.png\" alt=\"Mohammad Shoja\" width=\"58\" height=\"58\" />&nbsp; &nbsp; <img src=\"http://moderniz.ir/demo/shop/uploads/media/open4-2.png\" alt=\"Mohammad Shoja\" width=\"47\" height=\"47\" />&nbsp; &nbsp; <img src=\"http://moderniz.ir/demo/shop/uploads/media/open4.png\" alt=\"Mohammad Shoja\" width=\"47\" height=\"47\" />&nbsp; &nbsp; <img src=\"http://moderniz.ir/demo/shop/uploads/media/open4-3.png\" alt=\"Mohammad Shoja\" width=\"47\" height=\"47\" />&nbsp;</p>\r\n<p>&nbsp;</p>\r\n<h5><img src=\"https://moderniz.ir/demo/shop/uploads/media/open5.png\" alt=\"Mohammad Shoja\" width=\"78\" height=\"78\" />&nbsp;پلن ها و جشنواره</h5>\r\n<p>ایجاد روشهای تخفیف محصولات بر روی فروشگاهها ، دسته بندی و موقعیت مکانی فروشگاه و همچنین زماندار کردن پلن های ایجاد شده</p>\r\n<p>&nbsp;</p>\r\n<p><img style=\"display: block; margin-left: auto; margin-right: auto;\" src=\"https://moderniz.ir/demo/shop/uploads/media/discount.png\" alt=\"Mohammad Shoja\" width=\"457\" height=\"462\" /></p>\r\n<h5><img src=\"https://moderniz.ir/demo/shop/uploads/media/open6.png\" alt=\"Mohammad Shoja\" width=\"63\" height=\"63\" />&nbsp; کوپن های تخفیف</h5>\r\n<p>امکان ایجاد کوپن های تخفیف نامحدود و مشخص کردن بازه زمانی اعمال و همچنین درصد کسر از کارت (سبد خرید)</p>\r\n<p style=\"text-align: center;\"><img src=\"https://moderniz.ir/demo/shop/uploads/media/coupon-add.png\" alt=\"Mohammad Shoja\" width=\"526\" height=\"334\" /></p>\r\n<h5><img src=\"https://moderniz.ir/demo/shop/uploads/media/open7.png\" alt=\"Mohammad Shoja\" width=\"50\" height=\"50\" />&nbsp;گزارشات مالی</h5>\r\n<p>ثبت تمام تراکنشات موفق در سامانه از پرداختی های درگاه تا افزایش اعتبار هزینه کردها ، تسویه حساب ها ، هدیه مشتری ، جابجایی های درون سیستمی و ... ، همچنین دریافت انواع گزارشات مالی و قابلیت خروجی اکسل و پرینت گزارش</p>\r\n<p>&nbsp;</p>\r\n<p><img style=\"display: block; margin-left: auto; margin-right: auto;\" src=\"https://moderniz.ir/demo/shop/uploads/media/transactions.png\" alt=\"Mohammad Shoja\" width=\"505\" height=\"277\" /></p>\r\n<p>&nbsp;</p>\r\n<h5><img src=\"https://moderniz.ir/demo/shop/uploads/media/open8.png\" alt=\"Mohammad Shoja\" width=\"56\" height=\"56\" />&nbsp;چند درگاه پرداخت</h5>\r\n<p>امکان اتصال به چند درگاه پرداخت ( بانک ملت، pay.ir، زرین پال و سایر درگاه های پرکاربرد )، امکان انتخاب درگاه ها توسط مدیر و وارد کردن اطلاعات مربوط به درگاه در بخش تنظیمات درگاه</p>\r\n<p>&nbsp;</p>\r\n<p><img style=\"display: block; margin-left: auto; margin-right: auto;\" src=\"https://moderniz.ir/demo/shop/uploads/media/payments.png\" alt=\"Mohammad Shoja\" width=\"368\" height=\"248\" /></p>\r\n<p>&nbsp;</p>\r\n<h5><img src=\"https://moderniz.ir/demo/shop/uploads/media/open9.png\" alt=\"Mohammad Shoja\" width=\"66\" height=\"66\" /> سیستم حسابداری</h5>\r\n<p>حسابداری کامل و ثبت ریز همه تراکنشات سامانه شامل پرداختی های درگاه ، خرج کرد کیف پول ، اعتبار هدیه ، تراکنشات درون سیستمی و همه خرج کرد و هزینه ها همراه با گزارش گیری کامل قسمت مالی</p>\r\n<p>&nbsp;</p>\r\n<p><img style=\"display: block; margin-left: auto; margin-right: auto;\" src=\"https://moderniz.ir/demo/shop/uploads/media/transactions2.png\" alt=\"Mohammad Shoja\" width=\"565\" height=\"265\" /></p>\r\n<p>&nbsp;</p>\r\n<h5><img src=\"https://moderniz.ir/demo/shop/uploads/media/open14.png\" alt=\"Mohammad Shoja\" width=\"26\" height=\"26\" />&nbsp; فیلتر پیشرفته محصولات و جستجوی تایپی</h5>\r\n<p>امکان جستجوی محصول به صورت پیشرفته و فیلتر بندی شده بر حسب ویژگی ها، مشخصات فنی، قیمت، موجودی محصول، برند و ...</p>\r\n<p>&nbsp;</p>\r\n<p><img style=\"display: block; margin-left: auto; margin-right: auto;\" src=\"https://moderniz.ir/demo/shop/uploads/media/search.jpg\" alt=\"Mohammad Shoja\" width=\"635\" height=\"346\" /></p>\r\n<p>&nbsp;</p>\r\n<p><img style=\"display: block; margin-left: auto; margin-right: auto;\" src=\"https://moderniz.ir/demo/shop/uploads/media/adminsearch.jpg\" alt=\"Mohammad Shoja\" width=\"877\" height=\"237\" /></p>\r\n<p>&nbsp;</p>\r\n<p>&nbsp;</p>\r\n<h5><img src=\"http://moderniz.ir/demo/shop/uploads/media/open11.png\" alt=\"Mohammad Shoja\" width=\"32\" height=\"32\" /> پنل پیامک</h5>\r\n<p>امکان اتصال به پنل پیامک برای ارسال پیام به کاربران در مواقع لازم، و قابلیت ایجاد تمپلیت های ارسال پیامک برای هر رویداد در سامانه</p>\r\n<p>&nbsp;</p>\r\n<h5>ایمیل</h5>\r\n<p>امکان ارسال ایمیل برای رویداد های مختلف مانند خرید ثبت و پیگیری فاکتور ، ثبت نام یا افزایش شارژ . همچنین قابلیت ایجاد قالب اختصاصی ایمیل با ویرایشگر پنل توسط مدیریت</p>\r\n<p><img style=\"display: block; margin-left: auto; margin-right: auto;\" src=\"http://moderniz.ir/demo/shop/uploads/media/open12.png\" alt=\"Mohammad Shoja\" width=\"185\" height=\"185\" /></p>\r\n<h5><img src=\"https://moderniz.ir/demo/shop/uploads/media/open13.png\" alt=\"Mohammad Shoja\" width=\"50\" height=\"50\" />&nbsp;مدیریت دسترسی ها</h5>\r\n<p>مدیریت دسترسی های کاربران مدیر، ایجاد نقش کاربری&nbsp; جدید و انتساب دسترسی های دلخواه به آن به صورت پیشرفته و موردی و جز به جز</p>\r\n<p style=\"text-align: center;\">&nbsp;</p>\r\n<p style=\"text-align: center;\"><img src=\"https://moderniz.ir/demo/shop/uploads/media/permission.png\" alt=\"Mohammad Shoja\" width=\"392\" height=\"564\" /></p>\r\n<h5><img src=\"https://moderniz.ir/demo/shop/uploads/media/open10.png\" alt=\"Mohammad Shoja\" width=\"42\" height=\"42\" /> فیلتر های جستجو</h5>\r\n<p>ایجاد و مدیریت فیلتر های جستجو به صورت پیشرفته و اختصاص فیلتر به دسته بندی ها</p>\r\n<p>&nbsp;</p>\r\n<p><img style=\"display: block; margin-left: auto; margin-right: auto;\" src=\"https://moderniz.ir/demo/shop/uploads/media/8.png\" alt=\"Mohammad Shoja\" width=\"486\" height=\"592\" /></p>\r\n<p>&nbsp;</p>\r\n<p>و بسیاری امکانات دیگر که در اینجا ذکر نکرده ایم</p>\r\n<p>&nbsp;</p>\r\n<hr />\r\n<p>&nbsp;</p>\r\n<h2><strong>امکانات بخش فرانت </strong><strong>اسکریپت چند فروشگاهی دیجی شاپ</strong></h2>\r\n<ul>\r\n<li><span style=\"font-size: 13pt;\">صفحه اصلی با اسلایدر و بنرهای قابل ویرایش برای مدیر</span></li>\r\n<li><span style=\"font-size: 13pt;\">لیست آخرین محصولات، محصولات ویژه، محصولات پرفروش، محصولات تخفیف دار و ...</span></li>\r\n<li><span style=\"font-size: 13pt;\">لیست محصولات جشنواره و فرصت های طلایی در صفحه اصلی</span></li>\r\n<li><span style=\"font-size: 13pt;\">دسته بندی محصولات به صورت مگامنو</span></li>\r\n<li><span style=\"font-size: 13pt;\">امکان ثبت نام و ورود برای کاربران جدید</span></li>\r\n<li><span style=\"font-size: 13pt;\">امکان جستجوی محصول به صورت پیشرفته و فیلتر بندی شده بر حسب ویژگی ها، مشخصات فنی، قیمت، موجودی محصول، برند و اندازه ، رنگ و ...</span></li>\r\n<li><span style=\"font-size: 13pt;\">امکان مقایسه محصولات هم نوع و مدیریت مشخصات فنی محصول</span></li>\r\n<li><span style=\"font-size: 13pt;\">امکان افزودن محصولات به لیست علاقمندی ها</span></li>\r\n<li><span style=\"font-size: 13pt;\">وبلاگ</span></li>\r\n<li><span style=\"font-size: 13pt;\">ثبت نظر برای قسمت وبلاگ و محصولات</span></li>\r\n<li><span style=\"font-size: 13pt;\">نمایش چند فروشنده برای یک محصول</span></li>\r\n<li><span style=\"font-size: 13pt;\">سرعت لود بالا</span></li>\r\n<li><span style=\"font-size: 13pt;\">رابط گرافیکی شیک و کاربرپسند</span></li>\r\n<li><span style=\"font-size: 13pt;\">داشبورد و پروفایل پیشرفته مشتریان</span></li>\r\n<li><span style=\"font-size: 13pt;\">دسته بندی محصولات به صورت مگامنو</span></li>\r\n<li><span style=\"font-size: 13pt;\">امکان مقایسه محصولات هم نوع</span></li>\r\n<li><span style=\"font-size: 13pt;\">امکان افزودن محصولات به لیست علاقمندی ها</span></li>\r\n<li><span style=\"font-size: 13pt;\">و بسیاری امکانات دیگر ...</span></li>\r\n</ul>\r\n<p>&nbsp;</p>\r\n<h2><strong>امکانات بخش مدیریت اسکریپت چند فروشگاهی دیجی شاپ</strong></h2>\r\n<ul>\r\n<li><span style=\"font-size: 13pt;\">امکان ایجاد محصولات به صورت دسته بندی شده، چند قیمته همراه با چند رنگ و اندازه جدا، تخفیف و میزان موجودی ، توضیحات کلی، مشخصات فنی به صورت دسته بندی شده مثل دیجی کالا، گالری تصاویر محصول و کلمات کلیدی و توضیحات کوتاه متا ، امکان ویژه کردن محصول</span></li>\r\n<li><span style=\"font-size: 13pt;\">ایجاد و مدیریت برندها</span></li>\r\n<li><span style=\"font-size: 13pt;\">امکان ایجاد ویژگی های جدید برای قیمت گذاری محصولات</span></li>\r\n<li><span style=\"font-size: 13pt;\">امکان ثبت امتیاز برای هر محصول و قرار گرفتن در رتبه نمایش هر محصول</span></li>\r\n<li><span style=\"font-size: 13pt;\">امکان فیلتر و تغییر قیمت محصولات به صورت یکجا و سریع</span></li>\r\n<li><span style=\"font-size: 13pt;\">لیست محصولات برای مدیر با قابلیت فیلتر کردن و جستجو</span></li>\r\n<li><span style=\"font-size: 13pt;\">امکان قیمت گذاری مجزا برای محصولات هر فروشگاه</span></li>\r\n<li><span style=\"font-size: 13pt;\">امکان جستجوی محصول تکراری قبل از ایجاد</span></li>\r\n<li><span style=\"font-size: 13pt;\">بخش وبلاگ و نظرات برای پست ها</span></li>\r\n<li><span style=\"font-size: 13pt;\">ایجاد و مدیریت کاربران ، نمایش اطلاعات کاربر ، امکان تغییر نقش کاربر به مدیر، خروجی اکسل از لیست کاربران و &hellip;</span></li>\r\n<li><span style=\"font-size: 13pt;\">پروفایل کاربر با امکان نمایش جزئیات صفحات بازدید شده، سفارشات، نظرات، اطلاعات شخصی، تعداد بازدیدها و &hellip;</span></li>\r\n<li><span style=\"font-size: 13pt;\">مدیریت سفارشات، نمایش لیست سفارشات ثبت شده همراه با وضعیت پرداخت، امکان تغییر وضعیت ارسال</span></li>\r\n<li><span style=\"font-size: 13pt;\">امکان تعریف هزینه ارسال پیشرفته برای هر شهر</span></li>\r\n<li><span style=\"font-size: 13pt;\">ایجاد و مدیریت اسلایدر ها و بنرهای وبسایت</span></li>\r\n<li><span style=\"font-size: 13pt;\">ایجاد و مدیریت صفحات جدید</span></li>\r\n<li><span style=\"font-size: 13pt;\">مدیریت دسترسی های کاربران مدیر، ایجاد مقام جدید و انتساب دسترسی های دلخواه به آن به صورت پیشرفته</span></li>\r\n<li><span style=\"font-size: 13pt;\">فایل منیجر برای آپلود و مدیریت فایل های آپلود شده</span></li>\r\n<li><span style=\"font-size: 13pt;\">امکان ایجاد بکاپ از پایگاه داده سایت توسط ادمین و حذف یا دانلود فایل پکاپ</span></li>\r\n<li><span style=\"font-size: 13pt;\">بخش گزارشات بازدیدها و بازدیدکنندگان</span></li>\r\n<li><span style=\"font-size: 13pt;\">ایجاد و مدیریت منوها</span></li>\r\n<li><span style=\"font-size: 13pt;\">امکان ایجاد بی نهایت زیر دسته برای دسته بندی ها، و زیر منو برای منوها</span></li>\r\n<li><span style=\"font-size: 13pt;\">نمایش لیست تراکنش ها</span></li>\r\n<li><span style=\"font-size: 13pt;\">نمایش لیست پیام های تماس با ما</span></li>\r\n<li><span style=\"font-size: 13pt;\">مدیریت نظرات ثبت شده و تغییر وضعیت نظرات همراه با امکان ویرایش نظرات توسط ادمین</span></li>\r\n<li><span style=\"font-size: 13pt;\">نمایش اعلان برای اتفاقات رخ داده در وبسایت ( ثبت سفارش، ثبت نام کابر، پیام جدید و &hellip;) به صورت ریل تایم و بدون نیاز به رفرش صفحه مدیریت</span></li>\r\n<li><span style=\"font-size: 13pt;\">ثبت و نمایش تعداد بازدیدکنندگان همراه با جزئیات ( مرورگر، آی پی، سیستم عامل و&hellip;)</span></li>\r\n<li><span style=\"font-size: 13pt;\">امکان اتصال به چند درگاه پرداخت ( بانک ملت، ir، زرین پال و سایر درگاه های پرکاربرد )، امکان انتخاب درگاه ها توسط مدیر و وارد کردن اطلاعات مربوط به درگاه در بخش تنظیمات درگاه</span></li>\r\n<li><span style=\"font-size: 13pt;\">امکان ویرایش اطلاعات وبسایت توسط مدیر ( عنوان، توضیحات، کلمات کلیدی، افزودن نماد اعتماد، شبکه های اجتماعی، انتخاب آدرس از روی نقشه و &hellip;)</span></li>\r\n<li><span style=\"font-size: 13pt;\">امکان اتصال به پنل پیامک برای ارسال پیام به کاربران در مواقع لازم</span></li>\r\n<li><span style=\"font-size: 13pt;\">امکان ایجاد و مدیریت تیکت ها</span></li>\r\n<li><span style=\"font-size: 13pt;\">امکان شخصی سازی رنگ و فونت قالب مدیریت</span></li>\r\n<li><span style=\"font-size: 13pt;\">امکان تایید شماره همراه کاربر با پیامک</span></li>\r\n<li><span style=\"font-size: 13pt;\">امکان ایجاد قالب ارسال پیامک برای هر بخش و رویداد</span></li>\r\n<li><span style=\"font-size: 13pt;\">انتخاب دسته بندی های قابل نمایش در صفحه اصلی توسط مدیر</span></li>\r\n<li><span style=\"font-size: 13pt;\">و بسیاری قابلیت های دیگر که ذکر آنها زمان بر خواهد بود &hellip;</span></li>\r\n</ul>\r\n<p>&nbsp;</p>',NULL,'banner.jpg',NULL,'\"[{\\\"img\\\":\\\"open10.png\\\",\\\"caption\\\":\\\"\\\"},{\\\"img\\\":\\\"open12.png\\\",\\\"caption\\\":\\\"\\\"},{\\\"img\\\":\\\"open7.png\\\",\\\"caption\\\":\\\"\\\"}]\"',NULL,'active','open',412,412,'فروشگاه اینترنتی,قالب فروشگاهی,دیجی شاپ,اسکریپت جند فروشگاهی,دیجیتال مارکتینگ,فروشگاه','','public',0.00,NULL,0,5,'[{\"name\":\"\\u0646\\u0627\\u0645 \\u0637\\u0631\\u0627\\u062d\",\"value\":\"http:\\/\\/appek.ir\",\"class\":\"developer\"},{\"name\":\"\\u0646\\u0627\\u0645 \\u0645\\u0627\\u0644\\u06a9\",\"value\":\"\\u0631\\u0633\\u0648\\u0644 \\u0632\\u0627\\u062f\\u0647\",\"class\":\"user\"},{\"name\":\"\\u062a\\u06a9\\u0646\\u0648\\u0644\\u0648\\u0698\\u06cc \\u0645\\u0648\\u0631\\u062f \\u0627\\u0633\\u062a\\u0641\\u0627\\u062f\\u0647\",\"value\":\"php\",\"class\":\"tchnology\"}]','2021-10-25 06:29:43','2022-08-04 14:40:10'),
(77,0,'یک نمونه در حال تست','portfolio','text','fa','یک-نمونه-تست','<div id=\"desc\" class=\"c-content-expert js-product-tab-content is-active\" data-method=\"desc\">\r\n<article>\r\n<div class=\"o-box__header\"><span class=\"o-box__title\">نقد و بررسی اجمالی</span><span class=\"o-box__header-desc\">Xiaomi POCO F3 5G M2012K11AG Dual SIM 256GB And 8GB RAM Mobile Phone</span></div>\r\n<section class=\"c-content-expert__summary\">\r\n<div class=\"c-mask js-mask\">\r\n<div class=\"c-mask__text c-mask__text--product-summary js-mask__text is-active\">گوشی موبایل شیائومی مدل Poco F3 دو سیم&zwnj; کارت ظرفیت 256 گیگابایت از جمله محصولات برند شیائومی که در سال 2021 روانه بازار شده است. این محصول دارای ساختاری متوازن و خوش&zwnj;ساخت بدون پشتیبانی از تکنولوژی 5G روانه بازار شده است. این محصول از بدنه شیشه&zwnj;ای و فریم پلاستیکی ساخته شده است که قاب جلو شیشه&zwnj;ای جلوه ویژه&zwnj;ای به این مدل بخشیده است. صفحه&zwnj;نمایش گوشی موبایل شیائومی مدل POCO F3 دو سیم&zwnj; کارت ظرفیت 256 گیگابایت در اندازه 6.67 منتشر شده است. این صفحه&zwnj;نمایش کاملاً تمام&zwnj;صفحه است و در بالا وسط اثری از بریدگی یا حفره دوربین سلفی وجود دیده می&zwnj;شود. دوربین سلفی این محصول دارای حسگر 20 مگاپیکسلی است .صحفه&zwnj;نمایش گوشی موبایل شیائومی مدل POCO F3 با استفاده از فناوری Corning Gorilla Glass 5 در برابر خط&zwnj;وخش و صدمات احتمالی محافظت می&zwnj;شود. گفتنی است 3 دوربین که سنسور اصلی آن 48 مگاپیکسلی است در قسمت پشتی این گوشی جا خوش کرده&zwnj;اند. این دوربین&zwnj;ها قادر هستند ویدئوی 4K را ثبت و ضبط کنند. دوربین&zwnj; سلفی این محصول هم به سنسوری 20 مگاپیکسلی مجهز شده است. بلوتوث نسخه 5.1 ، نسخه 11 سیستم عامل اندروید و باتری 4520 میلی&zwnj;آمپرساعتی از دیگر ویژگی&zwnj;&zwnj;های این گوشی جدید هستند.</div>\r\n</div>\r\n</section>\r\n<div class=\"c-content-expert__separator\">&nbsp;</div>\r\n</article>\r\n</div>\r\n<div id=\"expert_review\" class=\"c-content-expert js-product-tab-content is-active\" data-method=\"expert_review\">\r\n<article>\r\n<div class=\"o-box__header\"><span class=\"o-box__title\">نقد و بررسی تخصصی</span><span class=\"o-box__header-desc\">Xiaomi POCO F3 5G M2012K11AG Dual SIM 256GB And 8GB RAM Mobile Phone</span></div>\r\n<div class=\"c-content-expert__articles js-product-review-container is-open\">\r\n<section class=\"c-content-expert__article js-expert-article is-active\">\r\n<h3 class=\"c-content-expert__title\">معرفی</h3>\r\n<div class=\"c-content-expert__text\">\r\n<p>&nbsp;</p>\r\n<p>بسیاری از ما به دلیل بالا بودن قیمت گوشی&zwnj;های پرچمدار امکان خرید این محصولات را نداریم. بنابراین در بازار گوشی&zwnj;های میان&zwnj;رده باید گوشی مورد نظر خود را جستجو کنیم. حال در این میان شرکت بزرگ شیائومی که یکی از بزرگترین شرکت&zwnj;های تولید کننده گوشی موبایل در جهان است تنوع بالایی از گوشی&zwnj;های میان&zwnj;رده با کیفیت و هزینه معقول روانه بازار کرده است. سری پوکو برند شیائومی یکی از محبوب&zwnj;ترین میان&zwnj;رده&zwnj;های موجود در بازار است.&nbsp;شیائومی این بار گوشی موبایل&nbsp;POCO F3 را طراحی کرده است. این گوشی در بعضی از سطوح در حد و اندازه یک پرچمدار است.&nbsp;&nbsp;این گوشی موبایل دارای یک طراحی زیبا &nbsp;در قامت&nbsp;یک پرچمدار در اواخر مارس ۲۰۲۱ معرفی شده است.&nbsp;شیائومی نسخه POCO F3 با تکنولوژی 5G&nbsp;را با وزنی مناسب و یک طراحی متفاوت نسبت به سری&zwnj;های قبلی روانه بازار کرده است.&nbsp;شرکت شیائومی برای گوشی&nbsp;POCO F3 هم سه دوربین واید، التراواید و ماکرو در نظر کرفته است. تراشه یا چیپست رده بالا از دیگر امکانات قابل ذکر و مهم این مدل است.&nbsp;شرکت شیائومی با ساخت گوشی موبایل مدل POCO F3 5G M2012K11AG بار دیگر سعی کرده است تا سهم بازار خود را در گوشی&lrm;&zwnj;های میان رده حفظ کند.</p>\r\n<p>&nbsp;</p>\r\n</div>\r\n<div class=\"c-content-expert__text c-content-expert__text--center\">\r\n<div class=\"c-content-expert__img c-content-expert__img--center\"><img src=\"https://dkstatics-public.digikala.com/digikala-reviews/00c4d45f3cf6b7f832cdb70084716c8b0adfdefc_1627204357.jpg?x-oss-process=image/resize,w_960/quality,q_70\" data-src=\"https://dkstatics-public.digikala.com/digikala-reviews/00c4d45f3cf6b7f832cdb70084716c8b0adfdefc_1627204357.jpg?x-oss-process=image/resize,w_960/quality,q_70\" /></div>\r\n</div>\r\n</section>\r\n<section class=\"c-content-expert__article js-expert-article is-active\">\r\n<h3 class=\"c-content-expert__title\">طراحی و صفحه نمایش</h3>\r\n<div class=\"c-content-expert__text\">\r\n<p>&nbsp;</p>\r\n<p>طراحی و ظاهر مدل&nbsp;POCO F3 اندکی با سری&zwnj;های قبلی&nbsp;POCO متفاوت&zwnj;تر است. بدنه جلو وعقب گوشی توسط&nbsp;&nbsp;گوریلا گلس ۵ محافظت شده است. همچنین مهندسان شیائومی مدل&nbsp;POCO F3 را به گواهینامه IP53 مجهز کرده&zwnj;اند که به این معنا است که این محصول در برابر قطرات آب و گردوغبار مقاوم است.&nbsp;&nbsp;قاب پشتی گوشی POCO F3 مانند بسیاری از گوشی&zwnj;های مدرن که درعین سادگی به کیفیت هم فکر می&zwnj;کنند از یک رنگ و بافت منحصربه&zwnj;فرد برخوردارند و دارای طراحی خاصی است. برخلاف سری&zwnj;های پیشین&nbsp;POCO حسگر های دوربین از مرکز پشت قاب، به گوشه نقل مکان کرده&zwnj;اند. سنسور اثرانگشت هم روی لبه قاب تعبیه شده که به همراه کلید&zwnj;های کنترل صدا در یک سمت قرار گرفته است.&nbsp;قاب جلویی گوشی را یک نمایشگر تمام صفحه پر کرده است. گوشی F3&nbsp;از صفحه&zwnj;نمایشی بزرگ بهره می&zwnj;برد که شیائومی این روزها ارائه می&zwnj;دهد. صفحه&zwnj;نمایش 6.67 اینچی Full HD Plus با فناوری AMOLED با محافظ گوریلا گلس ۵ همراه&zwnj;شده است. این صفحه نمایش با دقت تصویر ۲۴۰۰ &times; ۱۰۸۰ پیکسل و تراکم پیکسلی ۳۹۵ پیکسل در هر اینچ، کیفیت مرغوبی را برای تماشای ویدیو، بازی کردن و گشت&zwnj;وگذار در اینترنت برای کاربران فراهم می&zwnj;کند. در این صفحه نمایش از فناوری E4 AMOLED بهره گرفته شده است علاوه بر اینکه&nbsp;می&zwnj;تواند تا ۱۶ میلیون رنگ را به راحتی آنالیز و نمایش دهد باعث افزایش ۱۵ درصدی عمر باتری هم خواهد شد. وجود نمایشگر با فناوری&nbsp;HDR10+ و 1300 نیت روشنایی موجب بهبود کیفیت رنگ&zwnj;ها شده است.&nbsp;بنابراین شما می&zwnj;توانید رنگ&zwnj;ها را در صفحه&zwnj;نمایش POCO F3&nbsp;بسیار زنده و با جزئیات مشاهده کنید.</p>\r\n<p>&nbsp;</p>\r\n</div>\r\n<div class=\"c-content-expert__text c-content-expert__text--center\">\r\n<div class=\"c-content-expert__img c-content-expert__img--center\"><img src=\"https://dkstatics-public.digikala.com/digikala-reviews/1d7c2d87290c00401a6fa68ce3ca3d21ef756fd8_1627218463.jpg?x-oss-process=image/resize,w_960/quality,q_70\" data-src=\"https://dkstatics-public.digikala.com/digikala-reviews/1d7c2d87290c00401a6fa68ce3ca3d21ef756fd8_1627218463.jpg?x-oss-process=image/resize,w_960/quality,q_70\" /></div>\r\n</div>\r\n</section>\r\n<section class=\"c-content-expert__article js-expert-article is-active\">\r\n<h3 class=\"c-content-expert__title\">عملکرد</h3>\r\n<div class=\"c-content-expert__text c-content-expert__text--row\">\r\n<div class=\"c-content-expert__text--right\">\r\n<p>&nbsp;</p>\r\n<p>اگر بخواهیم به&zwnj;صورت کاملا فنی و دقیق به مهم&zwnj;ترین بخش&zwnj;های داخلی سخت&zwnj;افزاری گوشی که تراشه، پردازنده، پردازنده گرافیکی و حافظه&zwnj;ها هستند به طور خلاصه نگاهی داشت، می&zwnj;&zwnj;توان گفت که گوشی موبایل پوکو مدل POCO F3 M2012K11AG دو سیم&zwnj; کارت ظرفیت 256 گیگابایت به تراشه Qualcomm SM8250-AC Snapdragon 870 5G (7 nm) Chipset مجهز شده است. تراشه&zwnj;ای که برای استفاده روی گوشی&zwnj;های میان&zwnj;رده&nbsp;رو به&zwnj; بالا&nbsp;ساخته و طراحی&zwnj;شده است. این تراشه ۳ پردازنده Kryo 585، Triple-Core Kryo 585 و&nbsp;Quad-Core Kryo 585 با فرکانس&zwnj;های&nbsp;3.2، 2.42، 1.80 گیگاهرتز&nbsp;را در خود قرار داده که بتواند سرعت و قدرت عملیاتی بالایی را برای گوشی را فراهم کند. روی این تراشه از پردازنده گرافیکی Adreno 650 GPU هم استفاده&zwnj;شده است که می&zwnj;توان با آن کارها و بازی&zwnj;های گرافیکی معمولی یا نیمه&zwnj;سنگین و در برخی اوقات سنگین را هم انجام داد. باید به این اشاره داشته باشیم که پردازنده این گوشی ۶۴ بیتی بوده و دارای سرعت بسیار بالاتری نسبت به پردازنده&zwnj;های ۳۲ بیتی است. ۸ گیگابایت حافظه رم هم برای این تلفن همراه هوشمند در نظر گرفته&zwnj;شده تا گوشی در بهترین حالت ممکن بتواند چند کار را با هم انجام دهد ولی با کمی کاهش سرعت روبرو می&zwnj;شود. این مقدار حافظه رم نقطه ضعفی برای این گوشی محبوب نیست. سازندگان POCO F3&nbsp;برای این مدل از حافظه داخلی ۲۵۶ گیگابایت استفاده کرده&zwnj;اند. در آزمایشات ما نشان&zwnj;داده شده است که این گوشی با این مقدار حافظه و RAM می&zwnj;تواند به راحتی پاسخ گوی نیازهای شما باشد. همچنین شیائومی با بکارگیری فناوری&nbsp;LiquidCool یا خنک&zwnj;کننده مایع، موجب خنک شدن گوشی در هنگام اجرای برنامه&zwnj;های سنگین شده است که این امر باعث بهبود عملکرد کلی دستگاه می&zwnj;شود.</p>\r\n<p>&nbsp;</p>\r\n</div>\r\n<div class=\"c-content-expert__img c-content-expert__img--left\"><img src=\"https://dkstatics-public.digikala.com/digikala-reviews/a3c8312aecf3195e6b027f264218f5ca7353e15d_1627216323.jpg?x-oss-process=image/resize,w_360/quality,q_70\" data-src=\"https://dkstatics-public.digikala.com/digikala-reviews/a3c8312aecf3195e6b027f264218f5ca7353e15d_1627216323.jpg?x-oss-process=image/resize,w_360/quality,q_70\" /></div>\r\n</div>\r\n</section>\r\n<section class=\"c-content-expert__article js-expert-article is-active\">\r\n<h3 class=\"c-content-expert__title\">دوربین</h3>\r\n<div class=\"c-content-expert__text c-content-expert__text--row\">\r\n<div class=\"c-content-expert__img c-content-expert__img--right\"><img src=\"https://dkstatics-public.digikala.com/digikala-reviews/97fcbb6be33fa25137c14ef7645357fbc16d3a5e_1627216869.jpg?x-oss-process=image/resize,w_360/quality,q_70\" data-src=\"https://dkstatics-public.digikala.com/digikala-reviews/97fcbb6be33fa25137c14ef7645357fbc16d3a5e_1627216869.jpg?x-oss-process=image/resize,w_360/quality,q_70\" /></div>\r\n<div class=\"c-content-expert__text--left\">\r\n<p>&nbsp;</p>\r\n<p>POCO F3 هم با سه دوربین ۴۸، ۸&nbsp;و ۵ مگاپیکسل معرفی شد. دوربین مخصوص و بسیار محبوب عکاسی از اجسام بسیار ریز یا همان ماکرو دارای قدرت بیشتری شده بود و طرفداران این نوع عکاسی که از محصولات شیائومی استفاده می&zwnj;کردند نظرات بسیار مثبتی به این موضوع داشتند. حالا شیائومی، دوربین POCO F3&nbsp;خود را با یک لنز فوق عریض با رزولوشن بالا و یک لنز ماکرو ۵&nbsp;مگاپیکسلی ارتقاء داده است. به این ترتیب دوربین POCO&nbsp;F3 شامل سه دوربین روی قاب پشتی است. این دوربین&zwnj;ها شامل یک لنز اصلی با رزولوشن ۴۸ مگاپیکسل، یک لنز فوق عریض ۸ مگاپیکسل&nbsp;و یک لنز ماکرو ۵ مگاپیکسلی است. البته یک فلش LED دوربین هم تعبیه&zwnj;شده است. در قاب&nbsp;جلو هم یک دوربین سلفی ۲۰ مگاپیکسل قرار گرفته است.&nbsp;دوربین اصلی POCO&nbsp;F3، عکس&zwnj;های بسیار خوبی را ثبت می&zwnj;کند و رنگ&zwnj;های طبیعی با جزئیات فراوان را برای کاربر به همراه دارد. همچنین عکس&zwnj;ها از رنگ، کنتراست و گستره داینامیک (Dynamic Range) خوبی برخوردار است. البته گستره داینامیک با استفاده از HDR هم تقویت می&zwnj;شود که البته برخی از جزئیات عکس در حین پردازش از بین می&zwnj;رود. کاهش نویز در تصاویر هم به&zwnj;خوبی انجام می&zwnj;گیرد. به&zwnj;طور کلی عکس&zwnj;های ۴۸ مگاپیکسلی پیش&zwnj;فرض برای یک گوشی میان&zwnj;رده رو به بالا کاملا&nbsp;عالی و قابل&zwnj;قبول هستند.&nbsp;به لطف وجود سنسور ماکرو، امکان ثبت تصاویر باکیفیت از فاصله بسیار نزدیک فراهم&zwnj;شده است. دوربین ۵ مگاپیکسلی ماکرو دارای فوکس ثابت در فاصله ۳ الی ۵ سانتی&zwnj;متری است؛ از این&zwnj;رو اگر سوژه مورد نظر در این فاصله قرار نگرفته باشد، با تصاویر تار مواجه خواهیم بود. استفاده از سنسور عمق برای عکاسی&lrm;&zwnj;های پرتره کاربرد دارد که باعث می&zwnj;&lrm;شود تصویر پشت سوژه محو (Bukeh) به نظر برسد. گفتنی است گه از لنز ماکرو می&zwnj;توان برای عکاسی از اجسام&nbsp;بسیار ریز هم مورد استفاده باشد.&nbsp;عکس&zwnj;های ثبت&zwnj;شده در نور کم هم همچنان از کیفیت مطلوبی برخوردارند. تصاویر از رنگ&zwnj;های خوبی برخوردار است و نویز در سطح پایین نگه&zwnj;داشته می&zwnj;شود.</p>\r\n<p>&nbsp;</p>\r\n</div>\r\n</div>\r\n<div class=\"c-content-expert__text\">\r\n<p>&nbsp;</p>\r\n<p>گوشی موبایل پوکو مدل F3&nbsp;دو سیم&zwnj; کارت ظرفیت 256 گیگابایت&nbsp;همچنین می&zwnj;تواند ویدیوهایی با رزولوشن&zwnj;ها و سرعت&zwnj;های مختلفی را &nbsp;با دوربین اصلی، لنز فوق عریض و دوربین سلفی فیلمبرداری ضبط کند. موضوعی که در فیلم&zwnj;برداری POCO F3 برای تمامی کاربران و منتقدان جالب و ارزشمند است، این بوده که این گوشی توانایی این را دارد که با حالات و سرعت&zwnj;های مختلفی فیلمبرداری کند و با تثبیت&zwnj;کننده الکترونیکی تصویر مبتنی بر ژیروسکوپ (gyro-EIS) تصاویری بسیار دقیق و با کیفیت را برای ما ثبت کند. همچنین ویدیوها از کنتراست و Dynamic Range خوبی برخوردار هستند. با متداول شدن دوربین&zwnj;هایی با کیفیت تصویر بهتر و بالاتر و افزایش قدرت بزرگنمایی دوربین&zwnj;ها از سمتی دیگر، مشکلات و ایرادهای تصویر در مواقع مختلف بیشتر به چشم کاربران می&zwnj;آید. حساسیت نسبت به تامین تصویری با کیفیت در تمامی شرایط و تمام طول شبانه روز افزایش قابل توجهی پیدا کرده است. EIS و یا (DIS (Digital Image Stabilization بر مبنای الگوریتم&zwnj;هایی کار می&zwnj;کند که به شبیه&zwnj;سازی حرکات دوربین و نیز کاهش اثر این حرکات در تصویر می&zwnj;پردازند. نقطه ضعف این روش این است که امکان دارد حرکت اجسام متحرک در تصویر (به ویژه اجسام متحرک با سرعت بالا) با ارتعاش ایجاد شده بر روی کل دوربین اشتباه گرفته شود. مزیت این روش نیز، عدم استفاده از قطعات بیشتر و هزینه کم پیاده&zwnj;سازی آن است. برای رفع مشکل ذکر شده از تکنیک Optical Image Stabilization استفاده می&zwnj;کنند. این تکنیک بر مبنای داده&zwnj;های حاصل از Gyroscope و یا همان شتاب&zwnj;سنج برای تشخیص و اندازه&zwnj;گیری میزان حرکت دوربین طی یک ارتعاش (لرزه) کار می&zwnj;کند. اطلاعات به&zwnj;دست&zwnj;آمده از شتاب&zwnj;سنج&zwnj;ها صرفا محدود به حرکت افقی و عمودی دوربین (Pan&amp;Tilt) هستند و باید بعدا توسط رله&zwnj;ها به&zwnj;سمت محرک&zwnj;ها (Actuator) موتور کنترل&zwnj;کننده لنز هدایت شوند. در بعضی موارد به جای حرکت لنز،&nbsp;سنسور تصویر توسط موتورهای خطی حرکت داده می&zwnj;شود. در هر صورت&zwnj;، چه لنز حرکت کند یا سنسور، این حرکات با این هدف است که نور درست همانند وقتی که لرزشی در کار نیست به سنسور برسد. این روش به ویژه در مواردی که از لنزهای با فاصله کانونی&zwnj;های دورتر (Longer Focal Length) استفاده می&zwnj;کنیم کاربرد دارد و نیز در تصویر برداری در محیط کم نور به بهبود تصویر کمک میکند. تنها نکته منفی در این روش هزینه بالای آن است.</p>\r\n<p>&nbsp;</p>\r\n</div>\r\n</section>\r\n<section class=\"c-content-expert__article js-expert-article is-active\">\r\n<h3 class=\"c-content-expert__title\">باتری</h3>\r\n<div class=\"c-content-expert__text\">\r\n<p>&nbsp;</p>\r\n<p>گوشی موبایل شیائومی POCO F3&nbsp;دو سیم&zwnj; کارت&nbsp;یک&nbsp;باتری لیتیوم-پلیمر با ظرفیت 4520 میلی&zwnj;آمپرساعت دارد. این میزان ظرفیت باتری فوق&zwnj;العاده است و می&zwnj;تواند این گوشی را به محصولی شگفت&zwnj;انگیز از لحاظ قدرت و ماندگاری شارژ باتری در بین محصولات میان&zwnj;رده بازار تبدیل کند. باتری در شرایط استفاده معمولی، می&zwnj;تواند ۲ الی ۳ روز گوشی را روشن نگه دارد. با این حال تماشای فیلم با صفحه نمایش کاملا روشن و بازی کردن، مخصوصا بازی&zwnj;های سبک، مصرف باتری را بالا می&zwnj;برد و اینجا است که مشاهده می&zwnj;کنید باتری زودتر تمام می&zwnj;شود. این باتری استفاده شده در F3&nbsp;لیتیوم-پولیمری است که جدیدترین نوع باتری برای استفاده در گوشی&zwnj;ها است. گفتنی است طبق ادعای شیائومی باتری این گوشی&nbsp;52 زمان برای تکمیل شارژ نیاز دارد و این موضوع نشان از شارژر سریع 33 واتی اسن محصول است.</p>\r\n<p>&nbsp;</p>\r\n</div>\r\n<div class=\"c-content-expert__text c-content-expert__text--center\">\r\n<div class=\"c-content-expert__img c-content-expert__img--center\"><img src=\"https://dkstatics-public.digikala.com/digikala-reviews/141d70d774c18b260165c729453ee838a7102155_1627218204.jpg?x-oss-process=image/resize,w_960/quality,q_70\" data-src=\"https://dkstatics-public.digikala.com/digikala-reviews/141d70d774c18b260165c729453ee838a7102155_1627218204.jpg?x-oss-process=image/resize,w_960/quality,q_70\" /></div>\r\n</div>\r\n</section>\r\n</div>\r\n</article>\r\n</div>',NULL,'shakhes-1.jpg',NULL,NULL,NULL,'active','open',412,412,'','443,444,447','public',0.00,NULL,0,2,'[{\"name\":\"\\u062a\\u06a9\\u0646\\u0648\\u0644\\u0648\\u0698\\u06cc \\u0645\\u0648\\u0631\\u062f \\u0627\\u0633\\u062a\\u0641\\u0627\\u062f\\u0647\",\"value\":\"php , VueJs , NodeJs , Csst , Laravel , Redis , Material\",\"class\":\"fal fa-user\"},{\"name\":\"\\u0627\\u062f\\u0631\\u0633 \\u062f\\u0627\\u0645\\u0646\\u0647\",\"value\":\"http:\\/\\/sakha.com\",\"class\":\"fal fa-globe\"},{\"name\":\"\\u0646\\u0648\\u0639 \\u0633\\u0627\\u06cc\\u062a\",\"value\":\"\\u0641\\u0631\\u0648\\u0634\\u06af\\u0627\\u0647\\u06cc \\u060c \\u062e\\u0628\\u0631\\u06cc\",\"class\":\"fal fa-bookmark\"},{\"name\":\"\\u0632\\u0645\\u0627\\u0646 \\u067e\\u0631\\u0648\\u0698\\u0647\",\"value\":\"45 \\u0631\\u0648\\u0632\",\"class\":\"fal fa-bell\"}]','2022-01-05 13:15:23','2022-08-04 14:40:10'),
(78,0,'یک نمونه در حال تست2','portfolio','text','fa','یک-نمونه-در-حال-تست2','<div id=\"desc\" class=\"c-content-expert js-product-tab-content is-active\" data-method=\"desc\">\r\n<article>\r\n<div class=\"o-box__header\" style=\"text-align: justify;\"><span class=\"o-box__title\">نقد و بررسی اجمالی</span><span class=\"o-box__header-desc\">Xiaomi POCO F3 5G M2012K11AG Dual SIM 256GB And 8GB RAM Mobile Phone</span></div>\r\n<section class=\"c-content-expert__summary\">\r\n<div class=\"c-mask js-mask\">\r\n<div class=\"c-mask__text c-mask__text--product-summary js-mask__text is-active\" style=\"text-align: justify;\">گوشی موبایل شیائومی مدل Poco F3 دو سیم&zwnj; کارت ظرفیت 256 گیگابایت از جمله محصولات برند شیائومی که در سال 2021 روانه بازار شده است. این محصول دارای ساختاری متوازن و خوش&zwnj;ساخت بدون پشتیبانی از تکنولوژی 5G روانه بازار شده است. این محصول از بدنه شیشه&zwnj;ای و فریم پلاستیکی ساخته شده است که قاب جلو شیشه&zwnj;ای جلوه ویژه&zwnj;ای به این مدل بخشیده است. صفحه&zwnj;نمایش گوشی موبایل شیائومی مدل POCO F3 دو سیم&zwnj; کارت ظرفیت 256 گیگابایت در اندازه 6.67 منتشر شده است. این صفحه&zwnj;نمایش کاملاً تمام&zwnj;صفحه است و در بالا وسط اثری از بریدگی یا حفره دوربین سلفی وجود دیده می&zwnj;شود. دوربین سلفی این محصول دارای حسگر 20 مگاپیکسلی است .صحفه&zwnj;نمایش گوشی موبایل شیائومی مدل POCO F3 با استفاده از فناوری Corning Gorilla Glass 5 در برابر خط&zwnj;وخش و صدمات احتمالی محافظت می&zwnj;شود. گفتنی است 3 دوربین که سنسور اصلی آن 48 مگاپیکسلی است در قسمت پشتی این گوشی جا خوش کرده&zwnj;اند. این دوربین&zwnj;ها قادر هستند ویدئوی 4K را ثبت و ضبط کنند. دوربین&zwnj; سلفی این محصول هم به سنسوری 20 مگاپیکسلی مجهز شده است. بلوتوث نسخه 5.1 ، نسخه 11 سیستم عامل اندروید و باتری 4520 میلی&zwnj;آمپرساعتی از دیگر ویژگی&zwnj;&zwnj;های این گوشی جدید هستند.</div>\r\n</div>\r\n</section>\r\n<div class=\"c-content-expert__separator\" style=\"text-align: justify;\">&nbsp;</div>\r\n</article>\r\n</div>\r\n<div id=\"expert_review\" class=\"c-content-expert js-product-tab-content is-active\" data-method=\"expert_review\">\r\n<article>\r\n<div class=\"o-box__header\" style=\"text-align: justify;\"><span class=\"o-box__title\">نقد و بررسی تخصصی</span><span class=\"o-box__header-desc\">Xiaomi POCO F3 5G M2012K11AG Dual SIM 256GB And 8GB RAM Mobile Phone</span></div>\r\n<div class=\"c-content-expert__articles js-product-review-container is-open\">\r\n<section class=\"c-content-expert__article js-expert-article is-active\">\r\n<h3 class=\"c-content-expert__title\">معرفی</h3>\r\n<div class=\"c-content-expert__text\">\r\n<p>&nbsp;</p>\r\n<p style=\"text-align: justify;\">بسیاری از ما به دلیل بالا بودن قیمت گوشی&zwnj;های پرچمدار امکان خرید این محصولات را نداریم. بنابراین در بازار گوشی&zwnj;های میان&zwnj;رده باید گوشی مورد نظر خود را جستجو کنیم. حال در این میان شرکت بزرگ شیائومی که یکی از بزرگترین شرکت&zwnj;های تولید کننده گوشی موبایل در جهان است تنوع بالایی از گوشی&zwnj;های میان&zwnj;رده با کیفیت و هزینه معقول روانه بازار کرده است. سری پوکو برند شیائومی یکی از محبوب&zwnj;ترین میان&zwnj;رده&zwnj;های موجود در بازار است.&nbsp;شیائومی این بار گوشی موبایل&nbsp;POCO F3 را طراحی کرده است. این گوشی در بعضی از سطوح در حد و اندازه یک پرچمدار است.&nbsp;&nbsp;این گوشی موبایل دارای یک طراحی زیبا &nbsp;در قامت&nbsp;یک پرچمدار در اواخر مارس ۲۰۲۱ معرفی شده است.&nbsp;شیائومی نسخه POCO F3 با تکنولوژی 5G&nbsp;را با وزنی مناسب و یک طراحی متفاوت نسبت به سری&zwnj;های قبلی روانه بازار کرده است.&nbsp;شرکت شیائومی برای گوشی&nbsp;POCO F3 هم سه دوربین واید، التراواید و ماکرو در نظر کرفته است. تراشه یا چیپست رده بالا از دیگر امکانات قابل ذکر و مهم این مدل است.&nbsp;شرکت شیائومی با ساخت گوشی موبایل مدل POCO F3 5G M2012K11AG بار دیگر سعی کرده است تا سهم بازار خود را در گوشی&lrm;&zwnj;های میان رده حفظ کند.</p>\r\n<p>&nbsp;</p>\r\n</div>\r\n<div class=\"c-content-expert__text c-content-expert__text--center\">\r\n<div class=\"c-content-expert__img c-content-expert__img--center\"><img src=\"https://dkstatics-public.digikala.com/digikala-reviews/00c4d45f3cf6b7f832cdb70084716c8b0adfdefc_1627204357.jpg?x-oss-process=image/resize,w_960/quality,q_70\" data-src=\"https://dkstatics-public.digikala.com/digikala-reviews/00c4d45f3cf6b7f832cdb70084716c8b0adfdefc_1627204357.jpg?x-oss-process=image/resize,w_960/quality,q_70\" /></div>\r\n</div>\r\n</section>\r\n<section class=\"c-content-expert__article js-expert-article is-active\">\r\n<h3 class=\"c-content-expert__title\">طراحی و صفحه نمایش</h3>\r\n<div class=\"c-content-expert__text\">\r\n<p>&nbsp;</p>\r\n<p style=\"text-align: justify;\">طراحی و ظاهر مدل&nbsp;POCO F3 اندکی با سری&zwnj;های قبلی&nbsp;POCO متفاوت&zwnj;تر است. بدنه جلو وعقب گوشی توسط&nbsp;&nbsp;گوریلا گلس ۵ محافظت شده است. همچنین مهندسان شیائومی مدل&nbsp;POCO F3 را به گواهینامه IP53 مجهز کرده&zwnj;اند که به این معنا است که این محصول در برابر قطرات آب و گردوغبار مقاوم است.&nbsp;&nbsp;قاب پشتی گوشی POCO F3 مانند بسیاری از گوشی&zwnj;های مدرن که درعین سادگی به کیفیت هم فکر می&zwnj;کنند از یک رنگ و بافت منحصربه&zwnj;فرد برخوردارند و دارای طراحی خاصی است. برخلاف سری&zwnj;های پیشین&nbsp;POCO حسگر های دوربین از مرکز پشت قاب، به گوشه نقل مکان کرده&zwnj;اند. سنسور اثرانگشت هم روی لبه قاب تعبیه شده که به همراه کلید&zwnj;های کنترل صدا در یک سمت قرار گرفته است.&nbsp;قاب جلویی گوشی را یک نمایشگر تمام صفحه پر کرده است. گوشی F3&nbsp;از صفحه&zwnj;نمایشی بزرگ بهره می&zwnj;برد که شیائومی این روزها ارائه می&zwnj;دهد. صفحه&zwnj;نمایش 6.67 اینچی Full HD Plus با فناوری AMOLED با محافظ گوریلا گلس ۵ همراه&zwnj;شده است. این صفحه نمایش با دقت تصویر ۲۴۰۰ &times; ۱۰۸۰ پیکسل و تراکم پیکسلی ۳۹۵ پیکسل در هر اینچ، کیفیت مرغوبی را برای تماشای ویدیو، بازی کردن و گشت&zwnj;وگذار در اینترنت برای کاربران فراهم می&zwnj;کند. در این صفحه نمایش از فناوری E4 AMOLED بهره گرفته شده است علاوه بر اینکه&nbsp;می&zwnj;تواند تا ۱۶ میلیون رنگ را به راحتی آنالیز و نمایش دهد باعث افزایش ۱۵ درصدی عمر باتری هم خواهد شد. وجود نمایشگر با فناوری&nbsp;HDR10+ و 1300 نیت روشنایی موجب بهبود کیفیت رنگ&zwnj;ها شده است.&nbsp;بنابراین شما می&zwnj;توانید رنگ&zwnj;ها را در صفحه&zwnj;نمایش POCO F3&nbsp;بسیار زنده و با جزئیات مشاهده کنید.</p>\r\n<p>&nbsp;</p>\r\n</div>\r\n<div class=\"c-content-expert__text c-content-expert__text--center\">\r\n<div class=\"c-content-expert__img c-content-expert__img--center\"><img src=\"https://dkstatics-public.digikala.com/digikala-reviews/1d7c2d87290c00401a6fa68ce3ca3d21ef756fd8_1627218463.jpg?x-oss-process=image/resize,w_960/quality,q_70\" data-src=\"https://dkstatics-public.digikala.com/digikala-reviews/1d7c2d87290c00401a6fa68ce3ca3d21ef756fd8_1627218463.jpg?x-oss-process=image/resize,w_960/quality,q_70\" /></div>\r\n</div>\r\n</section>\r\n<section class=\"c-content-expert__article js-expert-article is-active\">\r\n<h3 class=\"c-content-expert__title\" style=\"text-align: justify;\">عملکرد</h3>\r\n<div class=\"c-content-expert__text c-content-expert__text--row\">\r\n<div class=\"c-content-expert__text--right\">\r\n<p style=\"text-align: justify;\">&nbsp;</p>\r\n<p style=\"text-align: justify;\">اگر بخواهیم به&zwnj;صورت کاملا فنی و دقیق به مهم&zwnj;ترین بخش&zwnj;های داخلی سخت&zwnj;افزاری گوشی که تراشه، پردازنده، پردازنده گرافیکی و حافظه&zwnj;ها هستند به طور خلاصه نگاهی داشت، می&zwnj;&zwnj;توان گفت که گوشی موبایل پوکو مدل POCO F3 M2012K11AG دو سیم&zwnj; کارت ظرفیت 256 گیگابایت به تراشه Qualcomm SM8250-AC Snapdragon 870 5G (7 nm) Chipset مجهز شده است. تراشه&zwnj;ای که برای استفاده روی گوشی&zwnj;های میان&zwnj;رده&nbsp;رو به&zwnj; بالا&nbsp;ساخته و طراحی&zwnj;شده است. این تراشه ۳ پردازنده Kryo 585، Triple-Core Kryo 585 و&nbsp;Quad-Core Kryo 585 با فرکانس&zwnj;های&nbsp;3.2، 2.42، 1.80 گیگاهرتز&nbsp;را در خود قرار داده که بتواند سرعت و قدرت عملیاتی بالایی را برای گوشی را فراهم کند. روی این تراشه از پردازنده گرافیکی Adreno 650 GPU هم استفاده&zwnj;شده است که می&zwnj;توان با آن کارها و بازی&zwnj;های گرافیکی معمولی یا نیمه&zwnj;سنگین و در برخی اوقات سنگین را هم انجام داد. باید به این اشاره داشته باشیم که پردازنده این گوشی ۶۴ بیتی بوده و دارای سرعت بسیار بالاتری نسبت به پردازنده&zwnj;های ۳۲ بیتی است. ۸ گیگابایت حافظه رم هم برای این تلفن همراه هوشمند در نظر گرفته&zwnj;شده تا گوشی در بهترین حالت ممکن بتواند چند کار را با هم انجام دهد ولی با کمی کاهش سرعت روبرو می&zwnj;شود. این مقدار حافظه رم نقطه ضعفی برای این گوشی محبوب نیست. سازندگان POCO F3&nbsp;برای این مدل از حافظه داخلی ۲۵۶ گیگابایت استفاده کرده&zwnj;اند. در آزمایشات ما نشان&zwnj;داده شده است که این گوشی با این مقدار حافظه و RAM می&zwnj;تواند به راحتی پاسخ گوی نیازهای شما باشد. همچنین شیائومی با بکارگیری فناوری&nbsp;LiquidCool یا خنک&zwnj;کننده مایع، موجب خنک شدن گوشی در هنگام اجرای برنامه&zwnj;های سنگین شده است که این امر باعث بهبود عملکرد کلی دستگاه می&zwnj;شود.</p>\r\n<p>&nbsp;</p>\r\n</div>\r\n<div class=\"c-content-expert__img c-content-expert__img--left\"><img src=\"https://dkstatics-public.digikala.com/digikala-reviews/a3c8312aecf3195e6b027f264218f5ca7353e15d_1627216323.jpg?x-oss-process=image/resize,w_360/quality,q_70\" data-src=\"https://dkstatics-public.digikala.com/digikala-reviews/a3c8312aecf3195e6b027f264218f5ca7353e15d_1627216323.jpg?x-oss-process=image/resize,w_360/quality,q_70\" /></div>\r\n</div>\r\n</section>\r\n<section class=\"c-content-expert__article js-expert-article is-active\">\r\n<h3 class=\"c-content-expert__title\">دوربین</h3>\r\n<div class=\"c-content-expert__text c-content-expert__text--row\">\r\n<div class=\"c-content-expert__img c-content-expert__img--right\"><img src=\"https://dkstatics-public.digikala.com/digikala-reviews/97fcbb6be33fa25137c14ef7645357fbc16d3a5e_1627216869.jpg?x-oss-process=image/resize,w_360/quality,q_70\" data-src=\"https://dkstatics-public.digikala.com/digikala-reviews/97fcbb6be33fa25137c14ef7645357fbc16d3a5e_1627216869.jpg?x-oss-process=image/resize,w_360/quality,q_70\" /></div>\r\n<div class=\"c-content-expert__text--left\">\r\n<p style=\"text-align: justify;\">&nbsp;</p>\r\n<p style=\"text-align: justify;\">POCO F3 هم با سه دوربین ۴۸، ۸&nbsp;و ۵ مگاپیکسل معرفی شد. دوربین مخصوص و بسیار محبوب عکاسی از اجسام بسیار ریز یا همان ماکرو دارای قدرت بیشتری شده بود و طرفداران این نوع عکاسی که از محصولات شیائومی استفاده می&zwnj;کردند نظرات بسیار مثبتی به این موضوع داشتند. حالا شیائومی، دوربین POCO F3&nbsp;خود را با یک لنز فوق عریض با رزولوشن بالا و یک لنز ماکرو ۵&nbsp;مگاپیکسلی ارتقاء داده است. به این ترتیب دوربین POCO&nbsp;F3 شامل سه دوربین روی قاب پشتی است. این دوربین&zwnj;ها شامل یک لنز اصلی با رزولوشن ۴۸ مگاپیکسل، یک لنز فوق عریض ۸ مگاپیکسل&nbsp;و یک لنز ماکرو ۵ مگاپیکسلی است. البته یک فلش LED دوربین هم تعبیه&zwnj;شده است. در قاب&nbsp;جلو هم یک دوربین سلفی ۲۰ مگاپیکسل قرار گرفته است.&nbsp;دوربین اصلی POCO&nbsp;F3، عکس&zwnj;های بسیار خوبی را ثبت می&zwnj;کند و رنگ&zwnj;های طبیعی با جزئیات فراوان را برای کاربر به همراه دارد. همچنین عکس&zwnj;ها از رنگ، کنتراست و گستره داینامیک (Dynamic Range) خوبی برخوردار است. البته گستره داینامیک با استفاده از HDR هم تقویت می&zwnj;شود که البته برخی از جزئیات عکس در حین پردازش از بین می&zwnj;رود. کاهش نویز در تصاویر هم به&zwnj;خوبی انجام می&zwnj;گیرد. به&zwnj;طور کلی عکس&zwnj;های ۴۸ مگاپیکسلی پیش&zwnj;فرض برای یک گوشی میان&zwnj;رده رو به بالا کاملا&nbsp;عالی و قابل&zwnj;قبول هستند.&nbsp;به لطف وجود سنسور ماکرو، امکان ثبت تصاویر باکیفیت از فاصله بسیار نزدیک فراهم&zwnj;شده است. دوربین ۵ مگاپیکسلی ماکرو دارای فوکس ثابت در فاصله ۳ الی ۵ سانتی&zwnj;متری است؛ از این&zwnj;رو اگر سوژه مورد نظر در این فاصله قرار نگرفته باشد، با تصاویر تار مواجه خواهیم بود. استفاده از سنسور عمق برای عکاسی&lrm;&zwnj;های پرتره کاربرد دارد که باعث می&zwnj;&lrm;شود تصویر پشت سوژه محو (Bukeh) به نظر برسد. گفتنی است گه از لنز ماکرو می&zwnj;توان برای عکاسی از اجسام&nbsp;بسیار ریز هم مورد استفاده باشد.&nbsp;عکس&zwnj;های ثبت&zwnj;شده در نور کم هم همچنان از کیفیت مطلوبی برخوردارند. تصاویر از رنگ&zwnj;های خوبی برخوردار است و نویز در سطح پایین نگه&zwnj;داشته می&zwnj;شود.</p>\r\n<p style=\"text-align: justify;\">&nbsp;</p>\r\n</div>\r\n</div>\r\n<div class=\"c-content-expert__text\">\r\n<p>&nbsp;</p>\r\n<p style=\"text-align: justify;\">گوشی موبایل پوکو مدل F3&nbsp;دو سیم&zwnj; کارت ظرفیت 256 گیگابایت&nbsp;همچنین می&zwnj;تواند ویدیوهایی با رزولوشن&zwnj;ها و سرعت&zwnj;های مختلفی را &nbsp;با دوربین اصلی، لنز فوق عریض و دوربین سلفی فیلمبرداری ضبط کند. موضوعی که در فیلم&zwnj;برداری POCO F3 برای تمامی کاربران و منتقدان جالب و ارزشمند است، این بوده که این گوشی توانایی این را دارد که با حالات و سرعت&zwnj;های مختلفی فیلمبرداری کند و با تثبیت&zwnj;کننده الکترونیکی تصویر مبتنی بر ژیروسکوپ (gyro-EIS) تصاویری بسیار دقیق و با کیفیت را برای ما ثبت کند. همچنین ویدیوها از کنتراست و Dynamic Range خوبی برخوردار هستند. با متداول شدن دوربین&zwnj;هایی با کیفیت تصویر بهتر و بالاتر و افزایش قدرت بزرگنمایی دوربین&zwnj;ها از سمتی دیگر، مشکلات و ایرادهای تصویر در مواقع مختلف بیشتر به چشم کاربران می&zwnj;آید. حساسیت نسبت به تامین تصویری با کیفیت در تمامی شرایط و تمام طول شبانه روز افزایش قابل توجهی پیدا کرده است. EIS و یا (DIS (Digital Image Stabilization بر مبنای الگوریتم&zwnj;هایی کار می&zwnj;کند که به شبیه&zwnj;سازی حرکات دوربین و نیز کاهش اثر این حرکات در تصویر می&zwnj;پردازند. نقطه ضعف این روش این است که امکان دارد حرکت اجسام متحرک در تصویر (به ویژه اجسام متحرک با سرعت بالا) با ارتعاش ایجاد شده بر روی کل دوربین اشتباه گرفته شود. مزیت این روش نیز، عدم استفاده از قطعات بیشتر و هزینه کم پیاده&zwnj;سازی آن است. برای رفع مشکل ذکر شده از تکنیک Optical Image Stabilization استفاده می&zwnj;کنند. این تکنیک بر مبنای داده&zwnj;های حاصل از Gyroscope و یا همان شتاب&zwnj;سنج برای تشخیص و اندازه&zwnj;گیری میزان حرکت دوربین طی یک ارتعاش (لرزه) کار می&zwnj;کند. اطلاعات به&zwnj;دست&zwnj;آمده از شتاب&zwnj;سنج&zwnj;ها صرفا محدود به حرکت افقی و عمودی دوربین (Pan&amp;Tilt) هستند و باید بعدا توسط رله&zwnj;ها به&zwnj;سمت محرک&zwnj;ها (Actuator) موتور کنترل&zwnj;کننده لنز هدایت شوند. در بعضی موارد به جای حرکت لنز،&nbsp;سنسور تصویر توسط موتورهای خطی حرکت داده می&zwnj;شود. در هر صورت&zwnj;، چه لنز حرکت کند یا سنسور، این حرکات با این هدف است که نور درست همانند وقتی که لرزشی در کار نیست به سنسور برسد. این روش به ویژه در مواردی که از لنزهای با فاصله کانونی&zwnj;های دورتر (Longer Focal Length) استفاده می&zwnj;کنیم کاربرد دارد و نیز در تصویر برداری در محیط کم نور به بهبود تصویر کمک میکند. تنها نکته منفی در این روش هزینه بالای آن است.</p>\r\n<p>&nbsp;</p>\r\n</div>\r\n</section>\r\n<section class=\"c-content-expert__article js-expert-article is-active\">\r\n<h3 class=\"c-content-expert__title\" style=\"text-align: justify;\">باتری</h3>\r\n<div class=\"c-content-expert__text\" style=\"text-align: justify;\">\r\n<p>&nbsp;</p>\r\n<p>گوشی موبایل شیائومی POCO F3&nbsp;دو سیم&zwnj; کارت&nbsp;یک&nbsp;باتری لیتیوم-پلیمر با ظرفیت 4520 میلی&zwnj;آمپرساعت دارد. این میزان ظرفیت باتری فوق&zwnj;العاده است و می&zwnj;تواند این گوشی را به محصولی شگفت&zwnj;انگیز از لحاظ قدرت و ماندگاری شارژ باتری در بین محصولات میان&zwnj;رده بازار تبدیل کند. باتری در شرایط استفاده معمولی، می&zwnj;تواند ۲ الی ۳ روز گوشی را روشن نگه دارد. با این حال تماشای فیلم با صفحه نمایش کاملا روشن و بازی کردن، مخصوصا بازی&zwnj;های سبک، مصرف باتری را بالا می&zwnj;برد و اینجا است که مشاهده می&zwnj;کنید باتری زودتر تمام می&zwnj;شود. این باتری استفاده شده در F3&nbsp;لیتیوم-پولیمری است که جدیدترین نوع باتری برای استفاده در گوشی&zwnj;ها است. گفتنی است طبق ادعای شیائومی باتری این گوشی&nbsp;52 زمان برای تکمیل شارژ نیاز دارد و این موضوع نشان از شارژر سریع 33 واتی اسن محصول است.</p>\r\n<p>&nbsp;</p>\r\n</div>\r\n<div class=\"c-content-expert__text c-content-expert__text--center\">\r\n<div class=\"c-content-expert__img c-content-expert__img--center\" style=\"text-align: justify;\"><img src=\"https://dkstatics-public.digikala.com/digikala-reviews/141d70d774c18b260165c729453ee838a7102155_1627218204.jpg?x-oss-process=image/resize,w_960/quality,q_70\" data-src=\"https://dkstatics-public.digikala.com/digikala-reviews/141d70d774c18b260165c729453ee838a7102155_1627218204.jpg?x-oss-process=image/resize,w_960/quality,q_70\" /></div>\r\n</div>\r\n</section>\r\n</div>\r\n</article>\r\n</div>',NULL,'open13.png',NULL,NULL,NULL,'active','open',412,412,',شرکتی,طراحی سایت,نمونه کار فروشگاهی,خبری','443,444,447','public',0.00,NULL,0,3,'[{\"name\":\"\\u062a\\u06a9\\u0646\\u0648\\u0644\\u0648\\u0698\\u06cc \\u0645\\u0648\\u0631\\u062f \\u0627\\u0633\\u062a\\u0641\\u0627\\u062f\\u0647\",\"value\":\"php , VueJs , NodeJs , Csst , Laravel , Redis , Material\",\"class\":\"fal fa-user\"},{\"name\":\"\\u0627\\u062f\\u0631\\u0633 \\u062f\\u0627\\u0645\\u0646\\u0647\",\"value\":\"http:\\/\\/sakha.com\",\"class\":\"fal fa-globe\"},{\"name\":\"\\u0646\\u0648\\u0639 \\u0633\\u0627\\u06cc\\u062a\",\"value\":\"\\u0641\\u0631\\u0648\\u0634\\u06af\\u0627\\u0647\\u06cc \\u060c \\u062e\\u0628\\u0631\\u06cc\",\"class\":\"fal fa-bookmark\"},{\"name\":\"\\u0632\\u0645\\u0627\\u0646 \\u067e\\u0631\\u0648\\u0698\\u0647\",\"value\":\"45 \\u0631\\u0648\\u0632\",\"class\":\"fal fa-bell\"}]','2022-01-05 13:41:07','2022-08-04 14:40:10'),
(82,0,'شرایط و ضوابط','page','text','fa','conditions','<p>قوانن و مقررات</p>',NULL,NULL,NULL,NULL,NULL,'active','close',412,412,'','','public',0.00,NULL,0,3,'','2022-01-06 14:04:56','2022-08-04 14:40:10'),
(85,0,'صفحه الکی برای تست ریدایرکت','page','text','fa','alaki','<p>باید به صفحه جدید ریدایرکت شود</p>',NULL,NULL,NULL,NULL,NULL,'active','open',412,412,'','','public',0.00,NULL,0,0,'','2022-09-06 12:41:41',NULL),
(86,0,'صفحه مقصد','page','text','fa','maghsad','<p>شما به این صفحه هدایت شدید</p>',NULL,NULL,NULL,NULL,NULL,'active','open',412,412,'','','public',0.00,NULL,0,0,'','2022-09-06 12:42:30',NULL);

--
-- Table structure for table `ms011_question`
--

CREATE TABLE `ms011_question` (
  `id` bigint(20) unsigned NOT NULL AUTO_INCREMENT,
  `relate_to` varchar(20) NOT NULL,
  `relate_id` int(10) unsigned zerofill DEFAULT NULL,
  `user_id` int(10) unsigned zerofill DEFAULT 0000000000,
  `parent_id` int(11) DEFAULT 0,
  `nickname` varchar(255) DEFAULT NULL,
  `email` varchar(255) DEFAULT NULL,
  `mobile` varchar(20) DEFAULT NULL,
  `url` varchar(255) CHARACTER SET utf8mb4 COLLATE utf8mb4_persian_ci DEFAULT NULL COMMENT 'سایت کاربر',
  `ip` varchar(255) DEFAULT NULL,
  `title` varchar(255) DEFAULT NULL,
  `content` mediumtext DEFAULT NULL,
  `status` varchar(15) DEFAULT 'pending',
  `agent` varchar(255) DEFAULT NULL,
  `rate` int(11) DEFAULT NULL COMMENT 'star',
  `reaction_up` int(11) DEFAULT 0,
  `reaction_down` int(11) DEFAULT 0,
  `reaction_ids` mediumtext DEFAULT NULL,
  `edit_by` int(11) DEFAULT NULL,
  `created_at` timestamp NULL DEFAULT current_timestamp(),
  `updated_at` timestamp NULL DEFAULT NULL ON UPDATE current_timestamp(),
  PRIMARY KEY (`id`),
  KEY `comments_post_id_index` (`relate_id`)
) ENGINE=MyISAM AUTO_INCREMENT=524 DEFAULT CHARSET=utf8mb4 COLLATE=utf8mb4_unicode_ci;

--
-- Dumping data for table `ms011_question`
--

INSERT INTO `ms011_question` VALUES
(46,'product',0000000052,0000000403,0,'آریا هاشمی','mohammadshoja@gmail.com','09856412365',NULL,'192.168.1.10','','نظر دوستان چیه بخرم ؟','trash','',1,NULL,NULL,NULL,0,'2022-06-22 05:59:28','2022-07-21 03:41:33'),
(48,'product',0000000052,0000000107,47,'فاطمه علیپور','','09111182028',NULL,'','من که راضیم','اره حرف نداره منم از این سایت خوشم اومد از این به بعد به این سایت بیشتر سر میزنم','active','',5,NULL,1,'0,412',1,'2022-06-23 05:59:28','2022-07-20 07:26:04'),
(49,'product',0000000052,0000000099,47,'احمد روسول نیا','ahmad@gmail.com','09113659874',NULL,'','نخرید بهتره','بهتره این دفعه با دقت بیشتری ببینم من متوجه این همه جزییات نشدم','active','',3,1,NULL,'0,412',1,'2022-06-24 05:59:28','2022-07-20 07:15:46'),
(51,'product',0000000052,0000000403,46,'آریا وارسته','','09353501323',NULL,'','اقا بهترین گزینه همینه','خوبه که میدونی :)','active','',5,1,NULL,'0,412',0,'2022-06-25 05:59:28','2022-07-20 07:15:22'),
(55,'product',0000000052,0000000001,46,'محمد شجاع','','09353501323',NULL,'','تو این قیمت حرف نداره','یه دونه ای داداش','active','',2,1,NULL,'0,412',0,'2022-06-26 05:59:28','2022-07-20 07:26:26'),
(47,'product',0000000052,0000000403,0,'آریا هاشمی','mohammadshoja@gmail.com','09856412365',NULL,'192.168.1.10','خوبه','من از این سایت خوشم اومد','active','',1,NULL,1,'0,412',0,'2022-06-27 05:59:28','2022-07-21 05:13:39'),
(500,'product',0000000052,0000000412,46,'محمد شجاع','mohammadshoja65@gmail.com','09115119590','','::1','گوشی موبایل اپل مدل iPhone 13 A2634 دو سیم کارت ظرفیت 128 گیگابایت و رم 4 گیگابایت','بنظرم بخر گوشی خوبیه','active','0',0,1,0,'0,412',NULL,'2022-07-20 08:36:48','2022-07-21 02:51:14'),
(516,'product',0000000052,0000000412,0,'محمد شجاع','mohammadshoja65@gmail.com','09115119590','','::1','گوشی موبایل اپل مدل iPhone 13 A2634 دو سیم کارت ظرفیت 128 گیگابایت و رم 4 گیگابایت','ایا بعد خرید و باز کردن جعبه باز هم شامل گارانتی میشود ؟','active','0',0,0,0,NULL,NULL,'2022-07-21 03:04:37','2022-07-21 03:24:35'),
(517,'product',0000000052,0000000412,0,'محمد شجاع','mohammadshoja65@gmail.com','09115119590','','::1','گوشی موبایل اپل مدل iPhone 13 A2634 دو سیم کارت ظرفیت 128 گیگابایت و رم 4 گیگابایت','چگونه میتوانم از موجودی کالا با خبر شوم ؟','active','0',0,0,0,NULL,NULL,'2022-07-21 03:06:02','2022-07-21 03:16:20'),
(518,'post',0000000052,0000000412,517,'محمد شجاع','mohammadshoja65@gmail.com','09115119590',NULL,NULL,NULL,'میتونی از صفحه سفارشات پیگیر بشید','active',NULL,NULL,0,0,NULL,412,'2022-07-21 03:18:07',NULL),
(519,'product',0000000052,0000000412,516,'محمد شجاع','mohammadshoja65@gmail.com','09115119590','','::1','گوشی موبایل اپل مدل iPhone 13 A2634 دو سیم کارت ظرفیت 128 گیگابایت و رم 4 گیگابایت','بله گارانتی بر اساس مدت اعتبار کار میکنه نه باز کردن بسته بندی','active','0',0,1,0,'0,412',NULL,'2022-07-21 03:44:00','2022-07-21 03:44:42'),
(520,'product',0000000052,0000000412,516,'محمد شجاع','mohammadshoja65@gmail.com','09115119590','','::1','گوشی موبایل اپل مدل iPhone 13 A2634 دو سیم کارت ظرفیت 128 گیگابایت و رم 4 گیگابایت','اصلا گوشی خوبی نیست','active','0',0,0,1,'0,412',NULL,'2022-07-21 03:45:06','2022-07-21 03:45:33'),
(521,'product',0000000052,0000000412,0,'محمد شجاع','mohammadshoja65@gmail.com','09115119590','','::1','گوشی موبایل اپل مدل iPhone 13 A2634 دو سیم کارت ظرفیت 128 گیگابایت و رم 4 گیگابایت','برای خرید این دمو باید چقدر پرداخت کنم ؟','active','0',0,0,0,NULL,NULL,'2022-07-21 05:14:29','2022-07-21 05:14:49'),
(522,'product',0000000052,0000000412,521,'محمد شجاع','mohammadshoja65@gmail.com','09115119590','','::1','گوشی موبایل اپل مدل iPhone 13 A2634 دو سیم کارت ظرفیت 128 گیگابایت و رم 4 گیگابایت','شما میتونید با مبلغ خیلی مناسبی این دمو رو دریافت و کسب و کار خودتون رو شروع کنید\r\nو همیشه هم از پشتیبانی ما بهره مند باشید','active','0',0,0,0,NULL,NULL,'2022-07-21 05:16:19','2022-07-21 05:16:43'),
(523,'product',0000000052,0000000412,47,'محمد شجاع','mohammadshoja65@gmail.com','09115119590','','::1','گوشی موبایل اپل مدل iPhone 13 A2634 دو سیم کارت ظرفیت 128 گیگابایت و رم 4 گیگابایت','منم همینطور','pending','0',0,0,0,NULL,NULL,'2022-07-23 06:51:46','2022-07-23 06:51:46');

--
-- Table structure for table `ms011_redirect`
--

CREATE TABLE `ms011_redirect` (
  `id` bigint(20) unsigned NOT NULL AUTO_INCREMENT,
  `old_url` varchar(255) NOT NULL,
  `new_url` varchar(255) DEFAULT NULL,
  `type` varchar(100) DEFAULT '301' COMMENT 'نوع انتقال',
  `ip` varchar(100) DEFAULT NULL,
  `created_by` int(11) DEFAULT NULL,
  `updated_by` int(11) DEFAULT NULL,
  `created_at` timestamp NULL DEFAULT current_timestamp(),
  `updated_at` timestamp NULL DEFAULT NULL ON UPDATE current_timestamp(),
  PRIMARY KEY (`id`),
  KEY `comments_post_id_index` (`new_url`(250))
) ENGINE=MyISAM AUTO_INCREMENT=188 DEFAULT CHARSET=utf8mb4 COLLATE=utf8mb4_unicode_ci;

--
-- Dumping data for table `ms011_redirect`
--

INSERT INTO `ms011_redirect` VALUES
(187,'http://localhost/yektashop/alaki','http://localhost/yektashop/maghsad','301',NULL,412,NULL,'2022-09-06 12:42:57',NULL);

--
-- Table structure for table `ms011_role`
--

CREATE TABLE `ms011_role` (
  `id` int(10) unsigned NOT NULL AUTO_INCREMENT,
  `role` varchar(30) DEFAULT NULL,
  `title` varchar(100) DEFAULT NULL,
  `menu` varchar(200) DEFAULT NULL COMMENT 'روتهای استثنا برای دیدن شدن درمنوی این نقش کاربری',
  `access_panel` varchar(10) DEFAULT 'no' COMMENT 'اجازه ورود به پنل ادمین',
  `created_at` timestamp NULL DEFAULT current_timestamp(),
  `updated_at` timestamp NULL DEFAULT NULL ON UPDATE current_timestamp(),
  PRIMARY KEY (`id`)
) ENGINE=MyISAM AUTO_INCREMENT=404 DEFAULT CHARSET=utf8mb4 COLLATE=utf8mb4_unicode_ci;

--
-- Dumping data for table `ms011_role`
--

INSERT INTO `ms011_role` VALUES
(399,'administrator','مدیر ارشد','administrator','yes','2021-02-02 14:38:01','2021-02-02 14:38:04'),
(400,'operator','اپراتور','operator','yes','2021-02-03 08:57:17','2021-07-29 12:09:52'),
(401,'personal','پرسنل','administrator','yes','2021-02-03 08:59:04','2021-02-03 08:59:06'),
(402,'customer','مشتری','','no','2021-02-03 08:59:07','2021-02-03 08:59:14'),
(403,'rs_agent','نماینده املاک','operator','yes','2021-09-28 09:52:24','0000-00-00 00:00:00');

--
-- Table structure for table `ms011_search_history`
--

CREATE TABLE `ms011_search_history` (
  `id` bigint(20) unsigned NOT NULL AUTO_INCREMENT,
  `relate_to` varchar(20) NOT NULL,
  `relate_id` int(11) DEFAULT NULL,
  `user_id` int(11) DEFAULT 0,
  `term` varchar(255) DEFAULT NULL,
  `created_at` timestamp NULL DEFAULT current_timestamp(),
  `updated_at` timestamp NULL DEFAULT NULL ON UPDATE current_timestamp(),
  PRIMARY KEY (`id`),
  KEY `comments_post_id_index` (`relate_id`)
) ENGINE=MyISAM AUTO_INCREMENT=108 DEFAULT CHARSET=utf8mb4 COLLATE=utf8mb4_unicode_ci;

--
-- Dumping data for table `ms011_search_history`
--


--
-- Table structure for table `ms011_shop_brand`
--

CREATE TABLE `ms011_shop_brand` (
  `id` int(11) NOT NULL AUTO_INCREMENT,
  `title_fa` varchar(200) DEFAULT NULL,
  `title_en` varchar(200) DEFAULT NULL,
  `description` varchar(255) DEFAULT NULL,
  `cats` varchar(255) DEFAULT NULL,
  `content` text DEFAULT NULL,
  `logo` varchar(255) DEFAULT NULL,
  `cover` varchar(255) DEFAULT NULL,
  `banner1_img` varchar(255) DEFAULT NULL,
  `banner1_title` varchar(255) DEFAULT NULL,
  `banner1_description` varchar(255) DEFAULT NULL,
  `banner1_link` varchar(255) DEFAULT NULL,
  `banner1_show` varchar(10) DEFAULT 'yes',
  `banner2_img` varchar(255) DEFAULT NULL,
  `banner2_title` varchar(255) DEFAULT NULL,
  `banner2_description` varchar(255) DEFAULT NULL,
  `banner2_link` varchar(255) DEFAULT NULL,
  `banner2_show` varchar(10) DEFAULT 'yes',
  `slug` varchar(255) DEFAULT NULL,
  `created_by` int(11) DEFAULT NULL,
  `updated_by` int(11) DEFAULT NULL,
  `created_at` timestamp NULL DEFAULT NULL,
  `updated_at` timestamp NULL DEFAULT NULL,
  PRIMARY KEY (`id`)
) ENGINE=InnoDB AUTO_INCREMENT=22 DEFAULT CHARSET=utf8mb3 COLLATE=utf8mb3_persian_ci;

--
-- Dumping data for table `ms011_shop_brand`
--

INSERT INTO `ms011_shop_brand` VALUES
(7,'سامسونگ','sumsung',NULL,'235,240,241',NULL,NULL,NULL,NULL,NULL,NULL,NULL,'yes',NULL,NULL,NULL,NULL,'yes',NULL,NULL,NULL,'2020-04-30 09:22:57','2022-03-10 03:09:53'),
(8,'اپل','apple',NULL,'235,240',NULL,'knowledge_graph_logo.png','iJjffyvXP6nSDMKwGsqAFc.jpg','Screenshot_2021_09_10_7.38.39_AM.0.jpg','گوشی های موبایل اپل','بسیار با کیفت خوش ساخت و گران هستند ، درصد زیادی از سهم بازار به این گوشی ها اختصاص دارد که با پوشش شبکه ای خوبی همراه است','apple.com','yes',NULL,NULL,NULL,NULL,'no','apple',NULL,412,'2020-04-30 09:51:51','2022-09-06 06:56:56'),
(9,'شیائومی','shiaeomi','','240',NULL,NULL,NULL,NULL,NULL,NULL,NULL,'yes',NULL,NULL,NULL,NULL,'yes',NULL,NULL,NULL,'2020-04-30 09:52:16','2021-10-02 10:37:39'),
(10,'ال جی','lg',NULL,'235,240',NULL,NULL,NULL,NULL,NULL,NULL,NULL,'yes',NULL,NULL,NULL,NULL,'yes',NULL,NULL,NULL,'2020-04-30 15:39:05','2022-03-10 03:09:35'),
(11,'سونی','sony',NULL,'235,240',NULL,NULL,NULL,NULL,NULL,NULL,NULL,'yes',NULL,NULL,NULL,NULL,'yes',NULL,NULL,NULL,'2020-05-23 11:45:20','2022-03-10 03:09:22'),
(12,'بلک بری','black bery',NULL,'235,240',NULL,NULL,NULL,NULL,NULL,NULL,NULL,'yes',NULL,NULL,NULL,NULL,'yes',NULL,NULL,NULL,'2021-06-03 04:17:05','2022-03-10 03:09:14'),
(14,'لنوو','lenovo',NULL,'235,240',NULL,NULL,NULL,NULL,NULL,NULL,NULL,'yes',NULL,NULL,NULL,NULL,'yes',NULL,NULL,NULL,'2021-06-03 05:14:10','2022-03-10 03:09:07'),
(15,'کاتر پیلار','CaterPilar','','252,272,273,274',NULL,NULL,NULL,NULL,NULL,NULL,NULL,'yes',NULL,NULL,NULL,NULL,'yes',NULL,NULL,NULL,'2021-08-13 16:23:28','2021-10-02 10:38:09'),
(18,'گوگل پیکسل','Google Pixel','','240',NULL,NULL,NULL,NULL,NULL,NULL,NULL,'yes',NULL,NULL,NULL,NULL,'yes',NULL,NULL,NULL,'2021-08-13 16:28:17','2021-10-02 10:36:17'),
(19,'آکادو','acado','','252,272,273,274',NULL,NULL,NULL,NULL,NULL,NULL,NULL,'yes',NULL,NULL,NULL,NULL,'yes',NULL,NULL,NULL,'2021-08-25 13:38:16','2021-10-02 10:36:05'),
(20,'نوکیا','nokia','','245,240',NULL,NULL,NULL,NULL,NULL,NULL,NULL,'yes',NULL,NULL,NULL,NULL,'yes',NULL,NULL,NULL,'2021-10-02 10:21:37','2021-10-02 10:35:37'),
(21,'ورساچی','versace','','245,423,241','<p>آیفون دارید؟ یا قصد خریدش را دارید؟ شاید هم منتظر آیفون۶ هستید! این مقاله به کارتان می&zwnj;آید!</p>\r\n<p><img style=\"float: right; border-width: 3px; margin: 15px;\" src=\"http://localhost/yektashop/uploads/media/contentiphon13-1.jpg\" alt=\"فروشگاه آنلاین یکتا شاپ\" width=\"224\" height=\"126\" /></p>\r\n<p>همیشه در گوشی&zwnj;های پرچم&zwnj;داری همچون آیفون که از سیستم عامل اختصاصی بهره می&zwnj;برند ترفند&zwnj;هایی وجود دارد که حتی شرکت سازنده نیز آن ها را به صورت رسمی اعلام نمی&zwnj;کند و پس از بررسی&zwnj;های دقیق تر ترفند&zwnj;های بسیار جالب و کاربردی در درون آن&zwnj;ها کشف می&zwnj;شود.</p>\r\n<p>سیستم عامل شیک و زیبای iOS با داشتن ظاهری بهینه و بهبود یافته در نسخه هفتم حالا از ویژگی&zwnj;هایی بهره می&zwnj;برد که تجربه کار با آیفون و آیپد را بسیار عالی&zwnj;تر کرده است. اما همیشه نکاتی وجود دارند که بتوانند کار کردن ما با این گجت&zwnj;ها را جالب&zwnj;تر و سریع&zwnj;تر کنند.</p>\r\n<p>با هم به سراغ بیست و پنج ترفند و راهنمای عالی در آیفون می&zwnj;رویم که بعد از اطلاع از آن&zwnj;ها آرزو خواهید کرد که کاش همیشه آن&zwnj;ها را می&zwnj;دانستید:</p>\r\n<p>&nbsp;</p>\r\n<p><strong>۱. بستن سه اپلیکیشن با یک حرکت</strong><br />نیاز دارید تا چند اپلیکیشن را خیلی سریع ببندید؟ خب برای اینکار نیاز نیست به جان گوشی خود بیفتید و هر دفعه یک اپلیکیشن را به بالا بکشید تا بسته شود، شما می&zwnj;توانید خیلی راحت با کشیدن سه انگشت خود بر روی صفحه به سمت بالا همزمان و در یک حرکت سه اپلیکیشن را با هم ببندید.</p>\r\n<p><strong>۲. خاموش کردن سریع چراغ قوه</strong><br />در کنترل سنتر iOS به گزینه روشن کردن چراغ قوه دسترسی داشته&zwnj;اید و آن را روشن کرده&zwnj;اید، اما برای خاموش کردن آن نیاز نیست به آن&zwnj;جا بازگردید، تنها با فشار دادن میان&zwnj;بر اپلیکیشن دوربین از صفحه قفل آن را خیلی سریع خاموش کنید.</p>\r\n<p><strong>۳. افقی یا عمودی</strong><br />ابزار leveling درونی iOS در واقع از ژیروسکوپ دستگاه استفاده می&zwnj;کند تا شما بفهمید شئ مورد نظرتان کاملا افقی (یا عمودی) است. برای دسترسی به آن وارد قطب نمای (compass) دستگاه شوید و سپس به سمت را سوایپ کنید (دست خود را بکشید) تا وارد ابزار Level شوید.</p>\r\n<p><strong>۴. استفاده از ابزار فرمت متن Blod ،italics ،underlining</strong><br />در اپلیکیشن&zwnj;هایی مثل ایمیل شما می&zwnj;توانید از ابزار&zwnj;های نوشتاری همچون بولد کردن یا پر رنگ کردن یک متن، ایتالیک یا کج کردن آن یا حتی آندرلاین یا خط کشی در زیر حروف استفاده کنید. اما اگر شما نمی&zwnj;دانستید چنین ابزاری را در اختیار دارید پس تا کنون آن را از دست داده&zwnj;اید.</p>\r\n<p>برای دسترسی به این ابزار ابتدا باید مقداری از متن دلخواه خود را برجسته یا highlight کنید سپس در پنجره کوچکی که برای کپی/پیست ظاهر می&zwnj;شود بر روی علامت پیکان تپ کنید، بعد از آن گزینه &ldquo;B / U&rdquo; را انتخاب کنید تا به گزینه&zwnj;های فرمت دهی متن دست پیدا کنید.</p>\r\n<p><strong>۵. خیلی سریع به عقب برگردید</strong><br />برخلاف اندروید، سیستم عامل iOS دکمه&zwnj;های اختصاصی برای بازگشتن به پنجره&zwnj;های قبلی ندارد اما اگر کمی با اعمال حرکتی آشنا باشید انجام دادن اینکار کاملا عادی، راحت و سریع می&zwnj;شود.</p>\r\n<p>در اپلیکیشن&zwnj;هایی مثل پیام&zwnj;ها (Messages) ، ایمیل&zwnj; (Mail) یا حتی سافاری از لبه صفحه نمایش به سمت راست دست خود را بکشید تا به پنجره قبلی دستگاه بازگردید. این عمل خاص حرکتی، حتی در اپلیکیشن&zwnj;های طرف سوم شبیه به اینستاگرام نیز جواب می&zwnj;دهد.</p>\r\n<p><strong>۶. ده ابزار کنترل به وسیله هدفون&zwnj;های ایرباد</strong><br />هندزفری&zwnj;های ایرباد آیفون پر از استعداد&zwnj;های پنهان هستند. با کمک آن&zwnj;ها شما می&zwnj;توانید عکس بگیرید، تماس&zwnj;ها را رد کنید و ویژگی&zwnj;های بیشتر. در پایین ۱۰ بخش کنترل شونده&zwnj;ای که توسط هدفون&zwnj;های ایرباد&zwnj;ها قابل کنترل هستند را لیست می&zwnj;کنیم:</p>\r\n<p>۱. اگر در حال گوش دادن به موسیقی هستید، می&zwnj;توانید با فشار دادن یک بار دکمه میانی هدفون آهنگ را متوقف یا دوباره پخش کنید.</p>\r\n<p>۲. برای اینکه آهنگی را به جلو ببرید، دکمه میانی آن را دوبار فشار دهید و در دومین بار دست خود را نگه دارید.</p>','bfabbf0a5fad27beeb6190fe7aa8e84cad2b7b20_1649640822.jpg','21f3924dc91d9722e27bf26520dc8f37bee2631d_1655514464.jpg','ezgif.com-gif-maker.gif','پرسیل پریمیوم، نسل جدید شوینده لباس','با هم به سراغ بیست و پنج ترفند و راهنمای عالی در آیفون می‌رویم که بعد از اطلاع از آن‌ها آرزو خواهید کرد که کاش همیشه آن‌ها را می‌دانستید','http://bazanil.com','yes','ezgif.com-gif-.gif','و باز هم پرسیل پریمیوم، نسل جدید شوینده لباس','با شماره 2 هم به سراغ بیست و پنج ترفند و راهنمای عالی در آیفون می‌رویم که بعد از اطلاع از آن‌ها آرزو خواهید کرد که کاش همیشه آن‌ها را می‌دانستید',NULL,'yes','versachi',NULL,412,'2021-10-02 11:20:17','2022-09-06 05:39:11');

--
-- Table structure for table `ms011_shop_color`
--

CREATE TABLE `ms011_shop_color` (
  `id` int(11) NOT NULL AUTO_INCREMENT,
  `title` varchar(200) DEFAULT NULL,
  `code` varchar(255) DEFAULT NULL,
  `created_at` timestamp NULL DEFAULT NULL,
  `updated_at` timestamp NULL DEFAULT NULL,
  PRIMARY KEY (`id`)
) ENGINE=InnoDB AUTO_INCREMENT=18 DEFAULT CHARSET=utf8mb3 COLLATE=utf8mb3_persian_ci;

--
-- Dumping data for table `ms011_shop_color`
--

INSERT INTO `ms011_shop_color` VALUES
(7,'قرمز','#f4516c','2020-04-30 09:22:57','2021-08-11 03:09:32'),
(8,'سبز روشن','#66f03e','2020-04-30 09:51:51','2021-08-11 03:08:57'),
(9,'آبی','#2211ee','2020-04-30 09:52:16','2021-08-11 03:08:46'),
(10,'سبز ایرانی','#32cf2e','2020-04-30 15:39:05','2021-08-11 03:08:03'),
(11,'صورتی','#ff0080','2020-05-23 11:45:20','2021-08-11 03:08:37'),
(12,'قرمز تیره','#a33333','2021-06-03 04:17:05','2021-08-11 03:08:29'),
(14,'پرتغالی','#f29a36','2021-06-03 05:14:10','2021-08-11 03:08:18'),
(15,'گلمه ای','#5029bc','2021-08-11 03:07:04','2021-08-11 03:07:04'),
(16,'بنفش','#9e26df','2022-03-03 04:54:38','2022-03-03 04:54:38'),
(17,'مشکی','#000000','2022-07-13 05:02:20','2022-07-13 05:02:20');

--
-- Table structure for table `ms011_shop_coupon_cart`
--

CREATE TABLE `ms011_shop_coupon_cart` (
  `id` int(11) NOT NULL AUTO_INCREMENT,
  `title` varchar(100) DEFAULT NULL,
  `code` varchar(100) DEFAULT NULL,
  `img` varchar(255) DEFAULT NULL,
  `date_range_from` datetime DEFAULT NULL,
  `date_range_to` datetime DEFAULT NULL,
  `percent` decimal(5,3) DEFAULT NULL,
  `price` decimal(10,1) DEFAULT NULL,
  `status` varchar(20) DEFAULT 'active',
  `created_by` int(11) DEFAULT NULL,
  `edited_by` int(11) DEFAULT NULL,
  `created_at` timestamp NULL DEFAULT NULL,
  `updated_at` timestamp NULL DEFAULT NULL,
  PRIMARY KEY (`id`)
) ENGINE=InnoDB AUTO_INCREMENT=45 DEFAULT CHARSET=utf8mb3 COLLATE=utf8mb3_persian_ci;

--
-- Dumping data for table `ms011_shop_coupon_cart`
--

INSERT INTO `ms011_shop_coupon_cart` VALUES
(38,'','spring-2021','uploads/coupon-cart/38_coupon_cart_fXf8q3B.jpg','2021-07-24 00:01:01','2021-09-22 23:59:59',0.200,0.0,'active',1,1,'2021-06-09 01:32:29','2021-08-15 08:09:29'),
(39,'','plan-Discount-vip','','2021-07-26 00:01:01','2021-08-10 23:59:59',0.540,0.0,'inactive',1,1,'2021-06-10 01:56:18','2021-08-15 08:11:47'),
(40,'کد تخفیف تابستانه','tabestan-dagh-1400','uploads/coupon-cart/40_coupon_cart_F8g1T8a.gif','2021-08-09 00:01:01','2021-08-31 23:59:59',0.120,0.0,'active',1,1,'2021-08-15 07:49:31','2021-08-15 08:06:06'),
(41,'کد تخفیف پاییز طلایی برای مهر . آبان 1400','paeez-talaei','uploads/coupon-cart/41_coupon_cart_jD5ig5g.jpg','2021-09-23 00:01:01','2021-11-21 23:59:59',0.150,0.0,'active',1,0,'2021-08-15 08:14:14','2021-08-15 08:14:14'),
(42,'کد بهاره 1401','bahar1401',NULL,'2022-03-10 00:01:01','2022-03-20 23:59:59',0.030,NULL,'active',412,NULL,'2022-03-10 14:45:16','2022-03-10 14:45:16'),
(43,'کوپن تخفیف تابستانه','2020',NULL,'2022-07-21 00:01:01','2022-08-22 23:59:59',0.070,NULL,'active',412,NULL,'2022-07-21 13:33:11','2022-07-21 13:33:11'),
(44,'کوپن 20','a20',NULL,'2022-08-25 00:01:01','2022-09-22 23:59:59',0.050,NULL,'active',412,NULL,'2022-08-25 11:58:28','2022-08-25 11:58:28');

--
-- Table structure for table `ms011_shop_coupon_cart_user`
--

CREATE TABLE `ms011_shop_coupon_cart_user` (
  `id` int(11) NOT NULL AUTO_INCREMENT,
  `coupon_id` int(11) DEFAULT NULL,
  `coupon_code` varchar(100) DEFAULT NULL,
  `user_id` int(11) DEFAULT NULL,
  `percent` float(5,3) DEFAULT 0.000 COMMENT 'درصد تخفیف در زمان استفاده از کوپن',
  `created_at` timestamp NULL DEFAULT NULL,
  `updated_at` timestamp NULL DEFAULT NULL,
  PRIMARY KEY (`id`)
) ENGINE=InnoDB AUTO_INCREMENT=43 DEFAULT CHARSET=utf8mb3 COLLATE=utf8mb3_persian_ci;

--
-- Dumping data for table `ms011_shop_coupon_cart_user`
--

INSERT INTO `ms011_shop_coupon_cart_user` VALUES
(39,40,'summer_time_2021',1,0.230,'2021-08-12 11:10:48','2021-08-15 11:10:51'),
(40,42,'bahar1401',412,0.030,'2022-03-10 15:28:23','2022-03-10 15:28:23'),
(41,43,'2020',412,0.070,'2022-07-22 15:09:43','2022-07-22 15:09:43'),
(42,44,'a20',412,0.050,'2022-08-25 11:59:00','2022-08-25 11:59:00');

--
-- Table structure for table `ms011_shop_custom_field`
--

CREATE TABLE `ms011_shop_custom_field` (
  `id` bigint(20) unsigned NOT NULL AUTO_INCREMENT,
  `cat_id` int(10) unsigned NOT NULL DEFAULT 0,
  `title` varchar(255) NOT NULL,
  `unit` varchar(20) DEFAULT 'عدد' COMMENT 'واحد اندازه گیری',
  `sort` int(11) DEFAULT 0,
  `editor` int(11) DEFAULT NULL,
  `created_at` timestamp NULL DEFAULT current_timestamp(),
  `updated_at` timestamp NULL DEFAULT NULL ON UPDATE current_timestamp(),
  PRIMARY KEY (`id`)
) ENGINE=MyISAM AUTO_INCREMENT=222 DEFAULT CHARSET=utf8mb4 COLLATE=utf8mb4_unicode_ci;

--
-- Dumping data for table `ms011_shop_custom_field`
--

INSERT INTO `ms011_shop_custom_field` VALUES
(142,468,'وزن','گرم',0,1,'2020-05-20 16:51:00','2022-02-28 14:12:27'),
(141,468,'ولوم','سانتیمتر',12,1,'2020-05-20 16:51:00','2022-02-28 19:31:28'),
(214,470,'ست چند تایی',NULL,2,NULL,'2022-03-03 13:49:50',NULL),
(144,468,'اسپیکر','دسیبل',8,1,'2020-09-13 09:41:43','2022-02-28 19:31:28'),
(145,468,'آنتن','فرکانس',9,1,'2020-09-13 09:42:25','2022-02-28 19:31:28'),
(146,468,'فضای ذخیره سازی','گیگا بایت',5,1,'2020-09-13 09:42:33','2022-02-28 19:31:28'),
(147,468,'باطری','میلی آمپر',14,1,'2020-09-13 09:42:41','2022-02-28 19:31:28'),
(159,468,'هارد دیسک','Gig',7,1,'2020-09-16 11:06:57','2022-02-28 19:31:28'),
(178,468,'رم','گیگ',10,0,'2021-08-10 16:16:10','2022-02-28 19:31:28'),
(177,468,'پردازنده','delimiter',3,0,'2021-08-10 16:16:10','2022-02-28 19:31:04'),
(176,468,'نمایشگر','اینچ',1,0,'2021-08-10 16:16:10','2022-02-28 14:13:21'),
(179,468,'گرافیک','گیگ',11,0,'2021-08-10 16:16:10','2022-02-28 19:31:28'),
(180,468,'مادربرد','نسل چند',13,0,'2021-08-10 16:16:10','2022-02-28 19:31:28'),
(181,468,'هارد دیسک',NULL,2,0,'2021-08-10 16:17:30','2022-02-28 14:13:21'),
(213,470,'چند پارچه',NULL,1,NULL,'2022-03-03 13:49:50',NULL),
(183,468,'پردازنده',NULL,4,0,'2021-08-10 16:17:30','2022-02-28 19:31:28'),
(184,468,'حجم و اندازه',NULL,6,0,'2021-08-10 16:17:30','2022-02-28 19:31:28'),
(212,470,'جنس',NULL,0,NULL,'2022-03-03 13:49:50',NULL),
(206,469,'قواره',NULL,0,NULL,'2022-02-28 14:31:35',NULL),
(207,469,'طرح',NULL,1,NULL,'2022-02-28 14:31:35',NULL),
(208,469,'ساخت کشور',NULL,3,NULL,'2022-02-28 14:31:35','2022-02-28 14:34:04'),
(209,469,'وزن',NULL,4,NULL,'2022-02-28 14:31:35','2022-02-28 14:34:04'),
(210,469,'نوع و جنس',NULL,5,NULL,'2022-02-28 14:31:35','2022-02-28 14:34:04'),
(211,469,'سازنده','delimiter',2,NULL,'2022-02-28 14:34:04',NULL),
(215,471,'مدل',NULL,0,NULL,'2022-03-03 13:50:16',NULL),
(216,471,'ساخت کجا',NULL,1,NULL,'2022-03-03 13:50:16',NULL),
(217,471,'برای کدام قسمت',NULL,2,NULL,'2022-03-03 13:50:16',NULL),
(218,472,'مخصوص بدن یا مو',NULL,0,NULL,'2022-03-03 13:50:51',NULL),
(219,472,'نوع استفاده',NULL,1,NULL,'2022-03-03 13:50:51',NULL),
(220,473,'وزن به تناژ',NULL,0,NULL,'2022-03-03 13:51:16',NULL),
(221,473,'موتور برقی',NULL,1,NULL,'2022-03-03 13:51:16',NULL),
(205,468,'میزان طول موج','مگا فرکانس',15,NULL,'2022-02-28 14:13:21','2022-02-28 19:31:28');

--
-- Table structure for table `ms011_shop_custom_value`
--

CREATE TABLE `ms011_shop_custom_value` (
  `id` bigint(20) unsigned NOT NULL AUTO_INCREMENT,
  `custom_field_id` int(10) unsigned NOT NULL DEFAULT 0,
  `product_id` int(11) DEFAULT NULL,
  `value` varchar(255) DEFAULT NULL,
  `created_at` timestamp NULL DEFAULT current_timestamp(),
  `updated_at` timestamp NULL DEFAULT NULL ON UPDATE current_timestamp(),
  PRIMARY KEY (`id`)
) ENGINE=MyISAM AUTO_INCREMENT=372 DEFAULT CHARSET=utf8mb4 COLLATE=utf8mb4_unicode_ci;

--
-- Dumping data for table `ms011_shop_custom_value`
--

INSERT INTO `ms011_shop_custom_value` VALUES
(324,142,49,'300','2022-02-28 19:27:28','2022-02-28 19:29:34'),
(325,176,49,'19.9','2022-02-28 19:27:28','2022-02-28 19:29:34'),
(326,181,49,'1t','2022-02-28 19:27:28','2022-02-28 19:29:34'),
(329,183,49,'intel core i3','2022-02-28 19:27:28','2022-02-28 19:29:34'),
(330,146,49,'1000','2022-02-28 19:29:34','2022-02-28 19:29:34'),
(331,184,49,'254','2022-02-28 19:29:34','2022-02-28 19:29:34'),
(332,159,49,'1500','2022-02-28 19:29:34','2022-02-28 19:29:34'),
(334,144,49,'236','2022-02-28 19:29:34','2022-02-28 19:29:34'),
(335,145,49,'خیلی مقاوم','2022-02-28 19:29:34','2022-02-28 19:29:34'),
(336,178,49,'8','2022-02-28 19:29:34','2022-02-28 19:29:34'),
(337,179,49,'8000','2022-02-28 19:29:34','2022-02-28 19:29:34'),
(338,141,49,'100','2022-02-28 19:29:34','2022-02-28 19:29:34'),
(339,180,49,'گیگا بایت','2022-02-28 19:29:34','2022-02-28 19:29:34'),
(340,147,49,'لیتیوم','2022-02-28 19:29:34','2022-02-28 19:29:34'),
(341,205,49,'1560','2022-02-28 19:29:34','2022-02-28 19:29:34'),
(347,206,35,'20','2022-03-06 18:10:05','2022-03-06 18:10:05'),
(348,207,35,'ترک','2022-03-06 18:10:05','2022-03-06 18:10:05'),
(349,208,35,'ترکیه - سنگاپور','2022-03-06 18:10:05','2022-03-06 18:10:05'),
(350,209,35,'200 گرم','2022-03-06 18:10:05','2022-03-06 18:10:05'),
(351,210,35,'کتان خنک و عالی','2022-03-06 18:10:05','2022-03-06 18:10:05'),
(352,142,12,'200','2022-03-07 03:31:49','2022-03-07 03:31:49'),
(353,176,12,'6.2','2022-03-07 03:31:49','2022-03-07 03:31:49'),
(354,181,12,'128','2022-03-07 03:31:49','2022-03-07 03:31:49'),
(355,183,12,'coualcom','2022-03-07 03:31:49','2022-03-07 03:31:49'),
(356,146,12,'230','2022-03-07 03:31:49','2022-03-07 03:31:49'),
(357,142,52,'120','2022-07-13 05:01:00','2022-07-13 05:01:00'),
(358,176,52,'6.2','2022-07-13 05:01:00','2022-07-13 05:01:00'),
(359,181,52,'500 گیگ','2022-07-13 05:01:00','2022-07-13 05:01:00'),
(360,183,52,'ای ناین','2022-07-13 05:01:00','2022-07-13 05:01:00'),
(361,146,52,'500','2022-07-13 05:01:00','2022-07-13 05:01:00'),
(362,184,52,'خوش دست','2022-07-13 05:01:00','2022-07-13 05:01:00'),
(363,159,52,'500','2022-07-13 05:01:00','2022-07-13 05:01:00'),
(364,144,52,'دالبی دیجیتال با صدای استریو','2022-07-13 05:01:00','2022-07-13 05:01:00'),
(365,145,52,'فور جی و فایو جی دارد','2022-07-13 05:01:00','2022-07-13 05:01:00'),
(366,178,52,'8','2022-07-13 05:01:00','2022-07-13 05:01:00'),
(367,179,52,'گرافیک انویدیا با پردازنده بسیار قوی','2022-07-13 05:01:00','2022-07-13 05:01:00'),
(368,141,52,'کنترل ولوم بسیار عالی','2022-07-13 05:01:00','2022-07-13 05:01:00'),
(369,180,52,'مادر برد نانو متری ایفون','2022-07-13 05:01:00','2022-07-13 05:01:00'),
(370,147,52,'7800','2022-07-13 05:01:00','2022-07-13 05:01:00'),
(371,205,52,'طیف وسیع طول موج را پوشش میدهد','2022-07-13 05:01:00','2022-07-13 05:01:00');

--
-- Table structure for table `ms011_shop_discount`
--

CREATE TABLE `ms011_shop_discount` (
  `id` int(11) NOT NULL AUTO_INCREMENT,
  `title` varchar(255) DEFAULT NULL,
  `img` varchar(255) DEFAULT NULL,
  `city` mediumtext DEFAULT NULL,
  `store` mediumtext DEFAULT NULL,
  `cat` mediumtext DEFAULT NULL,
  `date_range_from` datetime DEFAULT NULL,
  `date_range_to` datetime DEFAULT NULL,
  `percent` float(5,3) DEFAULT NULL COMMENT 'درصد تخفیف',
  `status` varchar(20) DEFAULT 'active',
  `except_dis_pro` tinyint(4) DEFAULT 0 COMMENT 'مستثنی کردن محصولات تخفیف دار',
  `created_by` int(11) DEFAULT NULL,
  `edited_by` int(11) DEFAULT NULL,
  `created_at` timestamp NULL DEFAULT NULL,
  `updated_at` timestamp NULL DEFAULT NULL ON UPDATE current_timestamp(),
  PRIMARY KEY (`id`)
) ENGINE=InnoDB AUTO_INCREMENT=59 DEFAULT CHARSET=utf8mb3 COLLATE=utf8mb3_persian_ci;

--
-- Dumping data for table `ms011_shop_discount`
--

INSERT INTO `ms011_shop_discount` VALUES
(43,'تخفیف شماره 4','uploads/discount-plan/43_discount_plan_wOYQygK.jpg','','','241,251,306,307,308,309','2021-08-09 00:01:01','2022-03-01 23:59:59',0.045,'inactive',1,1,412,'2021-08-14 17:18:15','2022-03-10 09:39:37'),
(47,'تخفیف بهاره ویژه عید 1401','uploads/discount-plan/47_discount_plan_5UWnf74.jpg','','','241,251','2022-02-22 00:01:01','2023-03-20 23:59:59',0.070,'active',0,412,412,'2022-02-23 20:14:47','2022-06-04 08:57:03'),
(51,'پلن شروع محصول','uploads/discount-plan/51_discount_plan_Dz0oPxx.jpg','','10,14','241','2022-06-26 00:01:01','2022-07-19 23:59:59',0.150,'inactive',1,412,NULL,'2022-06-29 12:38:03','2022-06-29 12:38:03'),
(58,'تخفیف های الکترونیک ویژه','uploads/discount-plan/58_discount_plan_oIXM6Jj.jpg','','','240','2022-07-20 00:01:01','2022-12-21 23:59:59',0.150,'inactive',0,412,412,'2022-07-20 05:03:28','2022-08-01 07:34:00');

--
-- Table structure for table `ms011_shop_invoice`
--

CREATE TABLE `ms011_shop_invoice` (
  `id` int(10) unsigned NOT NULL AUTO_INCREMENT,
  `customer_id` int(11) NOT NULL,
  `status` varchar(30) DEFAULT 'waiting_complete',
  `state` int(11) DEFAULT NULL,
  `city` int(11) DEFAULT NULL,
  `address` varchar(255) DEFAULT NULL,
  `zip_code` varchar(50) DEFAULT NULL,
  `lat` varchar(255) DEFAULT NULL,
  `lng` varchar(255) DEFAULT NULL,
  `tel` varchar(50) DEFAULT NULL,
  `mobile` varchar(50) DEFAULT NULL,
  `receiver_nickname` varchar(100) DEFAULT NULL,
  `real_price` decimal(15,1) DEFAULT 0.0 COMMENT '0',
  `customer_price` decimal(15,1) DEFAULT 0.0 COMMENT '0',
  `coupon_cart_id` int(11) DEFAULT NULL,
  `coupon_cart_percent` float(3,2) DEFAULT 0.00 COMMENT 'درصد کوپن تخفیف سبد خرید',
  `shipping_price` decimal(10,0) DEFAULT 0 COMMENT 'هزینه حمل',
  `shipping_id` int(11) DEFAULT 0,
  `tax_percent` float(3,2) DEFAULT 0.00 COMMENT 'مالیات',
  `reject_price` decimal(15,1) DEFAULT 0.0 COMMENT 'مبلغ مرجوعی مشتری',
  `payment_status` varchar(20) DEFAULT NULL,
  `payment_method` varchar(50) DEFAULT NULL,
  `description` varchar(255) DEFAULT NULL,
  `seller_description` varchar(255) DEFAULT NULL COMMENT 'یادداشت فروشنده',
  `info` text DEFAULT NULL,
  `note` mediumtext DEFAULT NULL COMMENT 'یادداشت ادمین برای مشتری',
  `admin_note` mediumtext DEFAULT NULL COMMENT 'یادداشت های ادمین برای هم',
  `send_date` datetime DEFAULT NULL COMMENT 'تاریخ ارسال مرسوله پستی',
  `shipping_tracking` varchar(50) DEFAULT NULL COMMENT 'کد رهگیری مرسوله پستی',
  `postal_verify_code` varchar(50) DEFAULT NULL COMMENT 'تاییدیه کد پستی توسط مشتری',
  `created_at` datetime DEFAULT NULL,
  `updated_at` datetime DEFAULT NULL ON UPDATE current_timestamp(),
  PRIMARY KEY (`id`)
) ENGINE=MyISAM AUTO_INCREMENT=389 DEFAULT CHARSET=utf8mb4 COLLATE=utf8mb4_unicode_ci;

--
-- Dumping data for table `ms011_shop_invoice`
--

INSERT INTO `ms011_shop_invoice` VALUES
(266,406,'waiting_complete',1,14,'st . 15 Work - Right side','76876765','36.54731829516239','52.690121259248265','','09353501323','',9464400.0,9033672.0,38,0.15,32520,2,0.30,0.0,'waiting_payment','online','این فاکتور حتما بدست فلانی برسد مطمنا این قضیه برای من خیلی هم است که سالم و بدون خط و خش جابجا شود',NULL,'',NULL,NULL,NULL,NULL,NULL,'2021-06-21 09:50:36','2021-09-22 09:25:20'),
(272,1,'waiting_complete',11,449,'کمربندی شرقی','4713855887','','','','09353501323','',112400.0,98912.0,0,0.00,1250,2,0.09,0.0,'waiting_payment','cash','',NULL,'',NULL,NULL,NULL,NULL,NULL,'2021-08-17 13:17:03','2021-09-22 09:25:20'),
(273,107,'waiting_payment',27,589,'بعد از میدان اصلی بسمت شهرداری جاده پلاچ ۴','1254987564','','','','09330715018','',437800.0,385264.0,0,0.00,1250,2,0.09,0.0,'waiting_payment','cash','حتما بدست خودم برسد',NULL,'',NULL,NULL,NULL,NULL,NULL,'2021-08-17 13:20:34','2021-09-22 09:25:20'),
(274,99,'waiting_complete',27,588,'','','','','','09101000164','',168700.0,148456.0,0,0.00,41120,2,0.09,0.0,'waiting_payment','cash','',NULL,'',NULL,NULL,NULL,NULL,NULL,'2021-08-22 15:09:39','2021-09-22 09:25:20'),
(275,107,'waiting_complete',27,588,'بعد از میدان اصلی بسمت شهرداری جاده پلاچ ۴','1236548','','','','09330715018','',192000.0,188160.0,0,0.00,28534,2,0.09,0.0,'waiting_payment','cash','باغفغق',NULL,'',NULL,NULL,NULL,NULL,NULL,'2021-09-21 13:59:35','2021-09-22 07:18:11'),
(277,1,'waiting_payment',27,588,'کمربندی شرقی روبروی بوستان 9 کامپیوتر یونیک','123547','','','','09113145568','علی رستم تبار',7662000.0,7317210.0,38,0.20,24977,2,0.09,0.0,'waiting_payment','cash','',NULL,'',NULL,NULL,NULL,NULL,NULL,'2021-09-22 08:32:15','2021-09-22 08:32:15'),
(278,1,'waiting_payment',27,588,'کمربندی شرقی روبروی بوستان 9 کامپیوتر یونیک','123547','','','','09113145568','علی رستم تبار',7662000.0,7317210.0,38,0.20,24977,2,0.09,0.0,'waiting_payment','cash','',NULL,'',NULL,NULL,NULL,NULL,NULL,'2021-09-22 08:32:15','2021-09-22 08:32:15'),
(279,1,'waiting_payment',11,556,'کمربندی شرقی','4713855887','','','','09113256985','محمد شجاع',1200000.0,1146000.0,0,0.00,4300,56,0.09,0.0,'waiting_payment','cash','',NULL,'',NULL,NULL,NULL,NULL,NULL,'2021-09-22 09:55:15','2021-09-22 09:55:15'),
(280,1,'paid',27,588,'کمربندی شرقی روبروی بوستان 9 کامپیوتر یونیک','123547','','','','09113145568','علی رستم تبار',46854.0,46854.0,0,0.00,10280,1,0.09,0.0,'paid','online','',NULL,'',NULL,NULL,NULL,NULL,NULL,'2021-10-05 09:37:02','2021-10-07 12:05:08'),
(281,1,'processing',27,588,'کمربندی شرقی روبروی بوستان 9 کامپیوتر یونیک','123547','','','','09113145568','علی رستم تبار',4563.0,4380.0,0,0.00,10280,1,0.09,0.0,'paid','online','',NULL,'',NULL,NULL,NULL,NULL,NULL,'2021-10-07 12:44:18','2021-10-07 12:49:04'),
(282,1,'packaging',27,588,'کمربندی شرقی بعد از چهار راه شدا استخر ولی عصر بوستان 14 انتهای کوچه','2364715698','','','0113256548','09115119590','محمد شجاع',5200.0,4992.0,0,0.00,7365,2,0.09,0.0,'paid','online','میخام خیلی سریع بدستم برسه هرچی هم پولش بشه عیب نداره','خوب شما میتونستی سرویس حمل ویژه رو انتخاب کنی','',NULL,'[{\"user_id\":412,\"nickname\":\"محمد شجاع\",\"created_at_fa\":\"یکشنبه, 10 مهر 1401 - 07:06:29\",\"created_at\":1664694389,\"current_status\":\"آماده برای ارسال\",\"text\":\"زمان مرجوعی گذشته هر جور شده باید این فاکتور ارسال بشه\"}]',NULL,NULL,NULL,'2021-10-08 10:41:57','2022-10-02 10:52:35'),
(283,1,'processing',27,588,'کمربندی شرقی بعد از چهار راه شدا استخر ولی عصر بوستان 14 انتهای کوچه پپبعد از پل روبروی پارک سید جلال کوچه فتاحی فرعی 2','2064789563','','','','09353501415','کمیا تابنده',4563.0,4380.0,0,0.00,10280,1,0.09,0.0,'paid','online','',NULL,'',NULL,NULL,NULL,NULL,NULL,'2021-10-08 13:24:50','2021-10-08 13:25:05'),
(284,1,'processing',27,588,'کمربندی شرقی روبروی بوستان 9 کامپیوتر یونیک','123547','','','','09113145568','علی رستم تبار',4500.0,4297.0,0,0.00,10280,1,0.09,0.0,'paid','online','',NULL,'',NULL,NULL,NULL,NULL,NULL,'2021-10-08 13:37:59','2021-10-08 13:38:13'),
(285,1,'waite_for_send',27,588,'کمربندی شرقی روبروی بوستان 9 کامپیوتر یونیک','123547','','','','09113145568','علی رستم تبار',41200.0,41200.0,0,0.00,10280,1,0.09,0.0,'paid','online','',NULL,'',NULL,NULL,NULL,NULL,NULL,'2021-10-08 13:42:21','2022-08-13 20:31:15'),
(286,1,'processing',27,588,'کمربندی شرقی بعد از چهار راه شدا استخر ولی عصر بوستان 14 انتهای کوچه','2364715698','','','','09115119590','محمد شجاع',56000.0,53480.0,0,0.00,17896,1,0.09,0.0,'paid','online','',NULL,'',NULL,'[{\"user_id\":412,\"nickname\":\"محمد شجاع\",\"created_at_fa\":\"سه شنبه, 12 مهر 1401 - 07:41:17\",\"created_at\":1664869277,\"current_status\":\"در حال پردازش\",\"text\":\"sdfadsa\"}]',NULL,NULL,NULL,'2021-10-08 13:44:45','2022-10-04 11:11:17'),
(287,1,'packaging',27,588,'کمربندی شرقی روبروی بوستان 9 کامپیوتر یونیک','123547','','','','09113145568','علی رستم تبار',452.0,452.0,0,0.00,10280,1,0.09,0.0,'paid','online','',NULL,'',NULL,NULL,NULL,NULL,NULL,'2021-10-08 14:56:37','2022-10-04 09:59:27'),
(288,1,'done',27,588,'کمربندی شرقی بعد از چهار راه شدا استخر ولی عصر بوستان 14 انتهای کوچه','2364715698','','','','09115119590','محمد شجاع',4500.0,4297.0,0,0.00,7365,2,0.09,0.0,'paid','online','',NULL,'',NULL,NULL,NULL,NULL,NULL,'2021-10-08 19:52:44','2022-05-09 19:39:26'),
(289,1,'waiting_payment',27,588,'کمربندی شرقی روبروی بوستان 9 کامپیوتر یونیک','123547','','','','09113145568','علی رستم تبار',4563.0,4380.0,0,0.00,7365,2,0.09,0.0,'waiting_payment','cash','',NULL,'',NULL,NULL,NULL,NULL,NULL,'2021-10-09 09:38:18','2021-10-09 09:38:18'),
(290,1,'done',27,588,'کمربندی شرقی بعد از چهار راه شهدا استخر ولی عصر بوستان 14 انتهای کوچه پپبعد از پل روبروی پارک سید جلال کوچه فتاحی فرعی 2','2064789563','','','','09353501415','کمیا تابنده',4500.0,4297.0,0,0.00,1200,56,0.09,0.0,'paid','online','',NULL,'',NULL,NULL,NULL,NULL,NULL,'2021-10-09 09:38:33','2022-05-09 19:24:18'),
(291,1,'waiting_payment',27,588,'کمربندی شرقی روبروی بوستان 9 کامپیوتر یونیک','123547','','','','09113145568','علی رستم تبار',4563.0,4380.0,0,0.00,10280,1,0.09,0.0,'waiting_payment','cash','',NULL,'',NULL,NULL,NULL,NULL,NULL,'2021-10-12 17:20:20','2021-10-12 17:20:20'),
(300,412,'waiting_payment',27,588,'بعد از میدان اصلی بسمت شهرداری جاده پلاچ ۴','1236548','','','','09116539874','علی محمدی',123227.0,121994.7,0,0.00,0,1,0.09,0.0,'waiting_payment','cash',NULL,NULL,NULL,NULL,NULL,NULL,NULL,NULL,'2022-02-09 12:32:27','2022-02-09 12:32:27'),
(301,412,'anbar',27,588,'بعد از میدان اصلی بسمت شهرداری جاده پلاچ ۴','1236548','','','','09116539874','علی محمدی',1059958.0,1029744.2,0,0.00,20560,1,0.09,0.0,'waiting_payment','cash',NULL,NULL,NULL,NULL,NULL,NULL,NULL,NULL,'2022-02-09 12:34:16','2022-10-02 17:35:50'),
(302,412,'waiting_payment',27,588,'کمربندی شرقی بعد از چهار راه شهدا استخر ولی عصر بوستان 14 انتهای کوچه پپبعد از پل روبروی پارک سید جلال کوچه فتاحی فرعی 2','2064789563','','','','09353501415','اسا تابنده',126416.0,120095.2,0,0.00,0,2,0.09,0.0,'waiting_payment','cash',NULL,NULL,NULL,NULL,NULL,NULL,NULL,NULL,'2022-03-08 17:47:27','2022-03-08 17:56:13'),
(303,412,'waiting_payment',27,588,'کمربندی شرقی بعد از چهار راه شهدا استخر ولی عصر بوستان 14 انتهای کوچه پپبعد از پل روبروی پارک سید جلال کوچه فتاحی فرعی 2','2064789563','','','','09353501415','اسا تابنده',126416.0,120095.2,0,0.00,0,2,0.09,0.0,'waiting_payment','cash',NULL,NULL,NULL,NULL,NULL,NULL,NULL,NULL,'2022-03-08 17:47:33','2022-03-08 17:56:14'),
(304,412,'waiting_payment',27,588,'کمربندی شرقی بعد از چهار راه شهدا استخر ولی عصر بوستان 14 انتهای کوچه پپبعد از پل روبروی پارک سید جلال کوچه فتاحی فرعی 2','2064789563','','','','09353501415','اسا تابنده',425.0,425.0,0,0.00,NULL,2,0.09,0.0,'waiting_payment','cash',NULL,NULL,NULL,NULL,NULL,NULL,NULL,NULL,'2022-03-08 18:04:29','2022-03-08 18:04:29'),
(305,412,'cancel_operator',27,588,'کمربندی شرقی بعد از چهار راه شهدا استخر ولی عصر بوستان 14 انتهای کوچه پپبعد از پل روبروی پارک سید جلال کوچه فتاحی فرعی 2','2064789563','','','','09353501415','اسا تابنده',168763.0,160324.9,0,0.00,7365,2,0.09,0.0,'waiting_payment','cash',NULL,NULL,NULL,NULL,NULL,NULL,NULL,NULL,'2022-03-08 18:07:30','2022-03-08 18:09:04'),
(306,412,'waiting_payment',27,588,'کمربندی شرقی بعد از چهار راه شهدا استخر ولی عصر بوستان 14 انتهای کوچه پپبعد از پل روبروی پارک سید جلال کوچه فتاحی فرعی 2','2064789563','','','','09353501415','اسا تابنده',2400.0,2352.0,0,0.00,10280,1,0.09,0.0,'waiting_payment','cash',NULL,NULL,NULL,NULL,NULL,NULL,NULL,NULL,'2022-03-10 18:39:12','2022-03-10 18:39:12'),
(307,412,'waiting_payment',27,588,'کمربندی شرقی بعد از چهار راه شهدا استخر ولی عصر بوستان 14 انتهای کوچه پپبعد از پل روبروی پارک سید جلال کوچه فتاحی فرعی 2','2064789563','','','','09353501415','اسا تابنده',2400.0,2352.0,42,0.03,10280,1,0.09,0.0,'waiting_payment','cash',NULL,NULL,NULL,NULL,NULL,NULL,NULL,NULL,'2022-03-10 18:41:19','2022-03-10 18:41:19'),
(308,412,'waiting_payment',27,588,'کمربندی شرقی بعد از چهار راه شهدا استخر ولی عصر بوستان 14 انتهای کوچه پپبعد از پل روبروی پارک سید جلال کوچه فتاحی فرعی 2','2064789563','','','','09353501415','اسا تابنده',2400.0,2352.0,42,0.03,10280,1,0.09,0.0,'waiting_payment','cash',NULL,NULL,NULL,NULL,NULL,NULL,NULL,NULL,'2022-03-10 18:44:50','2022-03-10 18:44:50'),
(309,412,'waiting_payment',27,588,'کمربندی شرقی بعد از چهار راه شهدا استخر ولی عصر بوستان 14 انتهای کوچه پپبعد از پل روبروی پارک سید جلال کوچه فتاحی فرعی 2','2064789563','','','','09353501415','اسا تابنده',2400.0,2352.0,42,0.03,10280,1,0.09,0.0,'waiting_payment','cash',NULL,NULL,NULL,NULL,NULL,NULL,NULL,NULL,'2022-03-10 18:48:02','2022-03-10 18:48:02'),
(310,412,'waiting_payment',27,588,'کمربندی شرقی بعد از چهار راه شهدا استخر ولی عصر بوستان 14 انتهای کوچه پپبعد از پل روبروی پارک سید جلال کوچه فتاحی فرعی 2','2064789563','','','','09353501415','اسا تابنده',2400.0,2352.0,42,0.03,10280,1,0.09,0.0,'waiting_payment','cash',NULL,NULL,NULL,NULL,NULL,NULL,NULL,NULL,'2022-03-10 18:49:17','2022-03-10 18:49:17'),
(311,412,'waiting_payment',27,588,'کمربندی شرقی بعد از چهار راه شهدا استخر ولی عصر بوستان 14 انتهای کوچه پپبعد از پل روبروی پارک سید جلال کوچه فتاحی فرعی 2','2064789563','','','','09353501415','اسا تابنده',2400.0,2352.0,42,0.03,10280,1,0.09,0.0,'waiting_payment','cash',NULL,NULL,NULL,NULL,NULL,NULL,NULL,NULL,'2022-03-10 18:58:07','2022-03-10 18:58:07'),
(313,412,'waiting_payment',27,588,'کمربندی شرقی بعد از چهار راه شهدا استخر ولی عصر بوستان 14 انتهای کوچه','4713855887','35.59143550522717','50.59650421142578','','09353501323','محمد مدیریت',378000.0,370440.0,0,0.00,0,56,0.09,0.0,'waiting_payment','cash',NULL,NULL,NULL,'کد پستی : 123658974',NULL,NULL,NULL,NULL,'2022-05-04 12:32:00','2022-05-05 21:08:53'),
(314,412,'waiting_payment',27,588,'بعد از میدان اصلی بسمت شهرداری جاده پلاچ ۴','1236548','36.56949370639145','52.7360862493515','','09116539874','علی محمدی',1750.0,1698.0,0,0.00,0,56,0.09,0.0,'waiting_payment','cash',NULL,NULL,NULL,NULL,NULL,NULL,NULL,NULL,'2022-05-09 15:23:54','2022-05-09 15:23:54'),
(315,412,'waiting_payment',27,588,'بعد از میدان اصلی بسمت شهرداری جاده پلاچ ۴','1236548','36.56949370639145','52.7360862493515','','09116539874','علی محمدی',575000.0,557750.0,0,0.00,0,2,0.09,0.0,'waiting_payment','cash',NULL,NULL,NULL,NULL,NULL,NULL,NULL,NULL,'2022-05-09 15:25:06','2022-05-09 15:25:06'),
(319,412,'waiting_payment',27,588,'کمربندی شرقی بعد از چهار راه شهدا استخر ولی عصر بوستان 14 انتهای کوچه','4713855887','35.59143550522717','50.59650421142578','','09353501323','محمد مدیریت',575000.0,557750.0,0,0.00,7365,2,0.09,0.0,'waiting_payment','cash',NULL,NULL,NULL,'er',NULL,NULL,NULL,NULL,'2022-05-09 15:33:03','2022-05-12 14:16:37'),
(320,412,'waiting_payment',27,588,'بعد از میدان اصلی بسمت شهرداری جاده پلاچ ۴','1236548','36.56949370639145','52.7360862493515','','09116539874','علی محمدی',65000.0,63050.0,0,0.00,10280,1,0.09,0.0,'waiting_payment','cash',NULL,NULL,NULL,NULL,NULL,NULL,NULL,NULL,'2022-05-16 18:54:35','2022-05-16 18:54:35'),
(321,412,'packaging',27,588,'بعد از میدان اصلی بسمت شهرداری جاده پلاچ ۴','1236548','36.56949370639145','52.7360862493515','','09116539874','علی محمدی',65000.0,63050.0,0,0.00,7365,2,0.09,0.0,'paid','online',NULL,NULL,NULL,NULL,NULL,NULL,NULL,NULL,'2022-05-16 19:04:16','2022-10-03 10:51:38'),
(322,1,'waiting_payment',27,588,'کمربندی شرقی روبروی بوستان 9 کامپیوتر یونیک','123547','','','','09113145568','علی رستم تبار',3600.0,3528.0,0,0.00,7365,2,0.09,0.0,'waiting_payment','cash',NULL,NULL,NULL,NULL,NULL,NULL,NULL,NULL,'2022-05-19 06:51:19','2022-05-19 06:51:19'),
(323,1,'waiting_payment',27,588,'کمربندی شرقی بعد از چهار راه شدا استخر ولی عصر بوستان 14 انتهای کوچه','2364715698','','','','09115119590','محمد شجاع',168763.0,160325.0,0,0.00,1308,56,0.09,0.0,'waiting_payment','cash',NULL,NULL,NULL,NULL,NULL,NULL,NULL,NULL,'2022-05-19 07:01:29','2022-05-19 07:01:29'),
(372,412,'waiting_payment',27,473,'کمربندی شرقی بعد از چهار راه شدا استخر ولی عصر بوستان 14 انتهای کوچه','2364715698','36.46326301239126','52.34706401824951',NULL,'09115119590','محمد شجاع',188097.0,188097.0,0,0.00,10464,56,0.09,0.0,'waiting_payment','cash',NULL,NULL,NULL,NULL,NULL,NULL,NULL,NULL,'2022-08-25 10:08:44','2022-08-25 10:08:44'),
(373,412,'waiting_payment',27,473,'کمربندی شرقی بعد از چهار راه شدا استخر ولی عصر بوستان 14 انتهای کوچه','2364715698','36.46326301239126','52.34706401824951',NULL,'09115119590','محمد شجاع',188097.0,188097.0,0,0.00,10464,56,0.09,0.0,'waiting_payment','cash',NULL,NULL,NULL,NULL,NULL,NULL,NULL,NULL,'2022-08-25 10:34:57','2022-08-25 10:34:58'),
(374,412,'waiting_payment',27,473,'کمربندی شرقی بعد از چهار راه شدا استخر ولی عصر بوستان 14 انتهای کوچه','2364715698','36.46326301239126','52.34706401824951',NULL,'09115119590','محمد شجاع',123227.0,121995.0,0,0.00,6104,56,0.09,0.0,'waiting_payment','cash',NULL,NULL,NULL,NULL,NULL,NULL,NULL,NULL,'2022-08-25 10:51:51','2022-08-25 10:51:51'),
(375,412,'waiting_payment',27,473,'کمربندی شرقی بعد از چهار راه شدا استخر ولی عصر بوستان 14 انتهای کوچه','2364715698','36.46326301239126','52.34706401824951',NULL,'09115119590','محمد شجاع',126416.0,107454.0,44,0.05,1308,56,0.09,0.0,'waiting_payment','cash',NULL,NULL,NULL,NULL,NULL,NULL,NULL,NULL,'2022-08-25 16:29:00','2022-08-25 16:29:00'),
(376,412,'cancel_customer',27,588,'کمربندی شرقی بعد از چهار راه شهدا استخر ولی عصر بوستان 14 انتهای کوچه پپبعد از پل روبروی پارک سید جلال کوچه فتاحی فرعی 2','2064789563','36.558187766360675','52.667062282562256',NULL,'09353501415','اسا تابنده',426715.0,362708.0,0,0.00,10280,1,0.09,0.0,'waiting_payment','cash',NULL,NULL,NULL,NULL,NULL,NULL,NULL,NULL,'2022-09-01 17:44:33','2022-10-05 08:16:29'),
(377,412,'waiting_complete',27,588,'کمربندی شرقی بوستان 14 انتهای کوچه','1234567890',NULL,NULL,NULL,'09353501323','محمد شجاع',309001.0,262651.0,0,0.00,7365,2,0.09,0.0,'waiting_payment','cash',NULL,NULL,NULL,NULL,NULL,NULL,NULL,NULL,'2022-09-21 09:25:05','2022-10-02 10:36:13'),
(378,412,'packaging',27,588,'بلوار ولیعصر بوستان 14 بعد از پل داخل کوچه بعد از ورود فرعی اول','475213659844','36.54718615360398','52.690037582069635','0113265874','09353501234','سیده فاطمه زهرا تنابنده',123227.0,123227.0,0,0.00,15457,2,0.09,0.0,'paid','online',NULL,NULL,NULL,NULL,'[{\"user_id\":412,\"nickname\":\"محمد شجاع\",\"created_at_fa\":\"سه شنبه, 12 مهر 1401 - 07:39:05\",\"created_at\":1664869145,\"current_status\":\"بخش انبار\",\"text\":\"dfsdf\"},{\"user_id\":412,\"nickname\":\"محمد شجاع\",\"created_at_fa\":\"سه شنبه, 12 مهر 1401 - 07:42:48\",\"created_at\":1664869368,\"current_status\":\"بخش انبار\",\"text\":\"gfgffgf\"}]',NULL,NULL,NULL,'2022-10-03 10:53:49','2022-10-22 10:24:20'),
(383,412,'refer_operator',27,588,'کمربندی شرقی بعد از چهار راه شهدا استخر ولی عصر بوستان 14 انتهای کوچه پپبعد از پل روبروی پارک سید جلال کوچه فتاحی فرعی 2','2064789563','36.558187766360675','52.667062282562256',NULL,'09353501415','اسا تابنده',1750.0,1750.0,0,0.00,7365,2,0.09,0.0,'paid','online',NULL,NULL,NULL,NULL,NULL,NULL,NULL,NULL,'2022-10-13 17:45:19','2022-10-13 17:45:51'),
(382,412,'refer_operator',27,589,'کمربندی شرقی بعد از چهار راه شدا استخر ولی عصر بوستان 14 انتهای کوچه','2364715698','36.547263726273535','52.69026674330234',NULL,'09115119590','محمد شجاع',810745.0,810745.0,0,0.00,0,56,0.09,0.0,'paid','online',NULL,NULL,NULL,NULL,NULL,NULL,NULL,NULL,'2022-10-12 16:52:27','2022-10-12 16:52:50'),
(387,412,'refer_operator',27,588,'بعد از میدان اصلی بسمت شهرداری جاده پلاچ ۴','1236548','36.56949370639145','52.7360862493515',NULL,'09116539874','علی محمدی',309001.0,262651.0,0,0.00,10280,1,0.09,0.0,'paid','online',NULL,NULL,NULL,NULL,NULL,NULL,NULL,NULL,'2022-10-25 12:28:43','2022-10-25 12:33:05'),
(386,412,'refer_operator',27,588,'بلوار ولیعصر بوستان 14 بعد از پل داخل کوچه بعد از ورود فرعی اول','475213659844','36.54718615360398','52.690037582069635','0113265874','09353501234','سیده فاطمه زهرا تنابنده',309001.0,262651.0,0,0.00,7365,2,0.09,0.0,'waiting_payment','cash',NULL,NULL,NULL,NULL,NULL,NULL,NULL,NULL,'2022-10-22 10:18:31','2022-10-22 10:26:22'),
(388,412,'sending',27,588,'بعد از میدان اصلی بسمت شهرداری جاده پلاچ ۴','1236548','36.56949370639145','52.7360862493515',NULL,'09116539874','علی محمدی',927003.0,787953.0,0,0.00,10280,1,0.09,0.0,'paid','online',NULL,NULL,NULL,NULL,NULL,NULL,NULL,NULL,'2022-10-26 15:03:43','2022-10-26 15:06:07');

--
