-- Table structure for table `ms011_shop_invoice_sub`
--

CREATE TABLE `ms011_shop_invoice_sub` (
  `id` int(10) unsigned NOT NULL AUTO_INCREMENT,
  `invoice_id` int(11) NOT NULL,
  `product_id` int(11) DEFAULT 0,
  `store_id` int(11) DEFAULT 0,
  `stock_id` int(11) DEFAULT 0,
  `color_id` int(11) DEFAULT 0,
  `size_id` int(11) DEFAULT 0,
  `warranty_id` int(11) DEFAULT 0,
  `real_price` decimal(10,1) DEFAULT NULL,
  `customer_price` decimal(10,1) DEFAULT NULL,
  `tax_price` decimal(10,0) DEFAULT NULL,
  `total_charged` decimal(13,0) DEFAULT NULL,
  `count` int(11) DEFAULT NULL,
  `commission_percent` float(5,3) DEFAULT NULL COMMENT 'کمیسیون فروشگاه',
  `shipping_price` decimal(10,1) DEFAULT NULL COMMENT 'هزینه حمل این محصول ممکن است بکار نیاید بستگی به پیاده سازی دارد',
  `shipping_id` int(11) DEFAULT NULL COMMENT 'نحوه پست',
  `weight` int(11) DEFAULT NULL,
  `status` varchar(255) DEFAULT NULL,
  `discount_plan_id` int(11) DEFAULT NULL,
  `discount_plan_percent` float(5,3) DEFAULT NULL,
  `product_info` mediumtext DEFAULT NULL,
  `created_at` datetime DEFAULT NULL,
  `updated_at` datetime DEFAULT NULL ON UPDATE current_timestamp(),
  PRIMARY KEY (`id`)
) ENGINE=MyISAM AUTO_INCREMENT=487 DEFAULT CHARSET=utf8mb4 COLLATE=utf8mb4_unicode_ci;

--
-- Dumping data for table `ms011_shop_invoice_sub`
--

INSERT INTO `ms011_shop_invoice_sub` VALUES
(269,260,10,1,217,10,9,NULL,1500.0,1320.0,NULL,1320,1,0.030,0.0,2,120,'review',0,0.000,NULL,'2021-06-21 01:53:28','2023-08-01 06:00:07'),
(270,260,8,14,226,7,0,NULL,58000.0,58000.0,NULL,58000,1,0.030,0.0,2,120,'review',0,0.000,NULL,'2021-06-21 01:53:28','2023-08-01 06:00:07'),
(271,261,10,1,217,10,9,NULL,1500.0,1320.0,NULL,1320,1,0.030,0.0,2,120,'review',0,0.000,NULL,'2021-06-21 02:35:39','2023-08-01 06:00:07'),
(272,261,8,5,226,7,0,NULL,58000.0,58000.0,NULL,58000,1,0.030,0.0,2,120,'review',0,0.000,NULL,'2021-06-21 02:35:39','2023-08-01 06:00:07'),
(273,262,10,1,217,10,9,NULL,1500.0,1320.0,NULL,1320,1,0.030,0.0,2,120,'review',0,0.000,NULL,'2021-06-21 02:37:42','2023-08-01 06:00:07'),
(274,262,8,5,226,7,0,NULL,58000.0,58000.0,NULL,58000,1,0.030,0.0,2,120,'review',0,0.000,NULL,'2021-06-21 02:37:42','2023-08-01 06:00:07'),
(275,263,11,1,224,11,13,NULL,25.0,22.0,NULL,22,1,0.030,0.0,2,120,'review',0,0.000,NULL,'2021-06-21 03:06:12','2023-08-01 06:00:07'),
(276,263,8,5,226,7,0,NULL,58000.0,58000.0,NULL,58000,1,0.030,0.0,2,120,'review',0,0.000,NULL,'2021-06-21 03:06:12','2023-08-01 06:00:07'),
(265,258,10,1,217,10,9,NULL,1500.0,1320.0,NULL,1320,1,0.030,0.0,2,120,'review',0,0.000,NULL,'2021-06-21 01:50:54','2023-08-01 06:00:07'),
(266,258,8,24,226,7,0,NULL,58000.0,58000.0,NULL,58000,1,0.030,0.0,2,120,'review',0,0.000,NULL,'2021-06-21 01:50:54','2023-08-01 06:00:07'),
(267,259,10,1,217,10,9,NULL,1500.0,1320.0,NULL,1320,1,0.030,0.0,2,120,'review',0,0.000,NULL,'2021-06-21 01:52:23','2023-08-01 06:00:07'),
(268,259,8,5,226,7,0,NULL,58000.0,58000.0,NULL,58000,1,0.030,0.0,2,120,'review',0,0.000,NULL,'2021-06-21 01:52:23','2023-08-01 06:00:07'),
(319,274,8,10,241,8,0,NULL,15000.0,13200.0,NULL,13200,1,0.030,10280.0,2,120,'review',42,0.120,NULL,'2021-08-22 15:10:42','2023-08-01 06:00:07'),
(316,266,11,14,234,0,0,NULL,23700.0,20856.0,NULL,20856,2,0.030,10840.0,2,120,'review',42,0.120,NULL,'2021-08-22 15:02:56','2023-08-01 06:00:07'),
(318,274,11,9,234,0,0,NULL,23700.0,20856.0,NULL,20856,1,0.030,10280.0,2,120,'review',42,0.120,NULL,'2021-08-22 15:10:42','2023-08-01 06:00:07'),
(317,266,8,10,240,0,0,NULL,17000.0,14960.0,NULL,14960,1,0.030,10840.0,2,120,'review',42,0.120,NULL,'2021-08-22 15:05:49','2023-08-01 06:00:07'),
(310,272,11,25,234,0,0,NULL,23700.0,20856.0,NULL,20856,2,0.030,0.0,2,120,'review',42,0.120,NULL,'2021-08-17 13:17:58','2023-08-01 06:00:07'),
(311,272,12,9,238,12,10,NULL,65000.0,57200.0,NULL,57200,1,0.030,0.0,2,120,'review',42,0.120,NULL,'2021-08-17 13:17:58','2023-08-01 06:00:07'),
(305,266,7,9,243,10,0,NULL,4700000.0,4488500.0,NULL,4488500,2,0.030,0.0,2,120,'review',43,0.045,NULL,'2021-08-17 06:38:52','2023-08-01 06:00:07'),
(312,273,8,9,230,10,7,NULL,8900.0,7832.0,NULL,7832,2,0.030,0.0,2,120,'review',42,0.120,NULL,'2021-08-17 13:21:37','2023-08-01 06:00:07'),
(313,273,12,14,235,9,0,NULL,210000.0,184800.0,NULL,184800,2,0.030,0.0,2,120,'review',42,0.120,NULL,'2021-08-17 13:21:37','2023-08-01 06:00:07'),
(320,274,12,9,238,12,10,NULL,65000.0,57200.0,NULL,57200,2,0.030,10280.0,2,120,'review',42,0.120,NULL,'2021-08-22 15:10:42','2023-08-01 06:00:07'),
(323,277,26,14,264,9,0,NULL,1200000.0,1146000.0,NULL,1146000,1,0.030,7365.0,2,120,'done',43,0.045,NULL,'2021-09-22 08:32:15','2023-08-01 06:00:07'),
(322,275,25,14,246,9,18,NULL,96000.0,94080.0,NULL,94080,2,0.030,14267.0,2,5000,'review',0,0.000,NULL,'2021-09-22 07:17:58','2023-08-01 06:00:07'),
(324,277,24,10,247,7,18,NULL,56000.0,53480.0,NULL,53480,2,0.030,16647.0,2,7000,'review',43,0.045,NULL,'2021-09-22 08:32:15','2023-08-01 06:00:07'),
(325,277,12,14,263,9,0,NULL,6350000.0,6064250.0,NULL,6064250,1,0.030,7365.0,2,120,'done',43,0.045,NULL,'2021-09-22 08:32:15','2023-08-01 06:00:07'),
(326,278,26,14,264,9,0,NULL,1200000.0,1146000.0,NULL,1146000,1,0.030,7365.0,2,120,'review',43,0.045,NULL,'2021-09-22 08:32:15','2023-08-01 06:00:07'),
(327,278,24,10,247,7,18,NULL,56000.0,53480.0,NULL,53480,2,0.030,16647.0,2,7000,'review',43,0.045,NULL,'2021-09-22 08:32:15','2023-08-01 06:00:07'),
(328,278,12,14,263,9,0,NULL,6350000.0,6064250.0,NULL,6064250,1,0.030,7365.0,2,120,'review',43,0.045,NULL,'2021-09-22 08:32:15','2023-08-01 06:00:07'),
(329,279,26,14,264,9,0,NULL,1200000.0,1146000.0,NULL,1146000,1,0.030,4300.0,56,120,'review',43,0.045,NULL,'2021-09-22 09:55:15','2023-08-01 06:00:07'),
(330,280,32,9,279,14,17,NULL,5654.0,5654.0,NULL,5654,1,3.000,10280.0,1,320,'review',0,0.000,NULL,'2021-10-05 09:37:02','2023-08-01 06:00:07'),
(331,280,34,15,287,15,18,NULL,41200.0,41200.0,NULL,41200,1,0.000,10280.0,1,70,'review',0,0.000,NULL,'2021-10-05 09:37:02','2023-08-01 06:00:07'),
(332,281,37,9,295,7,18,NULL,4563.0,4380.0,NULL,4380,1,3.000,10280.0,1,320,'review',0,0.000,NULL,'2021-10-07 12:44:18','2023-08-01 06:00:07'),
(333,282,36,14,292,15,18,NULL,5200.0,4992.0,NULL,4992,1,0.000,7365.0,2,125,'done',0,0.000,NULL,'2021-10-08 10:41:57','2023-08-01 06:00:07'),
(334,283,37,9,295,7,18,NULL,4563.0,4380.0,NULL,4380,1,3.000,10280.0,1,320,'review',0,0.000,NULL,'2021-10-08 13:24:50','2023-08-01 06:00:07'),
(335,284,35,10,288,10,17,NULL,4500.0,4297.0,NULL,4297,1,5.000,10280.0,1,630,'review',43,0.045,NULL,'2021-10-08 13:37:59','2023-08-01 06:00:07'),
(336,285,34,15,287,15,18,NULL,41200.0,41200.0,NULL,41200,1,0.000,10280.0,1,70,'send_to_center',0,0.000,NULL,'2021-10-08 13:42:21','2023-08-01 06:00:07'),
(337,286,24,10,247,7,18,NULL,56000.0,53480.0,NULL,53480,1,5.000,17896.0,1,7000,'review',43,0.045,NULL,'2021-10-08 13:44:45','2023-08-01 06:00:07'),
(338,287,33,15,282,10,17,NULL,452.0,452.0,NULL,452,1,0.000,10280.0,1,65,'review',0,0.000,NULL,'2021-10-08 14:56:37','2023-08-01 06:00:07'),
(339,288,35,10,288,10,17,NULL,4500.0,4297.0,NULL,4297,1,5.000,7365.0,2,630,'review',43,0.045,NULL,'2021-10-08 19:52:44','2023-08-01 06:00:07'),
(340,289,37,9,295,7,18,NULL,4563.0,4380.0,NULL,4380,1,3.000,7365.0,2,320,'review',0,0.000,NULL,'2021-10-09 09:38:18','2023-08-01 06:00:07'),
(341,290,35,10,14,10,17,NULL,4500.0,4297.0,NULL,4297,1,5.000,1200.0,56,630,'review',43,0.045,NULL,'2021-10-09 09:38:33','2023-08-01 06:00:07'),
(342,291,37,9,24,7,18,NULL,4563.0,4380.0,NULL,4380,1,3.000,10280.0,1,320,'review',0,0.000,NULL,'2021-10-12 17:20:20','2023-08-01 06:00:07'),
(351,300,24,10,247,7,18,NULL,123227.0,121994.7,NULL,121995,1,0.070,16776.0,1,7000,'review',0,0.000,NULL,'2022-02-09 12:32:27','2023-08-01 06:00:07'),
(355,301,28,14,268,15,19,NULL,163452.0,152010.4,NULL,152010,2,0.090,10280.0,1,170,'review',47,0.070,NULL,'2022-03-07 20:43:38','2023-08-01 06:00:07'),
(353,301,27,9,266,11,18,NULL,366527.0,362861.7,NULL,362862,2,0.030,10280.0,1,200,'review',0,0.000,NULL,'2022-03-07 20:09:55','2023-08-01 06:00:07'),
(356,302,12,9,236,10,8,NULL,126416.0,120095.2,NULL,120095,1,0.030,7365.0,2,120,'review',47,0.070,NULL,'2022-03-08 17:47:27','2023-08-01 06:00:07'),
(357,303,12,9,236,10,8,NULL,126416.0,120095.2,NULL,120095,1,0.030,7365.0,2,120,'review',47,0.070,NULL,'2022-03-08 17:47:33','2023-08-01 06:00:07'),
(358,304,35,10,288,10,17,NULL,425.0,425.0,NULL,425,1,0.070,7365.0,2,630,'review',0,0.000,NULL,'2022-03-08 18:04:29','2023-08-01 06:00:07'),
(359,305,33,15,284,14,19,NULL,168763.0,160324.9,NULL,160325,1,0.060,7365.0,2,65,'review',0,0.000,NULL,'2022-03-08 18:07:30','2023-08-01 06:00:07'),
(360,306,38,14,298,0,0,NULL,1200.0,1176.0,NULL,1176,2,0.090,10280.0,1,100,'review',0,0.000,NULL,'2022-03-10 18:39:12','2023-08-01 06:00:07'),
(361,307,38,14,298,0,0,NULL,1200.0,1176.0,NULL,1176,2,0.090,10280.0,1,100,'review',0,0.000,NULL,'2022-03-10 18:41:19','2023-08-01 06:00:07'),
(362,308,38,14,298,0,0,NULL,1200.0,1176.0,NULL,1176,2,0.090,10280.0,1,100,'review',0,0.000,NULL,'2022-03-10 18:44:50','2023-08-01 06:00:07'),
(363,309,38,14,298,0,0,NULL,1200.0,1176.0,NULL,1176,2,0.090,10280.0,1,100,'review',0,0.000,NULL,'2022-03-10 18:48:02','2023-08-01 06:00:07'),
(364,310,38,14,298,0,0,NULL,1200.0,1176.0,NULL,1176,2,0.090,10280.0,1,100,'review',0,0.000,NULL,'2022-03-10 18:49:17','2023-08-01 06:00:07'),
(365,311,38,14,298,0,0,NULL,1200.0,1176.0,NULL,1176,2,0.090,10280.0,1,100,'review',0,0.000,NULL,'2022-03-10 18:58:07','2023-08-01 06:00:07'),
(367,313,47,15,319,16,0,NULL,378000.0,370440.0,NULL,370440,1,0.060,1308.0,56,120,'review',0,0.000,NULL,'2022-05-04 12:32:00','2023-08-01 06:00:07'),
(368,314,39,9,301,0,0,NULL,1750.0,1698.0,NULL,1698,1,0.030,1308.0,56,90,'review',0,0.000,NULL,'2022-05-09 15:23:54','2023-08-01 06:00:07'),
(369,315,50,33,321,16,18,NULL,575000.0,557750.0,NULL,557750,1,0.000,7365.0,2,100,'review',0,0.000,NULL,'2022-05-09 15:25:06','2023-08-01 06:00:07'),
(373,319,50,33,321,16,18,NULL,575000.0,557750.0,NULL,557750,1,0.000,7365.0,2,100,'review',0,0.000,NULL,'2022-05-09 15:33:03','2023-08-01 06:00:07'),
(374,320,50,33,327,8,10,NULL,65000.0,63050.0,NULL,63050,1,0.000,10280.0,1,100,'review',0,0.000,NULL,'2022-05-16 18:54:35','2023-08-01 06:00:07'),
(375,321,50,33,327,8,10,16,65000.0,63050.0,NULL,63050,1,0.000,7365.0,2,100,'review',0,0.000,NULL,'2022-05-16 19:04:16','2023-08-01 06:00:07'),
(376,322,36,14,291,11,17,0,3600.0,3528.0,NULL,3528,1,0.090,0.0,2,125,'review',0,0.000,NULL,'2022-05-19 06:51:19','2023-08-01 06:00:07'),
(377,323,33,15,284,14,19,0,168763.0,160325.0,NULL,160325,1,0.060,0.0,56,65,'review',0,0.000,NULL,'2022-05-19 07:01:29','2023-08-01 06:00:07'),
(464,377,28,14,268,15,19,0,309001.0,262651.0,NULL,262651,1,0.090,0.0,2,170,'review',58,NULL,'{\"id\":28,\"product_code\":null,\"title\":\"گوشی موبایل اپل مدل iPhone 12 A2404 دو سیم‌ کارت ظرفیت 128 گیگابایت\",\"title_en\":null,\"vip\":0,\"length\":null,\"width\":null,\"height\":null,\"cats\":\"235,240,241,235,240,251\",\"cats_select\":\"241,251\",\"cat_property\":468,\"status\":\"active\",\"brand\":8,\"img\":\"uploads\\/product\\/28_default_1461.jpg\",\"view_count\":11,\"seller_count\":1,\"rate_star\":0,\"rate_score\":0,\"weight\":170,\"unit\":\"عدد\",\"description\":\"\",\"excerpt\":null,\"tags\":\"گوشی,موبایل,اپل,سری جدید\",\"info\":\"\",\"delivery_message\":null,\"festival_id\":58,\"festival_discount\":0.15,\"festival_start_date\":\"2022-07-20 00:01:01\",\"festival_end_date\":\"2022-12-21 23:59:59\",\"festival_exception\":\"no\",\"slug\":null,\"seo_title\":null,\"seo_description\":null,\"seo_metatag\":null,\"seo_alt\":null,\"poll_id\":null,\"created_by\":0,\"updated_by\":0,\"created_at\":\"2021-09-26T03:30:08.000000Z\",\"updated_at\":\"2022-07-23T06:56:32.000000Z\",\"is_favorite\":0,\"cat_items\":[{\"id\":235,\"parent_id\":0,\"title\":\"کالای دیجیتال\",\"img\":\"galaxy-s22-ultra-onleaks-768x768-1.jpg\",\"value\":null,\"url\":\"digital-product\"},{\"id\":240,\"parent_id\":235,\"title\":\"گوشی موبایل\",\"img\":\"صفحه اول\\/banner-lg-01.gif\",\"value\":null,\"url\":\"\"},{\"id\":241,\"parent_id\":240,\"title\":\"سامسونگ\",\"img\":null,\"value\":null,\"url\":\"mobile-sumsung\"}],\"cat1\":235,\"cat1_title\":\"کالای دیجیتال\",\"cat2\":240,\"cat2_title\":\"گوشی موبایل\",\"cat3\":241,\"cat3_title\":\"سامسونگ\",\"link\":\"http:\\/\\/localhost\\/yektashop\\/product\\/28\\/گوشی-موبایل-اپل-مدل-iPhone-12-A2404-دو-سیم‌-کارت-ظرفیت-128-گیگابایت\",\"user_id\":412,\"in_festival\":1}','2022-09-21 09:25:05','2023-08-01 06:00:07'),
(458,372,22,15,252,7,17,0,188097.0,188097.0,NULL,188097,1,0.060,0.0,56,10500,'review',0,0.000,'{\"id\":22,\"product_code\":null,\"title\":\"میز تحریر مدل الیت\",\"title_en\":null,\"vip\":1,\"length\":null,\"width\":null,\"height\":null,\"cats\":\"236,252\",\"cats_select\":\"252\",\"cat_property\":473,\"status\":\"active\",\"brand\":19,\"img\":\"uploads\\/product\\/22_default_6509.jpg\",\"view_count\":3,\"seller_count\":8,\"rate_star\":5,\"rate_score\":300,\"weight\":10500,\"unit\":\"عدد\",\"description\":\"\",\"excerpt\":null,\"tags\":\"میز,تحریر,میز تحریر,لوازم چوبی\",\"info\":\"\",\"delivery_message\":null,\"festival_id\":null,\"festival_discount\":0,\"festival_start_date\":null,\"festival_end_date\":null,\"festival_exception\":null,\"slug\":null,\"seo_title\":null,\"seo_description\":null,\"seo_metatag\":null,\"seo_alt\":null,\"poll_id\":null,\"created_by\":0,\"updated_by\":0,\"created_at\":\"2021-08-26T00:55:08.000000Z\",\"updated_at\":\"2022-08-16T04:54:34.000000Z\",\"is_favorite\":0,\"cat_items\":[{\"id\":236,\"parent_id\":0,\"title\":\"خانگی\",\"img\":\"5563676.jpg\",\"value\":null,\"url\":\"khanegi\"},{\"id\":252,\"parent_id\":236,\"title\":\"محصولات چوبی\",\"img\":\"\",\"value\":\"\",\"url\":\"\"}],\"cat1\":236,\"cat1_title\":\"خانگی\",\"cat2\":252,\"cat2_title\":\"محصولات چوبی\",\"link\":\"http:\\/\\/localhost\\/yektashop\\/product\\/22\\/میز-تحریر-مدل-الیت\",\"user_id\":412,\"in_festival\":0}','2022-08-25 10:08:44','2023-08-01 06:00:07'),
(459,373,22,15,252,7,17,0,188097.0,188097.0,NULL,188097,1,0.060,0.0,56,10500,'review',0,0.000,'{\"id\":22,\"product_code\":null,\"title\":\"میز تحریر مدل الیت\",\"title_en\":null,\"vip\":1,\"length\":null,\"width\":null,\"height\":null,\"cats\":\"236,252\",\"cats_select\":\"252\",\"cat_property\":473,\"status\":\"active\",\"brand\":19,\"img\":\"uploads\\/product\\/22_default_6509.jpg\",\"view_count\":3,\"seller_count\":8,\"rate_star\":5,\"rate_score\":300,\"weight\":10500,\"unit\":\"عدد\",\"description\":\"\",\"excerpt\":null,\"tags\":\"میز,تحریر,میز تحریر,لوازم چوبی\",\"info\":\"\",\"delivery_message\":null,\"festival_id\":null,\"festival_discount\":0,\"festival_start_date\":null,\"festival_end_date\":null,\"festival_exception\":null,\"slug\":null,\"seo_title\":null,\"seo_description\":null,\"seo_metatag\":null,\"seo_alt\":null,\"poll_id\":null,\"created_by\":0,\"updated_by\":0,\"created_at\":\"2021-08-26T00:55:08.000000Z\",\"updated_at\":\"2022-08-16T04:54:34.000000Z\",\"is_favorite\":0,\"cat_items\":[{\"id\":236,\"parent_id\":0,\"title\":\"خانگی\",\"img\":\"5563676.jpg\",\"value\":null,\"url\":\"khanegi\"},{\"id\":252,\"parent_id\":236,\"title\":\"محصولات چوبی\",\"img\":\"\",\"value\":\"\",\"url\":\"\"}],\"cat1\":236,\"cat1_title\":\"خانگی\",\"cat2\":252,\"cat2_title\":\"محصولات چوبی\",\"link\":\"http:\\/\\/localhost\\/yektashop\\/product\\/22\\/میز-تحریر-مدل-الیت\",\"user_id\":412,\"in_festival\":0}','2022-08-25 10:34:58','2023-08-01 06:00:07'),
(460,374,24,10,247,7,18,0,123227.0,121995.0,NULL,121995,1,0.070,0.0,56,7000,'review',0,0.000,'{\"id\":24,\"product_code\":null,\"title\":\"میز تحریر و لپ تاپ تاشو سایز بزرگ مدل G0025\",\"title_en\":null,\"vip\":0,\"length\":null,\"width\":null,\"height\":null,\"cats\":\"236,252\",\"cats_select\":\"252\",\"cat_property\":473,\"status\":\"active\",\"brand\":19,\"img\":\"uploads\\/product\\/24_default_1327.jpg\",\"view_count\":5,\"seller_count\":6,\"rate_star\":4.7,\"rate_score\":300,\"weight\":7000,\"unit\":\"عدد\",\"description\":\"\",\"excerpt\":null,\"tags\":\"میز,تحریر,میز تحریر,لوازم چوبی\",\"info\":\"\",\"delivery_message\":null,\"festival_id\":null,\"festival_discount\":0,\"festival_start_date\":null,\"festival_end_date\":null,\"festival_exception\":null,\"slug\":null,\"seo_title\":null,\"seo_description\":null,\"seo_metatag\":null,\"seo_alt\":null,\"poll_id\":null,\"created_by\":0,\"updated_by\":0,\"created_at\":\"2021-08-26T00:56:29.000000Z\",\"updated_at\":\"2022-07-11T12:54:52.000000Z\",\"is_favorite\":1,\"cat_items\":[{\"id\":236,\"parent_id\":0,\"title\":\"خانگی\",\"img\":\"5563676.jpg\",\"value\":null,\"url\":\"khanegi\"},{\"id\":252,\"parent_id\":236,\"title\":\"محصولات چوبی\",\"img\":\"\",\"value\":\"\",\"url\":\"\"}],\"cat1\":236,\"cat1_title\":\"خانگی\",\"cat2\":252,\"cat2_title\":\"محصولات چوبی\",\"link\":\"http:\\/\\/localhost\\/yektashop\\/product\\/24\\/میز-تحریر-و-لپ-تاپ-تاشو-سایز-بزرگ-مدل-G0025\",\"user_id\":412,\"in_festival\":0}','2022-08-25 10:51:51','2023-08-01 06:00:07'),
(461,375,12,9,236,10,8,0,126416.0,107454.0,NULL,107454,1,0.030,0.0,56,120,'review',58,NULL,'{\"id\":12,\"product_code\":null,\"title\":\"موبایل سامسونگ a50 با گارانتی\",\"title_en\":null,\"vip\":1,\"length\":null,\"width\":null,\"height\":null,\"cats\":\"235,240,241,235,240,241,466\",\"cats_select\":\"241,466\",\"cat_property\":468,\"status\":\"active\",\"brand\":7,\"img\":\"uploads\\/product\\/12_default_70142.jpg\",\"view_count\":17,\"seller_count\":6,\"rate_star\":3.2,\"rate_score\":32,\"weight\":120,\"unit\":\"عدد\",\"description\":\"\",\"excerpt\":null,\"tags\":\"موبایل,سامسونگ\",\"info\":\"\",\"delivery_message\":null,\"festival_id\":58,\"festival_discount\":0.15,\"festival_start_date\":\"2022-07-20 00:01:01\",\"festival_end_date\":\"2022-12-21 23:59:59\",\"festival_exception\":\"no\",\"slug\":null,\"seo_title\":null,\"seo_description\":null,\"seo_metatag\":null,\"seo_alt\":null,\"poll_id\":null,\"created_by\":0,\"updated_by\":0,\"created_at\":\"2021-08-09T05:02:31.000000Z\",\"updated_at\":\"2022-07-23T06:56:32.000000Z\",\"is_favorite\":1,\"cat_items\":[{\"id\":235,\"parent_id\":0,\"title\":\"کالای دیجیتال\",\"img\":\"galaxy-s22-ultra-onleaks-768x768-1.jpg\",\"value\":null,\"url\":\"digital-product\"},{\"id\":240,\"parent_id\":235,\"title\":\"گوشی موبایل\",\"img\":\"صفحه اول\\/banner-lg-01.gif\",\"value\":null,\"url\":\"\"},{\"id\":241,\"parent_id\":240,\"title\":\"سامسونگ\",\"img\":null,\"value\":null,\"url\":\"mobile-sumsung\"}],\"cat1\":235,\"cat1_title\":\"کالای دیجیتال\",\"cat2\":240,\"cat2_title\":\"گوشی موبایل\",\"cat3\":241,\"cat3_title\":\"سامسونگ\",\"link\":\"http:\\/\\/localhost\\/yektashop\\/product\\/12\\/موبایل-سامسونگ-a50-با-گارانتی\",\"user_id\":412,\"in_festival\":1}','2022-08-25 16:29:00','2023-08-01 06:00:07'),
(462,376,28,14,268,15,19,0,309001.0,262651.0,NULL,262651,1,0.090,0.0,1,170,'review',58,NULL,'{\"id\":28,\"product_code\":null,\"title\":\"گوشی موبایل اپل مدل iPhone 12 A2404 دو سیم‌ کارت ظرفیت 128 گیگابایت\",\"title_en\":null,\"vip\":0,\"length\":null,\"width\":null,\"height\":null,\"cats\":\"235,240,241,235,240,251\",\"cats_select\":\"241,251\",\"cat_property\":468,\"status\":\"active\",\"brand\":8,\"img\":\"uploads\\/product\\/28_default_1461.jpg\",\"view_count\":11,\"seller_count\":1,\"rate_star\":0,\"rate_score\":0,\"weight\":170,\"unit\":\"عدد\",\"description\":\"\",\"excerpt\":null,\"tags\":\"گوشی,موبایل,اپل,سری جدید\",\"info\":\"\",\"delivery_message\":null,\"festival_id\":58,\"festival_discount\":0.15,\"festival_start_date\":\"2022-07-20 00:01:01\",\"festival_end_date\":\"2022-12-21 23:59:59\",\"festival_exception\":\"no\",\"slug\":null,\"seo_title\":null,\"seo_description\":null,\"seo_metatag\":null,\"seo_alt\":null,\"poll_id\":null,\"created_by\":0,\"updated_by\":0,\"created_at\":\"2021-09-26T03:30:08.000000Z\",\"updated_at\":\"2022-07-23T06:56:32.000000Z\",\"is_favorite\":0,\"cat_items\":[{\"id\":235,\"parent_id\":0,\"title\":\"کالای دیجیتال\",\"img\":\"galaxy-s22-ultra-onleaks-768x768-1.jpg\",\"value\":null,\"url\":\"digital-product\"},{\"id\":240,\"parent_id\":235,\"title\":\"گوشی موبایل\",\"img\":\"صفحه اول\\/banner-lg-01.gif\",\"value\":null,\"url\":\"\"},{\"id\":241,\"parent_id\":240,\"title\":\"سامسونگ\",\"img\":null,\"value\":null,\"url\":\"mobile-sumsung\"}],\"cat1\":235,\"cat1_title\":\"کالای دیجیتال\",\"cat2\":240,\"cat2_title\":\"گوشی موبایل\",\"cat3\":241,\"cat3_title\":\"سامسونگ\",\"link\":\"http:\\/\\/localhost\\/yektashop\\/product\\/28\\/گوشی-موبایل-اپل-مدل-iPhone-12-A2404-دو-سیم‌-کارت-ظرفیت-128-گیگابایت\",\"user_id\":412,\"in_festival\":1}','2022-09-01 17:44:33','2023-08-01 06:00:07'),
(463,378,11,9,234,0,0,0,117714.0,100057.0,NULL,100057,1,0.030,0.0,1,120,'review',58,NULL,'{\"id\":11,\"product_code\":null,\"title\":\"سامسونگ A72\",\"title_en\":\"\",\"vip\":0,\"length\":null,\"width\":null,\"height\":null,\"cats\":\"235,240,241\",\"cats_select\":\"241\",\"cat_property\":null,\"status\":\"active\",\"brand\":7,\"img\":\"uploads\\/product\\/11_default_67165.jpg\",\"view_count\":17,\"seller_count\":35,\"rate_star\":3.9,\"rate_score\":300,\"weight\":120,\"unit\":\"عدد\",\"description\":\"\",\"excerpt\":null,\"tags\":\"mobile\",\"info\":null,\"delivery_message\":null,\"festival_id\":58,\"festival_discount\":0.15,\"festival_start_date\":\"2022-07-20 00:01:01\",\"festival_end_date\":\"2022-12-21 23:59:59\",\"festival_exception\":\"no\",\"slug\":null,\"seo_title\":null,\"seo_description\":null,\"seo_metatag\":null,\"seo_alt\":null,\"poll_id\":null,\"created_by\":0,\"updated_by\":0,\"created_at\":\"2021-05-29T23:25:13.000000Z\",\"updated_at\":\"2022-05-16T14:15:20.000000Z\",\"is_favorite\":0,\"cat_items\":[{\"id\":235,\"parent_id\":0,\"title\":\"کالای دیجیتال\",\"img\":\"galaxy-s22-ultra-onleaks-768x768-1.jpg\",\"value\":null,\"url\":\"digital-product\"},{\"id\":240,\"parent_id\":235,\"title\":\"گوشی موبایل\",\"img\":\"صفحه اول\\/banner-lg-01.gif\",\"value\":null,\"url\":\"\"},{\"id\":241,\"parent_id\":240,\"title\":\"سامسونگ\",\"img\":null,\"value\":null,\"url\":\"mobile-sumsung\"}],\"cat1\":235,\"cat1_title\":\"کالای دیجیتال\",\"cat2\":240,\"cat2_title\":\"گوشی موبایل\",\"cat3\":241,\"cat3_title\":\"سامسونگ\",\"link\":\"http:\\/\\/localhost\\/yektashop\\/product\\/11\\/سامسونگ-A72\",\"user_id\":412,\"in_festival\":1}','2022-09-01 17:44:33','2023-08-01 06:00:07'),
(465,378,24,10,247,7,18,0,123227.0,123227.0,NULL,123227,1,0.070,0.0,2,7000,'review',0,0.000,'{\"id\":24,\"product_code\":null,\"title\":\"میز تحریر و لپ تاپ تاشو سایز بزرگ مدل G0025\",\"title_en\":null,\"vip\":0,\"length\":null,\"width\":null,\"height\":null,\"cats\":\"236,252\",\"cats_select\":\"252\",\"cat_property\":473,\"status\":\"active\",\"brand\":19,\"img\":\"uploads\\/product\\/24_default_1327.jpg\",\"view_count\":5,\"seller_count\":6,\"rate_star\":4.7,\"rate_score\":300,\"weight\":7000,\"unit\":\"عدد\",\"description\":\"\",\"excerpt\":null,\"tags\":\"میز,تحریر,میز تحریر,لوازم چوبی\",\"info\":\"\",\"delivery_message\":null,\"festival_id\":null,\"festival_discount\":0,\"festival_start_date\":null,\"festival_end_date\":null,\"festival_exception\":null,\"slug\":null,\"seo_title\":null,\"seo_description\":null,\"seo_metatag\":null,\"seo_alt\":null,\"poll_id\":null,\"created_by\":0,\"updated_by\":0,\"created_at\":\"2021-08-26T00:56:29.000000Z\",\"updated_at\":\"2022-07-11T12:54:52.000000Z\",\"is_favorite\":1,\"cat_items\":[{\"id\":236,\"parent_id\":0,\"title\":\"خانگی\",\"img\":\"5563676.jpg\",\"value\":null,\"url\":\"khanegi\"},{\"id\":252,\"parent_id\":236,\"title\":\"محصولات چوبی\",\"img\":\"\",\"value\":\"\",\"url\":\"\"}],\"cat1\":236,\"cat1_title\":\"خانگی\",\"cat2\":252,\"cat2_title\":\"محصولات چوبی\",\"link\":\"http:\\/\\/localhost\\/karami\\/product\\/24\\/میز-تحریر-و-لپ-تاپ-تاشو-سایز-بزرگ-مدل-G0025\",\"user_id\":412,\"in_festival\":0}','2022-10-03 10:53:49','2023-08-01 06:00:07'),
(477,385,19,14,259,0,0,0,413491.0,413491.0,NULL,413491,2,0.090,0.0,56,12000,'review',0,0.000,'{\"id\":19,\"product_code\":null,\"title\":\"میز تحریر مدل 80 Owens B\",\"title_en\":null,\"vip\":0,\"length\":null,\"width\":null,\"height\":null,\"cats\":\"236,252\",\"cats_select\":\"252\",\"cat_property\":473,\"status\":\"active\",\"brand\":19,\"img\":\"uploads\\/product\\/19_default_4592.jpg\",\"view_count\":13,\"seller_count\":15,\"rate_star\":4.2,\"rate_score\":300,\"weight\":12000,\"unit\":\"عدد\",\"description\":\"\",\"excerpt\":null,\"tags\":\"میز,تحریر,میز تحریر,لوازم چوبی\",\"info\":\"\",\"delivery_message\":null,\"festival_id\":null,\"festival_discount\":0,\"festival_start_date\":null,\"festival_end_date\":null,\"festival_exception\":null,\"slug\":null,\"seo_title\":null,\"seo_description\":null,\"seo_metatag\":null,\"seo_alt\":null,\"poll_id\":null,\"created_by\":0,\"updated_by\":0,\"created_at\":\"2021-08-26T00:52:24.000000Z\",\"updated_at\":\"2022-07-11T12:58:45.000000Z\",\"is_favorite\":0,\"cat_items\":[{\"id\":236,\"parent_id\":0,\"title\":\"خانگی\",\"img\":\"5563676.jpg\",\"value\":null,\"url\":\"khanegi\"},{\"id\":252,\"parent_id\":236,\"title\":\"محصولات چوبی\",\"img\":\"\",\"value\":\"\",\"url\":\"\"}],\"cat1\":236,\"cat1_title\":\"خانگی\",\"cat2\":252,\"cat2_title\":\"محصولات چوبی\",\"link\":\"http:\\/\\/localhost\\/karami\\/product\\/19\\/میز-تحریر-مدل-80-Owens-B\",\"user_id\":412,\"in_festival\":0}','2022-10-23 16:39:28','2023-08-01 06:00:07'),
(476,384,45,33,328,7,8,0,158000.0,158000.0,NULL,158000,1,0.000,0.0,2,156,'review',0,0.000,'{\"id\":45,\"product_code\":null,\"title\":\"حلقه ای زنانه طرح قرمز\",\"title_en\":\"new product 3\",\"vip\":1,\"length\":null,\"width\":null,\"height\":null,\"cats\":\"238,305,307,238,305,309,238,305,310\",\"cats_select\":\"307,309,310\",\"cat_property\":469,\"status\":\"active\",\"brand\":0,\"img\":\"uploads\\/product\\/45_default_3637.jpg\",\"view_count\":1,\"seller_count\":6,\"rate_star\":0,\"rate_score\":0,\"weight\":156,\"unit\":\"عدد\",\"description\":\"\",\"excerpt\":null,\"tags\":\"ادکلن,عطر,رایحه\",\"info\":\"\",\"delivery_message\":null,\"festival_id\":null,\"festival_discount\":0.05,\"festival_start_date\":\"2022-07-07 00:00:00\",\"festival_end_date\":\"2022-07-20 00:00:00\",\"festival_exception\":null,\"slug\":null,\"seo_title\":null,\"seo_description\":null,\"seo_metatag\":null,\"seo_alt\":null,\"poll_id\":null,\"created_by\":412,\"updated_by\":null,\"created_at\":\"2022-01-24T17:15:42.000000Z\",\"updated_at\":\"2022-10-12T08:42:50.000000Z\",\"is_favorite\":0,\"cat_items\":[{\"id\":238,\"parent_id\":0,\"title\":\"مد و پوشاک\",\"img\":\"modposhak.jpg\",\"value\":null,\"url\":\"lebas\"},{\"id\":305,\"parent_id\":238,\"title\":\"لباسهای زنانه\",\"img\":\"\",\"value\":\"\",\"url\":\"\"},{\"id\":307,\"parent_id\":305,\"title\":\"شومیز\",\"img\":\"\",\"value\":\"\",\"url\":\"\"}],\"cat1\":238,\"cat1_title\":\"مد و پوشاک\",\"cat2\":305,\"cat2_title\":\"لباسهای زنانه\",\"cat3\":307,\"cat3_title\":\"شومیز\",\"link\":\"http:\\/\\/localhost\\/karami\\/product\\/45\\/حلقه-ای-زنانه-طرح-قرمز\",\"user_id\":412,\"in_festival\":0}','2022-10-22 12:10:03','2023-08-01 06:00:07'),
(475,384,47,14,339,16,0,16,37500.0,37000.0,NULL,37000,1,0.090,0.0,2,120,'review',0,0.000,'{\"id\":47,\"product_code\":null,\"title\":\"ادکن بنفش ماکیوز\",\"title_en\":\"marquiz odokolon metal\",\"vip\":1,\"length\":null,\"width\":null,\"height\":null,\"cats\":\"239,337,239,337,345\",\"cats_select\":\"337,345\",\"cat_property\":468,\"status\":\"active\",\"brand\":12,\"img\":\"uploads\\/product\\/47_default_88143.jpg\",\"view_count\":7,\"seller_count\":1,\"rate_star\":0,\"rate_score\":0,\"weight\":120,\"unit\":\"عدد\",\"description\":\"\",\"excerpt\":null,\"tags\":\"ادکلن,عطر,رایحه\",\"info\":\"[{\\\"name\\\":null,\\\"value\\\":\\\"\\\\u0639\\\\u0637\\\\u0631 \\\\u062e\\\\u06cc\\\\u0644\\\\u06cc \\\\u062e\\\\u0648\\\\u0628\\\\u06cc \\\\u062f\\\\u0627\\\\u0631\\\\u062f\\\",\\\"class\\\":null},{\\\"name\\\":null,\\\"value\\\":\\\"\\\\u0645\\\\u0646\\\\u0627\\\\u0633\\\\u0628 \\\\u0628\\\\u0631\\\\u0627\\\\u06cc \\\\u0627\\\\u0641\\\\u0631\\\\u0627\\\\u062f \\\\u062c\\\\u0648\\\\u0627\\\\u0646\\\",\\\"class\\\":null},{\\\"name\\\":null,\\\"value\\\":\\\"\\\\u0628\\\\u0634\\\\u062f\\\\u062a \\\\u0644\\\\u0627\\\\u06a9\\\\u0686\\\\u0631\\\\u06cc\\\",\\\"class\\\":null}]\",\"delivery_message\":null,\"festival_id\":null,\"festival_discount\":null,\"festival_start_date\":null,\"festival_end_date\":null,\"festival_exception\":null,\"slug\":null,\"seo_title\":null,\"seo_description\":null,\"seo_metatag\":null,\"seo_alt\":null,\"poll_id\":null,\"created_by\":412,\"updated_by\":null,\"created_at\":\"2022-01-24T19:12:19.000000Z\",\"updated_at\":\"2022-10-12T08:42:50.000000Z\",\"is_favorite\":0,\"cat_items\":[{\"id\":239,\"parent_id\":0,\"title\":\"زیبایی و سلامت\",\"img\":\"1347474247_12_01.jpg\",\"value\":null,\"url\":\"zibaye\"},{\"id\":337,\"parent_id\":239,\"title\":\"لوازم آرایشی\",\"img\":\"\",\"value\":\"\",\"url\":\"\"}],\"cat1\":239,\"cat1_title\":\"زیبایی و سلامت\",\"cat2\":337,\"cat2_title\":\"لوازم آرایشی\",\"link\":\"http:\\/\\/localhost\\/karami\\/product\\/47\\/ادکن-بنفش-ماکیوز\",\"user_id\":412,\"in_festival\":0}','2022-10-22 12:10:03','2023-08-01 06:00:07'),
(474,383,39,9,301,0,0,0,1750.0,1750.0,NULL,1750,1,0.030,0.0,2,90,'review',0,0.000,'{\"id\":39,\"product_code\":null,\"title\":\"تی شرت زنانه طرح یونیکورن کد 4175\",\"title_en\":\"Unicorn design women\'s t-shirt code 4175\",\"vip\":1,\"length\":22,\"width\":22,\"height\":22,\"cats\":\"238,305,307\",\"cats_select\":\"307\",\"cat_property\":469,\"status\":\"active\",\"brand\":0,\"img\":\"uploads\\/product\\/39_default_1545.jpg\",\"view_count\":11,\"seller_count\":0,\"rate_star\":3,\"rate_score\":3,\"weight\":90,\"unit\":\"عدد\",\"description\":\"\",\"excerpt\":null,\"tags\":\"تی شرت,تیشرت,تابستانی,زنانه\",\"info\":\"\",\"delivery_message\":null,\"festival_id\":null,\"festival_discount\":0.09,\"festival_start_date\":\"2022-07-07 00:00:00\",\"festival_end_date\":\"2022-08-11 00:00:00\",\"festival_exception\":\"no\",\"slug\":null,\"seo_title\":null,\"seo_description\":null,\"seo_metatag\":null,\"seo_alt\":null,\"poll_id\":7,\"created_by\":0,\"updated_by\":0,\"created_at\":\"2021-10-17T15:26:07.000000Z\",\"updated_at\":\"2022-08-03T10:16:04.000000Z\",\"is_favorite\":1,\"cat_items\":[{\"id\":238,\"parent_id\":0,\"title\":\"مد و پوشاک\",\"img\":\"modposhak.jpg\",\"value\":null,\"url\":\"lebas\"},{\"id\":305,\"parent_id\":238,\"title\":\"لباسهای زنانه\",\"img\":\"\",\"value\":\"\",\"url\":\"\"},{\"id\":307,\"parent_id\":305,\"title\":\"شومیز\",\"img\":\"\",\"value\":\"\",\"url\":\"\"}],\"cat1\":238,\"cat1_title\":\"مد و پوشاک\",\"cat2\":305,\"cat2_title\":\"لباسهای زنانه\",\"cat3\":307,\"cat3_title\":\"شومیز\",\"link\":\"http:\\/\\/localhost\\/karami\\/product\\/39\\/تی-شرت-زنانه-طرح-یونیکورن-کد-4175\",\"user_id\":412,\"in_festival\":0}','2022-10-13 17:45:19','2023-08-01 06:00:07'),
(472,382,22,15,252,7,17,0,188097.0,188097.0,NULL,188097,3,0.060,0.0,56,10500,'review',0,0.000,'{\"id\":22,\"product_code\":null,\"title\":\"میز تحریر مدل الیت\",\"title_en\":null,\"vip\":1,\"length\":null,\"width\":null,\"height\":null,\"cats\":\"236,252\",\"cats_select\":\"252\",\"cat_property\":473,\"status\":\"active\",\"brand\":19,\"img\":\"uploads\\/product\\/22_default_6509.jpg\",\"view_count\":3,\"seller_count\":12,\"rate_star\":5,\"rate_score\":300,\"weight\":10500,\"unit\":\"عدد\",\"description\":\"\",\"excerpt\":null,\"tags\":\"میز,تحریر,میز تحریر,لوازم چوبی\",\"info\":\"\",\"delivery_message\":null,\"festival_id\":null,\"festival_discount\":0,\"festival_start_date\":null,\"festival_end_date\":null,\"festival_exception\":null,\"slug\":null,\"seo_title\":null,\"seo_description\":null,\"seo_metatag\":null,\"seo_alt\":null,\"poll_id\":null,\"created_by\":0,\"updated_by\":0,\"created_at\":\"2021-08-26T00:55:08.000000Z\",\"updated_at\":\"2022-10-12T06:52:08.000000Z\",\"is_favorite\":0,\"cat_items\":[{\"id\":236,\"parent_id\":0,\"title\":\"خانگی\",\"img\":\"5563676.jpg\",\"value\":null,\"url\":\"khanegi\"},{\"id\":252,\"parent_id\":236,\"title\":\"محصولات چوبی\",\"img\":\"\",\"value\":\"\",\"url\":\"\"}],\"cat1\":236,\"cat1_title\":\"خانگی\",\"cat2\":252,\"cat2_title\":\"محصولات چوبی\",\"link\":\"http:\\/\\/localhost\\/karami\\/product\\/22\\/میز-تحریر-مدل-الیت\",\"user_id\":412,\"in_festival\":0}','2022-10-12 16:52:27','2023-08-01 06:00:07'),
(473,382,24,10,247,7,18,0,123227.0,123227.0,NULL,123227,2,0.070,0.0,56,7000,'review',0,0.000,'{\"id\":24,\"product_code\":null,\"title\":\"میز تحریر و لپ تاپ تاشو سایز بزرگ مدل G0025\",\"title_en\":null,\"vip\":0,\"length\":null,\"width\":null,\"height\":null,\"cats\":\"236,252\",\"cats_select\":\"252\",\"cat_property\":473,\"status\":\"active\",\"brand\":19,\"img\":\"uploads\\/product\\/24_default_1327.jpg\",\"view_count\":5,\"seller_count\":12,\"rate_star\":4.7,\"rate_score\":300,\"weight\":7000,\"unit\":\"عدد\",\"description\":\"\",\"excerpt\":null,\"tags\":\"میز,تحریر,میز تحریر,لوازم چوبی\",\"info\":\"\",\"delivery_message\":null,\"festival_id\":null,\"festival_discount\":0,\"festival_start_date\":null,\"festival_end_date\":null,\"festival_exception\":null,\"slug\":null,\"seo_title\":null,\"seo_description\":null,\"seo_metatag\":null,\"seo_alt\":null,\"poll_id\":null,\"created_by\":0,\"updated_by\":0,\"created_at\":\"2021-08-26T00:56:29.000000Z\",\"updated_at\":\"2022-10-12T06:52:08.000000Z\",\"is_favorite\":1,\"cat_items\":[{\"id\":236,\"parent_id\":0,\"title\":\"خانگی\",\"img\":\"5563676.jpg\",\"value\":null,\"url\":\"khanegi\"},{\"id\":252,\"parent_id\":236,\"title\":\"محصولات چوبی\",\"img\":\"\",\"value\":\"\",\"url\":\"\"}],\"cat1\":236,\"cat1_title\":\"خانگی\",\"cat2\":252,\"cat2_title\":\"محصولات چوبی\",\"link\":\"http:\\/\\/localhost\\/karami\\/product\\/24\\/میز-تحریر-و-لپ-تاپ-تاشو-سایز-بزرگ-مدل-G0025\",\"user_id\":412,\"in_festival\":0}','2022-10-12 16:52:27','2023-08-01 06:00:07'),
(478,385,25,14,245,0,0,0,147416.0,147416.0,NULL,147416,1,0.090,0.0,56,5000,'review',0,0.000,'{\"id\":25,\"product_code\":null,\"title\":\"میز تحریر مدل چند حالته MT11\",\"title_en\":null,\"vip\":1,\"length\":null,\"width\":null,\"height\":null,\"cats\":\"236,252\",\"cats_select\":\"252\",\"cat_property\":473,\"status\":\"active\",\"brand\":19,\"img\":\"uploads\\/product\\/25_default_1779.jpg\",\"view_count\":2,\"seller_count\":31,\"rate_star\":4.1,\"rate_score\":300,\"weight\":5000,\"unit\":\"عدد\",\"description\":\"\",\"excerpt\":null,\"tags\":\"میز,تحریر,میز تحریر,لوازم چوبی\",\"info\":\"\",\"delivery_message\":null,\"festival_id\":null,\"festival_discount\":0,\"festival_start_date\":null,\"festival_end_date\":null,\"festival_exception\":null,\"slug\":null,\"seo_title\":null,\"seo_description\":null,\"seo_metatag\":null,\"seo_alt\":null,\"poll_id\":null,\"created_by\":0,\"updated_by\":0,\"created_at\":\"2021-08-26T00:57:06.000000Z\",\"updated_at\":\"2022-07-11T12:54:30.000000Z\",\"is_favorite\":0,\"cat_items\":[{\"id\":236,\"parent_id\":0,\"title\":\"خانگی\",\"img\":\"5563676.jpg\",\"value\":null,\"url\":\"khanegi\"},{\"id\":252,\"parent_id\":236,\"title\":\"محصولات چوبی\",\"img\":\"\",\"value\":\"\",\"url\":\"\"}],\"cat1\":236,\"cat1_title\":\"خانگی\",\"cat2\":252,\"cat2_title\":\"محصولات چوبی\",\"link\":\"http:\\/\\/localhost\\/karami\\/product\\/25\\/میز-تحریر-مدل-چند-حالته-MT11\",\"user_id\":412,\"in_festival\":0}','2022-10-23 16:39:28','2023-08-01 06:00:07'),
(479,385,24,10,247,7,18,0,123227.0,123227.0,NULL,123227,3,0.070,0.0,56,7000,'review',0,0.000,'{\"id\":24,\"product_code\":null,\"title\":\"میز تحریر و لپ تاپ تاشو سایز بزرگ مدل G0025\",\"title_en\":null,\"vip\":0,\"length\":null,\"width\":null,\"height\":null,\"cats\":\"236,252\",\"cats_select\":\"252\",\"cat_property\":473,\"status\":\"active\",\"brand\":19,\"img\":\"uploads\\/product\\/24_default_1327.jpg\",\"view_count\":5,\"seller_count\":14,\"rate_star\":4.7,\"rate_score\":300,\"weight\":7000,\"unit\":\"عدد\",\"description\":\"\",\"excerpt\":null,\"tags\":\"میز,تحریر,میز تحریر,لوازم چوبی\",\"info\":\"\",\"delivery_message\":null,\"festival_id\":null,\"festival_discount\":0,\"festival_start_date\":null,\"festival_end_date\":null,\"festival_exception\":null,\"slug\":null,\"seo_title\":null,\"seo_description\":null,\"seo_metatag\":null,\"seo_alt\":null,\"poll_id\":null,\"created_by\":0,\"updated_by\":0,\"created_at\":\"2021-08-26T00:56:29.000000Z\",\"updated_at\":\"2022-10-12T13:22:35.000000Z\",\"is_favorite\":1,\"cat_items\":[{\"id\":236,\"parent_id\":0,\"title\":\"خانگی\",\"img\":\"5563676.jpg\",\"value\":null,\"url\":\"khanegi\"},{\"id\":252,\"parent_id\":236,\"title\":\"محصولات چوبی\",\"img\":\"\",\"value\":\"\",\"url\":\"\"}],\"cat1\":236,\"cat1_title\":\"خانگی\",\"cat2\":252,\"cat2_title\":\"محصولات چوبی\",\"link\":\"http:\\/\\/localhost\\/karami\\/product\\/24\\/میز-تحریر-و-لپ-تاپ-تاشو-سایز-بزرگ-مدل-G0025\",\"user_id\":412,\"in_festival\":0}','2022-10-23 16:39:28','2023-08-01 06:00:07'),
(480,386,45,33,328,7,8,0,158000.0,158000.0,NULL,158000,2,0.000,0.0,56,156,'review',0,0.000,'{\"id\":45,\"product_code\":null,\"title\":\"حلقه ای زنانه طرح قرمز\",\"title_en\":\"new product 3\",\"vip\":1,\"length\":null,\"width\":null,\"height\":null,\"cats\":\"238,305,307,238,305,309,238,305,310\",\"cats_select\":\"307,309,310\",\"cat_property\":469,\"status\":\"active\",\"brand\":0,\"img\":\"uploads\\/product\\/45_default_3637.jpg\",\"view_count\":1,\"seller_count\":7,\"rate_star\":0,\"rate_score\":0,\"weight\":156,\"unit\":\"عدد\",\"description\":\"\",\"excerpt\":null,\"tags\":\"ادکلن,عطر,رایحه\",\"info\":\"\",\"delivery_message\":null,\"festival_id\":null,\"festival_discount\":0.05,\"festival_start_date\":\"2022-07-07 00:00:00\",\"festival_end_date\":\"2022-07-20 00:00:00\",\"festival_exception\":null,\"slug\":null,\"seo_title\":null,\"seo_description\":null,\"seo_metatag\":null,\"seo_alt\":null,\"poll_id\":null,\"created_by\":412,\"updated_by\":null,\"created_at\":\"2022-01-24T17:15:42.000000Z\",\"updated_at\":\"2022-10-22T08:40:13.000000Z\",\"is_favorite\":0,\"cat_items\":[{\"id\":238,\"parent_id\":0,\"title\":\"مد و پوشاک\",\"img\":\"modposhak.jpg\",\"value\":null,\"url\":\"lebas\"},{\"id\":305,\"parent_id\":238,\"title\":\"لباسهای زنانه\",\"img\":\"\",\"value\":\"\",\"url\":\"\"},{\"id\":307,\"parent_id\":305,\"title\":\"شومیز\",\"img\":\"\",\"value\":\"\",\"url\":\"\"}],\"cat1\":238,\"cat1_title\":\"مد و پوشاک\",\"cat2\":305,\"cat2_title\":\"لباسهای زنانه\",\"cat3\":307,\"cat3_title\":\"شومیز\",\"link\":\"http:\\/\\/localhost\\/karami\\/product\\/45\\/حلقه-ای-زنانه-طرح-قرمز\",\"user_id\":412,\"in_festival\":0}','2022-10-24 16:45:36','2023-08-01 06:00:07'),
(481,386,39,9,301,0,0,0,1750.0,1750.0,NULL,1750,3,0.030,0.0,56,90,'review',0,0.000,'{\"id\":39,\"product_code\":null,\"title\":\"تی شرت زنانه طرح یونیکورن کد 4175\",\"title_en\":\"Unicorn design women\'s t-shirt code 4175\",\"vip\":1,\"length\":22,\"width\":22,\"height\":22,\"cats\":\"238,305,307\",\"cats_select\":\"307\",\"cat_property\":469,\"status\":\"active\",\"brand\":0,\"img\":\"uploads\\/product\\/39_default_1545.jpg\",\"view_count\":11,\"seller_count\":1,\"rate_star\":3,\"rate_score\":3,\"weight\":90,\"unit\":\"عدد\",\"description\":\"\",\"excerpt\":null,\"tags\":\"تی شرت,تیشرت,تابستانی,زنانه\",\"info\":\"\",\"delivery_message\":null,\"festival_id\":null,\"festival_discount\":0.09,\"festival_start_date\":\"2022-07-07 00:00:00\",\"festival_end_date\":\"2022-08-11 00:00:00\",\"festival_exception\":\"no\",\"slug\":null,\"seo_title\":null,\"seo_description\":null,\"seo_metatag\":null,\"seo_alt\":null,\"poll_id\":7,\"created_by\":0,\"updated_by\":0,\"created_at\":\"2021-10-17T15:26:07.000000Z\",\"updated_at\":\"2022-10-13T14:15:25.000000Z\",\"is_favorite\":1,\"cat_items\":[{\"id\":238,\"parent_id\":0,\"title\":\"مد و پوشاک\",\"img\":\"modposhak.jpg\",\"value\":null,\"url\":\"lebas\"},{\"id\":305,\"parent_id\":238,\"title\":\"لباسهای زنانه\",\"img\":\"\",\"value\":\"\",\"url\":\"\"},{\"id\":307,\"parent_id\":305,\"title\":\"شومیز\",\"img\":\"\",\"value\":\"\",\"url\":\"\"}],\"cat1\":238,\"cat1_title\":\"مد و پوشاک\",\"cat2\":305,\"cat2_title\":\"لباسهای زنانه\",\"cat3\":307,\"cat3_title\":\"شومیز\",\"link\":\"http:\\/\\/localhost\\/karami\\/product\\/39\\/تی-شرت-زنانه-طرح-یونیکورن-کد-4175\",\"user_id\":412,\"in_festival\":0}','2022-10-24 16:45:36','2023-08-01 06:00:07'),
(482,389,26,14,253,0,18,0,1765854.0,1765854.0,NULL,1765854,1,0.090,0.0,60,130000,'review',0,0.000,'{\"id\":21,\"product_code\":null,\"title\":\"میز تحریر مدل M191\",\"title_en\":\"\",\"vip\":0,\"length\":null,\"width\":null,\"height\":null,\"cats\":\"\",\"cats_select\":null,\"cat_property\":null,\"status\":\"active\",\"brand\":19,\"img\":\"uploads\\/product\\/21_default_2521.jpg\",\"view_count\":0,\"seller_count\":25,\"rate_star\":4.9,\"rate_score\":300,\"weight\":130000,\"unit\":\"عدد\",\"description\":\"\",\"excerpt\":null,\"tags\":\"میز,تحریر,میز تحریر,لوازم چوبی\",\"info\":null,\"delivery_message\":null,\"festival_id\":null,\"festival_discount\":null,\"festival_start_date\":null,\"festival_end_date\":null,\"festival_exception\":null,\"slug\":null,\"seo_title\":null,\"seo_description\":null,\"seo_metatag\":null,\"seo_alt\":null,\"poll_id\":null,\"created_by\":0,\"updated_by\":0,\"created_at\":\"2021-08-26T00:53:50.000000Z\",\"updated_at\":\"2021-08-26T00:53:50.000000Z\",\"is_favorite\":0,\"cat_items\":[],\"link\":\"http:\\/\\/localhost\\/karimi\\/product\\/21\\/میز-تحریر-مدل-M191\",\"user_id\":412,\"in_festival\":0}','2023-02-01 00:25:07','2023-08-01 06:00:07'),
(483,390,52,9,345,11,17,0,26000.0,26000.0,NULL,26000,1,0.030,0.0,1,200,'review',0,0.000,'{\"id\":52,\"product_code\":\"00072440\",\"title\":\"گوشی موبایل اپل مدل iPhone 13 A2634 دو سیم کارت ظرفیت 128 گیگابایت و رم 4 گیگابایت\",\"title_en\":\"Apple iPhone 13 A2634 Dual SIM 128GB And 4GB RAM Mobile Phone\",\"vip\":1,\"length\":59,\"width\":43,\"height\":12,\"cats\":\"235,240,251\",\"cats_select\":\"251\",\"cat_property\":468,\"status\":\"active\",\"brand\":8,\"img\":\"uploads\\/product\\/52_default_27716.jpg\",\"view_count\":1,\"seller_count\":0,\"rate_star\":2.8,\"rate_score\":17,\"weight\":200,\"unit\":\"عدد\",\"description\":\"\",\"excerpt\":\"\",\"tags\":\"اپل,ابفون,موبایل,گوشی\",\"info\":\"[{\\\"name\\\":\\\"حافظه داخلی:\\\",\\\"value\\\":\\\"128 گیگابایت\\\",\\\"class\\\":null},{\\\"name\\\":\\\"مقدار RAM:\\\",\\\"value\\\":\\\"چهار گیگابایت\\\",\\\"class\\\":null},{\\\"name\\\":\\\"بازه‌ی اندازه صفحه نمایش:\\\",\\\"value\\\":\\\"6.0 اینچ و بزرگتر\\\",\\\"class\\\":null},{\\\"name\\\":\\\"شبکه های ارتباطی:\\\",\\\"value\\\":\\\"2G، 3G، 4G، 5G\\\",\\\"class\\\":null}]\",\"delivery_message\":\"ارسال رایگان سفارش در صورت خرید از فروشندگان موجود\",\"festival_id\":58,\"festival_discount\":0.15,\"festival_start_date\":\"2022-07-20 00:00:00\",\"festival_end_date\":\"2022-12-21 00:00:00\",\"festival_exception\":\"no\",\"slug\":\"ایفون-13-128-گیگ-با-گارانتی\",\"seo_title\":\"ایفون 13 خیلی تمیز و عالی\",\"seo_description\":\"گوشی موبایل «iPhone 13» پرچم‌دار جدید شرکت اپل است که با چند ویژگی جدید و دوربین دوگانه روانه بازار شده است. اپل برای ویژگی‌ها و طراحی کلی این گوشی از همان فرمول چند سال اخیرش استفاده کرده است. نمایشگر آیفون 13 به پنل Super Retina مجهز ‌شده است تا تصاویر بسیار مطلوبی را به کاربر عرضه کند\",\"seo_metatag\":\"<meta name=\\\"csrf-mohammad\\\" content=\\\"mohammadshoja\\\">\\r\\n<meta name=index\\\" content=\\\"yes\\\">\",\"seo_alt\":\"گوشی موبایل «iPhone 13» پرچم‌دار جدید شرکت اپل است که با چند ویژگی جدید\",\"poll_id\":1,\"created_by\":412,\"updated_by\":null,\"created_at\":\"2022-07-13T04:53:32.000000Z\",\"updated_at\":\"2022-09-14T13:36:05.000000Z\",\"is_favorite\":0,\"cat_items\":[{\"id\":235,\"parent_id\":0,\"title\":\"کالای دیجیتال\",\"img\":\"galaxy-s22-ultra-onleaks-768x768-1.jpg\",\"value\":null,\"url\":\"digital-product\"},{\"id\":240,\"parent_id\":235,\"title\":\"گوشی موبایل\",\"img\":\"صفحه اول\\/banner-lg-01.gif\",\"value\":null,\"url\":\"\"},{\"id\":251,\"parent_id\":240,\"title\":\"اپل\",\"img\":\"\",\"value\":\"\",\"url\":\"\"}],\"cat1\":235,\"cat1_title\":\"کالای دیجیتال\",\"cat2\":240,\"cat2_title\":\"گوشی موبایل\",\"cat3\":251,\"cat3_title\":\"اپل\",\"link\":\"http:\\/\\/192.168.1.101\\/karimi\\/product\\/52\\/گوشی-موبایل-اپل-مدل-iPhone-13-A2634-دو-سیم-کارت-ظرفیت-128-گیگابایت-و-رم-4-گیگابایت\",\"user_id\":459,\"in_festival\":0}','2023-04-08 12:12:37','2023-08-01 06:00:07'),
(484,390,34,15,287,15,18,0,163045.0,163045.0,NULL,163045,1,0.060,0.0,1,70,'review',0,0.000,'{\"id\":34,\"product_code\":null,\"title\":\"تی شرت آستین کوتاه زنانه شین دیزاین طرح دوچرخه کد 4457\",\"title_en\":\"\",\"vip\":0,\"length\":null,\"width\":null,\"height\":null,\"cats\":\"\",\"cats_select\":null,\"cat_property\":null,\"status\":\"active\",\"brand\":15,\"img\":\"uploads\\/product\\/34_default_8526.jpg\",\"view_count\":0,\"seller_count\":2,\"rate_star\":0,\"rate_score\":0,\"weight\":70,\"unit\":\"عدد\",\"description\":\"\",\"excerpt\":null,\"tags\":\"پیراهن,تی شرت,زنانه\",\"info\":null,\"delivery_message\":null,\"festival_id\":null,\"festival_discount\":null,\"festival_start_date\":null,\"festival_end_date\":null,\"festival_exception\":null,\"slug\":null,\"seo_title\":null,\"seo_description\":null,\"seo_metatag\":null,\"seo_alt\":null,\"poll_id\":null,\"created_by\":0,\"updated_by\":0,\"created_at\":\"2021-09-26T04:12:42.000000Z\",\"updated_at\":\"2021-10-08T10:12:37.000000Z\",\"is_favorite\":0,\"cat_items\":[],\"link\":\"http:\\/\\/192.168.1.101\\/karimi\\/product\\/34\\/تی-شرت-آستین-کوتاه-زنانه-شین-دیزاین-طرح-دوچرخه-کد-4457\",\"user_id\":459,\"in_festival\":0}','2023-04-08 12:12:37','2023-08-01 06:00:07'),
(485,391,52,9,345,11,17,0,26000.0,26000.0,NULL,26000,1,0.030,0.0,61,200,'review',0,0.000,'{\"id\":52,\"product_code\":\"00072440\",\"title\":\"گوشی موبایل اپل مدل iPhone 13 A2634 دو سیم کارت ظرفیت 128 گیگابایت و رم 4 گیگابایت\",\"title_en\":\"Apple iPhone 13 A2634 Dual SIM 128GB And 4GB RAM Mobile Phone\",\"vip\":1,\"length\":59,\"width\":43,\"height\":12,\"cats\":\"235,240,251\",\"cats_select\":\"251\",\"cat_property\":468,\"status\":\"active\",\"brand\":8,\"img\":\"uploads\\/product\\/52_default_27716.jpg\",\"view_count\":1,\"seller_count\":1,\"rate_star\":2.79999999999999982236431605997495353221893310546875,\"rate_score\":17,\"weight\":200,\"unit\":\"عدد\",\"description\":\"\",\"excerpt\":\"\",\"tags\":\"اپل,ابفون,موبایل,گوشی\",\"info\":\"[{\\\"name\\\":\\\"حافظه داخلی:\\\",\\\"value\\\":\\\"128 گیگابایت\\\",\\\"class\\\":null},{\\\"name\\\":\\\"مقدار RAM:\\\",\\\"value\\\":\\\"چهار گیگابایت\\\",\\\"class\\\":null},{\\\"name\\\":\\\"بازه‌ی اندازه صفحه نمایش:\\\",\\\"value\\\":\\\"6.0 اینچ و بزرگتر\\\",\\\"class\\\":null},{\\\"name\\\":\\\"شبکه های ارتباطی:\\\",\\\"value\\\":\\\"2G، 3G، 4G، 5G\\\",\\\"class\\\":null}]\",\"delivery_message\":\"ارسال رایگان سفارش در صورت خرید از فروشندگان موجود\",\"festival_id\":58,\"festival_discount\":0.1499999999999999944488848768742172978818416595458984375,\"festival_start_date\":\"2022-07-20 00:00:00\",\"festival_end_date\":\"2022-12-21 00:00:00\",\"festival_exception\":\"no\",\"slug\":\"ایفون-13-128-گیگ-با-گارانتی\",\"seo_title\":\"ایفون 13 خیلی تمیز و عالی\",\"seo_description\":\"گوشی موبایل «iPhone 13» پرچم‌دار جدید شرکت اپل است که با چند ویژگی جدید و دوربین دوگانه روانه بازار شده است. اپل برای ویژگی‌ها و طراحی کلی این گوشی از همان فرمول چند سال اخیرش استفاده کرده است. نمایشگر آیفون 13 به پنل Super Retina مجهز ‌شده است تا تصاویر بسیار مطلوبی را به کاربر عرضه کند\",\"seo_metatag\":\"<meta name=\\\"csrf-mohammad\\\" content=\\\"mohammadshoja\\\">\\r\\n<meta name=index\\\" content=\\\"yes\\\">\",\"seo_alt\":\"گوشی موبایل «iPhone 13» پرچم‌دار جدید شرکت اپل است که با چند ویژگی جدید\",\"poll_id\":1,\"created_by\":412,\"updated_by\":null,\"created_at\":\"2022-07-13T04:53:32.000000Z\",\"updated_at\":\"2023-04-08T08:43:23.000000Z\",\"is_favorite\":0,\"cat_items\":[{\"id\":235,\"parent_id\":0,\"title\":\"کالای دیجیتال\",\"img\":\"galaxy-s22-ultra-onleaks-768x768-1.jpg\",\"value\":null,\"url\":\"digital-product\"},{\"id\":240,\"parent_id\":235,\"title\":\"گوشی موبایل\",\"img\":\"صفحه اول\\/banner-lg-01.gif\",\"value\":null,\"url\":\"\"},{\"id\":251,\"parent_id\":240,\"title\":\"اپل\",\"img\":\"\",\"value\":\"\",\"url\":\"\"}],\"cat1\":235,\"cat1_title\":\"کالای دیجیتال\",\"cat2\":240,\"cat2_title\":\"گوشی موبایل\",\"cat3\":251,\"cat3_title\":\"اپل\",\"link\":\"http:\\/\\/homacom.com\\/product\\/52\\/گوشی-موبایل-اپل-مدل-iPhone-13-A2634-دو-سیم-کارت-ظرفیت-128-گیگابایت-و-رم-4-گیگابایت\",\"user_id\":461,\"in_festival\":0}','2023-04-09 10:40:57','2023-08-01 06:00:07'),
(486,391,32,9,349,14,17,0,202128.0,202128.0,NULL,202128,1,0.030,0.0,61,320,'review',0,0.000,'{\"id\":32,\"product_code\":null,\"title\":\"تیشرت آستین بلند مردانه کد 3BL\",\"title_en\":null,\"vip\":0,\"length\":null,\"width\":null,\"height\":null,\"cats\":\"238,326,333\",\"cats_select\":\"333\",\"cat_property\":469,\"status\":\"active\",\"brand\":15,\"img\":\"uploads\\/product\\/32_default_4779.jpg\",\"view_count\":1,\"seller_count\":1,\"rate_star\":0,\"rate_score\":0,\"weight\":320,\"unit\":\"عدد\",\"description\":\"\",\"excerpt\":null,\"tags\":\"بلوز,تی شرت,پیراهن\",\"info\":\"\",\"delivery_message\":null,\"festival_id\":null,\"festival_discount\":null,\"festival_start_date\":null,\"festival_end_date\":null,\"festival_exception\":null,\"slug\":null,\"seo_title\":null,\"seo_description\":null,\"seo_metatag\":null,\"seo_alt\":null,\"poll_id\":null,\"created_by\":0,\"updated_by\":0,\"created_at\":\"2021-09-26T04:03:31.000000Z\",\"updated_at\":\"2022-03-03T13:48:15.000000Z\",\"is_favorite\":0,\"cat_items\":[{\"id\":238,\"parent_id\":0,\"title\":\"مد و پوشاک\",\"img\":\"modposhak.jpg\",\"value\":null,\"url\":\"lebas\"},{\"id\":326,\"parent_id\":238,\"title\":\" لباس های مردانه\",\"img\":\"\",\"value\":\"\",\"url\":\"\"},{\"id\":333,\"parent_id\":326,\"title\":\"بافتنی\",\"img\":\"\",\"value\":\"\",\"url\":\"\"}],\"cat1\":238,\"cat1_title\":\"مد و پوشاک\",\"cat2\":326,\"cat2_title\":\" لباس های مردانه\",\"cat3\":333,\"cat3_title\":\"بافتنی\",\"link\":\"http:\\/\\/homacom.com\\/product\\/32\\/تیشرت-آستین-بلند-مردانه-کد-3BL\",\"user_id\":461,\"in_festival\":0}','2023-04-09 10:40:57','2023-08-01 06:00:07');

--
-- Table structure for table `ms011_shop_notify_temp`
--

CREATE TABLE `ms011_shop_notify_temp` (
  `id` int(11) NOT NULL AUTO_INCREMENT,
  `for_use` varchar(100) DEFAULT NULL,
  `subject` varchar(255) DEFAULT NULL,
  `email_content` text DEFAULT NULL,
  `sms_content` text DEFAULT NULL,
  `status_email` varchar(20) DEFAULT NULL,
  `status_sms` varchar(20) DEFAULT NULL,
  `created_by` int(11) DEFAULT NULL,
  `edited_by` int(11) DEFAULT NULL,
  `created_at` timestamp NULL DEFAULT NULL,
  `updated_at` timestamp NULL DEFAULT NULL ON UPDATE current_timestamp(),
  PRIMARY KEY (`id`)
) ENGINE=InnoDB AUTO_INCREMENT=34 DEFAULT CHARSET=utf8mb3 COLLATE=utf8mb3_persian_ci;

--
-- Dumping data for table `ms011_shop_notify_temp`
--

INSERT INTO `ms011_shop_notify_temp` VALUES
(26,'new_customer','ثبت نام مشتری جدید','<p><img style=\"display: block; margin-left: auto; margin-right: auto;\" src=\"http://localhost/material/uploads/media/open12.png\" alt=\"فروشگاه دیجی شاپ\" width=\"195\" height=\"195\" /></p>\n\n<p>{NICKNAME} عزیز ورود شما را به سامانه دیجی شاپ خیر مقدم عرض مینمایم</p>\n\n<p>زمان عضویت : {DATETIME}&nbsp;</p>\n\n<p>با احترم مدیریت سامانه</p>','{NICKNAME} عزیز ورود شما را به سامانه دیجی شاپ خیر مقدم عرض مینمایم\n\nبا احترم مدیریت سامانه','active','active',1,1,'2021-10-30 12:53:05','2021-10-30 15:28:13'),
(27,'mobile_verify_code','کد تایید و ادامه ثبت نام','<p>کد تایید شما :&nbsp; {MOBILE_VERIFY_CODE} میباشد</p>\n\n<p>از اینکه ما را انتخاب کردید سپاسگذاریم .</p>','کد تایید شما :  {MOBILE_VERIFY_CODE} میباشد\n\nاز اینکه ما را انتخاب کردید سپاسگذاریم .','active','active',1,1,'2021-10-30 15:37:32','2021-10-30 15:39:36'),
(28,'new_invoice','صدور فاکتور خرید','<p>فاکتور جدید با شمار {ORDER_ID} برای شما ({NICKNAME}) با موفقیت ایجاد شد.</p>','فاکتور جدید با شمار {ORDER_ID} برای شما ({NICKNAME}) با موفقیت ایجاد شد.\n\nزمان ثبت فاکتور : {ORDER_DATE} - {ORDER_TIME}','active','active',1,NULL,'2021-11-03 11:02:47','2021-11-03 11:02:47'),
(29,'new_comment','ثبت دیدگاه تازه','<p>دیدگاه تازه ای توسط شما مشتری محترم ({NICKNAME}) به ثبت رسید</p>','دیدگاه تازه ای توسط شما مشتری محترم ({NICKNAME}) به ثبت رسید','active','active',1,412,'2021-11-03 11:13:27','2021-12-29 18:10:34'),
(30,'store_request','درخواست ثبت فروشگاه','<p>فروشگاه جدید توسط مشتری {NICKNAME} درخواست داده شد</p>','فروشگاه جدید توسط مشتری {NICKNAME} درخواست داده شد','active','active',1,NULL,'2021-11-06 14:10:16','2021-11-06 14:10:16'),
(31,'order_status','تغییر وضعیت فاکتور','<p>فاکتور با شناسه {ORDER_ID} به وضعیت {ORDER_STATUS} تغییر کرد&nbsp;</p>','فاکتور با شناسه {ORDER_ID} به وضعیت {ORDER_STATUS} تغییر کرد ','active','active',1,NULL,'2021-11-19 14:33:57','2021-11-19 14:33:57'),
(32,'new_user','ثبت نام کاربر جدید','<p>سلام {NICKNAME} عزیز</p>\n\n<p>به سامانه ما خوش آمدید</p>','سلام {NICKNAME} عزیز\n\nبه سامانه ما خوش آمدید','active','active',1,1,'2021-11-19 14:46:26','2021-11-19 14:46:38'),
(33,'forget_password','فراموشی رمز عبور','<p>برای بازیابی رمز عبور بر روی این لینک کلیک کنید</p>\n\n<p><a href=\"http://localhost/appek/recovery-password/{FORGET_PASS_TOKEN}\">بازیابی رمز عبور&nbsp;</a></p>','بر روی این لینک کلیک کنید\n\n{SITE_URL}/recovery-password/{FORGET_PASS_TOKEN}','active','active',412,412,'2021-12-31 14:50:06','2022-01-07 11:53:54');

--
-- Table structure for table `ms011_shop_products`
--

CREATE TABLE `ms011_shop_products` (
  `id` int(11) NOT NULL AUTO_INCREMENT,
  `product_code` varchar(255) DEFAULT NULL,
  `title` varchar(150) DEFAULT NULL,
  `title_en` varchar(150) DEFAULT NULL,
  `vip` tinyint(4) DEFAULT 0,
  `length` int(11) DEFAULT NULL,
  `width` int(11) DEFAULT NULL,
  `height` int(11) DEFAULT NULL,
  `cats` varchar(255) DEFAULT NULL,
  `cats_select` varchar(255) DEFAULT NULL,
  `cat_property` int(11) DEFAULT NULL COMMENT 'دسته مشخصات فنی محصول',
  `suggestion_cats` varchar(60) DEFAULT NULL,
  `indicator_cats` varchar(60) DEFAULT NULL,
  `inventory_status` varchar(10) DEFAULT 'active',
  `status` varchar(45) DEFAULT NULL,
  `brand` int(11) DEFAULT NULL,
  `img` varchar(45) DEFAULT NULL,
  `view_count` int(11) DEFAULT 0 COMMENT 'موجودی در انبار',
  `seller_count` int(11) DEFAULT 0 COMMENT 'تعداد فروش',
  `rate_star` float(3,1) DEFAULT 0.0,
  `rate_score` int(11) DEFAULT 0,
  `weight` int(11) DEFAULT NULL,
  `unit` varchar(20) DEFAULT 'عدد' COMMENT 'واحد شمارش محصول',
  `description` longtext DEFAULT NULL,
  `excerpt` mediumtext DEFAULT NULL,
  `tags` varchar(255) DEFAULT NULL,
  `info` text DEFAULT NULL,
  `delivery_message` varchar(255) DEFAULT NULL,
  `festival_id` int(11) DEFAULT 0,
  `festival_discount` float(5,2) DEFAULT NULL,
  `festival_start_date` datetime DEFAULT NULL,
  `festival_end_date` datetime DEFAULT NULL,
  `festival_exception` varchar(10) DEFAULT 'no',
  `slug` varchar(255) DEFAULT NULL,
  `seo_title` varchar(255) DEFAULT NULL,
  `seo_description` mediumtext DEFAULT NULL,
  `seo_metatag` mediumtext DEFAULT NULL,
  `seo_alt` varchar(255) DEFAULT NULL,
  `poll_id` int(11) DEFAULT NULL,
  `created_by` int(11) DEFAULT NULL,
  `updated_by` int(11) DEFAULT NULL,
  `created_at` varchar(45) DEFAULT NULL,
  `updated_at` varchar(45) DEFAULT NULL,
  PRIMARY KEY (`id`)
) ENGINE=InnoDB AUTO_INCREMENT=57 DEFAULT CHARSET=utf8mb3 COLLATE=utf8mb3_persian_ci;

--
-- Dumping data for table `ms011_shop_products`
--

INSERT INTO `ms011_shop_products` VALUES
(7,NULL,'گوشی گوگل پیکسل 3',NULL,0,NULL,NULL,NULL,'235,240,241,235,240,250','241,250',468,NULL,NULL,'active','active',18,'uploads/product/7_default_84823.jpg',19,40,5.0,300,120,'عدد','<p>is Good Mobile In Sumsung Category</p>\n\n<p>&nbsp;</p>',NULL,'mobile,sumsung,noch,toch','',NULL,58,0.15,'2022-07-20 00:01:01','2022-12-21 23:59:59','no',NULL,NULL,NULL,NULL,NULL,NULL,0,0,'2021-05-29 04:54:03','2022-07-05 20:13:43'),
(8,NULL,'گوشی موبایل ایفون 10','',0,NULL,NULL,NULL,'',NULL,NULL,NULL,NULL,'active','active',8,'uploads/product/8_default_78349.jpg',7,5,4.2,300,120,'عدد','<p>The&nbsp;<strong>iPhone</strong>&nbsp;is a line of&nbsp;<a title=\"\" href=\"https://en.wikipedia.org/wiki/Smartphone\">smartphones</a>&nbsp;designed and marketed by&nbsp;<a title=\"Apple Inc.\" href=\"https://en.wikipedia.org/wiki/Apple_Inc.\">Apple Inc.</a>&nbsp;that use Apple\'s&nbsp;<a title=\"IOS\" href=\"https://en.wikipedia.org/wiki/IOS\">iOS</a>&nbsp;<a title=\"Mobile operating system\" href=\"https://en.wikipedia.org/wiki/Mobile_operating_system\">mobile operating system</a>. The&nbsp;<a title=\"\" href=\"https://en.wikipedia.org/wiki/IPhone_(1st_generation)\">first-generation iPhone</a>&nbsp;was announced by former Apple&nbsp;<a title=\"Chief executive officer\" href=\"https://en.wikipedia.org/wiki/Chief_executive_officer\">CEO</a>&nbsp;<a title=\"Steve Jobs\" href=\"https://en.wikipedia.org/wiki/Steve_Jobs\">Steve Jobs</a>&nbsp;on January 9, 2007. Since then Apple has annually released new iPhone models and iOS updates. As of November 1, 2018, more than 2.2 billion iPhones had been sold.</p>\n\n<p>The iPhone has a&nbsp;<a title=\"User interface\" href=\"https://en.wikipedia.org/wiki/User_interface\">user interface</a>&nbsp;built around a&nbsp;<a title=\"Multi-touch\" href=\"https://en.wikipedia.org/wiki/Multi-touch\">multi-touch</a>&nbsp;screen. It connects to&nbsp;<a title=\"Cellular network\" href=\"https://en.wikipedia.org/wiki/Cellular_network\">cellular networks</a>&nbsp;or&nbsp;<a title=\"Wi-Fi\" href=\"https://en.wikipedia.org/wiki/Wi-Fi\">Wi-Fi</a>, and can make&nbsp;<a title=\"Telephone call\" href=\"https://en.wikipedia.org/wiki/Telephone_call\">calls</a>,&nbsp;<a title=\"Web browser\" href=\"https://en.wikipedia.org/wiki/Web_browser\">browse the web</a>,&nbsp;<a title=\"Camera phone\" href=\"https://en.wikipedia.org/wiki/Camera_phone\">take pictures</a>,&nbsp;<a title=\"Portable media player\" href=\"https://en.wikipedia.org/wiki/Portable_media_player\">play music</a>&nbsp;and send and receive&nbsp;<a title=\"Email\" href=\"https://en.wikipedia.org/wiki/Email\">emails</a>&nbsp;and&nbsp;<a title=\"Text messaging\" href=\"https://en.wikipedia.org/wiki/Text_messaging\">text messages</a>. Since the iPhone\'s launch further features have been added, including larger screen sizes,&nbsp;<a title=\"Video camera\" href=\"https://en.wikipedia.org/wiki/Video_camera\">shooting video</a>,&nbsp;<a title=\"Waterproofing\" href=\"https://en.wikipedia.org/wiki/Waterproofing\">waterproofing</a>, the ability to install third-party&nbsp;<a title=\"Mobile app\" href=\"https://en.wikipedia.org/wiki/Mobile_app\">mobile apps</a>&nbsp;through an&nbsp;<a title=\"App store\" href=\"https://en.wikipedia.org/wiki/App_store\">app store</a>, and many&nbsp;<a title=\"Computer accessibility\" href=\"https://en.wikipedia.org/wiki/Computer_accessibility\">accessibility</a>&nbsp;features. Up to 2017, iPhones used a layout with a single button on the front panel that returns the user to the&nbsp;<a title=\"Springboard (iPhone)\" href=\"https://en.wikipedia.org/wiki/Springboard_(iPhone)\">home screen</a>. Since 2017, more expensive iPhone models have switched to a nearly&nbsp;<a title=\"Screen bezel\" href=\"https://en.wikipedia.org/wiki/Screen_bezel\">bezel</a>-less front screen design with app switching activated by&nbsp;<a title=\"Gesture recognition\" href=\"https://en.wikipedia.org/wiki/Gesture_recognition\">gesture recognition</a>.</p>\n\n<p>The iPhone is one of the two largest smartphone&nbsp;<a title=\"Computing platform\" href=\"https://en.wikipedia.org/wiki/Computing_platform\">platforms</a>&nbsp;in the world alongside&nbsp;<a title=\"Android (operating system)\" href=\"https://en.wikipedia.org/wiki/Android_(operating_system)\">Android</a>, forming a large part of the&nbsp;<a title=\"Luxury goods\" href=\"https://en.wikipedia.org/wiki/Luxury_goods\">luxury market</a>. The iPhone has generated large profits for Apple, making it one of the world\'s&nbsp;<a title=\"List of public corporations by market capitalization\" href=\"https://en.wikipedia.org/wiki/List_of_public_corporations_by_market_capitalization\">most valuable publicly traded companies</a>. The first-generation iPhone was described as \"revolutionary\" and a \"game-changer\" for the mobile phone industry and subsequent models have also garnered praise. The iPhone has been credited with popularizing the smartphone and&nbsp;<a title=\"Slate phone\" href=\"https://en.wikipedia.org/wiki/Slate_phone\">slate form factor</a>, and with creating a large market for smartphone apps, or \"<a title=\"IPhone (1st generation)\" href=\"https://en.wikipedia.org/wiki/Mobile_app_development\">app economy</a>\". As of January&nbsp;2017, Apple\'s&nbsp;<a title=\"App Store (iOS)\" href=\"https://en.wikipedia.org/wiki/App_Store_(iOS)\">App Store</a>&nbsp;contained more than 2.2&nbsp;million applications for the iPhone.</p>',NULL,'mobile,iphon,smart,toch,noch',NULL,NULL,NULL,NULL,NULL,NULL,NULL,NULL,NULL,NULL,NULL,NULL,NULL,0,0,'2021-05-29 04:56:43','2021-09-18 15:01:42'),
(11,NULL,'سامسونگ A72','',0,NULL,NULL,NULL,'235,240,241','241',NULL,NULL,NULL,'active','active',7,'uploads/product/11_default_67165.jpg',17,35,0.0,0,120,'عدد','<p>I bought the iFixit kit which included the battery and the tools needed to replace it (replacement adhesive pads, screen opening picks, etc.). I was successful, but it\'s not exactly an easy process. The gel pack that came with the kit, which you are supposed to microwave to heat up and use to melt the screen\'s adhesive, didn\'t do anything. Instead, I had to use a hairdryer (a heat gun would work as well). Other than that, following the iFixit guide worked perfectly for me. Really do be careful when cleaning the old adhesive off of the display, as it\'s very easy for whatever you\'re using to scrape it off to slip, and you will almost certainly damage the display if you drag the scraper over it.</p>',NULL,'mobile',NULL,NULL,58,0.15,'2022-07-20 00:01:01','2022-12-21 23:59:59','no',NULL,NULL,NULL,NULL,NULL,NULL,0,0,'2021-05-30 03:55:13','2023-07-20 11:44:23'),
(12,NULL,'موبایل سامسونگ a50 با گارانتی',NULL,1,NULL,NULL,NULL,'235,240,241,235,240,241,466','241,466',468,NULL,NULL,'active','active',7,'uploads/product/12_default_70142.jpg',17,7,3.2,32,120,'عدد','<h3>گلگسی سری A</h3>\n\n<p>گوشی های سری A شرکت سامسونگ از گوشی های میان رده این شرکت هستند. اولین گوشی تولید شده این سری گوشی های موبایل سامسونگ، Galaxy Alpha بود که در سال 2014 روانه بازار شد. پس از آن اولین نسل گوشی های موبایل A3 و A5 در دسامبر سال 2014 معرفی شدند. گوشی های موبایل سری A سامسونگ، ویژگی های خاص و تجملاتی گوشی های سری S را ندارند. این سری از گوشی های سامسونگ را می توان رقبای اصلی برای محصولات مقرون&zwnj;به&zwnj;صرفه شرکت هایی مانند هوآوی و شیائومی دانست. شرکت سامسونگ با ساخت گوشی موبایل مدل A30S بار دیگر سعی کرده است تا سهم بازار خود را در گوشی های میان رده حفظ کند. گوشی های A30s و A50s در آگوست 2019 معرفی شده اند که از نظر ظاهری مشابه هم هستند. از آنجایی که A30s از گوشی&lrm;های سری Galaxy A است از صفحه نمایش Super AMOLED بهره می&lrm;برد، از باتری نسیبتا بهتری برخوردار است و قابلیت Fast Charging دارد. در ادامه به ویژگی&rlm; های دیگر گوشی سامسونگ Galaxy A30s خواهیم پرداخت.</p>\n\n<p>&nbsp;</p>\n\n<h3>طراحی&nbsp;</h3>\n\n<p>گلکسی A30S با صفحه نمایش 6.4 اینچی، بریدگی های منحنی شکل و حاشیه بسیار کم از لبه ها، چیزی از طراحی پرچم داران سامسونگ کم ندارد. قاب جلویی تا جای ممکن ساده طراحی شده که جلوه زیبایی هم به آن داده است. به دلیل V شکل بودن بریدگی قسمت بالای آن، نام Infinty-V برای آن انتخاب شده است. لبه &lrm;های گلکسی A30S به صورت کاملا گرد طراحی شده است. قاب پشتی هم در نهایت سادگی و به صورت براق طراحی شده است که طرح سه بعدی دارد. سنسورهای دوربین به همراه فلش LED در قسمت بالای آن قرار گرفته است. سامسونگ در این مدل به جای قرار دادن حسگر اثر انگشت روی قاب پشتی، آن را در زیر صفحه نمایش قرار داده است. به این ترتیب قاب پشتی این گوشی نسبت گلکسی A30 کمی ساده تر به نظر می رسد.</p>\n\n<p>&nbsp;</p>\n\n<p>کلیدهای کنترل میزان صدا و کلید پاور هر دو در یک سمت گوشی قرار گرفته&lrm;اند تا دسترسی به آن ها آسان تر باشد. درگاه دیگری برای نصب سیم کارت و یا کارت حافظه بر روی لبه سمت چپ گوشی قرار گرفته است. در قسمت پایین گوشی، ورودی هدفون 3.5 میلی&lrm;متری، اسپیکر و درگاه پورت USB-C قرار گرفته است.</p>\n\n<p>&nbsp;</p>\n\n<h3>صفحه نمایش</h3>\n\n<p>صفحه نمایش 6.4 اینچی سوپر آمولد در گلکسی A30S بسیار زیبا و بلند به نظر می&lrm;رسد. این پنل در کمتر گوشی در این گستره قیمتی دیده می&lrm;شود. در قسمت بالای صفحه نمایش فقط یک دوربین سلفی قرار گرفته است و حاشیه های بالایی و کناری در گلکسی A30S بسیار باریک شده به طوری که صفحه نمایش آن توانسته است 84.9% نسبت مساحت کل گوشی را به خود اختصاص دهد. صفحه نمایش AMOLED در این گوشی از روشنایی و شفافیت بسیار خوبی برخوردار است. رزولوشن این مدل برابر با 1560 &times; 720 پیکسل است در مقایسه با Galaxy A30 کمتر شده است.</p>\n\n<p>&nbsp;</p>\n\n<h3>دوربین</h3>\n\n<p>گلکسی A30S از یک دوربین سه گانه بهره می&lrm;برد؛ دوربین اصلی A30s سنسور 25 مگاپیکسلی با دریچه&zwnj;ی دیافراگم f/1.7 و فوکوس خودکار (PDAF) است و سنسور 8 مگاپیکسلی دیگر از نوع فوق عریض (Ultrawide) با فاصله کانونی لنز 13میلی&zwnj;متر است. برخلاف A30 در آن از سنسور عمق استفاده نشده بود، گوشی موبایل A30S از یک سنسورعمق با رزولوشن 5 مگاپیکسل بهره می برد. به این ترتیب می توانید عکس&lrm;های پرتره خوبی را با محو کردن زمینه پشتی عکس ثبت نمایید.</p>\n\n<p>&nbsp;</p>\n\n<h3>سخت افزار و نرم افزار</h3>\n\n<p>سخت افزار به کار رفته در A30s تغییری نسیبت به مدل A30 نداشته است. در گوشی گلکسی A30S هم از تراشه Exynos 7904 و پردازنده گرافیکی Mali G71 MP2 استفاده شده است. تراشه Exynos 7904 استفاده شده در این گوشی با پردازش 14 نانومتری ساخته شده و از دو از هسته قدرتمند Cortex-A73 و شش هسته کم مصرف Cortex-A53 تشکیل شده است. به طور کلی A30S در اجرای بازی&lrm;های مختلف و مولتی تسکینگ عملکرد قابل قبولی را دارد؛ همچنین بازی های سنگین مثل PUBG را می تواند در تنظیمات متوسط اجرا نماید.</p>\n\n<p>&nbsp;</p>\n\n<h3>باطری</h3>\n\n<p>این گوشی هوشمند انرژی مورد نیاز خود را از یک باتری 4000 میلی آمپر ساعتی تامین می&lrm;کند و به این معنا است که شارژ کافی برای به اشتراک گذاری محتوا ، تماشای آنلاین ویدیو و زندگی در لحظه را دارید. همچنین از شارژ سریع 15 وات پشتیبانی می کند و وقتی نیاز به شارژکردن داشتید قابلیت شارژ سریع در دسترس است.</p>\n\n<p>&nbsp;</p>\n\n<h3>جمع بندی</h3>\n\n<p>اگر می&zwnj;خواهید گوشی داشته باشید که تا مدت&zwnj;ها بدون دردسر و مشکل نیازی&zwnj;های اولیه&zwnj;تان را برطرف کندGalaxy A30S انتخاب خوبی است. صفحه&zwnj;نمایش Super AMOLED این گوشی کم نقص است و تجربه مطلوبی را برای کاربر به دنبال دارد. انجام کارهای روزمره هم با این گوشی به&zwnj;راحتی انجام می&zwnj;شود اما اگر گیمر حرفه&zwnj;ای هستید باید به فکر خرید گوشی بالا رده و البته گران&zwnj;قیمت&zwnj;تری باشید. دوربین سلفی این گوشی هم دیگر مزیت آن است که عکس&zwnj;هایی بسیار باکیفیت می&zwnj;گیرد. گوشی A30s پس از مدل A30 سامسونگ معرفی شده است که از همان سخت افزار بهره می گیرد. یکی از مزیت های A30s نسبته به A30 استفاده از دوربین سه گانه است که به سنسورها با رزولوشن بالاتر مجهز شده است؛ با اضافه شدن سنسور عمق با رزولوشن 5 مگاپیکسل می توانید تصاویر پرتره خوبی با زمینه محو (Bukeh) را ثبت نمایید.</p>\n\n<p>&nbsp;</p>',NULL,'موبایل,سامسونگ','',NULL,58,0.15,'2022-07-20 00:01:01','2022-12-21 23:59:59','no',NULL,NULL,NULL,NULL,NULL,NULL,0,0,'2021-08-09 09:32:31','2022-10-12 09:44:16'),
(26,'10010001','گوشی موبایل سامسونگ مدل Galaxy S20 FE SM-G780 دو سیم کارت ظرفیت 128 گیگابایت و 8 گیگابایت رم','',0,NULL,NULL,NULL,'',NULL,NULL,NULL,NULL,'active','active',7,'uploads/product/26_default_5472.jpg',12,0,4.0,4,120,'عدد','<div class=\"o-box__header\"><span class=\"o-box__title\">نقد و بررسی تخصصی</span><span class=\"o-box__header-desc\">Samsung Galaxy S20 FE SM-G780 Dual SIM 128GB And 8GB RAM Mobile Phone</span></div>\n\n<div class=\"c-content-expert__articles js-product-review-container is-open\">\n\n<section class=\"c-content-expert__article js-expert-article is-active\">\n\n<h3 class=\"c-content-expert__title\">معرفی</h3>\n\n<div class=\"c-content-expert__text\">\n\n<p>&nbsp;</p>\n\n<p>در سپتامبر ۲۰۲۰ سامسونگ یک مدل جدید از خانواده پرچمداران سری اس ۲۰ را به طرفداران خودش تقدیم کرد، این گوشی سامسونگ که گلکسی S20 FE و یا همان Fan Edition نام دارد که در واقع نسخه اقتصادی پرچمداران ۲۰۲۰ است. در حالی که&nbsp;سامسونگ نسل جدید گوشی&zwnj;های سری S خود را &nbsp;با عنوان Galaxy S20 در فوریه سال 2020 معرفی کرد که به&zwnj;عنوان نسخه پیشرفته&zwnj;تر گوشی&zwnj;های S10 روانه بازار شده بود. سامسونگ دلیل این جهش در نام&zwnj;گذاری از S10 به S20 را ارائه نسلی جدید از گوشی&zwnj;های موبایل هوشمند عنوان کرده است.&nbsp;طراحی گوشی&zwnj;های جدید تا جای ممکن مطلوب شده&zwnj;اند تا جای هیچ ایرادی را برای منتقدان باقی نگذارند؛ سخت&zwnj;افزار و دوربین هم بهترین&zwnj;های بازار تا به امروز هستند.</p>\n\n<p>&nbsp;</p>\n\n</div>\n\n<div class=\"c-content-expert__text c-content-expert__text--center\">\n\n<div class=\"c-content-expert__img c-content-expert__img--center\"><img src=\"https://dkstatics-public.digikala.com/digikala-reviews/93202ab8539306328a7db88867e9189ea767ae39_1608038612.jpg?x-oss-process=image/resize,w_960/quality,q_70\" data-src=\"https://dkstatics-public.digikala.com/digikala-reviews/93202ab8539306328a7db88867e9189ea767ae39_1608038612.jpg?x-oss-process=image/resize,w_960/quality,q_70\" /></div>\n\n</div>\n\n</section>\n\n<section class=\"c-content-expert__article js-expert-article is-active\">\n\n<h3 class=\"c-content-expert__title\">طراحی</h3>\n\n<div class=\"c-content-expert__text c-content-expert__text--row\">\n\n<div class=\"c-content-expert__text--right\">\n\n<p>&nbsp;</p>\n\n<p>سامسونگ از زمان تولید Galaxy S8، همواره در پی بهبود طراحی محصولات خود بوده است. گوشی Galaxy S8 که به شکل گسترده&zwnj;ای طراحی خمیده را به نمایش گذاشت و پس از آن سامسونگ در حال اصلاح و آزمایش آن بوده است. این عضو جدید از خانواده سامسونگ&nbsp;ظاهری استاندارد و مشابه با سری S دارد. پنل پشتی طراحی خاصی ندارد و مات به نظر می&zwnj;رسد. این کمپانی به منظور پایین آوردن هزینه&zwnj;های ساخت، بدنه را از گلستیک و یا همان &laquo;پلاستیک-شیشه&raquo;ساخته و فقط قسمت جلویی را با گوریلاگلس ۳ پوشانده است، اما در مورد فریم تغییری ایجاد نکرده و گوشی را در قابی از آلومینیوم جای داده است. با این حال گلکسی اس ۲۰ اف ای جلوه لوکس و سامسونگ گونه خود را حفظ کرده و شیک به نظر می&zwnj;رسد. فراموش نکنید که استفاده از گلستیک همیشه چیز بدی نیست و به کنترل بهتر دمای گوشی و همین&zwnj;طور سبک و خوش دست شدن موبایل کمک زیادی می&zwnj;کند. شرکت سامسونگ صفحه نمایش این مدل را به مانند نسخه اصلی کاملا یکدست طراحی کرده است و در این مدل نیز کنترلر صدا و دکمه پاور در سمت راست قاب گوشی تعبیه شده است.&nbsp;&nbsp;</p>\n\n<p>&nbsp;</p>\n\n</div>\n\n<div class=\"c-content-expert__img c-content-expert__img--left\"><img src=\"https://dkstatics-public.digikala.com/digikala-reviews/b3b03cc91bb90597e71ce3fcbfb7e805ef672c7e_1608095832.jpg?x-oss-process=image/resize,w_360/quality,q_70\" data-src=\"https://dkstatics-public.digikala.com/digikala-reviews/b3b03cc91bb90597e71ce3fcbfb7e805ef672c7e_1608095832.jpg?x-oss-process=image/resize,w_360/quality,q_70\" /></div>\n\n</div>\n\n</section>\n\n<section class=\"c-content-expert__article js-expert-article is-active\">\n\n<h3 class=\"c-content-expert__title\">صفحه&zwnj;نمایش Galaxy S20 FE</h3>\n\n<div class=\"c-content-expert__text\">\n\n<p>&nbsp;</p>\n\n<p>قاب جلویی گوشی را یک نمایشگر تمام&zwnj;صفحه پر کرده است. همانگونه که مطلع هستید شرکت سامسونگ همواره برای گوشی&zwnj;های پرچمدار خود از با کیفیت&zwnj;ترین نمایشگرها استفاده می&zwnj;کند و در واقع یک از نقاط قوت گوشی&zwnj;های سامسونگ نمایشگرهای با کیفیت آنها هستند.&nbsp;&nbsp;صفحه&zwnj;نمایش 6.5&nbsp;اینچی، وضوح Full HD+&lrm; با فناوری Super AMOLED و&nbsp;با نرخ به&zwnj;روزرسانی ۱۲۰ هرتز همراه&zwnj; شده است. این صفحه نمایش با دقت تصویر 2400 &times; 1080 پیکسل و تراکم پیکسلی 407&nbsp;پیکسل در هر اینچ، کیفیت مرغوبی را برای تماشای ویدیو، بازی کردن و گشت&zwnj;وگذار در اینترنت برای کاربران فراهم می&zwnj;کند. در این صفحه نمایش از فناوری Super AMOLED بهره گرفته شده است که می&zwnj;تواند تا 16.7&nbsp;میلیون رنگ را به&zwnj;راحتی آنالیز و نمایش دهد. بنابراین شما می&zwnj;توانید رنگ&zwnj;ها را در صفحه&zwnj;نمایش Galaxy S20 FE&nbsp; بسیار زنده و با جزئیات مشاهده کنید. قاب جلو به&zwnj;طور کامل از شیشه ساخته شده است. فریم&zwnj;های این گوشی هم از&nbsp;جنس آلومینیوم&nbsp;بسیار سخت و مقاوم هستند. صفحه نمایش&nbsp;Galaxy S20 FE&nbsp; فقط مقدار کمی خمیدگی در لبه&zwnj;های تخت اطراف دارد و&nbsp;دوربین سلفی ۳۲ مگاپیکسلی در داخل یک حفره کامل (Punch-Hole) قرار گرفته است.&nbsp;قرار گرفتن اثر انگشت در پایین صفحه&zwnj;نمایش گوشی نگرانی شما را از نظر امنیت برطرف می&zwnj;کند.</p>\n\n<p>&nbsp;</p>\n\n<p>&nbsp;</p>\n\n</div>\n\n<div class=\"c-content-expert__text c-content-expert__text--center\">\n\n<div class=\"c-content-expert__img c-content-expert__img--center\"><img src=\"https://dkstatics-public.digikala.com/digikala-reviews/1056102662880d9b7502f00b43196c1f90e4f6c7_1608095615.jpg?x-oss-process=image/resize,w_960/quality,q_70\" data-src=\"https://dkstatics-public.digikala.com/digikala-reviews/1056102662880d9b7502f00b43196c1f90e4f6c7_1608095615.jpg?x-oss-process=image/resize,w_960/quality,q_70\" /></div>\n\n</div>\n\n</section>\n\n<section class=\"c-content-expert__article js-expert-article is-active\">\n\n<h3 class=\"c-content-expert__title\">سخت افزار Galaxy S20 FE</h3>\n\n<div class=\"c-content-expert__text\">\n\n<p>&nbsp;</p>\n\n<p>این گوشی می&zwnj;تواند به&zwnj;طور کامل تمامی منابع خود را در اختیار کاربرش قرار دهد. این منابع دارای قدرت و کیفیت&nbsp;بالایی هستند تا پاسخگوی تمامی نیازهای فرد استفاده کننده باشد. اگر بخواهیم به&zwnj;صورت کاملا فنی و دقیق به مهمترین بخش&zwnj;های داخلی سخت&zwnj;افزاری گوشی که تراشه، پردازنده، پردازنده گرافیکی و حافظه&zwnj;ها هستند به طور خلاصه نگاهی داشت، می توان گفت که گوشی موبایل سامسونگ مدل Galaxy S20 FE SM-G780F/DS دو سیم&zwnj; کارت به تراشه Exynos 990 (7 nm+) Chipset مجهز شده است. در اصل شرکت سامسونگ از تراشه اختصاصی خود برای این مدل استفاده کرده است. تراشه مدل&nbsp; Galaxy S20 FE مانند تراشه مدل اصلی پرچمدار سامسونگ است و هیچ تغییری در سطح مشاهده نمی&zwnj;شود.&nbsp;این تراشه ۳ هسته Dual-core Mongoose M5 به&zwnj;همراه&nbsp;Dual-core Cortex-A76 و&nbsp;Quad-core Cortex-A55 CPU&nbsp;را با فرکانس&zwnj;های 2.73، 2.50 و 2.0 گیگاهرتز را در دل خود قرار داده که بتواند سرعت و قدرت عملیاتی بالایی را برای گوشی را فراهم کند. روی این تراشه از پردازنده گرافیکی Mali-G77 MP11 GPU هم استفاده&zwnj;شده است که می&zwnj;توان با آن کارها و بازی&zwnj;های گرافیکی معمولی تا سنگین&nbsp;را هم انجام داد. باید به این اشاره داشته باشیم که پردازنده این گوشی ۶۴ بیتی بوده و دارای سرعت بسیار بالاتری نسبت به پردازنده&zwnj;های ۳۲ بیتی است. ۸ گیگابایت رم هم برای این تلفن همراه هوشمند در نظر گرفته&zwnj;شده تا گوشی بتواند چند کار را با هم انجام دهد و افت سرعتی نداشته باشد.&nbsp;حافظه داخلی این&zwnj;گوشی&nbsp;معادل ۱۲۸ گیگابایت بوده و با توجه به امکان استفاده از شیار سیم کارت دوم برای کارت حافظه، حافظه این گوشی قابلیت ارتقا دارد.</p>\n\n<p>&nbsp;</p>\n\n<p>&nbsp;</p>\n\n</div>\n\n<div class=\"c-content-expert__text c-content-expert__text--center\">\n\n<div class=\"c-content-expert__img c-content-expert__img--center\"><img src=\"https://dkstatics-public.digikala.com/digikala-reviews/3296218ca7c7ddaa4e5fe591fec4e82b3d50904b_1608042998.jpg?x-oss-process=image/resize,w_960/quality,q_70\" data-src=\"https://dkstatics-public.digikala.com/digikala-reviews/3296218ca7c7ddaa4e5fe591fec4e82b3d50904b_1608042998.jpg?x-oss-process=image/resize,w_960/quality,q_70\" /></div>\n\n</div>\n\n</section>\n\n<section class=\"c-content-expert__article js-expert-article is-active\">\n\n<h3 class=\"c-content-expert__title\">دوربین</h3>\n\n<div class=\"c-content-expert__text c-content-expert__text--row\">\n\n<div class=\"c-content-expert__img c-content-expert__img--right\"><img src=\"https://dkstatics-public.digikala.com/digikala-reviews/8583305bac09466b819e6ab006d6ea03686b7f67_1608044550.jpg?x-oss-process=image/resize,w_360/quality,q_70\" data-src=\"https://dkstatics-public.digikala.com/digikala-reviews/8583305bac09466b819e6ab006d6ea03686b7f67_1608044550.jpg?x-oss-process=image/resize,w_360/quality,q_70\" /></div>\n\n<div class=\"c-content-expert__text--left\">\n\n<p>&nbsp;</p>\n\n<p>&nbsp;</p>\n\n<p>گوشی Galaxy S20 FE&nbsp;دارای سه لنز&nbsp;در یک ماژول نسبتاً بزرگ مستطیلی قرار داده شده است.&nbsp;دوربین اصلی Galaxy S20 FE از نوع سه&zwnj;گانه&nbsp;و با رزولوشن های ۱۲، ۸&nbsp;و ۱۲ مگاپیکسل در نظر گرفته شده است. یکی از تفاوت&zwnj;های اصلی این نسخه جدید خانواده سامسونگ نسبت به سری اصلی S20 دوربین است. طراحان، سری S20 را با حسگر&zwnj;های چهارگانه طراحی کرده بودند که از رزولوشن بالاتری نسبت به نسخه جدید برخوردار بودند. حالا سامسونگ، دوربین Galaxy S20 FE&nbsp;را با سه لنز روانه بازار کرده است.&nbsp;این دوربین&zwnj;ها شامل یک لنز اصلی با رزولوشن ۱۲ مگاپیکسل عریض (Wide)، یک لنز تله&zwnj;فوتو (Telephoto) ۸ مگاپیکسل و&nbsp;&nbsp;فوق&zwnj;عریض (Ultrawide) با رزولوشن ۱۲ مگاپیکسل است. البته یک فلش LED دوربین هم تعبیه&zwnj;شده است.&nbsp;در قاب&nbsp;جلو هم یک دوربین سلفی ۳۲ مگاپیکسل قرار گرفته است. اپلیکیشن دوربین هم همانند&nbsp;نسخه&zwnj;های اصلی پرچمداران ۲۰۲۰ سامسونگ است.&nbsp;دوربین اصلی Galaxy S20 FE، عکس&zwnj;های بسیار خوبی را ثبت می&zwnj;کند و رنگ&zwnj;های طبیعی با جزئیات فراوان را برای کاربر به همراه دارد. همچنین عکس&zwnj;ها از رنگ، کنتراست و گستره داینامیک (Dynamic Range) خوبی برخوردار است. البته گستره داینامیک با استفاده از Auto HDR هم تقویت می&zwnj;شود که البته برخی از جزئیات عکس در حین پردازش از بین می&zwnj;رود. با غیر&zwnj;فعال کردن Auto HDR، جزئیات بیشتری را در عکس&zwnj;های پیچیده&zwnj;تر شاهد خواهید بود که البته گستره داینامیک آن کاهش پیدا می&zwnj;کند. کاهش نویز در تصاویر هم به&zwnj;خوبی انجام می&zwnj;گیرد.گفتنی است&nbsp;لنز تله فوتو ۸ مگاپیکسلی این دوربین تا ۳ برابر بدون افت قدرت زوم داشته و لنز اولتراواید ۱۲ مگاپیکسلی زاویه دید ۱۲۳ درجه را پوشش می&zwnj;دهد.</p>\n\n<p>&nbsp;</p>\n\n<p>&nbsp;</p>\n\n</div>\n\n</div>\n\n<div class=\"c-content-expert__text\">\n\n<p>&nbsp;</p>\n\n<p>Galaxy S20 FE همچنین می&zwnj;تواند ویدیوهایی با رزولوشن&zwnj;ها و سرعت&zwnj;های مختلفی را &nbsp;با دوربین اصلی، لنز فوق عریض و دوربین سلفی فیلمبرداری ضبط کند. موضوعی که در فیلم&zwnj;برداری Galaxy S20 FE برای تمامی کاربران و منتقدان جالب و ارزشمند است، این بوده که این گوشی توانایی این را دارد که با حالات و سرعت&zwnj;های مختلفی فیلمبرداری کند و با تثبیت&zwnj;کننده الکترونیکی تصویر مبتنی بر ژیروسکوپ (gyro-EIS) تصاویری بسیار دقیق و با کیفیت را برای ما ثبت کند. همچنین ویدیوها از کنتراست و Dynamic Range خوبی برخوردار هستند. با متداول شدن دوربین&zwnj;هایی با کیفیت تصویر بهتر و بالاتر و افزایش قدرت بزرگنمایی دوربین&zwnj;ها از سمتی دیگر، مشکلات و ایرادهای تصویر در مواقع مختلف بیشتر به چشم کاربران می&zwnj;آید. حساسیت نسبت به تامین تصویری با کیفیت در تمامی شرایط و تمام طول شبانه روز افزایش قابل توجهی پیدا کرده است. EIS و یا (DIS (Digital Image Stabilization بر مبنای الگوریتم&zwnj;هایی کار می&zwnj;کند که به شبیه&zwnj;سازی حرکات دوربین و نیز کاهش اثر این حرکات در تصویر می&zwnj;پردازند. نقطه ضعف این روش این است که امکان دارد حرکت اجسام متحرک در تصویر (به ویژه اجسام متحرک با سرعت بالا) با ارتعاش ایجاد شده بر روی کل دوربین اشتباه گرفته شود. مزیت این روش نیز، عدم استفاده از قطعات بیشتر و هزینه کم پیاده&zwnj;سازی آن است. برای رفع مشکل ذکر شده از تکنیک Optical Image Stabilization استفاده می&zwnj;کنند. البته با توجه به پردازنده قدرتمند این محصول می&zwnj;توان انتظار خروجی باکیفیت و پردازش مطلوب فیلم&zwnj;ها و تصاویر را توسط این مدل داشت.</p>\n\n<p>&nbsp;</p>\n\n</div>\n\n<div class=\"c-content-expert__text c-content-expert__text--center\">\n\n<div class=\"c-content-expert__img c-content-expert__img--center\"><img src=\"https://dkstatics-public.digikala.com/digikala-reviews/dec87df0ab77f7f7b3de9a9f4af8f2025b9695d0_1608096390.jpg?x-oss-process=image/resize,w_960/quality,q_70\" data-src=\"https://dkstatics-public.digikala.com/digikala-reviews/dec87df0ab77f7f7b3de9a9f4af8f2025b9695d0_1608096390.jpg?x-oss-process=image/resize,w_960/quality,q_70\" /></div>\n\n</div>\n\n</section>\n\n<section class=\"c-content-expert__article js-expert-article is-active\">\n\n<h3 class=\"c-content-expert__title\">باتری</h3>\n\n<div class=\"c-content-expert__text c-content-expert__text--row\">\n\n<div class=\"c-content-expert__text--right\">\n\n<p>&nbsp;</p>\n\n<p>سامسونگ در زمینه باتری در بازار گوشی موبایل دارای اعتبار و قدرت است.&nbsp;گوشی موبایل سامسونگ مدل Galaxy S20 FE SM-G780F/DS دو سیم&zwnj; کارت ظرفیت 128 گیگابایت دارای یک باتری&nbsp;لیتیوم&zwnj;پلیمری با ظرفیت 4500&nbsp;میلی&zwnj;آمپرساعت است. این میزان ظرفیت باتری بسیار خوب است و می&zwnj;تواند این گوشی را به محصولی نسبتا همیشه روشن&nbsp;و با ماندگاری بالای شارژ باتری در بین محصولات میان&zwnj;رده بازار تبدیل کند.&nbsp;باتری در شرایط استفاده معمولی، می&zwnj;تواند ۲ الی ۳ روز گوشی را روشن نگه دارد. با این حال تماشای فیلم با صفحه نمایش کاملا روشن و بازی کردن، مخصوصا بازی&zwnj;های سبک، مصرف باتری را بالا می&zwnj;برد و اینجا است که مشاهده می&zwnj;کنید باتری زودتر تمام می&zwnj;شود. این باتری استفاده شده در Galaxy S20 FE لیتیوم&zwnj;پولیمری است که جدیدترین نوع باتری برای استفاده در گوشی&zwnj;ها است. سامسونگ امکان شارژ سریع ۲۵ واتی و شارژ سریع بی&zwnj;سیم ۱۵ واتی را در این مدل برای شما فراهم ساخته است.&nbsp;&nbsp;گفتنی&zwnj; است که این مدل از شارژ معکوس بی&zwnj;سیم ۴.۵ واتی هم پشتیبانی می&zwnj;کند که به وسیله آن می&zwnj;توانید با کمک پنل پشتی، گجت&zwnj;هایی مثل گلکسی واچ خودتان را شارژ کنید.</p>\n\n<p>&nbsp;</p>\n\n<p>&nbsp;</p>\n\n</div>\n\n<div class=\"c-content-expert__img c-content-expert__img--left\"><img src=\"https://dkstatics-public.digikala.com/digikala-reviews/b006c66cdb29040511d487f4ca8a276ee0c8f329_1608096535.jpg?x-oss-process=image/resize,w_360/quality,q_70\" data-src=\"https://dkstatics-public.digikala.com/digikala-reviews/b006c66cdb29040511d487f4ca8a276ee0c8f329_1608096535.jpg?x-oss-process=image/resize,w_360/quality,q_70\" /></div>\n\n</div>\n\n</section>\n\n<section class=\"c-content-expert__article js-expert-article is-active\">\n\n<h3 class=\"c-content-expert__title\">جمع&zwnj;بندی</h3>\n\n<div class=\"c-content-expert__text\">\n\n<p>&nbsp;</p>\n\n<p>سامسونگ با انتشار این مدل امکان خرید یک گوشی پرچمدار با هزینه نسبتا کمتر نسبت به سری ۲۰۲۰ این شرکت را برای طرفداران فراهم ساخته است. در واقع سامسونگ با حذف هزینه&zwnj;های اضافی&nbsp;ساخت سعی در کسب رضایت بیشتر طرفداران خود کرده است.&nbsp;صفحه&zwnj;نمایش سوپر آمولد با نرخ تازه&zwnj;سازی تصویر 120 هرتزی را کمتر گوشی هوشمندی می&zwnj;توان یافت.&nbsp;بهره&zwnj;گیری از تراشه Exynos 990، حسگر اثر انگشت اپتیکال، امکان شارژ بی&zwnj;سیم با سرعت بسیار بالا، پشتیبانی از فناوری شارژ سریع PD و باتری پرقدرت 4500 میلی&zwnj;آمپرساعتی از دیگر ویژگی&zwnj;های این پرچم دار است.</p>\n\n</div>\n\n</section>\n\n</div>',NULL,'سامسونگ,گوشی,موبایل,دیجیتال',NULL,NULL,NULL,NULL,NULL,NULL,NULL,NULL,NULL,NULL,NULL,NULL,NULL,0,0,'2021-09-14 07:47:15','2021-10-26 17:44:38'),
(27,NULL,'گوشی موبایل اپل مدل iPhone 11 A2223 دو سیم‌ کارت ظرفیت 128 گیگابایت و رم 4 گیگابایت',NULL,1,NULL,NULL,NULL,'','251',468,NULL,NULL,'active','active',8,'uploads/product/27_default_9154.jpg',4,0,0.0,0,200,'عدد','<p style=\"text-align: justify;\">گوشی موبایل &laquo;iPhone 11&raquo; یکی از سه گوشی شرکت اپل است که در کنفرانس سال 2019 این شرکت معرفی شد. این گوشی نسبت به گوشی&zwnj;های Pro و Pro Max قیمت پایین&zwnj;تری دارد اما طراحی مشابهی با این محصولات دارد. یکی از اصلی&zwnj;ترین تفاوت&zwnj;های این گوشی با دو گوشی دیگر، نمایشگر آیفون 11 است به فناوری Liquid Retina مجهز &zwnj;شده است تا قیمت تمام شده کم&zwnj;تری داشته باشد. البته این نمایشگر رزولوشن رضایت&zwnj;بخشی دارد؛ به&zwnj;طوری&zwnj;که در اندازه&shy;&zwnj;ی 5.9اینچی&zwnj;اش، حدود 326 پیکسل را در هر اینچ جا داده است که میزان مطلوبی به حساب می&zwnj;&zwj;آید. قاب پشتی آیفون جدید هم از شیشه ساخته&zwnj; شده تا هم گوشی مشکل آنتن&zwnj;&zwnj;دهی نداشته باشد و هم امکان شارژ بی&zwnj;&zwnj;سیم باتری در این گوشی وجود داشته باشد. البته قابی آلومینیومی این بدنه شیشه&zwnj;ای را در خود جای داده است. این بدنه&shy;&zwnj;ی زیبا در مقابل خط&zwnj;&zwnj;وخش مقاومت زیادی دارد؛ پس خیالتان از این بابت که آب و گردوغبار به&zwnj;&zwnj;راحتی روی آیفون 11 تأثیر نمی&zwnj;&zwnj;گذارد، راحت باشد. علاوه&zwnj;براین لکه و چربی هم روی این صفحه&zwnj;نمایش باکیفیت تأثیر چندانی ندارند اما این هم پایان کار نیست، آیفون جدید می&zwnj;تواند به مدت 30 دقیقه در عمق 2 متری آب دوام بیاورد. تشخیص چهره با استفاده از دوربین جلو دیگر ویژگی است که در آیفون جدید اپل به کار گرفته شده است. اما جالب&zwnj;ترین و واضح&zwnj;ترین تفاوت در این محصول جدید، دوربین&zwnj;هایی است که به شکل دوگانه در قاب پشتی جا خوش کرده&zwnj;اند. دو دوربین با سنسورهای 12مگاپیکسلی عکس&zwnj;هایی با کیفیتِ کاملاً رضایت&zwnj;بخش را به کاربر هدیه می&zwnj;دهد. دو دوربین که یکی از آن&zwnj;ها SL سه&zwnj;بعدی است هم دیگر به&zwnj;روزرسانی در آیفون 11 است. قابلیت اتصال به شبکه&shy;&zwnj;های 4G، بلوتوث نسخه&zwnj;ی 5، نسخه&shy;&zwnj;ی 13 از iOS&nbsp; دیگر ویژگی&zwnj;های این گوشی هستند. ازنظر سخت&zwnj;&zwnj;افزاری هم این گوشی از تراشه&shy;&zwnj;ی جدید A13 بهره می&zwnj;برد که تا بتواند علاوه بر کارهای معمول، از قابلیت&zwnj;های جدید واقعیت مجازی که اپل این روزها روی آن تمرکز خاصی دارد، پشتیبانی کند. گوشی جدید اپل به باتری 3110 میلی&zwnj;آمپرساعتی، فناوری شارژ سریع PD2.0، فناوری شارژ بی&lrm;&zwnj;سیم و استاندارد صوتی دالبی هم مجهز شده است.</p>',NULL,'اپل,گوشی,موبایل','',NULL,NULL,NULL,NULL,NULL,NULL,NULL,NULL,NULL,NULL,NULL,NULL,0,0,'2021-09-26 06:54:54','2022-05-14 17:17:58'),
(28,NULL,'گوشی موبایل اپل مدل iPhone 12 A2404 دو سیم‌ کارت ظرفیت 128 گیگابایت',NULL,0,NULL,NULL,NULL,'235,240,241,235,240,251','241,251',468,NULL,NULL,'active','active',8,'uploads/product/28_default_1461.jpg',11,1,0.0,0,170,'عدد','<p style=\"text-align: justify;\">گوشی موبایل &laquo;iPhone 12&raquo; پرچم&zwnj;دار جدید شرکت اپل است که با چند ویژگی جدید و دوربین دوگانه روانه بازار شده است. اپل برای ویژگی&zwnj;ها و طراحی کلی این گوشی از همان فرمول چند سال اخیرش استفاده کرده است. نمایشگر آیفون 12 به پنل Super Retina مجهز &zwnj;شده است تا تصاویر بسیار مطلوبی را به کاربر عرضه کند. این نمایشگر رزولوشن بسیار بالایی دارد؛ به&zwnj;طوری&zwnj;که در اندازه&shy;&zwnj;ی 6.1 اینچی&zwnj;اش، حدود 460 پیکسل را در هر اینچ جا داده است که دقیقاً با تراکم پیکسلی iPhone XS برابر است. قاب پشتی آیفون جدید هم از شیشه ساخته&zwnj; شده تا هم گوشی مشکل آنتن&zwnj;&zwnj;دهی نداشته باشد و هم امکان شارژ بی&zwnj;&zwnj;سیم باتری در این گوشی وجود داشته باشد. البته قابی فلزی این بدنه شیشه&zwnj;ای را در خود جای داده است. این بدنه&shy;&zwnj;ی زیبا در مقابل خط&zwnj;&zwnj;وخش مقاومت زیادی دارد؛ پس خیالتان از این بابت که آب و گردوغبار به&zwnj;&zwnj;راحتی روی آیفون 12 تأثیر نمی&zwnj;&zwnj;گذارد، راحت باشد. علاوه&zwnj;براین لکه و چربی هم روی این صفحه&zwnj;نمایش باکیفیت تأثیر چندانی ندارند اما این هم پایان کار نیست، آیفون جدید می&zwnj;تواند به مدت 30 دقیقه در عمق 6 متری آب دوام بیاورد. تشخیص چهره با استفاده از دوربین جلو دیگر ویژگی است که در آیفون جدید اپل به کار گرفته شده است. قابلیت اتصال به شبکه&shy;&zwnj;های 4G و 5G، بلوتوث نسخه&zwnj; 5، نسخه&shy;&zwnj;ی 14 از iOS دیگر ویژگی&zwnj;های این گوشی هستند. ازنظر سخت&zwnj;&zwnj;افزاری هم این گوشی از تراشه&shy;&zwnj;ی جدید A14 بهره می&zwnj;برد که تا بتواند علاوه بر کارهای معمول، از قابلیت&zwnj;های جدید واقعیت مجازی که اپل این روزها روی آن تمرکز خاصی دارد، پشتیبانی کند. به گفته خود شرکت اپل این گوشی دارای سرعتی 80 برابر نسخه 11 خود است.</p>',NULL,'گوشی,موبایل,اپل,سری جدید','',NULL,58,0.15,'2022-07-20 00:01:01','2022-12-21 23:59:59','no',NULL,NULL,NULL,NULL,NULL,NULL,0,0,'2021-09-26 07:00:08','2022-07-23 11:26:32'),
(29,NULL,'شارژر دیواری اپل مدل MB707ZM/B (غیر اصل)','',1,NULL,NULL,NULL,'',NULL,NULL,NULL,NULL,'active','active',8,'uploads/product/29_default_9574.jpg',0,0,0.0,0,20,'عدد','<p>با اصلش مو نمیزنه ، کد داخل سوکت رو داره ، تمام مواردی که شارژر اصل رو از فرع میشه تشخیص داد رو مانند اصلش داره یکی از فول کپی ترین شارژر هاییه که دیدم ، اصلا پیشنهاد نمیدم استفاده کنید خودم تعمیر کار موبایلم میدونم که از شارژر و سیم شارژر فیک استفاده کردن چقدر ریسک داره ، فقط واسه وقتی خوبه که میخوای گوشیتو بفروشی</p>',NULL,'شارژر,اپل,لوازم جانبی',NULL,NULL,NULL,NULL,NULL,NULL,NULL,NULL,NULL,NULL,NULL,NULL,NULL,0,0,'2021-09-26 07:07:46','2021-09-26 07:07:46'),
(52,'00072440','گوشی موبایل اپل مدل iPhone 13 A2634 دو سیم کارت ظرفیت 128 گیگابایت و رم 4 گیگابایت','Apple iPhone 13 A2634 Dual SIM 128GB And 4GB RAM Mobile Phone',1,59,43,12,'236,252','252',468,NULL,NULL,'active','active',8,'uploads/product/52_default_27716.jpg',1,2,2.8,17,200,'عدد','<div id=\"scrollspyHeading1\" class=\"product-tab-content product-content-expert-summary tab-content border-bottom pb-2 mb-4\">\r\n<div class=\"product-tab-title\">\r\n<h2>نقد و بررسی اجمالی</h2>\r\n<h3 class=\"subtitle\">Apple iPhone 13 A2634 Dual SIM 128GB And 4GB RAM Mobile Phone</h3>\r\n</div>\r\n<div class=\"expandable-text pt-1 active\">\r\n<div class=\"expandable-text_text\">\r\n<p>گوشی موبایل &laquo;iPhone 13&raquo; پرچم&zwnj;دار جدید شرکت اپل است که با چند ویژگی جدید و دوربین دوگانه روانه بازار شده است. اپل برای ویژگی&zwnj;ها و طراحی کلی این گوشی از همان فرمول چند سال اخیرش استفاده کرده است. نمایشگر آیفون 13 به پنل Super Retina مجهز &zwnj;شده است تا تصاویر بسیار مطلوبی را به کاربر عرضه کند. این نمایشگر رزولوشن بسیار بالایی دارد؛ به&zwnj;طوری&zwnj;که در اندازه&shy;&zwnj;ی 6.1 اینچی&zwnj;اش، حدود 460 پیکسل را در هر اینچ جا داده است. امکان شارژ بی&zwnj;&zwnj;سیم باتری در این گوشی وجود دارد. روکش سرامیکی صفحه&zwnj;نمایش این گوشی می&zwnj;تواند انقلابی در محافظت به&zwnj;پا کند. این گوشی ضدآب و ضد گردوخاک است. بدنه&shy; زیبا iPhone 13 در مقابل خط&zwnj;&zwnj;وخش مقاومت زیادی دارد؛ پس خیالتان از این بابت که آب و گردوغبار به&zwnj;&zwnj;راحتی روی آیفون 13 تأثیر نمی&zwnj;&zwnj;گذارد، راحت باشد. علاوه&zwnj;براین لکه و چربی هم روی این صفحه&zwnj;نمایش باکیفیت تأثیر چندانی ندارند. تشخیص چهره با استفاده از دوربین جلو دیگر ویژگی است که در آیفون جدید اپل به کار گرفته شده است. قابلیت اتصال به شبکه&shy;&zwnj;های 4G و 5G، بلوتوث نسخه&zwnj; 5، نسخه&shy;&zwnj; 15 از iOS دیگر ویژگی&zwnj;های این گوشی هستند. ازنظر سخت&zwnj;&zwnj;افزاری هم این گوشی از تراشه&shy;&zwnj;ی جدید A15 بهره می&zwnj;برد که دارای 15 میلیارد ترانزیستور است که دارای کنترل گرمای مطلوبی بوده که تا بتواند علاوه بر کارهای معمول، از قابلیت&zwnj;های جدید واقعیت مجازی که اپل این روزها روی آن تمرکز خاصی دارد، پشتیبانی کند. به گفته خود شرکت اپل این گوشی دارای سرعتی 50 برابر نسخه 12 خود است. پردازنده دارای ماژولار جدیدی است که مصرف باتری را بسیار پایین&zwnj;تر آورده است و شما دارای حفظ باتری بالاتری هستید. کیفیت نمایش شما در iPhone 13 دارای 120 هرتز است و کسفیت بالایی را شاهد خواهید بود. اپل در این سری از گوشی&zwnj;های iPhone خود پردازنده گرافیکی&zwnj;ای را قرار داده که از سری 12 گوشی&zwnj;های خود 30 درصد سریع&zwnj;تر است و این نویدبخش آن است که شما می&zwnj;توانید بازی&zwnj;هایی را با گرافیک و MAP سنگین تر و بزرگ&zwnj;تر اجرا کنید. یکی از ویژگی&zwnj;هایی که در iPhone 13 شاهد هستیم سیستم فیلمبرداری ProRes سینمایی آن است که می تواند انقلابی در فیلمبرداری گوشی&zwnj;های موبایل به&zwnj;راه انداخته باشد. این قابلیت می&zwnj;تواند نسبت به صورت روبرو بین افراد و یا بین فرد و اشیا فوکوس و بِلار داشته باشد.</p>\r\n</div>\r\n<div class=\"expandable-text-expand-btn justify-content-start text-sm\">&nbsp;</div>\r\n</div>\r\n</div>\r\n<div id=\"scrollspyHeading2\" class=\"product-tab-content product-content-expert-articles tab-content border-bottom pb-2 mb-4\">\r\n<div class=\"product-tab-title\">\r\n<h2>نقد و بررسی تخصصی</h2>\r\n<h3 class=\"subtitle\">Apple iPhone 13 A2634 Dual SIM 128GB And 4GB RAM Mobile Phone</h3>\r\n</div>\r\n<div class=\"expandable-text pt-1 active\">\r\n<div class=\"expandable-text_text\">\r\n<h3>آیفون 13 مینی کوچک&zwnj;ترین عضو خانواده، اما قدرتمند</h3>\r\n<p>تا قبل از رونمایی گوشی&zwnj;های هوشمند خانواده آیفون 12، پرچمداران این شرکت در قالب دو یا سه گوشی&zwnj;هوشمند معرفی می&zwnj;شدند. تا اینکه آیفون 12 مینی نیز در کنار گوشی&zwnj;های هوشمند خانواده آیفون 12 معرفی شد. حال گوشی&zwnj;های هوشمند خانواده آیفون 13 به عنوان جدید&zwnj;ترین پرچمداران این شرکت روانه بازار شده&zwnj;اند و بار دیگر آیفون 13 مینی به عنوان کوچکترین عضو و البته ارزان قیمت&zwnj;ترین گوشی هوشمند خانواده آیفون 13 معرفی شد. اما قیمت ارزان تر این گوشی&zwnj;هوشمند به نسبت سایر اعضای این خانواده سبب نشده تا مشخصات قوی را با خود به&zwnj;همراه نداشته باشد و آیفون 13 مینی با بهره بردن از مشخصات فنی قدرتمند، توانایی رقابت با پرچمداران اندرویدی را به&zwnj;خوبی دارد.</p>\r\n<h3>طراحی و صفحه نمایش</h3>\r\n<p>در نگاه اول تفاوت چندانی در زمینه طراحی با سری قبلی پرچمداران این شرکت و به&zwnj;خصوص آیفون 12 مینی نمی&zwnj;بینیم. اپل با توجه به طراحی بسیار جذابی که برای گوشی&zwnj;های هوشمند خانواده آیفون 12 در نظر گرفته بود و بازخورد بسیار خوبی از سمت کاربران داشت، تصمیم گرفت تا طراحی مشابهی را برای گوشی&zwnj;های هوشمند خانواده آیفون 13 در نظر بگیرد. در نمای رو به رویی این بار ناچ کوچکتری به نسبت آیفون 12 مینی برای صفحه نمایش آیفون 13 مینی در نظر گرفته شده. در قسمت پشتی هم شاهد قرار گیری دو سنسور دوربین می&zwnj;باشیم که این بار چیدمان متفاوتی با نسل قبلی خود دارند. دو سنسور دوربین قسمت پشتی به همراه فلش LED با چیدمانی ضربدری در بریدگی مربعی شکلی کنار یکدیگر قرار گرفته&zwnj;اند. متریال بسیار با&zwnj;کیفیت این گوشی هوشمند نیز سبب شده تا از استاندارد IP68 نیز پشتیبانی کند. پس با این تفاسیر، آیفون 13 مینی توانایی قرار&zwnj;گیری در عمق 6 متری آب و مدت زمان 30 دقیقه&zwnj;ای را دارد. پس با خیال راحت از این گوشی&zwnj;هوشمند در شرایط جوی متفاوت و حتی تفریحات آبی همچون شنا هم استفاده کنید.</p>\r\n<p><img style=\"display: block; margin-left: auto; margin-right: auto;\" src=\"http://localhost/yektashop/uploads/media/contentiphon13-1.jpg\" alt=\"Mohammad Shoja\" /></p>\r\n<img src=\"http://localhost/yektashop/theme-assets/images/product/01.jpg\" alt=\"\" />\r\n<p>صفحه نمایش در نظر گرفته شده برای این گوشی&zwnj;هوشمند نیز هیچ تفاوتی با برادر بزرگترش، یعنی آیفون 12 ندارد و تنها از ابعاد کوچک&zwnj;تری بهره برده است. آیفون 13 مینی به صفحه نمایشی 5.4 اینچی با رزولوشن 1080&times;2340 از نوع اولد و فناوری Super Retina XDR مجهز شده است. صفحه نمایشی که با توجه به تراکم پیکسلی 467ppi (پیکسل در هر اینچ) توانایی ارائه کیفیت بسیار عالی وخوبی را دارد. Scratch-resistant ceramic glass هم از صفحه نمایش این گوشی&zwnj;هوشمند در مقابل ضربات و افتادن&zwnj;های احتمالی محافظت می&zwnj;کند. از طرفی این صفحه نمایش توانایی ارائه حداکثر روشنایی 800 نیت (شمع در متر مربع) در حالت معمولی (typical) و حداکثر روشنایی 1200 نیت در حالت HDR را دارد. میزان روشنایی بسیار خوب در نظر گرفته شده برای صفحه&zwnj;نمایش سبب شده تا در شرایط نوری متنوع و حتی زیر تابش مستقیم نور خورشید هم شاهد وضوح تصویر بسیار عالی و با&zwnj;کیفیتی از این گوشی&zwnj;هوشمند باشیم.</p>\r\n<h3>دوربین مشابه با آیفون 13</h3>\r\n<p>نه تنها سنسور&zwnj;های دوربین در نظر گرفته شده برای این گوشی&zwnj;هوشمند تفاوتی با مدل آیفون 13 ندارد، بلکه از سنسور&zwnj;های دوربین تقریبا مشابهی با آیفون 12 مینی بهره برده است. اما بدون شک آیفون 13 مینی در این زمینه می&zwnj;تواند عملکرد بهتر و خروجی تصاویر بسیار با&zwnj;کیفیت&zwnj;تری را به نسبت آیفون 12 مینی ارائه کند. دلیل این اتفاق چیزی نیست جز پردازنده بسیار قدرتمند در نظر گرفته شده برای این گوشی&zwnj;هوشمند است. پردازنده قدرتمند، ISP یا همان پردازش تصویر قدرتمند&zwnj;تری را با خود به همراه دارد که تاثیر بسیار مهمی در کیفیت خروجی تصاویر می&zwnj;گذارد. یک سنسور دوربین اصلی با رزولوشن 12 مگاپیکسل، گشودگی دریچه دیافراگم f/1.6، فاصله کانونی 26 میلی متر از نوع عریض به&zwnj;همراه سنسور دوربین از نوع فوق عریض (ultra wide) با رزولوشن 12 مگاپیکسل، گشودگی دریچه دیافراگم f/2.4، زاویه دید 120 درجه و فاصله کانونی 13 میلی&zwnj;متر، سنسور&zwnj;های دوربین دوگانه آیفون 13 مینی را تشکیل می&zwnj;دهند. برای دوربین سلفی نیز، سنسور 12 مگاپیکسل از نوع عریض با گشودگی دریچه دیافراگم f/2.2 در نظر گرفته شده که توانایی ضبط ویدیو با کیفیت 4K و نرخ 60 فریم در ثانیه را هم دارد.</p>\r\n<p><img style=\"display: block; margin-left: auto; margin-right: auto;\" src=\"http://localhost/yektashop/uploads/media/contentiphon13-2.jpg\" alt=\"Mohammad Shoja\" /></p>\r\n<img src=\"http://localhost/yektashop/theme-assets/images/product/02.jpg\" alt=\"\" />\r\n<p>عملکرد سنسور دوربین اصلی 12 مگاپیکسلی در نور روز جای هیچ حرف و حدیثی را باقی نگذاشته است. داینامیک رنج بسیار جذاب، جزئیات عالی و کنتراست بسیار جذاب در تصاویر خروجی ثبت شده به&zwnj;خوبی دیده می&zwnj;شود. گشودگی دریچه دیافراگم هم جذب نور بسیار خوبی دارد و این نشان از عملکرد عالی این گوشی هوشمند در ثبت تصاویر شب یا در نور کم دارد. سنسور دوربین فوق عریض نیز با زاویه دید گسترده&zwnj;تر به نسبت سنسور دوربین اصلی، این امکان را برای شما فراهم می&zwnj;کند که تصاویری با زاویه دید باز و بسیار جذاب (برای مثال عکاسی در طبیعت و عکس&zwnj;های گروهی) به ثبت برسانید. در بخش فیلمبرداری هنوز هم گوشی&zwnj;های هوشمند اپل در مقایسه با بسیاری از پرچمداران اندرویدی توانایی ارائه عملکرد بهتری را دارد. آیفون 13 مینی نیز از این اتفاق مستثنی نیست و در کنار توانایی ضبط ویدیو با حداکثر کیفیت 4K&zwnj; و نرخ 60 فریم در ثانیه، قابلیت های ویژه و جدیدی را در این بخش با خود به&zwnj;همراه داشته است. سنسور دوربین اصلی به قابلیت بسیار جذاب OIS یا همان لرزشگیر اپتیکال مجهز شده است. قابلیتی که لرزش های ناخواسته هنگام ضبط ویدیو را به&zwnj;خوبی حذف می&zwnj;کند و در نهایت خروجی ویدیو بسیار با&zwnj;کیفیتی را به شما ارائه می&zwnj;کند. همانند نسل قبلی، سنسور دوربین این گوشی نیز توانایی ضبط ویدیو سینماتیک را دارد که بالا&zwnj;ترین کیفیت ممکن ضبط ویدیو در میان تمام پرچمداران دنیا است. اما این بار اپل بهبود&zwnj;های چشم گیری را برای بخش فیلمبرداری این گوشی&zwnj;هوشمند در نظر گرفته تا به&zwnj;راحتی نیاز&zwnj;های یک فیلمبردار حرفه&zwnj;ای را نیز برطرف کند. فوکوس خودکار بسیار شگفت&zwnj;انگیز این دوربین، به لطف هوش مصنوعی یا همان AI، عملکرد بی&zwnj;نظیری را از خود به نمایش گذاشته است. فوکوس خودکار بین چهره افراد (برای مثال دو نفر در کادر دوربین حضور دارند و فوکوس بر روی چهره نفر جلو&zwnj;تر است، به محض اینکه نفر اول سرش با برگرداند و به نفر بعدی نگاه کن، دوربین به&zwnj;صورت خودکار بر روی نفر دوم فوکوس می&zwnj;کند).</p>\r\n<h3>پردازنده ای قدرتمند مشابه با آیفون 13 پرو مکس</h3>\r\n<p><img style=\"display: block; margin-left: auto; margin-right: auto;\" src=\"http://localhost/yektashop/uploads/media/contentiphon13-1.jpg\" alt=\"Mohammad Shoja\" /></p>\r\n<img src=\"http://localhost/yektashop/theme-assets/images/product/01.jpg\" alt=\"\" />\r\n<p>باید قبول کنیم که تا به امروز، پردازنده&zwnj;های قدرتمند گوشی&zwnj;های هوشمند اپل در کنار سیستم عامل بی&zwnj;نظیر iOS توانسته اند عملکرد بسیار شگفت&zwnj;انگیزی را به نمایش بگذارند. این بار هم آیفون 13 مینی همانند برادران بزرگترش، یعنی آیفون 13 پرو وآیفون 13 پرو مکس، به قدرتمند&zwnj;ترین پردازنده این شرکت یعنیُ A15 بایونیک مجهز شده است. پردازنده ای با معماری 5 نانومتری و متشکل از 6 هسته (2 هسته قدرتمند&zwnj;تر به&zwnj;همراه 4 هسته با کارایی معمولی و صرفه انرژی کمتر). برای GPU یا همان پردازنده گرافیکی هم، پردازنده اختصاصی 4 هسته&zwnj;ای در نظر گرفته شده است. با توجه به نتایج بنچمارک و تست های انجام شده باید بگوییم که هیچ بازی در دنیا وجود ندارد که آیفون 13 مینی با بهره بردن از چنین پردازنده قدرتمندی، توانایی اجرا آن را نداشته باشد. البته لازم به ذکر است که این گوشی توانایی اجرای بازی های سنگینی همچون کال&zwnj;آ&zwnj;ف&zwnj;دیوتی موبایل و آسفالت 9 را در بالاتری تنظیمات گرافیکی خواهد داشت. از طرفی معماری 5 نانومتری این پردازنده نیز سبب شده تا به&zwnj;نسبت پردازنده&zwnj;هایی با معماری 7 و 10 نانومتری مصرف انرژی کمتری داشته باشد و در نهایت طول عمر مفید طولانی&zwnj;تری به ازای هر بار شارژ 100 درصدی ارائه کند. آیفون 13 مینی در سه مدل با حافظه&zwnj;های داخلی 128،256 و 512 گیگابایت روانه بازار شده است. در مقایسه با آیفون 12 مینی، همانطور که می&zwnj;بینیم دیگر خبری از حافظه داخلی 64 گیگابایتی نیست و در عوض، آیفون 13 به حافظه داخلی 512 گیگابایت مجهز شده است (آیفون 12 به حافظه داخلی 512 گیگابایت مجهز نشده بود). دربخش میزان ظرفیت باتری نیز همانند هر سال، اپل هیچ حرفی از میزان طرفیت باتری در نظر گرفته شده برای این گوشی&zwnj;هوشمند چیزی نگفته است. اما به گفته اپل، آیفون 13 مینی توانایی ارائه طول عمر مفید بهتری به ازای هر بار شارژ 100 درصدی به&zwnj;نسبت آیفون 12 مینی دارد. حضور پردازنده&zwnj;ای با معماری 5 نانومتری و تکنولوژی جدید&zwnj;تر این پردازنده به نسبت پردازنده &zwnj;A14 بایونیک، صرفه انرژی به&zwnj;مراتب کمتری را خواهد داشت.</p>\r\n</div>\r\n</div>\r\n</div>','','اپل,ابفون,موبایل,گوشی','[{\"name\":\"حافظه داخلی:\",\"value\":\"128 گیگابایت\",\"class\":null},{\"name\":\"مقدار RAM:\",\"value\":\"چهار گیگابایت\",\"class\":null},{\"name\":\"بازه‌ی اندازه صفحه نمایش:\",\"value\":\"6.0 اینچ و بزرگتر\",\"class\":null},{\"name\":\"شبکه های ارتباطی:\",\"value\":\"2G، 3G، 4G، 5G\",\"class\":null}]','ارسال رایگان سفارش در صورت خرید از فروشندگان موجود',58,0.15,'2022-07-20 00:00:00','2022-12-21 00:00:00','no','ایفون-13-128-گیگ-با-گارانتی','ایفون 13 خیلی تمیز و عالی','گوشی موبایل «iPhone 13» پرچم‌دار جدید شرکت اپل است که با چند ویژگی جدید و دوربین دوگانه روانه بازار شده است. اپل برای ویژگی‌ها و طراحی کلی این گوشی از همان فرمول چند سال اخیرش استفاده کرده است. نمایشگر آیفون 13 به پنل Super Retina مجهز ‌شده است تا تصاویر بسیار مطلوبی را به کاربر عرضه کند','<meta name=\"csrf-mohammad\" content=\"mohammadshoja\">\n\n<meta name=index\" content=\"yes\">','گوشی موبایل «iPhone 13» پرچم‌دار جدید شرکت اپل است که با چند ویژگی جدید',1,412,NULL,'2022-07-13 09:23:32','2023-04-20 12:30:15');

--
-- Table structure for table `ms011_shop_purchase_invoice`
--

CREATE TABLE `ms011_shop_purchase_invoice` (
  `id` int(10) unsigned NOT NULL AUTO_INCREMENT,
  `supplier_id` int(11) NOT NULL,
  `status` varchar(30) DEFAULT 'waiting_complete',
  `state` int(11) DEFAULT NULL,
  `city` int(11) DEFAULT NULL,
  `address` varchar(255) DEFAULT NULL,
  `zip_code` varchar(50) DEFAULT NULL,
  `tel` varchar(50) DEFAULT NULL,
  `mobile` varchar(50) DEFAULT NULL,
  `receiver_nickname` varchar(100) DEFAULT NULL,
  `reject_price` decimal(15,1) DEFAULT 0.0 COMMENT 'مبلغ مرجوعی مشتری',
  `payment_status` varchar(20) DEFAULT NULL,
  `payment_method` varchar(50) DEFAULT NULL,
  `description` varchar(255) DEFAULT NULL,
  `info` text DEFAULT NULL,
  `note` mediumtext DEFAULT NULL COMMENT 'یادداشت ادمین برای مشتری',
  `admin_note` mediumtext DEFAULT NULL COMMENT 'یادداشت های ادمین برای هم',
  `created_at` datetime DEFAULT NULL,
  `updated_at` datetime DEFAULT NULL ON UPDATE current_timestamp(),
  `shygun_number` varchar(50) DEFAULT NULL,
  `shygun_msg` mediumtext DEFAULT NULL,
  `shygun_InvType` tinyint(4) DEFAULT NULL,
  `shygun_status` varchar(30) DEFAULT NULL,
  `shygun_guid` varchar(150) DEFAULT NULL,
  `totalRows` int(11) DEFAULT NULL,
  `totalProductCount` int(11) DEFAULT NULL,
  `totalProductCharges` decimal(10,0) DEFAULT NULL,
  `totalProductTax` decimal(10,0) DEFAULT NULL,
  `totalProductMiscCost` decimal(10,0) DEFAULT NULL,
  `totalProductDiscount` decimal(10,0) DEFAULT NULL,
  `totalProductFee` decimal(13,0) DEFAULT NULL,
  `totalProductNetPrice` decimal(13,0) DEFAULT NULL,
  `totalProductAmount` decimal(15,0) DEFAULT NULL,
  `shippingPrice` decimal(10,0) DEFAULT NULL,
  `moreMiscCost` decimal(10,0) DEFAULT NULL,
  `moreDiscount` decimal(10,0) DEFAULT NULL,
  `totalAmount` decimal(15,0) DEFAULT NULL,
  `invoice_date` datetime DEFAULT NULL,
  `date_received` datetime DEFAULT NULL,
  `payment_due` datetime DEFAULT NULL,
  `user_id` int(11) DEFAULT NULL,
  `user_type` varchar(10) DEFAULT NULL,
  PRIMARY KEY (`id`)
) ENGINE=MyISAM DEFAULT CHARSET=utf8mb4 COLLATE=utf8mb4_unicode_ci;

--
-- Dumping data for table `ms011_shop_purchase_invoice`
--


--
-- Table structure for table `ms011_shop_purchase_invoice_sub`
--

CREATE TABLE `ms011_shop_purchase_invoice_sub` (
  `id` int(10) unsigned NOT NULL AUTO_INCREMENT,
  `invoice_id` int(11) NOT NULL,
  `product_id` int(11) DEFAULT 0,
  `store_id` int(11) DEFAULT 0,
  `color_id` int(11) DEFAULT 0,
  `size_id` int(11) DEFAULT 0,
  `warranty_id` int(11) DEFAULT 0,
  `count` int(11) DEFAULT NULL,
  `moved_count` int(11) NOT NULL DEFAULT 0,
  `fee` decimal(11,0) DEFAULT NULL,
  `tax` decimal(10,0) DEFAULT NULL,
  `charges` decimal(10,0) DEFAULT NULL,
  `miscCost` decimal(10,0) DEFAULT NULL,
  `discount` decimal(10,0) DEFAULT NULL,
  `netPrice` decimal(10,0) DEFAULT NULL,
  `rowAmount` decimal(13,0) DEFAULT NULL,
  `shygun_stock_number` varchar(40) DEFAULT NULL,
  `status` varchar(255) DEFAULT NULL,
  `created_at` datetime DEFAULT NULL,
  `updated_at` datetime DEFAULT NULL ON UPDATE current_timestamp(),
  PRIMARY KEY (`id`)
) ENGINE=MyISAM DEFAULT CHARSET=utf8mb4 COLLATE=utf8mb4_unicode_ci;

--
-- Dumping data for table `ms011_shop_purchase_invoice_sub`
--


--
-- Table structure for table `ms011_shop_refer`
--

CREATE TABLE `ms011_shop_refer` (
  `id` int(10) unsigned NOT NULL AUTO_INCREMENT,
  `customer_id` int(11) NOT NULL,
  `invoice_id` int(11) DEFAULT NULL,
  `step` varchar(30) DEFAULT 'start_refer',
  `description` varchar(255) DEFAULT NULL,
  `admin_note` mediumtext DEFAULT NULL COMMENT 'یادداشت های ادمین برای هم',
  `shygun_guid` varchar(150) DEFAULT NULL,
  `shygun_msg` mediumtext DEFAULT NULL,
  `shygun_number` int(11) DEFAULT NULL,
  `shygun_status` varchar(10) DEFAULT 'pending',
  `shipping_price` decimal(12,0) DEFAULT 0 COMMENT 'هزینه برگشت بار به مشتری',
  `documentSendingMethod` tinyint(4) DEFAULT NULL COMMENT '1 auto\r\n2 manual',
  `created_by` int(11) DEFAULT NULL,
  `updated_by` int(11) DEFAULT NULL,
  `created_at` datetime DEFAULT NULL,
  `updated_at` datetime DEFAULT NULL ON UPDATE current_timestamp(),
  PRIMARY KEY (`id`)
) ENGINE=MyISAM AUTO_INCREMENT=396 DEFAULT CHARSET=utf8mb4 COLLATE=utf8mb4_unicode_ci;

--
-- Dumping data for table `ms011_shop_refer`
--

INSERT INTO `ms011_shop_refer` VALUES
(389,412,382,'end','مرجوعی توسط اپراتور','[{\"user_id\":412,\"nickname\":\"محمد شجاع\",\"created_at_fa\":\"سه شنبه, 26 مهر 1401 - 07:51:27\",\"created_at\":1666079487,\"current_step\":\"تایید ثبت مرجوعی\",\"next_step\":\"تایید ثبت مرجوعی\",\"text\":\"اقلام مخدوش است ، دقت فرمایید\"}]',NULL,NULL,NULL,'pending',78000,NULL,412,412,'2022-10-12 16:52:50','2022-10-22 12:08:42'),
(390,412,383,'end','مرجوعی توسط اپراتور',NULL,NULL,NULL,NULL,'pending',45000,NULL,412,412,'2022-10-13 17:45:51','2022-10-22 12:08:13'),
(391,412,384,'end','مرجوعی توسط اپراتور',NULL,NULL,NULL,NULL,'pending',0,NULL,412,412,'2022-10-22 12:10:35','2022-10-22 12:16:49'),
(392,412,385,'quality_control','مرجوعی توسط اپراتور',NULL,NULL,NULL,NULL,'pending',0,NULL,412,412,'2022-10-23 16:40:52','2022-10-23 17:19:35'),
(393,412,386,'end','مرجوعی توسط اپراتور',NULL,'c0c26740-05f0-4a6e-a13c-7b19afd5ac30',NULL,205,'pending',2500,NULL,412,412,'2022-10-24 16:48:56','2023-04-18 11:01:26'),
(394,412,378,'end','مرجوعی توسط اپراتور',NULL,NULL,'فاکتور والد این مرجوعی در شایگان ثبت نشده است.',NULL,'pending',0,2,412,412,'2023-04-15 12:45:48','2023-04-25 14:22:37'),
(395,412,280,'end','مرجوعی توسط اپراتور',NULL,'151a2e84-84a3-4813-96d4-60ac7fdd8769',NULL,207,'pending',0,NULL,412,412,'2023-04-15 14:42:46','2023-04-25 14:20:47');

--
-- Table structure for table `ms011_shop_refer_item`
--

CREATE TABLE `ms011_shop_refer_item` (
  `id` int(10) unsigned NOT NULL AUTO_INCREMENT,
  `refer_id` int(11) DEFAULT NULL,
  `stock_id` int(11) DEFAULT NULL,
  `stock_code` varchar(50) DEFAULT NULL,
  `invoice_id` int(11) DEFAULT NULL,
  `sub_invoice_id` int(11) DEFAULT NULL,
  `product_id` int(11) DEFAULT 0,
  `product_code` varchar(50) DEFAULT NULL,
  `price` decimal(12,0) DEFAULT NULL,
  `anbar_code` varchar(50) DEFAULT NULL,
  `step` varchar(50) DEFAULT NULL,
  `status` varchar(50) DEFAULT NULL COMMENT 'accept | inacept',
  `op_cause` varchar(50) DEFAULT NULL,
  `op_cause_description` varchar(255) DEFAULT NULL,
  `customer_cause` varchar(50) DEFAULT NULL,
  `customer_cause_description` varchar(255) DEFAULT NULL,
  `img` varchar(255) DEFAULT NULL,
  `shipping_price` decimal(12,0) DEFAULT NULL,
  `illegible` varchar(30) DEFAULT 'no' COMMENT 'ناخوانا بودن بارکد',
  `created_by` int(11) DEFAULT NULL,
  `updated_by` int(11) DEFAULT NULL,
  `created_at` datetime DEFAULT current_timestamp(),
  `updated_at` datetime DEFAULT NULL ON UPDATE current_timestamp(),
  PRIMARY KEY (`id`)
) ENGINE=MyISAM AUTO_INCREMENT=507 DEFAULT CHARSET=utf8mb4 COLLATE=utf8mb4_unicode_ci;

--
-- Dumping data for table `ms011_shop_refer_item`
--

INSERT INTO `ms011_shop_refer_item` VALUES
(484,389,252,'',382,472,22,'',188097,NULL,'support_confirm','no_accept','confused','ert ertretertretert',NULL,'sdas','sample1.jpg',NULL,'no',412,NULL,'2022-10-12 16:52:50','2022-10-18 13:21:05'),
(485,389,252,'',382,472,22,'',188097,NULL,'end','accept','','',NULL,'ttrytr','sample2.jpg',NULL,'no',412,NULL,'2022-10-12 16:52:50','2022-10-22 12:08:42'),
(486,389,252,'',382,472,22,'',188097,NULL,'support_confirm','no_accept','broken','ert ertretertretert',NULL,'334wer','sample3.jpg',NULL,'no',412,NULL,'2022-10-12 16:52:50','2022-10-18 13:21:05'),
(487,389,247,'',382,473,24,'',123227,NULL,'end','accept','','',NULL,'df','sample4.jpg',NULL,'no',412,NULL,'2022-10-12 16:52:50','2022-10-22 12:08:42'),
(488,389,247,'',382,473,24,'',123227,NULL,'end','accept','','',NULL,'df','sample2.jpg',NULL,'no',412,NULL,'2022-10-12 16:52:50','2022-10-22 12:08:42'),
(489,390,301,'',383,474,39,'',1750,NULL,'support_confirm','no_accept','confused','قابل خواندن نیست',NULL,NULL,'sample1.jpg',NULL,'no',412,NULL,'2022-10-13 17:45:51','2022-10-18 18:08:25'),
(490,391,328,'',384,476,45,'',158000,NULL,'end','accept','','',NULL,NULL,NULL,NULL,'no',412,NULL,'2022-10-22 12:10:35','2022-10-22 12:16:49'),
(491,391,339,'',384,475,47,'',37000,NULL,'end','accept','','',NULL,NULL,NULL,NULL,'no',412,NULL,'2022-10-22 12:10:35','2022-10-22 12:16:49'),
(492,392,259,'',385,477,19,'',413491,NULL,'support_confirm','no_accept','broken','عکس مورد تایید نبود',NULL,NULL,NULL,NULL,'no',412,NULL,'2022-10-23 16:40:52','2022-10-23 17:18:01'),
(493,392,259,'',385,477,19,'',413491,NULL,'quality_control','accept','','',NULL,NULL,NULL,NULL,'no',412,NULL,'2022-10-23 16:40:52','2022-10-23 17:19:35'),
(494,392,245,'',385,478,25,'',147416,NULL,'quality_control','accept','','',NULL,NULL,NULL,NULL,'no',412,NULL,'2022-10-23 16:40:52','2022-10-23 17:19:35'),
(495,392,247,'',385,479,24,'',123227,NULL,'quality_control','accept','','',NULL,NULL,NULL,NULL,'no',412,NULL,'2022-10-23 16:40:52','2022-10-23 17:19:35'),
(496,392,247,'',385,479,24,'',123227,NULL,'quality_control','accept','','',NULL,NULL,NULL,NULL,'no',412,NULL,'2022-10-23 16:40:52','2022-10-23 17:19:35'),
(497,392,247,'',385,479,24,'',123227,NULL,'quality_control','accept','','',NULL,NULL,NULL,NULL,'no',412,NULL,'2022-10-23 16:40:52','2022-10-23 17:19:35'),
(498,393,328,'',386,480,45,'',158000,NULL,'end','accept','','',NULL,NULL,NULL,NULL,'no',412,NULL,'2022-10-24 16:48:56','2022-10-24 18:53:59'),
(499,393,328,'',386,480,45,'',158000,NULL,'end','accept','','',NULL,NULL,NULL,NULL,'no',412,NULL,'2022-10-24 16:48:56','2022-10-24 18:53:59'),
(500,393,301,'',386,481,39,'',1750,NULL,'end','accept','','',NULL,NULL,NULL,NULL,'no',412,NULL,'2022-10-24 16:48:56','2022-10-24 18:53:59'),
(501,393,301,'',386,481,39,'',1750,NULL,'end','accept','','',NULL,NULL,NULL,NULL,'no',412,NULL,'2022-10-24 16:48:56','2022-10-24 18:53:59'),
(502,393,301,'',386,481,39,'',1750,NULL,'end','accept','','',NULL,NULL,NULL,NULL,'no',412,NULL,'2022-10-24 16:48:56','2022-10-24 18:53:59'),
(503,394,234,'',378,463,11,'',100057,NULL,'quality_control','accept','','',NULL,NULL,NULL,NULL,'no',412,NULL,'2023-04-15 12:45:48','2023-04-15 12:46:55'),
(504,394,247,'',378,465,24,'',123227,NULL,'quality_control','accept','','',NULL,NULL,NULL,NULL,'no',412,NULL,'2023-04-15 12:45:48','2023-04-15 12:46:55'),
(505,395,279,'',280,330,32,'',5654,NULL,'quality_control','accept','','',NULL,NULL,NULL,NULL,'no',412,NULL,'2023-04-15 14:42:46','2023-04-15 14:44:20'),
(506,395,287,'',280,331,34,'',41200,NULL,'quality_control','accept','','',NULL,NULL,NULL,NULL,'no',412,NULL,'2023-04-15 14:42:46','2023-04-15 14:44:20');

--
-- Table structure for table `ms011_shop_shipping`
--

CREATE TABLE `ms011_shop_shipping` (
  `id` int(11) NOT NULL AUTO_INCREMENT,
  `title` varchar(255) DEFAULT NULL,
  `img` varchar(255) DEFAULT NULL,
  `type` varchar(50) DEFAULT 'post',
  `service_price` decimal(10,1) DEFAULT NULL,
  `service_percent` float(5,3) DEFAULT NULL,
  `premium_price` decimal(10,1) DEFAULT NULL COMMENT 'حق بیمه به تومان',
  `premium_percent` float(5,3) DEFAULT NULL COMMENT 'حق بیمه به درصد',
  `tax_percent` float(5,3) DEFAULT NULL COMMENT 'مالیات',
  `packing_price` decimal(10,1) DEFAULT NULL COMMENT 'هزینه بسته بندی',
  `packing_percent` float(5,3) DEFAULT NULL,
  `cities` text DEFAULT NULL,
  `status` varchar(15) DEFAULT 'active',
  `formula` mediumtext DEFAULT NULL COMMENT 'فرمول محاسبه وزن بالاتر از رنج نهایی',
  `to_up_free_amount` decimal(10,0) DEFAULT 0 COMMENT 'بالاتر از این مبلغ رایگان',
  `description` varchar(255) DEFAULT NULL,
  `shygun_product_number` int(11) DEFAULT NULL,
  `created_at` timestamp NULL DEFAULT NULL,
  `updated_at` timestamp NULL DEFAULT NULL,
  PRIMARY KEY (`id`)
) ENGINE=InnoDB AUTO_INCREMENT=62 DEFAULT CHARSET=utf8mb3 COLLATE=utf8mb3_persian_ci;

--
-- Dumping data for table `ms011_shop_shipping`
--

INSERT INTO `ms011_shop_shipping` VALUES
(1,'پست سفارشی','uploads/shipping/48_shipping_M69xe5U.jpg','sefareshi',3600.0,0.000,0.0,0.030,0.090,5000.0,0.000,'all','active','{max_price} + ((myRoundBase({weight}-{max_weight},1000) / 1000) * 1000)',NULL,'asdds',NULL,'2021-08-22 00:25:37','2021-10-13 00:19:49'),
(2,'پست پیشتاز','uploads/shipping/49_shipping_gGXIg1E.jpg','post',3200.0,0.000,0.0,0.050,0.090,0.0,0.050,'all','active','{max_price} + ((myRoundBase({weight}-{max_weight},1000) / 1000) * 1000)',0,'asdsad',NULL,'2021-08-22 00:33:53','2023-01-28 02:36:14'),
(56,'پست تیباکس','uploads/shipping/56_shipping_4qn2ap3.jpg','post',0.0,0.000,0.0,0.000,0.090,0.0,0.000,'760,589','active','{max_price} + ((myRoundBase({weight}-{max_weight},1000) / 1000) * 1000)',200000,'aasdsa',NULL,'2021-08-22 18:41:52','2022-11-16 21:11:22'),
(60,'الو پیک','uploads/shipping/60_shipping_TvEqW4f.jpg','delivery',0.0,0.000,0.0,0.000,0.000,0.0,0.000,'760,957,588,589','active',NULL,0,'asdsa',10010028,'2022-11-16 21:13:50','2022-11-16 21:22:27'),
(61,'تحویل حضوری',NULL,'in_person',0.0,0.000,0.0,0.000,0.000,0.0,0.000,'all','active',NULL,0,'dsdsadas',3262,'2023-01-28 02:37:24','2023-04-17 09:58:32');

--
-- Table structure for table `ms011_shop_shipping_item`
--

CREATE TABLE `ms011_shop_shipping_item` (
  `id` int(11) NOT NULL AUTO_INCREMENT,
  `shipping_id` int(11) DEFAULT NULL,
  `weight_from` int(11) DEFAULT NULL,
  `weight_to` int(11) DEFAULT NULL,
  `in_state_price` decimal(10,0) DEFAULT NULL COMMENT 'درون استانی',
  `neighbor_state_price` decimal(10,0) DEFAULT NULL COMMENT 'استان همجوار',
  `out_state_price` decimal(10,0) DEFAULT NULL COMMENT 'استانهای دور',
  `created_at` timestamp NULL DEFAULT current_timestamp(),
  `updated_at` timestamp NULL DEFAULT NULL ON UPDATE current_timestamp(),
  PRIMARY KEY (`id`)
) ENGINE=InnoDB AUTO_INCREMENT=59 DEFAULT CHARSET=utf8mb3 COLLATE=utf8mb3_persian_ci;

--
-- Dumping data for table `ms011_shop_shipping_item`
--

INSERT INTO `ms011_shop_shipping_item` VALUES
(49,2,0,1000,3500,3600,4000,'2021-08-22 18:14:14','2021-08-22 18:14:14'),
(50,2,1001,2000,5300,7000,12000,'2021-08-22 18:14:14','2021-08-22 18:14:14'),
(51,56,0,1000,1200,2500,4300,'2021-08-22 10:01:29','2021-08-22 18:14:14'),
(52,56,1001,2000,2300,3200,7400,'2021-08-22 10:01:29','2021-08-22 18:14:14'),
(53,56,2001,5000,3600,7300,10200,'2021-08-22 10:04:04','2021-08-22 18:14:14'),
(54,1,0,1000,1500,1800,2000,'2021-08-22 22:31:27','2021-08-22 18:14:14'),
(55,1,1001,2000,2200,3100,4600,'2021-08-22 22:31:27','2021-08-22 18:14:14'),
(56,1,2001,5000,5300,6700,7000,'2021-08-22 22:31:27','2021-08-22 18:14:14'),
(57,59,0,1000,20000,25000,35000,'2021-10-13 00:18:04','2021-08-22 18:14:14'),
(58,60,0,100000,5000,0,0,'2022-11-16 17:44:06','2022-11-16 21:14:32');

--
-- Table structure for table `ms011_shop_shygun_document`
--

CREATE TABLE `ms011_shop_shygun_document` (
  `id` int(10) unsigned NOT NULL AUTO_INCREMENT,
  `customer_account_number` int(11) NOT NULL,
  `relate_to` varchar(30) DEFAULT NULL,
  `relate_id` int(11) DEFAULT NULL,
  `type` tinyint(4) DEFAULT NULL COMMENT 'bed 1 bes 2',
  `amount` decimal(15,0) DEFAULT NULL,
  `shygun_status` varchar(10) DEFAULT 'pending',
  `shygun_guid` varchar(150) DEFAULT NULL,
  `shygun_msg` mediumtext DEFAULT NULL,
  `shygun_number` int(11) DEFAULT NULL,
  `created_at` datetime DEFAULT NULL,
  `updated_at` datetime DEFAULT NULL ON UPDATE current_timestamp(),
  PRIMARY KEY (`id`)
) ENGINE=MyISAM AUTO_INCREMENT=399 DEFAULT CHARSET=utf8mb4 COLLATE=utf8mb4_unicode_ci;

--
-- Dumping data for table `ms011_shop_shygun_document`
--

INSERT INTO `ms011_shop_shygun_document` VALUES
(396,212010025,'invoice',390,1,25000,'done',NULL,NULL,24,NULL,'2023-04-25 13:33:58'),
(397,212010023,'refer',395,2,46854,'pending',NULL,NULL,NULL,'2023-04-25 14:20:47',NULL),
(398,212010023,'refer',395,2,46854,'pending',NULL,NULL,NULL,'2023-04-25 14:20:47',NULL);

--
-- Table structure for table `ms011_shop_shygun_errors`
--

CREATE TABLE `ms011_shop_shygun_errors` (
  `id` int(10) unsigned NOT NULL AUTO_INCREMENT,
  `relate_to` varchar(30) DEFAULT 'start_refer',
  `relate_id` int(11) DEFAULT NULL,
  `content` mediumtext DEFAULT NULL,
  `created_at` datetime DEFAULT NULL,
  PRIMARY KEY (`id`)
) ENGINE=MyISAM AUTO_INCREMENT=397 DEFAULT CHARSET=utf8mb4 COLLATE=utf8mb4_unicode_ci;

--
-- Dumping data for table `ms011_shop_shygun_errors`
--

INSERT INTO `ms011_shop_shygun_errors` VALUES
(396,'user',412,'Moin number is not exist.','2023-08-18 13:41:01');

--
-- Table structure for table `ms011_shop_shygun_voucher`
--

CREATE TABLE `ms011_shop_shygun_voucher` (
  `id` int(10) unsigned NOT NULL AUTO_INCREMENT,
  `user_account_number` varchar(50) DEFAULT NULL,
  `relate_to` varchar(30) DEFAULT NULL,
  `relate_id` int(11) DEFAULT NULL,
  `relate_shygun_number` varchar(30) DEFAULT NULL,
  `vouch_type` tinyint(4) DEFAULT NULL COMMENT '21 daryafi     22 pardakhti',
  `pay_type` tinyint(4) DEFAULT NULL COMMENT '0 cash  1 cheque',
  `amount` decimal(15,0) DEFAULT NULL,
  `shygun_status` varchar(10) DEFAULT 'pending',
  `shygun_guid` varchar(150) DEFAULT NULL,
  `shygun_msg` mediumtext DEFAULT NULL,
  `shygun_number` varchar(30) DEFAULT NULL,
  `user_id` int(11) DEFAULT NULL,
  `user_type` varchar(10) DEFAULT NULL,
  `created_at` datetime DEFAULT NULL,
  `updated_at` datetime DEFAULT NULL ON UPDATE current_timestamp(),
  PRIMARY KEY (`id`)
) ENGINE=MyISAM AUTO_INCREMENT=404 DEFAULT CHARSET=utf8mb4 COLLATE=utf8mb4_unicode_ci;

--
-- Dumping data for table `ms011_shop_shygun_voucher`
--

INSERT INTO `ms011_shop_shygun_voucher` VALUES
(402,'212010023','invoice',395,'36',21,0,163500000,'done',NULL,NULL,'5',NULL,NULL,'2023-04-28 09:47:14','2023-04-28 09:47:15'),
(403,'212010023','refer',397,'209',22,0,150023000,'done',NULL,NULL,'3',NULL,NULL,'2023-04-28 09:51:50','2023-04-28 10:03:42');

--
-- Table structure for table `ms011_shop_size`
--

CREATE TABLE `ms011_shop_size` (
  `id` int(11) NOT NULL AUTO_INCREMENT,
  `title` varchar(200) DEFAULT NULL,
  `description` varchar(255) DEFAULT NULL,
  `cats` varchar(255) DEFAULT NULL,
  `created_at` timestamp NULL DEFAULT NULL,
  `updated_at` timestamp NULL DEFAULT NULL,
  PRIMARY KEY (`id`)
) ENGINE=InnoDB AUTO_INCREMENT=34 DEFAULT CHARSET=utf8mb3 COLLATE=utf8mb3_persian_ci;

--
-- Dumping data for table `ms011_shop_size`
--

INSERT INTO `ms011_shop_size` VALUES
(8,'XXl','','254','2020-04-30 22:19:27','2021-10-01 02:33:12'),
(10,'XXXL','','246,255,261','2020-05-23 20:47:01','2021-10-02 06:31:56'),
(14,'43','','258','2021-06-03 14:16:03','2021-10-01 02:32:58'),
(17,'کوچک','','240,254','2021-08-26 14:47:16','2021-10-02 01:26:02'),
(18,'متوسط','','240,259,273','2021-08-26 14:47:31','2021-10-02 06:45:41'),
(19,'بزرگ','','245,240,246','2021-08-26 14:47:45','2021-10-02 16:59:48'),
(26,'XL','','305,317,326','2021-10-02 06:47:09','2021-10-02 06:47:09'),
(27,'XXL - بزرگ','','305,317,326','2021-10-02 06:47:14','2021-10-02 06:48:25'),
(28,'XXXL - خیلی بزرگ','','305,317,326','2021-10-02 06:47:25','2021-10-02 06:48:15'),
(29,'Small - کوچک','','305,317,326','2021-10-02 06:47:35','2021-10-02 06:47:56'),
(30,'Medium - متوسط','','305,317,326','2021-10-02 06:47:45','2021-10-02 06:47:45'),
(31,'ناچ',NULL,'240,241','2022-03-03 21:13:18','2022-03-03 21:14:05'),
(32,'6 اینچ',NULL,'240,241','2022-03-03 21:13:27','2022-03-03 21:13:59'),
(33,'5 اینچ',NULL,'240,243','2022-03-03 21:13:34','2022-03-03 21:13:51');

--
-- Table structure for table `ms011_shop_stock`
--

CREATE TABLE `ms011_shop_stock` (
  `id` int(10) unsigned NOT NULL AUTO_INCREMENT,
  `code` varchar(15) DEFAULT NULL,
  `product_id` int(11) DEFAULT 0,
  `store_id` int(11) DEFAULT 0 COMMENT 'ایدی فروشگاه',
  `reference_price` decimal(12,0) unsigned DEFAULT NULL COMMENT 'فیمت خرید محصول توسط فروشنده',
  `price` decimal(12,0) unsigned zerofill DEFAULT NULL COMMENT 'فیمت واقعی محصول',
  `customer_price` decimal(12,0) unsigned DEFAULT NULL COMMENT 'قیمت مشتری محصول',
  `discount` float(6,2) DEFAULT NULL,
  `size_id` int(11) DEFAULT NULL,
  `color_id` int(11) DEFAULT NULL,
  `count` int(11) DEFAULT NULL,
  `warranty` varchar(100) DEFAULT NULL COMMENT 'گارانتی',
  `warranty_id` int(11) DEFAULT NULL,
  `is_default` varchar(10) DEFAULT 'no',
  `sort` int(11) DEFAULT NULL,
  `max_in_cart` int(11) DEFAULT 100 COMMENT 'بیشترین تعداد از این محصول در سبد خرید',
  `shygun_stock_number` int(11) DEFAULT NULL,
  `shygun_msg` varchar(300) DEFAULT NULL,
  `shygun_status` varchar(10) DEFAULT 'pending',
  `shygun_guid` varchar(150) DEFAULT NULL,
  `property` varchar(40) DEFAULT NULL,
  `serial` varchar(100) DEFAULT NULL,
  `create_by` int(11) DEFAULT NULL,
  `update_by` int(11) DEFAULT NULL,
  `created_at` datetime DEFAULT NULL,
  `updated_at` datetime DEFAULT NULL ON UPDATE current_timestamp(),
  `price_label` varchar(150) DEFAULT NULL,
  PRIMARY KEY (`id`)
) ENGINE=MyISAM AUTO_INCREMENT=356 DEFAULT CHARSET=utf8mb4 COLLATE=utf8mb4_unicode_ci;

--
-- Dumping data for table `ms011_shop_stock`
--

INSERT INTO `ms011_shop_stock` VALUES
(234,NULL,11,9,NULL,000060000000,60000000,0.89,0,0,12,NULL,NULL,'yes',0,NULL,NULL,NULL,NULL,NULL,NULL,NULL,NULL,0,'2021-08-09 06:08:07','2023-08-13 11:16:05',NULL),
(232,NULL,8,9,NULL,000060000000,60000000,0.02,13,0,3,NULL,NULL,'no',0,NULL,NULL,NULL,NULL,NULL,NULL,NULL,NULL,0,'2021-08-08 15:51:35','2023-08-13 11:16:05',NULL),
(233,NULL,8,10,NULL,000060000000,60000000,0.00,10,11,25,NULL,NULL,'no',0,NULL,NULL,NULL,NULL,NULL,NULL,NULL,NULL,0,'2021-08-08 16:12:59','2023-08-13 11:16:05',NULL),
(235,NULL,12,9,NULL,000060000000,60000000,0.40,0,9,25,NULL,NULL,'no',0,NULL,NULL,NULL,NULL,NULL,NULL,NULL,NULL,0,'2021-08-09 09:38:41','2023-08-13 11:16:05',NULL),
(236,NULL,12,9,NULL,000060000000,60000000,0.05,8,10,8,NULL,NULL,'yes',0,NULL,NULL,NULL,NULL,NULL,NULL,NULL,NULL,0,'2021-08-12 08:23:01','2023-08-13 11:16:05',NULL),
(237,NULL,12,9,NULL,000060000000,60000000,0.00,10,8,45,NULL,NULL,'no',0,NULL,NULL,NULL,NULL,NULL,NULL,NULL,NULL,0,'2021-08-12 08:23:20','2023-08-13 11:16:05',NULL),
(238,NULL,12,9,NULL,000060000000,60000000,0.02,10,12,85,NULL,NULL,'no',0,NULL,NULL,NULL,NULL,NULL,NULL,NULL,NULL,0,'2021-08-12 08:23:38','2023-08-13 11:16:05',NULL),
(239,NULL,8,9,NULL,000060000000,60000000,0.10,0,0,30,NULL,NULL,'no',0,NULL,NULL,NULL,NULL,NULL,NULL,NULL,NULL,0,'2021-08-12 12:21:05','2023-08-13 11:16:05',NULL),
(230,NULL,8,9,NULL,000060000000,60000000,0.98,7,10,20,NULL,NULL,'no',0,NULL,NULL,NULL,NULL,NULL,NULL,NULL,NULL,0,'2021-08-08 15:14:42','2023-08-13 11:16:05',NULL),
(240,NULL,8,10,NULL,000060000000,60000000,0.15,0,0,60,NULL,NULL,'no',0,NULL,NULL,NULL,NULL,NULL,NULL,NULL,NULL,0,'2021-08-13 07:37:05','2023-08-13 11:16:05',NULL),
(241,NULL,8,10,NULL,000060000000,60000000,0.60,0,8,20,NULL,NULL,'no',0,NULL,NULL,NULL,NULL,NULL,NULL,NULL,NULL,0,'2021-08-13 07:37:31','2023-08-13 11:15:39',NULL),
(242,NULL,7,10,NULL,000060000000,60000000,0.06,0,15,7,NULL,NULL,'no',0,NULL,NULL,NULL,NULL,NULL,NULL,NULL,NULL,0,'2021-08-13 15:41:07','2023-08-13 11:15:39',NULL),
(243,NULL,7,9,NULL,000060000000,60000000,0.12,0,10,5,NULL,NULL,'yes',0,NULL,NULL,NULL,NULL,NULL,NULL,NULL,NULL,0,'2021-08-13 17:07:12','2023-08-13 11:15:39',NULL),
(262,NULL,12,14,NULL,000060000000,60000000,0.03,14,9,6,NULL,NULL,'no',0,NULL,NULL,NULL,NULL,NULL,NULL,NULL,NULL,0,'2021-09-12 06:20:05','2023-08-13 11:15:39',NULL),
(263,NULL,12,14,NULL,000060000000,60000000,0.02,0,9,8,NULL,NULL,'no',0,NULL,NULL,NULL,NULL,NULL,NULL,NULL,NULL,0,'2021-09-12 06:20:25','2023-08-13 11:15:39',NULL),
(264,NULL,26,14,NULL,000060000000,60000000,0.02,0,9,9,NULL,NULL,'no',0,NULL,NULL,NULL,NULL,NULL,NULL,NULL,NULL,0,'2021-09-14 07:47:50','2023-08-13 11:15:39',NULL),
(265,NULL,26,15,NULL,000060000000,60000000,0.00,0,14,7,NULL,NULL,'no',0,NULL,NULL,NULL,NULL,NULL,NULL,NULL,NULL,0,'2021-09-14 07:48:10','2023-08-13 11:15:39',NULL),
(266,NULL,27,9,NULL,000060000000,60000000,0.01,18,11,3,NULL,NULL,'yes',0,NULL,NULL,NULL,NULL,NULL,NULL,NULL,NULL,0,'2021-09-26 06:57:12','2023-08-13 11:15:39',NULL),
(267,NULL,27,10,NULL,000060000000,60000000,0.05,17,14,7,NULL,NULL,'no',0,NULL,NULL,NULL,NULL,NULL,NULL,NULL,NULL,0,'2021-09-26 06:57:32','2023-08-13 11:15:39',NULL),
(268,NULL,28,14,NULL,000060000000,60000000,0.03,19,15,7,NULL,NULL,'yes',0,NULL,NULL,NULL,NULL,NULL,NULL,NULL,NULL,0,'2021-09-26 07:03:05','2023-08-13 11:15:39',NULL),
(269,NULL,28,15,NULL,000060000000,60000000,0.03,17,9,6,NULL,NULL,'no',0,NULL,NULL,NULL,NULL,NULL,NULL,NULL,NULL,0,'2021-09-26 07:03:22','2023-08-13 11:15:39',NULL),
(270,NULL,28,14,NULL,000060000000,60000000,0.02,17,9,9,NULL,NULL,'no',0,NULL,NULL,NULL,NULL,NULL,NULL,NULL,NULL,0,'2021-09-26 07:03:59','2023-08-13 11:15:39',NULL),
(271,NULL,29,10,NULL,000060000000,60000000,0.01,0,12,4,NULL,NULL,'no',0,NULL,NULL,NULL,NULL,NULL,NULL,NULL,NULL,0,'2021-09-26 07:08:42','2023-08-13 11:15:39',NULL),
(272,NULL,29,9,NULL,000060000000,60000000,0.00,0,12,9,NULL,NULL,'no',0,NULL,NULL,NULL,NULL,NULL,NULL,NULL,NULL,0,'2021-09-26 07:09:04','2023-08-13 11:15:39',NULL),
(311,NULL,0,24,NULL,000000015000,15000,0.03,14,11,5,'سازگار',NULL,'no',NULL,NULL,NULL,NULL,NULL,NULL,NULL,NULL,NULL,NULL,'2022-01-26 10:58:44','2022-09-27 10:21:18',NULL),
(318,NULL,0,14,NULL,000001450000,1450000,0.02,0,10,5,'ضمانت ایران کالا',NULL,'no',NULL,NULL,NULL,NULL,NULL,NULL,NULL,NULL,NULL,NULL,'2022-01-26 14:01:14','2022-09-27 10:21:18',NULL),
(313,NULL,0,15,NULL,000000054000,54000,0.02,27,10,105,'ایران ارقام',NULL,'no',NULL,NULL,NULL,NULL,NULL,NULL,NULL,NULL,NULL,NULL,'2022-01-26 11:54:50','2022-09-27 10:21:18',NULL),
(314,NULL,0,25,NULL,000001450000,1450000,0.00,18,12,5,NULL,NULL,'no',NULL,NULL,NULL,NULL,NULL,NULL,NULL,NULL,NULL,NULL,'2022-01-26 12:00:17','2022-09-27 10:21:18',NULL),
(317,NULL,0,24,NULL,000000005600,5600,0.00,0,0,20,'سازگار ارقام',NULL,'no',NULL,NULL,NULL,NULL,NULL,NULL,NULL,NULL,NULL,NULL,'2022-01-26 13:46:48','2022-09-27 10:21:18',NULL),
(329,NULL,52,9,NULL,000060000000,60000000,0.01,0,7,5,NULL,16,'no',NULL,6,3265,NULL,NULL,NULL,NULL,'12346565',NULL,NULL,'2022-07-13 09:31:41','2023-08-13 11:15:39',NULL),
(330,NULL,52,10,NULL,000060000000,60000000,0.00,0,17,7,NULL,17,'no',NULL,NULL,NULL,NULL,NULL,NULL,NULL,NULL,NULL,NULL,'2022-07-13 09:32:45','2023-08-13 11:15:39',NULL),
(332,NULL,52,15,NULL,000060000000,60000000,0.03,0,11,3,NULL,17,'no',NULL,NULL,NULL,NULL,NULL,NULL,NULL,NULL,NULL,NULL,'2022-07-13 20:34:29','2023-08-13 11:15:39',NULL),
(334,NULL,52,9,NULL,000060000000,60000000,0.05,0,10,3,NULL,17,'no',NULL,2,3225,NULL,NULL,NULL,NULL,'3265',NULL,NULL,'2022-08-20 17:33:06','2023-08-13 11:15:39',NULL),
(337,NULL,52,15,NULL,000060000000,60000000,NULL,0,11,3,NULL,16,'no',NULL,100,NULL,NULL,NULL,NULL,NULL,NULL,NULL,NULL,'2022-08-27 10:20:31','2023-08-13 11:15:39',NULL),
(336,NULL,52,9,NULL,000060000000,60000000,NULL,0,7,7,NULL,0,'no',NULL,5,NULL,NULL,NULL,NULL,NULL,NULL,NULL,NULL,'2022-08-26 19:36:52','2023-08-13 11:15:39',NULL),
(344,NULL,52,10,NULL,000060000000,60000000,NULL,0,8,10,NULL,16,'no',NULL,3,NULL,NULL,NULL,NULL,NULL,NULL,NULL,NULL,'2022-10-02 11:44:33','2023-08-13 11:15:39',NULL),
(345,NULL,52,9,NULL,000060000000,60000000,NULL,17,11,8,NULL,0,'no',NULL,100,10010001,NULL,NULL,NULL,NULL,NULL,NULL,NULL,'2023-04-05 13:29:33','2023-08-13 11:15:39',NULL),
(346,NULL,52,9,NULL,000060000000,60000000,NULL,0,0,30,NULL,0,'no',NULL,100,10010028,NULL,NULL,NULL,NULL,NULL,NULL,NULL,'2023-04-05 13:43:36','2023-08-13 11:15:39',NULL),
(347,NULL,52,9,NULL,000060000000,60000000,NULL,8,0,10,NULL,0,'no',NULL,100,56757,NULL,NULL,NULL,NULL,NULL,NULL,NULL,'2023-04-16 14:02:24','2023-08-13 11:15:39',NULL),
(349,NULL,52,9,NULL,000060000000,60000000,NULL,17,9,3,NULL,0,'yes',NULL,100,6593,NULL,NULL,NULL,NULL,NULL,NULL,NULL,'2023-04-17 10:27:15','2023-08-13 11:15:39',NULL);

--
-- Table structure for table `ms011_shop_stock_report`
--

CREATE TABLE `ms011_shop_stock_report` (
  `id` int(10) unsigned NOT NULL AUTO_INCREMENT,
  `sub_invoice_id` int(11) DEFAULT NULL,
  `stock_id` int(11) DEFAULT 0 COMMENT 'ایدی فروشگاه',
  `product_id` int(11) DEFAULT 0,
  `info` mediumtext DEFAULT NULL,
  `code` varchar(30) DEFAULT NULL,
  `count` int(10) unsigned DEFAULT NULL,
  `fee` decimal(12,0) unsigned DEFAULT 0 COMMENT 'مبلغ هر عدد',
  `total` decimal(12,0) DEFAULT 0 COMMENT 'جمع قیمت',
  `status` varchar(20) DEFAULT 'active',
  `description` varchar(255) DEFAULT NULL,
  `created_by` int(11) DEFAULT NULL,
  `updated_by` int(11) DEFAULT NULL,
  `created_at` datetime DEFAULT NULL,
  `updated_at` datetime DEFAULT NULL ON UPDATE current_timestamp(),
  PRIMARY KEY (`id`)
) ENGINE=MyISAM AUTO_INCREMENT=383 DEFAULT CHARSET=utf8mb4 COLLATE=utf8mb4_unicode_ci;

--
-- Dumping data for table `ms011_shop_stock_report`
--

INSERT INTO `ms011_shop_stock_report` VALUES
(375,480,328,45,'{\"id\":45,\"product_code\":null,\"title\":\"حلقه ای زنانه طرح قرمز\",\"title_en\":\"new product 3\",\"vip\":1,\"length\":null,\"width\":null,\"height\":null,\"cats\":\"238,305,307,238,305,309,238,305,310\",\"cats_select\":\"307,309,310\",\"cat_property\":469,\"status\":\"active\",\"brand\":0,\"img\":\"uploads\\/product\\/45_default_3637.jpg\",\"view_count\":1,\"seller_count\":9,\"rate_star\":0,\"rate_score\":0,\"weight\":156,\"unit\":\"عدد\",\"description\":null,\"excerpt\":null,\"tags\":\"ادکلن,عطر,رایحه\",\"info\":\"\",\"delivery_message\":null,\"festival_id\":null,\"festival_discount\":0.05,\"festival_start_date\":\"2022-07-07 00:00:00\",\"festival_end_date\":\"2022-07-20 00:00:00\",\"festival_exception\":null,\"slug\":null,\"seo_title\":null,\"seo_description\":null,\"seo_metatag\":null,\"seo_alt\":null,\"poll_id\":null,\"created_by\":412,\"updated_by\":null,\"created_at\":\"2022-01-24T17:15:42.000000Z\",\"updated_at\":\"2022-10-24T13:15:44.000000Z\"}','2365',NULL,158000,0,'refer',NULL,412,NULL,'2022-10-24 16:46:54','2022-10-24 18:53:59'),
(376,480,328,45,'{\"id\":45,\"product_code\":null,\"title\":\"حلقه ای زنانه طرح قرمز\",\"title_en\":\"new product 3\",\"vip\":1,\"length\":null,\"width\":null,\"height\":null,\"cats\":\"238,305,307,238,305,309,238,305,310\",\"cats_select\":\"307,309,310\",\"cat_property\":469,\"status\":\"active\",\"brand\":0,\"img\":\"uploads\\/product\\/45_default_3637.jpg\",\"view_count\":1,\"seller_count\":9,\"rate_star\":0,\"rate_score\":0,\"weight\":156,\"unit\":\"عدد\",\"description\":null,\"excerpt\":null,\"tags\":\"ادکلن,عطر,رایحه\",\"info\":\"\",\"delivery_message\":null,\"festival_id\":null,\"festival_discount\":0.05,\"festival_start_date\":\"2022-07-07 00:00:00\",\"festival_end_date\":\"2022-07-20 00:00:00\",\"festival_exception\":null,\"slug\":null,\"seo_title\":null,\"seo_description\":null,\"seo_metatag\":null,\"seo_alt\":null,\"poll_id\":null,\"created_by\":412,\"updated_by\":null,\"created_at\":\"2022-01-24T17:15:42.000000Z\",\"updated_at\":\"2022-10-24T13:15:44.000000Z\"}','2366',NULL,158000,0,'refer',NULL,412,NULL,'2022-10-24 16:46:56','2022-10-24 18:53:59'),
(377,481,301,39,'{\"id\":39,\"product_code\":null,\"title\":\"تی شرت زنانه طرح یونیکورن کد 4175\",\"title_en\":\"Unicorn design women\'s t-shirt code 4175\",\"vip\":1,\"length\":22,\"width\":22,\"height\":22,\"cats\":\"238,305,307\",\"cats_select\":\"307\",\"cat_property\":469,\"status\":\"active\",\"brand\":0,\"img\":\"uploads\\/product\\/39_default_1545.jpg\",\"view_count\":11,\"seller_count\":4,\"rate_star\":3,\"rate_score\":3,\"weight\":90,\"unit\":\"عدد\",\"description\":\"<p>این لباس از جنس ویسکوز می باشد و برای استفاده روزمره مناسب است. پارچه های تهیه شده از الیاف ویسکوز دارای جذب رطوبت بالا، خاصیت تنفس خوب، راحتی و رنگ پذیری مطلوب ی باشند، همچنین پایین بودن خاصیت ایجاد الکتریسیته ساکن از خواص ویسکوز به شمار می رود.علاوه بر نرمی و لطافت ویسکوز، از دوام و مقاومت بالایی نیز برخوردار است.<\\/p>\",\"excerpt\":null,\"tags\":\"تی شرت,تیشرت,تابستانی,زنانه\",\"info\":\"\",\"delivery_message\":null,\"festival_id\":null,\"festival_discount\":0.09,\"festival_start_date\":\"2022-07-07 00:00:00\",\"festival_end_date\":\"2022-08-11 00:00:00\",\"festival_exception\":\"no\",\"slug\":null,\"seo_title\":null,\"seo_description\":null,\"seo_metatag\":null,\"seo_alt\":null,\"poll_id\":7,\"created_by\":0,\"updated_by\":0,\"created_at\":\"2021-10-17T15:26:07.000000Z\",\"updated_at\":\"2022-10-24T13:15:44.000000Z\"}','1715',NULL,1750,0,'refer',NULL,412,NULL,'2022-10-24 16:46:58','2022-10-24 18:53:59'),
(371,472,247,24,'{\"id\":24,\"product_code\":null,\"title\":\"میز تحریر و لپ تاپ تاشو سایز بزرگ مدل G0025\",\"title_en\":null,\"vip\":0,\"length\":null,\"width\":null,\"height\":null,\"cats\":\"236,252\",\"cats_select\":\"252\",\"cat_property\":473,\"status\":\"active\",\"brand\":19,\"img\":\"uploads\\/product\\/24_default_1327.jpg\",\"view_count\":5,\"seller_count\":7,\"rate_star\":4.7,\"rate_score\":300,\"weight\":7000,\"unit\":\"عدد\",\"description\":null,\"excerpt\":null,\"tags\":\"میز,تحریر,میز تحریر,لوازم چوبی\",\"info\":\"\",\"delivery_message\":null,\"festival_id\":null,\"festival_discount\":0,\"festival_start_date\":null,\"festival_end_date\":null,\"festival_exception\":null,\"slug\":null,\"seo_title\":null,\"seo_description\":null,\"seo_metatag\":null,\"seo_alt\":null,\"poll_id\":null,\"created_by\":0,\"updated_by\":0,\"created_at\":\"2021-08-26T00:56:29.000000Z\",\"updated_at\":\"2022-10-03T07:25:16.000000Z\"}','15478',NULL,123227,0,'active',NULL,412,NULL,'2022-10-05 11:05:35','2022-10-12 19:00:03'),
(370,472,268,28,'{\"id\":28,\"product_code\":null,\"title\":\"گوشی موبایل اپل مدل iPhone 12 A2404 دو سیم‌ کارت ظرفیت 128 گیگابایت\",\"title_en\":null,\"vip\":0,\"length\":null,\"width\":null,\"height\":null,\"cats\":\"235,240,241,235,240,251\",\"cats_select\":\"241,251\",\"cat_property\":468,\"status\":\"active\",\"brand\":8,\"img\":\"uploads\\/product\\/28_default_1461.jpg\",\"view_count\":11,\"seller_count\":1,\"rate_star\":0,\"rate_score\":0,\"weight\":170,\"unit\":\"عدد\",\"description\":\"<p style=\\\"text-align: justify;\\\">گوشی موبایل &laquo;iPhone 12&raquo; پرچم&zwnj;دار جدید شرکت اپل است که با چند ویژگی جدید و دوربین دوگانه روانه بازار شده است. اپل برای ویژگی&zwnj;ها و طراحی کلی این گوشی از همان فرمول چند سال اخیرش استفاده کرده است. نمایشگر آیفون 12 به پنل Super Retina مجهز &zwnj;شده است تا تصاویر بسیار مطلوبی را به کاربر عرضه کند. این نمایشگر رزولوشن بسیار بالایی دارد؛ به&zwnj;طوری&zwnj;که در اندازه&shy;&zwnj;ی 6.1 اینچی&zwnj;اش، حدود 460 پیکسل را در هر اینچ جا داده است که دقیقاً با تراکم پیکسلی iPhone XS برابر است. قاب پشتی آیفون جدید هم از شیشه ساخته&zwnj; شده تا هم گوشی مشکل آنتن&zwnj;&zwnj;دهی نداشته باشد و هم امکان شارژ بی&zwnj;&zwnj;سیم باتری در این گوشی وجود داشته باشد. البته قابی فلزی این بدنه شیشه&zwnj;ای را در خود جای داده است. این بدنه&shy;&zwnj;ی زیبا در مقابل خط&zwnj;&zwnj;وخش مقاومت زیادی دارد؛ پس خیالتان از این بابت که آب و گردوغبار به&zwnj;&zwnj;راحتی روی آیفون 12 تأثیر نمی&zwnj;&zwnj;گذارد، راحت باشد. علاوه&zwnj;براین لکه و چربی هم روی این صفحه&zwnj;نمایش باکیفیت تأثیر چندانی ندارند اما این هم پایان کار نیست، آیفون جدید می&zwnj;تواند به مدت 30 دقیقه در عمق 6 متری آب دوام بیاورد. تشخیص چهره با استفاده از دوربین جلو دیگر ویژگی است که در آیفون جدید اپل به کار گرفته شده است. قابلیت اتصال به شبکه&shy;&zwnj;های 4G و 5G، بلوتوث نسخه&zwnj; 5، نسخه&shy;&zwnj;ی 14 از iOS دیگر ویژگی&zwnj;های این گوشی هستند. ازنظر سخت&zwnj;&zwnj;افزاری هم این گوشی از تراشه&shy;&zwnj;ی جدید A14 بهره می&zwnj;برد که تا بتواند علاوه بر کارهای معمول، از قابلیت&zwnj;های جدید واقعیت مجازی که اپل این روزها روی آن تمرکز خاصی دارد، پشتیبانی کند. به گفته خود شرکت اپل این گوشی دارای سرعتی 80 برابر نسخه 11 خود است.<\\/p>\",\"excerpt\":null,\"tags\":\"گوشی,موبایل,اپل,سری جدید\",\"info\":\"\",\"delivery_message\":null,\"festival_id\":58,\"festival_discount\":0.15,\"festival_start_date\":\"2022-07-20 00:01:01\",\"festival_end_date\":\"2022-12-21 23:59:59\",\"festival_exception\":\"no\",\"slug\":null,\"seo_title\":null,\"seo_description\":null,\"seo_metatag\":null,\"seo_alt\":null,\"poll_id\":null,\"created_by\":0,\"updated_by\":0,\"created_at\":\"2021-09-26T03:30:08.000000Z\",\"updated_at\":\"2022-07-23T06:56:32.000000Z\"}','145',NULL,152010,0,'active',NULL,412,NULL,'2022-10-05 10:58:59','2022-10-12 19:00:06'),
(374,472,268,28,'{\"id\":28,\"product_code\":null,\"title\":\"گوشی موبایل اپل مدل iPhone 12 A2404 دو سیم‌ کارت ظرفیت 128 گیگابایت\",\"title_en\":null,\"vip\":0,\"length\":null,\"width\":null,\"height\":null,\"cats\":\"235,240,241,235,240,251\",\"cats_select\":\"241,251\",\"cat_property\":468,\"status\":\"active\",\"brand\":8,\"img\":\"uploads\\/product\\/28_default_1461.jpg\",\"view_count\":11,\"seller_count\":1,\"rate_star\":0,\"rate_score\":0,\"weight\":170,\"unit\":\"عدد\",\"description\":\"<p style=\\\"text-align: justify;\\\">گوشی موبایل &laquo;iPhone 12&raquo; پرچم&zwnj;دار جدید شرکت اپل است که با چند ویژگی جدید و دوربین دوگانه روانه بازار شده است. اپل برای ویژگی&zwnj;ها و طراحی کلی این گوشی از همان فرمول چند سال اخیرش استفاده کرده است. نمایشگر آیفون 12 به پنل Super Retina مجهز &zwnj;شده است تا تصاویر بسیار مطلوبی را به کاربر عرضه کند. این نمایشگر رزولوشن بسیار بالایی دارد؛ به&zwnj;طوری&zwnj;که در اندازه&shy;&zwnj;ی 6.1 اینچی&zwnj;اش، حدود 460 پیکسل را در هر اینچ جا داده است که دقیقاً با تراکم پیکسلی iPhone XS برابر است. قاب پشتی آیفون جدید هم از شیشه ساخته&zwnj; شده تا هم گوشی مشکل آنتن&zwnj;&zwnj;دهی نداشته باشد و هم امکان شارژ بی&zwnj;&zwnj;سیم باتری در این گوشی وجود داشته باشد. البته قابی فلزی این بدنه شیشه&zwnj;ای را در خود جای داده است. این بدنه&shy;&zwnj;ی زیبا در مقابل خط&zwnj;&zwnj;وخش مقاومت زیادی دارد؛ پس خیالتان از این بابت که آب و گردوغبار به&zwnj;&zwnj;راحتی روی آیفون 12 تأثیر نمی&zwnj;&zwnj;گذارد، راحت باشد. علاوه&zwnj;براین لکه و چربی هم روی این صفحه&zwnj;نمایش باکیفیت تأثیر چندانی ندارند اما این هم پایان کار نیست، آیفون جدید می&zwnj;تواند به مدت 30 دقیقه در عمق 6 متری آب دوام بیاورد. تشخیص چهره با استفاده از دوربین جلو دیگر ویژگی است که در آیفون جدید اپل به کار گرفته شده است. قابلیت اتصال به شبکه&shy;&zwnj;های 4G و 5G، بلوتوث نسخه&zwnj; 5، نسخه&shy;&zwnj;ی 14 از iOS دیگر ویژگی&zwnj;های این گوشی هستند. ازنظر سخت&zwnj;&zwnj;افزاری هم این گوشی از تراشه&shy;&zwnj;ی جدید A14 بهره می&zwnj;برد که تا بتواند علاوه بر کارهای معمول، از قابلیت&zwnj;های جدید واقعیت مجازی که اپل این روزها روی آن تمرکز خاصی دارد، پشتیبانی کند. به گفته خود شرکت اپل این گوشی دارای سرعتی 80 برابر نسخه 11 خود است.<\\/p>\",\"excerpt\":null,\"tags\":\"گوشی,موبایل,اپل,سری جدید\",\"info\":\"\",\"delivery_message\":null,\"festival_id\":58,\"festival_discount\":0.15,\"festival_start_date\":\"2022-07-20 00:01:01\",\"festival_end_date\":\"2022-12-21 23:59:59\",\"festival_exception\":\"no\",\"slug\":null,\"seo_title\":null,\"seo_description\":null,\"seo_metatag\":null,\"seo_alt\":null,\"poll_id\":null,\"created_by\":0,\"updated_by\":0,\"created_at\":\"2021-09-26T03:30:08.000000Z\",\"updated_at\":\"2022-07-23T06:56:32.000000Z\"}','0',NULL,152010,0,'active','خیلی خوبه',412,NULL,'2022-10-05 11:07:38','2022-10-12 19:00:09'),
(372,473,266,27,'{\"id\":27,\"product_code\":null,\"title\":\"گوشی موبایل اپل مدل iPhone 11 A2223 دو سیم‌ کارت ظرفیت 128 گیگابایت و رم 4 گیگابایت\",\"title_en\":null,\"vip\":1,\"length\":null,\"width\":null,\"height\":null,\"cats\":\"\",\"cats_select\":\"251\",\"cat_property\":468,\"status\":\"active\",\"brand\":8,\"img\":\"uploads\\/product\\/27_default_9154.jpg\",\"view_count\":4,\"seller_count\":0,\"rate_star\":0,\"rate_score\":0,\"weight\":200,\"unit\":\"عدد\",\"description\":\"<p style=\\\"text-align: justify;\\\">گوشی موبایل &laquo;iPhone 11&raquo; یکی از سه گوشی شرکت اپل است که در کنفرانس سال 2019 این شرکت معرفی شد. این گوشی نسبت به گوشی&zwnj;های Pro و Pro Max قیمت پایین&zwnj;تری دارد اما طراحی مشابهی با این محصولات دارد. یکی از اصلی&zwnj;ترین تفاوت&zwnj;های این گوشی با دو گوشی دیگر، نمایشگر آیفون 11 است به فناوری Liquid Retina مجهز &zwnj;شده است تا قیمت تمام شده کم&zwnj;تری داشته باشد. البته این نمایشگر رزولوشن رضایت&zwnj;بخشی دارد؛ به&zwnj;طوری&zwnj;که در اندازه&shy;&zwnj;ی 5.9اینچی&zwnj;اش، حدود 326 پیکسل را در هر اینچ جا داده است که میزان مطلوبی به حساب می&zwnj;&zwj;آید. قاب پشتی آیفون جدید هم از شیشه ساخته&zwnj; شده تا هم گوشی مشکل آنتن&zwnj;&zwnj;دهی نداشته باشد و هم امکان شارژ بی&zwnj;&zwnj;سیم باتری در این گوشی وجود داشته باشد. البته قابی آلومینیومی این بدنه شیشه&zwnj;ای را در خود جای داده است. این بدنه&shy;&zwnj;ی زیبا در مقابل خط&zwnj;&zwnj;وخش مقاومت زیادی دارد؛ پس خیالتان از این بابت که آب و گردوغبار به&zwnj;&zwnj;راحتی روی آیفون 11 تأثیر نمی&zwnj;&zwnj;گذارد، راحت باشد. علاوه&zwnj;براین لکه و چربی هم روی این صفحه&zwnj;نمایش باکیفیت تأثیر چندانی ندارند اما این هم پایان کار نیست، آیفون جدید می&zwnj;تواند به مدت 30 دقیقه در عمق 2 متری آب دوام بیاورد. تشخیص چهره با استفاده از دوربین جلو دیگر ویژگی است که در آیفون جدید اپل به کار گرفته شده است. اما جالب&zwnj;ترین و واضح&zwnj;ترین تفاوت در این محصول جدید، دوربین&zwnj;هایی است که به شکل دوگانه در قاب پشتی جا خوش کرده&zwnj;اند. دو دوربین با سنسورهای 12مگاپیکسلی عکس&zwnj;هایی با کیفیتِ کاملاً رضایت&zwnj;بخش را به کاربر هدیه می&zwnj;دهد. دو دوربین که یکی از آن&zwnj;ها SL سه&zwnj;بعدی است هم دیگر به&zwnj;روزرسانی در آیفون 11 است. قابلیت اتصال به شبکه&shy;&zwnj;های 4G، بلوتوث نسخه&zwnj;ی 5، نسخه&shy;&zwnj;ی 13 از iOS&nbsp; دیگر ویژگی&zwnj;های این گوشی هستند. ازنظر سخت&zwnj;&zwnj;افزاری هم این گوشی از تراشه&shy;&zwnj;ی جدید A13 بهره می&zwnj;برد که تا بتواند علاوه بر کارهای معمول، از قابلیت&zwnj;های جدید واقعیت مجازی که اپل این روزها روی آن تمرکز خاصی دارد، پشتیبانی کند. گوشی جدید اپل به باتری 3110 میلی&zwnj;آمپرساعتی، فناوری شارژ سریع PD2.0، فناوری شارژ بی&lrm;&zwnj;سیم و استاندارد صوتی دالبی هم مجهز شده است.<\\/p>\",\"excerpt\":null,\"tags\":\"اپل,گوشی,موبایل\",\"info\":\"\",\"delivery_message\":null,\"festival_id\":null,\"festival_discount\":null,\"festival_start_date\":null,\"festival_end_date\":null,\"festival_exception\":null,\"slug\":null,\"seo_title\":null,\"seo_description\":null,\"seo_metatag\":null,\"seo_alt\":null,\"poll_id\":null,\"created_by\":0,\"updated_by\":0,\"created_at\":\"2021-09-26T03:24:54.000000Z\",\"updated_at\":\"2022-05-14T12:47:58.000000Z\"}','35896',NULL,362862,0,'active',NULL,412,NULL,'2022-10-05 11:07:16','2022-10-12 19:00:12'),
(373,473,266,27,'{\"id\":27,\"product_code\":null,\"title\":\"گوشی موبایل اپل مدل iPhone 11 A2223 دو سیم‌ کارت ظرفیت 128 گیگابایت و رم 4 گیگابایت\",\"title_en\":null,\"vip\":1,\"length\":null,\"width\":null,\"height\":null,\"cats\":\"\",\"cats_select\":\"251\",\"cat_property\":468,\"status\":\"active\",\"brand\":8,\"img\":\"uploads\\/product\\/27_default_9154.jpg\",\"view_count\":4,\"seller_count\":0,\"rate_star\":0,\"rate_score\":0,\"weight\":200,\"unit\":\"عدد\",\"description\":\"<p style=\\\"text-align: justify;\\\">گوشی موبایل &laquo;iPhone 11&raquo; یکی از سه گوشی شرکت اپل است که در کنفرانس سال 2019 این شرکت معرفی شد. این گوشی نسبت به گوشی&zwnj;های Pro و Pro Max قیمت پایین&zwnj;تری دارد اما طراحی مشابهی با این محصولات دارد. یکی از اصلی&zwnj;ترین تفاوت&zwnj;های این گوشی با دو گوشی دیگر، نمایشگر آیفون 11 است به فناوری Liquid Retina مجهز &zwnj;شده است تا قیمت تمام شده کم&zwnj;تری داشته باشد. البته این نمایشگر رزولوشن رضایت&zwnj;بخشی دارد؛ به&zwnj;طوری&zwnj;که در اندازه&shy;&zwnj;ی 5.9اینچی&zwnj;اش، حدود 326 پیکسل را در هر اینچ جا داده است که میزان مطلوبی به حساب می&zwnj;&zwj;آید. قاب پشتی آیفون جدید هم از شیشه ساخته&zwnj; شده تا هم گوشی مشکل آنتن&zwnj;&zwnj;دهی نداشته باشد و هم امکان شارژ بی&zwnj;&zwnj;سیم باتری در این گوشی وجود داشته باشد. البته قابی آلومینیومی این بدنه شیشه&zwnj;ای را در خود جای داده است. این بدنه&shy;&zwnj;ی زیبا در مقابل خط&zwnj;&zwnj;وخش مقاومت زیادی دارد؛ پس خیالتان از این بابت که آب و گردوغبار به&zwnj;&zwnj;راحتی روی آیفون 11 تأثیر نمی&zwnj;&zwnj;گذارد، راحت باشد. علاوه&zwnj;براین لکه و چربی هم روی این صفحه&zwnj;نمایش باکیفیت تأثیر چندانی ندارند اما این هم پایان کار نیست، آیفون جدید می&zwnj;تواند به مدت 30 دقیقه در عمق 2 متری آب دوام بیاورد. تشخیص چهره با استفاده از دوربین جلو دیگر ویژگی است که در آیفون جدید اپل به کار گرفته شده است. اما جالب&zwnj;ترین و واضح&zwnj;ترین تفاوت در این محصول جدید، دوربین&zwnj;هایی است که به شکل دوگانه در قاب پشتی جا خوش کرده&zwnj;اند. دو دوربین با سنسورهای 12مگاپیکسلی عکس&zwnj;هایی با کیفیتِ کاملاً رضایت&zwnj;بخش را به کاربر هدیه می&zwnj;دهد. دو دوربین که یکی از آن&zwnj;ها SL سه&zwnj;بعدی است هم دیگر به&zwnj;روزرسانی در آیفون 11 است. قابلیت اتصال به شبکه&shy;&zwnj;های 4G، بلوتوث نسخه&zwnj;ی 5، نسخه&shy;&zwnj;ی 13 از iOS&nbsp; دیگر ویژگی&zwnj;های این گوشی هستند. ازنظر سخت&zwnj;&zwnj;افزاری هم این گوشی از تراشه&shy;&zwnj;ی جدید A13 بهره می&zwnj;برد که تا بتواند علاوه بر کارهای معمول، از قابلیت&zwnj;های جدید واقعیت مجازی که اپل این روزها روی آن تمرکز خاصی دارد، پشتیبانی کند. گوشی جدید اپل به باتری 3110 میلی&zwnj;آمپرساعتی، فناوری شارژ سریع PD2.0، فناوری شارژ بی&lrm;&zwnj;سیم و استاندارد صوتی دالبی هم مجهز شده است.<\\/p>\",\"excerpt\":null,\"tags\":\"اپل,گوشی,موبایل\",\"info\":\"\",\"delivery_message\":null,\"festival_id\":null,\"festival_discount\":null,\"festival_start_date\":null,\"festival_end_date\":null,\"festival_exception\":null,\"slug\":null,\"seo_title\":null,\"seo_description\":null,\"seo_metatag\":null,\"seo_alt\":null,\"poll_id\":null,\"created_by\":0,\"updated_by\":0,\"created_at\":\"2021-09-26T03:24:54.000000Z\",\"updated_at\":\"2022-05-14T12:47:58.000000Z\"}','151232',NULL,362862,0,'active',NULL,412,NULL,'2022-10-05 11:07:23','2022-10-12 19:00:16');

--
-- Table structure for table `ms011_shop_stock_serial`
--

CREATE TABLE `ms011_shop_stock_serial` (
  `id` int(10) unsigned NOT NULL AUTO_INCREMENT,
  `serial` varchar(150) DEFAULT NULL,
  `stock_id` int(11) DEFAULT 0 COMMENT 'ایدی فروشگاه',
  `status` varchar(100) DEFAULT NULL COMMENT 'گارانتی',
  `create_by` int(11) DEFAULT NULL,
  `update_by` int(11) DEFAULT NULL,
  `created_at` datetime DEFAULT NULL,
  `updated_at` datetime DEFAULT NULL ON UPDATE current_timestamp(),
  PRIMARY KEY (`id`)
) ENGINE=MyISAM AUTO_INCREMENT=369 DEFAULT CHARSET=utf8mb4 COLLATE=utf8mb4_unicode_ci;

--
-- Dumping data for table `ms011_shop_stock_serial`
--

INSERT INTO `ms011_shop_stock_serial` VALUES
(350,'234324',347,'active',412,NULL,'2023-04-16 14:02:24',NULL),
(351,'66456',347,'active',412,NULL,'2023-04-16 14:02:24',NULL),
(352,'66',347,'active',412,NULL,'2023-04-16 14:02:24',NULL),
(368,'8600',282,'active',412,412,'2023-04-17 10:29:07','2023-04-17 13:53:40');

--
-- Table structure for table `ms011_shop_store`
--

CREATE TABLE `ms011_shop_store` (
  `id` int(10) unsigned NOT NULL AUTO_INCREMENT,
  `title` varchar(100) DEFAULT NULL,
  `cat_id` int(11) DEFAULT NULL,
  `sub_cat1` int(11) DEFAULT NULL,
  `sub_cat2` int(11) DEFAULT NULL,
  `user_id` int(11) DEFAULT NULL,
  `parent_id` int(11) DEFAULT 0,
  `state` int(11) DEFAULT NULL,
  `city` int(11) DEFAULT NULL,
  `address` varchar(300) DEFAULT NULL,
  `mobile` varchar(45) DEFAULT NULL,
  `tel` varchar(40) DEFAULT NULL,
  `zip_code` varchar(20) DEFAULT NULL,
  `lat` varchar(20) DEFAULT NULL COMMENT 'طول جغرافیایی',
  `lng` varchar(20) DEFAULT NULL COMMENT 'عرض جغراففیایی',
  `work_time_start` varchar(100) DEFAULT NULL,
  `work_time_end` varchar(255) DEFAULT NULL,
  `work_days` varchar(100) DEFAULT NULL,
  `telegram` varchar(300) DEFAULT NULL,
  `instagram` varchar(100) DEFAULT NULL,
  `img` varchar(255) DEFAULT NULL,
  `thumbnail` varchar(300) DEFAULT NULL,
  `status` varchar(50) DEFAULT 'publish',
  `edit_by` int(11) DEFAULT 0,
  `tags` varchar(255) DEFAULT NULL,
  `credit` decimal(11,1) DEFAULT 0.0 COMMENT 'مبلغ بابت بدهی شرکت به فروشگاه',
  `sheba` varchar(50) DEFAULT NULL COMMENT 'شماره شبا',
  `opened` varchar(20) DEFAULT 'open' COMMENT 'باز یا بسته بودن فروشگاه',
  `type` varchar(50) DEFAULT 'shop' COMMENT 'از نوع فروشگاه یا خدمات',
  `description` varchar(255) DEFAULT NULL,
  `poll_id` int(11) DEFAULT NULL COMMENT 'نظرسنجی مرتبط',
  `rate` float(10,2) DEFAULT NULL,
  `seller` int(11) DEFAULT 0 COMMENT 'تعداد فروش  این فروشگاه',
  `view` int(11) DEFAULT 0 COMMENT 'تعداد بازدید ',
  `expire` datetime DEFAULT current_timestamp() COMMENT 'زمان انقضا فروشگاه ، و خرید پلن',
  `commission` float(5,3) DEFAULT NULL COMMENT 'درصد کمیسیون فروشنده',
  `created_at` timestamp NULL DEFAULT current_timestamp(),
  `updated_at` timestamp NULL DEFAULT NULL ON UPDATE current_timestamp(),
  PRIMARY KEY (`id`),
  UNIQUE KEY `title_UNIQUE` (`title`)
) ENGINE=MyISAM AUTO_INCREMENT=36 DEFAULT CHARSET=utf8mb4 COLLATE=utf8mb4_unicode_ci;

--
-- Dumping data for table `ms011_shop_store`
--

INSERT INTO `ms011_shop_store` VALUES
(9,'الناز مارکت',182,0,0,400,0,27,588,'چهار راه گنجینه سنگ فرش زیستان','09353501323','01136659874','1236579','','','05:04','20:30','','telegramme@','instaman@','12980592300.jpg','','active',1,'',0.0,'56565653656353656','open','shop','خیلی فروشگاه خوبیه',0,0.00,0,0,'2021-02-24 12:52:35',0.030,'2021-02-24 16:22:35','2021-10-27 20:53:53'),
(10,'لبخند',183,0,0,107,0,27,588,'جاده قدیم به سمت کتاب','09365214563','0113652145','4715698563','','','08:30','20:30','','telegramme@','instaman@','62476928.jpg','','active',1,'',0.0,'36656664353665','open','shop','sfgsdfsd',0,0.00,0,0,'2021-05-12 12:14:36',0.070,'2021-05-12 16:44:36','2021-10-27 17:51:02'),
(14,'فروشگاه آکادو ساز',183,0,0,412,0,27,588,'کمربندی شرقی بعد از چهار راه شدا استخر ولی عصر بوستان 14 انتهای کوچه','09353501323','01132259855','2364715698','','','00:00','00:00','','@telegramme','instaman@','13245756209.jpg','','waiting',412,'',0.0,'IR5456456465','open','shop','',0,0.00,0,0,'2021-08-26 10:08:09',0.090,'2021-08-26 14:38:09','2022-01-20 21:51:49'),
(15,'فروشگاه زنجیره ای اکسین',266,0,0,412,0,27,473,'آمل بسمت تهران نرسیده به دانشگاه شمال','09365214569','011-639874','256988756','','','08:30','20:30','',NULL,NULL,'13298746729.jpg','','active',412,'',0.0,NULL,'open','shop',NULL,0,0.00,0,0,'2021-08-26 10:11:56',0.060,'2021-08-26 14:41:56','2022-01-17 20:49:28'),
(24,'فروشگاه پوشاک و مد ارین',182,NULL,NULL,412,0,27,588,'کمربندی شرقی بعد از چهار راه شدا استخر ولی عصر بوستان 14 انتهای کوچه','09353501323','01132659874','2364715698',NULL,NULL,'00:00','00:00',NULL,'@telegramme','@instaman','13775865904.jpg',NULL,'inactive',412,NULL,0.0,NULL,'open','shop',NULL,NULL,NULL,0,0,'2021-11-06 10:47:48',0.000,'2021-11-06 14:17:48','2022-01-20 11:04:56'),
(25,'موبایل رایمون',181,NULL,NULL,412,0,27,588,'کمربندی شرقی بعد از چهار راه شهدا استخر ولی عصر بوستان 14 انتهای کوچه','09353501323','01136659874','4713855887',NULL,NULL,'00:00','00:00',NULL,'telegramme@','instaman@',NULL,NULL,'active',412,NULL,0.0,NULL,'open','shop',NULL,NULL,NULL,0,0,'2022-01-11 21:39:35',0.030,'2022-01-12 01:09:35','2022-01-13 16:26:33'),
(32,'خشکبار توکل',182,NULL,NULL,412,0,27,473,'کمربندی شرقی بعد از چهار راه شهدا استخر ولی عصر بوستان 14 انتهای کوچه','09353501323','01132659874','4713855887',NULL,NULL,'00:00','00:00',NULL,NULL,NULL,'14199630776.jpg',NULL,'waiting',412,NULL,0.0,NULL,'close','shop','',NULL,NULL,0,0,'2022-01-20 19:15:46',0.000,'2022-01-20 22:45:46','2022-01-20 22:45:46'),
(33,'مد ورساچی',182,NULL,NULL,412,0,27,588,'kamarbandi after stareet','09353501323','01198653254','12365987',NULL,NULL,'00:00','00:00',NULL,'@telegramme','@instaman','14252979187.jpg',NULL,'waiting',412,NULL,0.0,'ir-56565653656353656','close','shop','',NULL,NULL,0,0,'2022-01-22 20:07:36',0.000,'2022-01-22 23:37:36','2022-01-24 20:39:39'),
(34,'الو بازار',182,NULL,NULL,424,0,27,588,'کمربندی شرقی بعد از چهار راه شهدا استخر ولی عصر بوستان 14 انتهای کوچه','09353501323',NULL,'4713855887',NULL,NULL,'00:00','00:00',NULL,NULL,NULL,NULL,NULL,'waiting',424,NULL,0.0,'ir-56565653656353656','open','shop','',NULL,NULL,0,0,'2022-07-25 18:38:58',0.000,'2022-07-25 23:08:58',NULL);

--
-- Table structure for table `ms011_shop_warranty`
--

CREATE TABLE `ms011_shop_warranty` (
  `id` int(11) NOT NULL AUTO_INCREMENT,
  `title` varchar(200) DEFAULT NULL,
  `description` varchar(255) DEFAULT NULL,
  `created_at` timestamp NULL DEFAULT NULL,
  `updated_at` timestamp NULL DEFAULT NULL,
  PRIMARY KEY (`id`)
) ENGINE=InnoDB AUTO_INCREMENT=18 DEFAULT CHARSET=utf8mb3 COLLATE=utf8mb3_persian_ci;

--
-- Dumping data for table `ms011_shop_warranty`
--

INSERT INTO `ms011_shop_warranty` VALUES
(16,'گارانتی مادیران','یکسال ضمانت بی قید و شرط','2022-03-03 11:54:38','2022-05-16 20:59:29'),
(17,'سام سرویس','گارانتی تعویض و بی قید و شرط','2022-05-16 21:11:14','2022-05-16 21:11:58');

--
-- Table structure for table `ms011_sms`
--

CREATE TABLE `ms011_sms` (
  `id` int(10) unsigned NOT NULL AUTO_INCREMENT,
  `sms_id` varchar(5) NOT NULL DEFAULT '0',
  `line` varchar(50) NOT NULL COMMENT 'شماره خط',
  `mobile` varchar(255) NOT NULL COMMENT 'شماره همراه',
  `content` varchar(255) DEFAULT NULL,
  `description` varchar(255) DEFAULT NULL,
  `type` varchar(10) DEFAULT NULL COMMENT 'ارسالی یا دریافتی',
  `status` varchar(20) DEFAULT NULL,
  `relate_to` varchar(50) DEFAULT NULL,
  `relate_id` varchar(50) DEFAULT NULL,
  `panel` varchar(50) DEFAULT NULL,
  `created_at` timestamp NULL DEFAULT NULL,
  `updated_at` timestamp NULL DEFAULT NULL,
  PRIMARY KEY (`id`)
) ENGINE=MyISAM AUTO_INCREMENT=261 DEFAULT CHARSET=utf8mb4 COLLATE=utf8mb4_unicode_ci;

--
-- Dumping data for table `ms011_sms`
--

INSERT INTO `ms011_sms` VALUES
(130,'0','10000000009','09353501323','کد تایید شما :  25542 میباشد',NULL,'send','read','','',NULL,'2022-06-05 20:56:04',NULL),
(128,'0','10000000009','09353501323','کد تایید شما :  85859 میباشد',NULL,'send','read','','',NULL,'2022-05-19 12:36:40',NULL),
(129,'0','10000000009','09356239874,09353501323','محمد شجاع عزیز ورود شما را به سامانه دیجی شاپ خیر مقدم عرض مینمایم\n\nبا احترم مدیریت سامانه',NULL,'send','read','','',NULL,'2022-05-22 00:02:33',NULL),
(127,'0','10000000009','09353501323,09353501323','فاکتور جدید با شمار 323 برای شما (محمد شجاع) با موفقیت ایجاد شد.\n\nزمان ثبت فاکتور : پنج شنبه, 29 اردیبهشت 1401 - 07:01:29',NULL,'send','read','','',NULL,'2022-05-19 11:31:40',NULL),
(124,'0','10000000009','09353501323','کد تایید شما :   میباشد',NULL,'send','read','','',NULL,'2022-05-19 11:18:11',NULL),
(125,'0','10000000009','09353501323','کد تایید شما :  48926 میباشد',NULL,'send','read','','',NULL,'2022-05-19 11:20:31',NULL),
(126,'0','10000000009','09353501323,09353501323','فاکتور جدید با شمار 322 برای شما (محمد شجاع) با موفقیت ایجاد شد.\n\nزمان ثبت فاکتور : پنج شنبه, 29 اردیبهشت 1401 - 06:51:19',NULL,'send','read','','',NULL,'2022-05-19 11:21:25',NULL),
(122,'0','10000000009','09353501323','دیدگاه تازه ای توسط شما مشتری محترم (محمد شجاع) به ثبت رسید',NULL,'send','read','','',NULL,'2022-05-18 18:50:12',NULL),
(123,'0','10000000009','09353501323','کد تایید شما :   میباشد',NULL,'send','read','','',NULL,'2022-05-19 11:13:55',NULL),
(120,'0','10000000009','09353501323','سلام به دنیای جدید خوش امدی',NULL,'send','read','','',NULL,'2022-05-17 06:11:39',NULL),
(121,'0','10000000009','09353501323','سلام',NULL,'send','read','','',NULL,'2022-05-18 14:31:56',NULL),
(118,'0','10000000005','09353501323','سلام به دنیای جدید خوش امدی','ارسال با موفقیت انجام شد - 0','send','read',NULL,NULL,NULL,'2022-05-17 06:09:33',NULL),
(119,'0','10000000009','09353501323','سلام به دنیای جدید خوش امدی',NULL,'send','read','','',NULL,'2022-05-17 06:11:15',NULL),
(116,'0','10000000009','09353501323','سلام به دنیای جدید خوش امدی',NULL,'send','read','','',NULL,'2022-05-17 06:01:42',NULL),
(117,'0','10000000009','09353501323','سلام به دنیای جدید خوش امدی',NULL,'send','read','','',NULL,'2022-05-17 06:03:00',NULL),
(114,'0','10000000009','09353501323','سلام به دنیای جدید خوش امدی',NULL,'send','read','','',NULL,'2022-05-17 05:59:58',NULL),
(115,'0','10000000009','09353501323','سلام به دنیای جدید خوش امدی',NULL,'send','read','','',NULL,'2022-05-17 06:00:27',NULL),
(112,'0','10000000009','09353501323','سلام به دنیای جدید خوش امدی',NULL,'send','read','','',NULL,'2022-05-17 05:48:56',NULL),
(113,'0','10000000009','09353501323','سلام به دنیای جدید خوش امدی',NULL,'send','read','','',NULL,'2022-05-17 05:54:17',NULL),
(79,'0','10000000009','09353501321,09353501323','mohammad allahyari عزیز ورود شما را به سامانه دیجی شاپ خیر مقدم عرض مینمایم\n\nبا احترم مدیریت سامانه',NULL,'send','read','','',NULL,'2022-03-10 10:02:45',NULL),
(80,'0','10000000009','09353501323,09353501323','فاکتور جدید با شمار 306 برای شما (محمد مدیریت) با موفقیت ایجاد شد.\n\nزمان ثبت فاکتور : پنج شنبه, 19 اسفند 1400 - 18:39:12',NULL,'send','read','','',NULL,'2022-03-10 22:09:16',NULL),
(110,'0','10000000009','09353501323','سلام به دنیای جدید خوش امدی',NULL,'send','read','','',NULL,'2022-05-17 05:45:46',NULL),
(111,'0','10000000009','09353501323','سلام به دنیای جدید خوش امدی',NULL,'send','read','','',NULL,'2022-05-17 05:46:49',NULL),
(109,'0','10000000009','09353501323,09115119590','فاکتور جدید با شمار 321 برای شما (محمد شجاع) با موفقیت ایجاد شد.\n\nزمان ثبت فاکتور : دوشنبه, 26 اردیبهشت 1401 - 19:04:16',NULL,'send','read','','',NULL,'2022-05-16 23:34:17',NULL),
(108,'0','10000000009','09353501323,09115119590','فاکتور جدید با شمار 320 برای شما (محمد شجاع) با موفقیت ایجاد شد.\n\nزمان ثبت فاکتور : دوشنبه, 26 اردیبهشت 1401 - 18:54:35',NULL,'send','read','','',NULL,'2022-05-16 23:24:36',NULL),
(81,'0','10000000009','09353501323,09353501323','فاکتور جدید با شمار 307 برای شما (محمد مدیریت) با موفقیت ایجاد شد.\n\nزمان ثبت فاکتور : پنج شنبه, 19 اسفند 1400 - 18:41:19',NULL,'send','read','','',NULL,'2022-03-10 22:11:20',NULL),
(82,'0','10000000009','09353501323,09353501323','فاکتور جدید با شمار 308 برای شما (محمد مدیریت) با موفقیت ایجاد شد.\n\nزمان ثبت فاکتور : پنج شنبه, 19 اسفند 1400 - 18:44:50',NULL,'send','read','','',NULL,'2022-03-10 22:14:52',NULL),
(83,'0','10000000009','09353501323,09353501323','فاکتور جدید با شمار 309 برای شما (محمد مدیریت) با موفقیت ایجاد شد.\n\nزمان ثبت فاکتور : پنج شنبه, 19 اسفند 1400 - 18:48:02',NULL,'send','read','','',NULL,'2022-03-10 22:18:04',NULL),
(84,'0','10000000009','09353501323,09353501323','فاکتور جدید با شمار 310 برای شما (محمد مدیریت) با موفقیت ایجاد شد.\n\nزمان ثبت فاکتور : پنج شنبه, 19 اسفند 1400 - 18:49:17',NULL,'send','read','','',NULL,'2022-03-10 22:19:19',NULL),
(85,'0','10000000009','09353501323,09353501323','فاکتور جدید با شمار 312 برای شما (محمد مدیریت) با موفقیت ایجاد شد.\n\nزمان ثبت فاکتور : پنج شنبه, 19 اسفند 1400 - 18:58:23',NULL,'send','read','','',NULL,'2022-03-10 22:28:25',NULL),
(86,'0','10000000009','09115119595','سلام sfsfss dsfdsf عزیز\n\nبه سامانه ما خوش آمدید',NULL,'send','read','','',NULL,'2022-03-12 00:00:42',NULL),
(87,'0','10000000009','09353501323,09113148602','دیدگاه تازه ای توسط شما مشتری محترم (محمد شجاع) به ثبت رسید\nموضوع دیدگاه : محصولات با عنوان : درباره تیشرت قرمز',NULL,'send','read','','',NULL,'2022-03-12 21:56:40',NULL),
(88,'0','10000000009','09353501323,09115119590','فاکتور جدید با شمار 313 برای شما (محمد شجاع) با موفقیت ایجاد شد.\n\nزمان ثبت فاکتور : چهارشنبه, 14 اردیبهشت 1401 - 12:32:00',NULL,'send','read','','',NULL,'2022-05-04 17:02:01',NULL),
(89,'0','10000000009','09925689741,09353501323','محمد تست مشتری عزیز ورود شما را به سامانه دیجی شاپ خیر مقدم عرض مینمایم\n\nبا احترم مدیریت سامانه',NULL,'send','read','','',NULL,'2022-05-04 22:29:09',NULL),
(90,'0','10000000009','09925689741,09353501323','محمد تست مشتری عزیز ورود شما را به سامانه دیجی شاپ خیر مقدم عرض مینمایم\n\nبا احترم مدیریت سامانه',NULL,'send','read','','',NULL,'2022-05-04 22:32:28',NULL),
(91,'0','10000000009','09353501323','سلام',NULL,'send','read','','',NULL,'2022-05-05 00:55:14',NULL),
(92,'0','10000000009','09353501323','کد تایید شما :  50165 میباشد',NULL,'send','read','','',NULL,'2022-05-05 01:00:33',NULL),
(93,'0','10000000009','09115119590','کد تایید شما :  42883 میباشد',NULL,'send','read','','',NULL,'2022-05-05 01:17:51',NULL),
(94,'0','10000000009','09353501323','کد تایید شما :  42458 میباشد',NULL,'send','read','','',NULL,'2022-05-05 17:49:32',NULL),
(95,'0','10000000009','09353501323','کد تایید شما :  84051 میباشد',NULL,'send','read','','',NULL,'2022-05-08 11:27:27',NULL),
(96,'0','10000000009','09353501323','کد تایید شما :  995 میباشد',NULL,'send','read','','',NULL,'2022-05-08 11:32:03',NULL),
(97,'0','10000000009','09353501323','کد تایید شما :  15392 میباشد',NULL,'send','read','','',NULL,'2022-05-08 21:27:32',NULL),
(98,'0','10000000009','09353501323','کد تایید شما :  80641 میباشد',NULL,'send','read','','',NULL,'2022-05-08 22:02:39',NULL),
(99,'0','10000000009','09353501323','کد تایید شما :  38418 میباشد',NULL,'send','read','','',NULL,'2022-05-08 22:05:59',NULL),
(100,'0','10000000009','09353501323','کد تایید شما :  85655 میباشد',NULL,'send','read','','',NULL,'2022-05-08 22:08:00',NULL),
(102,'0','10000000009','09353501323','کد تایید شما :  10404 میباشد',NULL,'send','read','','',NULL,'2022-05-08 22:16:08',NULL),
(103,'0','10000000009','09353501323,09115119590','فاکتور جدید با شمار 314 برای شما (محمد شجاع) با موفقیت ایجاد شد.\n\nزمان ثبت فاکتور : دوشنبه, 19 اردیبهشت 1401 - 15:23:54',NULL,'send','read','','',NULL,'2022-05-09 19:53:55',NULL),
(105,'0','10000000009','09353501323,09115119590','فاکتور جدید با شمار 319 برای شما (محمد شجاع) با موفقیت ایجاد شد.\n\nزمان ثبت فاکتور : دوشنبه, 19 اردیبهشت 1401 - 15:33:03',NULL,'send','read','','',NULL,'2022-05-09 20:03:04',NULL),
(131,'0','10000000005','09568987456,09353501323','صص صضض عزیز ورود شما را به سامانه دیجی شاپ خیر مقدم عرض مینمایم\n\nبا احترم مدیریت سامانه','ارسال با موفقیت انجام شد - 0','send','read',NULL,NULL,NULL,'2022-06-29 17:33:03',NULL),
(132,'0','10000000005','09353501323,09115119590','دیدگاه تازه ای توسط شما مشتری محترم (محمد شجاع) به ثبت رسید\nموضوع دیدگاه : محصولات با عنوان : گوشی موبایل اپل مدل iPhone 13 A2634 دو سیم کارت ظرفیت 128 گیگابایت و رم 4 گیگابایت','ارسال با موفقیت انجام شد - 0','send','read',NULL,NULL,NULL,'2022-07-20 01:14:32',NULL),
(133,'0','10000000005','09353501323,09115119590','دیدگاه تازه ای توسط شما مشتری محترم (محمد شجاع) به ثبت رسید\nموضوع دیدگاه : محصولات با عنوان : گوشی موبایل اپل مدل iPhone 13 A2634 دو سیم کارت ظرفیت 128 گیگابایت و رم 4 گیگابایت','ارسال با موفقیت انجام شد - 0','send','read',NULL,NULL,NULL,'2022-07-20 01:22:47',NULL),
(134,'0','10000000005','09353501323,09115119590','دیدگاه تازه ای توسط شما مشتری محترم (محمد شجاع) به ثبت رسید\nموضوع دیدگاه : محصولات با عنوان : گوشی موبایل اپل مدل iPhone 13 A2634 دو سیم کارت ظرفیت 128 گیگابایت و رم 4 گیگابایت','ارسال با موفقیت انجام شد - 0','send','read',NULL,NULL,NULL,'2022-07-20 01:23:03',NULL),
(135,'0','10000000005','09353501323,09115119590','دیدگاه تازه ای توسط شما مشتری محترم (محمد شجاع) به ثبت رسید\nموضوع دیدگاه : محصولات با عنوان : گوشی موبایل اپل مدل iPhone 13 A2634 دو سیم کارت ظرفیت 128 گیگابایت و رم 4 گیگابایت','ارسال با موفقیت انجام شد - 0','send','read',NULL,NULL,NULL,'2022-07-20 01:27:41',NULL),
(136,'0','10000000005','09353501323,09115119590','دیدگاه تازه ای توسط شما مشتری محترم (محمد شجاع) به ثبت رسید\nموضوع دیدگاه : محصولات با عنوان : گوشی موبایل اپل مدل iPhone 13 A2634 دو سیم کارت ظرفیت 128 گیگابایت و رم 4 گیگابایت','ارسال با موفقیت انجام شد - 0','send','read',NULL,NULL,NULL,'2022-07-20 01:30:06',NULL),
(137,'0','10000000005','09353501323,09115119590','دیدگاه تازه ای توسط شما مشتری محترم (محمد شجاع) به ثبت رسید\nموضوع دیدگاه : محصولات با عنوان : گوشی موبایل اپل مدل iPhone 13 A2634 دو سیم کارت ظرفیت 128 گیگابایت و رم 4 گیگابایت','ارسال با موفقیت انجام شد - 0','send','read',NULL,NULL,NULL,'2022-07-20 17:36:51',NULL),
(138,'0','10000000005','09353501323,09115119590','دیدگاه تازه ای توسط شما مشتری محترم (محمد شجاع) به ثبت رسید\nموضوع دیدگاه : محصولات با عنوان : گوشی موبایل اپل مدل iPhone 13 A2634 دو سیم کارت ظرفیت 128 گیگابایت و رم 4 گیگابایت','ارسال با موفقیت انجام شد - 0','send','read',NULL,NULL,NULL,'2022-07-20 17:39:56',NULL),
(139,'0','10000000005','09353501323,09115119590','دیدگاه تازه ای توسط شما مشتری محترم (محمد شجاع) به ثبت رسید\nموضوع دیدگاه : محصولات با عنوان : گوشی موبایل اپل مدل iPhone 13 A2634 دو سیم کارت ظرفیت 128 گیگابایت و رم 4 گیگابایت','ارسال با موفقیت انجام شد - 0','send','read',NULL,NULL,NULL,'2022-07-20 17:43:11',NULL),
(140,'0','10000000005','09353501323,09115119590','دیدگاه تازه ای توسط شما مشتری محترم (محمد شجاع) به ثبت رسید\nموضوع دیدگاه : محصولات با عنوان : گوشی موبایل اپل مدل iPhone 13 A2634 دو سیم کارت ظرفیت 128 گیگابایت و رم 4 گیگابایت','ارسال با موفقیت انجام شد - 0','send','read',NULL,NULL,NULL,'2022-07-20 17:53:52',NULL),
(141,'0','10000000005','09353501323,09115119590','دیدگاه تازه ای توسط شما مشتری محترم (محمد شجاع) به ثبت رسید\nموضوع دیدگاه : محصولات با عنوان : گوشی موبایل اپل مدل iPhone 13 A2634 دو سیم کارت ظرفیت 128 گیگابایت و رم 4 گیگابایت','ارسال با موفقیت انجام شد - 0','send','read',NULL,NULL,NULL,'2022-07-20 17:56:28',NULL),
(142,'0','10000000005','09353501323,09115119590','دیدگاه تازه ای توسط شما مشتری محترم (محمد شجاع) به ثبت رسید\nموضوع دیدگاه : محصولات با عنوان : تی شرت زنانه افراتین طرح جوجه کد 2549 رنگ سرمه ای','ارسال با موفقیت انجام شد - 0','send','read',NULL,NULL,NULL,'2022-07-21 01:16:49',NULL),
(143,'0','10000000005','09353501323,09115119590','فاکتور جدید با شمار 326 برای شما (محمد شجاع) با موفقیت ایجاد شد.\n\nزمان ثبت فاکتور : جمعه, 31 تیر 1401 - 19:39:43','ارسال با موفقیت انجام شد - 0','send','read',NULL,NULL,NULL,'2022-07-23 00:09:48',NULL),
(144,'0','10000000005','09353501323,09115119590','فاکتور جدید با شمار 327 برای شما (محمد شجاع) با موفقیت ایجاد شد.\n\nزمان ثبت فاکتور : جمعه, 31 تیر 1401 - 19:58:17','ارسال با موفقیت انجام شد - 0','send','read',NULL,NULL,NULL,'2022-07-23 00:28:20',NULL),
(145,'0','10000000005','09353501323,09115119590','فاکتور جدید با شمار 331 برای شما (محمد شجاع) با موفقیت ایجاد شد.\n\nزمان ثبت فاکتور : جمعه, 31 تیر 1401 - 20:32:06','ارسال با موفقیت انجام شد - 0','send','read',NULL,NULL,NULL,'2022-07-23 01:02:08',NULL),
(146,'0','10000000005','09353501323,09115119590','فاکتور جدید با شمار 332 برای شما (محمد شجاع) با موفقیت ایجاد شد.\n\nزمان ثبت فاکتور : جمعه, 31 تیر 1401 - 20:35:46','ارسال با موفقیت انجام شد - 0','send','read',NULL,NULL,NULL,'2022-07-23 01:05:48',NULL),
(147,'0','10000000005','09353501323,09115119590','فاکتور جدید با شمار 336 برای شما (محمد شجاع) با موفقیت ایجاد شد.\n\nزمان ثبت فاکتور : جمعه, 31 تیر 1401 - 20:41:31','ارسال با موفقیت انجام شد - 0','send','read',NULL,NULL,NULL,'2022-07-23 01:11:33',NULL),
(148,'0','10000000005','09353501323,09115119590','فاکتور جدید با شمار 337 برای شما (محمد شجاع) با موفقیت ایجاد شد.\n\nزمان ثبت فاکتور : جمعه, 31 تیر 1401 - 20:54:10','ارسال با موفقیت انجام شد - 0','send','read',NULL,NULL,NULL,'2022-07-23 01:24:12',NULL),
(149,'0','10000000005','09353501323,09115119590','فاکتور جدید با شمار 347 برای شما (محمد شجاع) با موفقیت ایجاد شد.\n\nزمان ثبت فاکتور : جمعه, 31 تیر 1401 - 21:24:41','ارسال با موفقیت انجام شد - 0','send','read',NULL,NULL,NULL,'2022-07-23 01:54:43',NULL),
(150,'0','10000000005','09353501323,09115119590','دیدگاه تازه ای توسط شما مشتری محترم (محمد شجاع) به ثبت رسید\nموضوع دیدگاه : محصولات با عنوان : گوشی موبایل اپل مدل iPhone 13 A2634 دو سیم کارت ظرفیت 128 گیگابایت و رم 4 گیگابایت','ارسال با موفقیت انجام شد - 0','send','read',NULL,NULL,NULL,'2022-07-23 15:50:04',NULL),
(151,'0','10000000005','09353501323,09115119590','فاکتور جدید با شمار 348 برای شما (محمد شجاع) با موفقیت ایجاد شد.\n\nزمان ثبت فاکتور : شنبه, 1 مرداد 1401 - 11:25:10','ارسال با موفقیت انجام شد - 0','send','read',NULL,NULL,NULL,'2022-07-23 15:55:14',NULL),
(152,'0','10000000005','09353501323,09115119590','فاکتور جدید با شمار 349 برای شما (محمد شجاع) با موفقیت ایجاد شد.\n\nزمان ثبت فاکتور : یکشنبه, 2 مرداد 1401 - 13:53:46','ارسال با موفقیت انجام شد - 0','send','read',NULL,NULL,NULL,'2022-07-24 18:24:00',NULL),
(153,'0','10000000005','09353501314,09353501323','محمد شجاع عزیز ورود شما را به سامانه دیجی شاپ خیر مقدم عرض مینمایم\n\nبا احترم مدیریت سامانه','ارسال با موفقیت انجام شد - 0','send','read',NULL,NULL,NULL,'2022-07-25 21:44:25',NULL),
(154,'0','10000000005','09353501323','فروشگاه جدید توسط مشتری محمد شجاع درخواست داده شد','ارسال با موفقیت انجام شد - 0','send','read',NULL,NULL,NULL,'2022-07-25 23:09:02',NULL),
(155,'0','10000000005','09353501323,09115119590','دیدگاه تازه ای توسط شما مشتری محترم (محمد شجاع) به ثبت رسید\nموضوع دیدگاه : محصولات با عنوان : تی شرت زنانه طرح یونیکورن کد 4175','ارسال با موفقیت انجام شد - 0','send','read',NULL,NULL,NULL,'2022-08-03 19:16:09',NULL),
(161,'0','10000000005','09353501323','محمد شجاع عزیز ورود شما را به سامانه دیجی شاپ خیر مقدم عرض مینمایم با احترم مدیریت سامانه','ارسال با موفقیت انجام شد - 0','send','read',NULL,NULL,NULL,'2022-08-16 00:02:04',NULL),
(160,'0','10000000005','09353501323','سلام این یک پیامک تست است','ارسال با موفقیت انجام شد - 0','send','read',NULL,NULL,NULL,'2022-08-15 23:53:14',NULL),
(162,'0','10000000005','09353501323,09115119590','فاکتور جدید با شمار 353 برای شما (محمد شجاع) با موفقیت ایجاد شد.\n\nزمان ثبت فاکتور : سه شنبه, 25 مرداد 1401 - 06:13:37','ارسال با موفقیت انجام شد - 0','send','read',NULL,NULL,NULL,'2022-08-16 10:43:45',NULL),
(163,'0','10000000005','09115119590,09353501323','فاکتور جدید با شمار 354 برای شما (محمد شجاع) با موفقیت ایجاد شد.\n\nزمان ثبت فاکتور : سه شنبه, 25 مرداد 1401 - 06:59:35','ارسال با موفقیت انجام شد - 0','send','read',NULL,NULL,NULL,'2022-08-16 11:29:38',NULL),
(164,'0','10000000005','09115119590','فاکتور جدید با شمار 355 برای شما (محمد شجاع) با موفقیت ایجاد شد.\n\nزمان ثبت فاکتور : سه شنبه, 25 مرداد 1401 - 07:04:20','ارسال با موفقیت انجام شد - 0','send','read',NULL,NULL,NULL,'2022-08-16 11:34:23',NULL),
(165,'0','10000000005','09353501323','wwewer','ارسال با موفقیت انجام شد - 0','send','read',NULL,NULL,'پنل ارسال مستقیم نیاز پرداز','2022-08-16 11:46:05',NULL),
(166,'0','10000000005','09115119590','سلام\n\n','ارسال با موفقیت انجام شد - 0','send','read',NULL,NULL,'پنل ارسال مستقیم نیاز پرداز','2022-08-16 15:00:47',NULL),
(167,'0','10000000005','09115119590','سلام\n\n','ارسال با موفقیت انجام شد - 0','send','read',NULL,NULL,'پنل ارسال مستقیم نیاز پرداز','2022-08-16 15:01:38',NULL),
(168,'0','10000000005','09115119590','سلام\n\n','ارسال با موفقیت انجام شد - 0','send','read',NULL,NULL,'پنل ارسال مستقیم نیاز پرداز','2022-08-16 15:08:39',NULL),
(169,'0','10000000005','09115119590','سلام\n\n','ارسال با موفقیت انجام شد - 0','send','read',NULL,NULL,'پنل ارسال مستقیم نیاز پرداز','2022-08-16 15:24:00',NULL),
(170,'0','10000000005','09115119590','سلام\n\nکد رهگیری پستی : 12365879451','ارسال با موفقیت انجام شد - 0','send','read',NULL,NULL,'پنل ارسال مستقیم نیاز پرداز','2022-08-16 15:25:09',NULL),
(171,'0','10000000005','09353501323','کد تایید شما :  78352 میباشد','ارسال با موفقیت انجام شد - 0','send','read',NULL,NULL,'پنل ارسال مستقیم نیاز پرداز','2022-08-18 22:35:34',NULL),
(172,'0','10000000005','09115119590','کد تایید شما :  45430 میباشد','ارسال با موفقیت انجام شد - 0','send','read',NULL,NULL,'پنل ارسال مستقیم نیاز پرداز','2022-08-18 22:54:10',NULL),
(173,'0','10000000005','09115119590','کد تایید شما :  75608 میباشد','ارسال با موفقیت انجام شد - 0','send','read',NULL,NULL,'پنل ارسال مستقیم نیاز پرداز','2022-08-18 22:54:47',NULL),
(174,'0','10000000005','09115119590','کد تایید شما :  71029 میباشد','ارسال با موفقیت انجام شد - 0','send','read',NULL,NULL,'پنل ارسال مستقیم نیاز پرداز','2022-08-18 22:54:49',NULL),
(175,'0','10000000005','09115119590','کد تایید شما :  58045 میباشد','ارسال با موفقیت انجام شد - 0','send','read',NULL,NULL,'پنل ارسال مستقیم نیاز پرداز','2022-08-18 22:55:25',NULL),
(176,'0','10000000005','09115119590','کد تایید شما :  66739 میباشد','ارسال با موفقیت انجام شد - 0','send','read',NULL,NULL,'پنل ارسال مستقیم نیاز پرداز','2022-08-18 22:56:13',NULL),
(177,'0','10000000005','09115119590','کد تایید شما :  58275 میباشد','ارسال با موفقیت انجام شد - 0','send','read',NULL,NULL,'پنل ارسال مستقیم نیاز پرداز','2022-08-18 22:56:38',NULL),
(178,'0','10000000005','09353501323','کد تایید شما :  76787 میباشد','ارسال با موفقیت انجام شد - 0','send','read',NULL,NULL,'پنل ارسال مستقیم نیاز پرداز','2022-08-18 22:59:42',NULL),
(179,'0','10000000005','09353501323','کد تایید شما :  92596 میباشد','ارسال با موفقیت انجام شد - 0','send','read',NULL,NULL,'پنل ارسال مستقیم نیاز پرداز','2022-08-18 23:00:23',NULL),
(180,'0','10000000005','09353501323','کد تایید شما :  10368 میباشد','ارسال با موفقیت انجام شد - 0','send','read',NULL,NULL,'پنل ارسال مستقیم نیاز پرداز','2022-08-18 23:02:34',NULL),
(181,'0','10000000005','09353501323','کد تایید شما :  46065 میباشد','ارسال با موفقیت انجام شد - 0','send','read',NULL,NULL,'پنل ارسال مستقیم نیاز پرداز','2022-08-18 23:08:28',NULL),
(182,'0','10000000005','09353501323','کد تایید شما :  51533 میباشد','ارسال با موفقیت انجام شد - 0','send','read',NULL,NULL,'پنل ارسال مستقیم نیاز پرداز','2022-08-18 23:08:36',NULL),
(183,'0','10000000005','09353501323','کد تایید شما :  79016 میباشد','ارسال با موفقیت انجام شد - 0','send','read',NULL,NULL,'پنل ارسال مستقیم نیاز پرداز','2022-08-18 23:08:36',NULL),
(184,'0','10000000005','09353501323','کد تایید شما :  44799 میباشد','ارسال با موفقیت انجام شد - 0','send','read',NULL,NULL,'پنل ارسال مستقیم نیاز پرداز','2022-08-18 23:08:53',NULL),
(185,'0','10000000005','09353501323','کد تایید شما :  74397 میباشد','ارسال با موفقیت انجام شد - 0','send','read',NULL,NULL,'پنل ارسال مستقیم نیاز پرداز','2022-08-18 23:08:53',NULL),
(186,'0','10000000005','09353501323','کد تایید شما :  24547 میباشد','ارسال با موفقیت انجام شد - 0','send','read',NULL,NULL,'پنل ارسال مستقیم نیاز پرداز','2022-08-18 23:08:53',NULL),
(187,'0','10000000005','09353501323','کد تایید شما :  84669 میباشد','ارسال با موفقیت انجام شد - 0','send','read',NULL,NULL,'پنل ارسال مستقیم نیاز پرداز','2022-08-18 23:08:53',NULL),
(188,'0','10000000005','09353501323','کد تایید شما :  90956 میباشد','ارسال با موفقیت انجام شد - 0','send','read',NULL,NULL,'پنل ارسال مستقیم نیاز پرداز','2022-08-18 23:09:22',NULL),
(189,'0','10000000005','09353501323','کد تایید شما :  1732 میباشد','ارسال با موفقیت انجام شد - 0','send','read',NULL,NULL,'پنل ارسال مستقیم نیاز پرداز','2022-08-18 23:09:22',NULL),
(190,'0','10000000005','09353501323','کد تایید شما :  32965 میباشد','ارسال با موفقیت انجام شد - 0','send','read',NULL,NULL,'پنل ارسال مستقیم نیاز پرداز','2022-08-18 23:09:22',NULL),
(191,'0','10000000005','09353501323','کد تایید شما :  3739 میباشد','ارسال با موفقیت انجام شد - 0','send','read',NULL,NULL,'پنل ارسال مستقیم نیاز پرداز','2022-08-18 23:09:22',NULL),
(192,'0','10000000005','09353501323','کد تایید شما :  55942 میباشد','ارسال با موفقیت انجام شد - 0','send','read',NULL,NULL,'پنل ارسال مستقیم نیاز پرداز','2022-08-18 23:09:22',NULL),
(193,'0','10000000005','09353501323','کد تایید شما :  27788 میباشد','ارسال با موفقیت انجام شد - 0','send','read',NULL,NULL,'پنل ارسال مستقیم نیاز پرداز','2022-08-18 23:09:22',NULL),
(194,'0','10000000005','09353501323','کد تایید شما :  2034 میباشد','ارسال با موفقیت انجام شد - 0','send','read',NULL,NULL,'پنل ارسال مستقیم نیاز پرداز','2022-08-18 23:09:24',NULL),
(195,'0','10000000005','09353501323','کد تایید شما :  16108 میباشد','ارسال با موفقیت انجام شد - 0','send','read',NULL,NULL,'پنل ارسال مستقیم نیاز پرداز','2022-08-18 23:09:24',NULL),
(196,'0','10000000005','09353501323','کد تایید شما :  9662 میباشد','ارسال با موفقیت انجام شد - 0','send','read',NULL,NULL,'پنل ارسال مستقیم نیاز پرداز','2022-08-18 23:13:09',NULL),
(197,'0','10000000005','09353501323','کد تایید شما :  63699 میباشد','ارسال با موفقیت انجام شد - 0','send','read',NULL,NULL,'پنل ارسال مستقیم نیاز پرداز','2022-08-18 23:13:31',NULL),
(198,'0','10000000005','09353501323','کد تایید شما :  3192 میباشد','ارسال با موفقیت انجام شد - 0','send','read',NULL,NULL,'پنل ارسال مستقیم نیاز پرداز','2022-08-18 23:13:31',NULL),
(199,'0','10000000005','09353501323','کد تایید شما :  85733 میباشد','ارسال با موفقیت انجام شد - 0','send','read',NULL,NULL,'پنل ارسال مستقیم نیاز پرداز','2022-08-18 23:15:02',NULL),
(200,'0','10000000005','09353501323','کد تایید شما :  66912 میباشد','ارسال با موفقیت انجام شد - 0','send','read',NULL,NULL,'پنل ارسال مستقیم نیاز پرداز','2022-08-18 23:15:16',NULL),
(201,'0','10000000005','09353501323','کد تایید شما :  26134 میباشد','ارسال با موفقیت انجام شد - 0','send','read',NULL,NULL,'پنل ارسال مستقیم نیاز پرداز','2022-08-18 23:16:25',NULL),
(202,'0','10000000005','09353501323','کد تایید شما :  61032 میباشد','ارسال با موفقیت انجام شد - 0','send','read',NULL,NULL,'پنل ارسال مستقیم نیاز پرداز','2022-08-18 23:16:55',NULL),
(203,'0','10000000005','09353501323','کد تایید شما :  32581 میباشد','ارسال با موفقیت انجام شد - 0','send','read',NULL,NULL,'پنل ارسال مستقیم نیاز پرداز','2022-08-18 23:19:48',NULL),
(204,'0','10000000005','09353501323','کد تایید شما :  16744 میباشد','ارسال با موفقیت انجام شد - 0','send','read',NULL,NULL,'پنل ارسال مستقیم نیاز پرداز','2022-08-18 23:21:08',NULL),
(205,'0','10000000005','09353501323','کد تایید شما :  7769 میباشد','ارسال با موفقیت انجام شد - 0','send','read',NULL,NULL,'پنل ارسال مستقیم نیاز پرداز','2022-08-18 23:21:54',NULL),
(206,'0','10000000005','09353501323','کد تایید شما :  16277 میباشد','ارسال با موفقیت انجام شد - 0','send','read',NULL,NULL,'پنل ارسال مستقیم نیاز پرداز','2022-08-18 23:22:52',NULL),
(207,'0','10000000005','09353501323','کد تایید شما :  68709 میباشد','ارسال با موفقیت انجام شد - 0','send','read',NULL,NULL,'پنل ارسال مستقیم نیاز پرداز','2022-08-18 23:25:29',NULL),
(208,'0','10000000005','09353501323','کد تایید شما :  82752 میباشد','ارسال با موفقیت انجام شد - 0','send','read',NULL,NULL,'پنل ارسال مستقیم نیاز پرداز','2022-08-18 23:25:51',NULL),
(209,'0','10000000005','09353501323','کد تایید شما :  10639 میباشد','ارسال با موفقیت انجام شد - 0','send','read',NULL,NULL,'پنل ارسال مستقیم نیاز پرداز','2022-08-18 23:27:36',NULL),
(210,'0','10000000005','09353501323','کد تایید شما :  24927 میباشد','ارسال با موفقیت انجام شد - 0','send','read',NULL,NULL,'پنل ارسال مستقیم نیاز پرداز','2022-08-18 23:30:07',NULL),
(211,'0','10000000005','09353501323','کد تایید شما :  66018 میباشد','ارسال با موفقیت انجام شد - 0','send','read',NULL,NULL,'پنل ارسال مستقیم نیاز پرداز','2022-08-18 23:31:01',NULL),
(212,'0','10000000005','09353501323','کد تایید شما :  94275 میباشد','ارسال با موفقیت انجام شد - 0','send','read',NULL,NULL,'پنل ارسال مستقیم نیاز پرداز','2022-08-18 23:32:57',NULL),
(213,'0','10000000005','09353501323','کد تایید شما :  97858 میباشد','ارسال با موفقیت انجام شد - 0','send','read',NULL,NULL,'پنل ارسال مستقیم نیاز پرداز','2022-08-18 23:33:09',NULL),
(214,'0','10000000005','09353501323','کد تایید شما :  51927 میباشد','ارسال با موفقیت انجام شد - 0','send','read',NULL,NULL,'پنل ارسال مستقیم نیاز پرداز','2022-08-18 23:34:17',NULL),
(215,'0','10000000005','09353501323','کد تایید شما :  26436 میباشد','ارسال با موفقیت انجام شد - 0','send','read',NULL,NULL,'پنل ارسال مستقیم نیاز پرداز','2022-08-18 23:37:03',NULL),
(216,'0','10000000005','09353501323','کد تایید شما :  42741 میباشد','ارسال با موفقیت انجام شد - 0','send','read',NULL,NULL,'پنل ارسال مستقیم نیاز پرداز','2022-08-18 23:38:01',NULL),
(217,'0','10000000005','09353501323','کد تایید شما :  11199 میباشد','ارسال با موفقیت انجام شد - 0','send','read',NULL,NULL,'پنل ارسال مستقیم نیاز پرداز','2022-08-18 23:40:52',NULL),
(243,'0','10000000005','09129672238','کد تایید شما :  28467 میباشد','ارسال با موفقیت انجام شد - 0','send','read',NULL,NULL,'پنل ارسال مستقیم نیاز پرداز','2023-05-13 22:25:44',NULL),
(244,'0','10000000005','09129672238','کد تایید شما :  11161 میباشد','ارسال با موفقیت انجام شد - 0','send','read',NULL,NULL,'پنل ارسال مستقیم نیاز پرداز','2023-05-14 16:44:42',NULL),
(245,'0','10000000005','09118130113','کد تایید شما :  77277 میباشد','ارسال با موفقیت انجام شد - 0','send','read',NULL,NULL,'پنل ارسال مستقیم نیاز پرداز','2023-07-04 20:56:37',NULL),
(246,'0','10000000005','09337200943','کد تایید شما :  64811 میباشد','ارسال با موفقیت انجام شد - 0','send','read',NULL,NULL,'پنل ارسال مستقیم نیاز پرداز','2023-07-04 20:56:50',NULL),
(247,'0','10000000005','09337200943','کد تایید شما :  89194 میباشد','ارسال با موفقیت انجام شد - 0','send','read',NULL,NULL,'پنل ارسال مستقیم نیاز پرداز','2023-07-04 21:16:45',NULL),
(248,'0','10000000005','09337200943','کد تایید شما :  48918 میباشد','ارسال با موفقیت انجام شد - 0','send','read',NULL,NULL,'پنل ارسال مستقیم نیاز پرداز','2023-07-05 00:26:57',NULL),
(249,'0','10000000005','09121212122','کد تایید شما :  58825 میباشد','ارسال با موفقیت انجام شد - 0','send','read',NULL,NULL,'پنل ارسال مستقیم نیاز پرداز','2023-07-05 00:39:54',NULL),
(250,'0','10000000005','09337200943','کد تایید شما :  23660 میباشد','ارسال با موفقیت انجام شد - 0','send','read',NULL,NULL,'پنل ارسال مستقیم نیاز پرداز','2023-07-05 00:42:07',NULL),
(251,'0','10000000005','09354029460','کد تایید شما :  13659 میباشد','ارسال با موفقیت انجام شد - 0','send','read',NULL,NULL,'پنل ارسال مستقیم نیاز پرداز','2023-07-05 14:02:49',NULL),
(252,'0','10000000005','09354029460','کد تایید شما :  98984 میباشد','ارسال با موفقیت انجام شد - 0','send','read',NULL,NULL,'پنل ارسال مستقیم نیاز پرداز','2023-07-05 14:14:12',NULL),
(253,'0','10000000005','09337200943','کد تایید شما :  89514 میباشد','ارسال با موفقیت انجام شد - 0','send','read',NULL,NULL,'پنل ارسال مستقیم نیاز پرداز','2023-07-05 16:28:01',NULL),
(254,'0','10000000005','09337200943','کد تایید شما :  47759 میباشد','ارسال با موفقیت انجام شد - 0','send','read',NULL,NULL,'پنل ارسال مستقیم نیاز پرداز','2023-07-06 01:16:13',NULL),
(255,'0','10000000005','09337200943','کد تایید شما :  55468 میباشد','ارسال با موفقیت انجام شد - 0','send','read',NULL,NULL,'پنل ارسال مستقیم نیاز پرداز','2023-07-06 01:37:28',NULL),
(256,'0','10000000005','09337200943','کد تایید شما :  63128 میباشد','ارسال با موفقیت انجام شد - 0','send','read',NULL,NULL,'پنل ارسال مستقیم نیاز پرداز','2023-07-06 01:40:43',NULL),
(257,'0','10000000005','09337200943','کد تایید شما :  83885 میباشد','ارسال با موفقیت انجام شد - 0','send','read',NULL,NULL,'پنل ارسال مستقیم نیاز پرداز','2023-07-06 01:57:01',NULL),
(258,'0','10000000005','09121212125','کد تایید شما :  65248 میباشد','ارسال با موفقیت انجام شد - 0','send','read',NULL,NULL,'پنل ارسال مستقیم نیاز پرداز','2023-07-06 01:57:23',NULL),
(259,'0','10000000005','09198022640','کد تایید شما :  67205 میباشد','ارسال با موفقیت انجام شد - 0','send','read',NULL,NULL,'پنل ارسال مستقیم نیاز پرداز','2023-07-06 01:59:06',NULL),
(260,'0','10000000005','09194586320','کد تایید شما :  86468 میباشد','ارسال با موفقیت انجام شد - 0','send','read',NULL,NULL,'پنل ارسال مستقیم نیاز پرداز','2023-07-06 22:04:58',NULL);

--
-- Table structure for table `ms011_ticket`
--

CREATE TABLE `ms011_ticket` (
  `id` int(10) unsigned NOT NULL AUTO_INCREMENT,
  `customer_id` int(11) DEFAULT NULL,
  `supporter_id` int(11) DEFAULT NULL,
  `subject` varchar(100) DEFAULT NULL,
  `priority` varchar(30) DEFAULT NULL COMMENT 'اولویت',
  `status` varchar(30) DEFAULT NULL COMMENT 'free | mony رایگان و غیر رایگان',
  `department` varchar(30) DEFAULT NULL COMMENT 'مربوط به کدام بخش',
  `rate` tinyint(4) DEFAULT 0,
  `rate_comment` varchar(200) DEFAULT NULL,
  `closed_by` varchar(30) DEFAULT NULL,
  `created_at` timestamp NULL DEFAULT current_timestamp(),
  `updated_at` timestamp NULL DEFAULT NULL ON UPDATE current_timestamp(),
  PRIMARY KEY (`id`)
) ENGINE=MyISAM AUTO_INCREMENT=24 DEFAULT CHARSET=utf8mb4 COLLATE=utf8mb4_unicode_ci;

--
-- Dumping data for table `ms011_ticket`
--

INSERT INTO `ms011_ticket` VALUES
(18,414,NULL,'تغییر نام دامنه','top','answer','sell',0,NULL,'customer','2021-11-06 10:55:00','2022-01-31 10:33:34'),
(6,107,1,'درخواست کمک','medium','closed','support',0,NULL,'supporter','2021-10-18 16:32:08','2021-11-06 11:05:05'),
(20,412,NULL,'fsdf','medium','answer','sell',0,NULL,'supporter','2022-07-26 15:24:19','2022-07-26 15:58:59'),
(21,424,NULL,'نحوه اشتراک و ارسال مدارک برای سامانه اصلی','top','closed','support',0,NULL,'customer','2022-07-26 16:01:11','2022-07-26 16:40:41'),
(22,424,NULL,'ارسال راهنمای سایت','low','answer','sell',0,NULL,NULL,'2022-07-26 16:44:45','2022-07-26 16:50:26'),
(23,424,NULL,'استفاده از دامنه جدید','top','answer','sell',0,NULL,NULL,'2022-07-26 16:48:39','2022-07-26 16:49:51');

--
-- Table structure for table `ms011_ticket_message`
--

CREATE TABLE `ms011_ticket_message` (
  `id` int(10) unsigned NOT NULL AUTO_INCREMENT,
  `ticket_id` int(11) DEFAULT NULL,
  `user_id` int(11) DEFAULT NULL,
  `author` varchar(20) DEFAULT NULL COMMENT 'customer | supporter',
  `content` text DEFAULT NULL,
  `file` varchar(255) DEFAULT NULL COMMENT 'مربوط به کدام بخش',
  `created_at` timestamp NULL DEFAULT current_timestamp(),
  `updated_at` timestamp NULL DEFAULT NULL ON UPDATE current_timestamp(),
  PRIMARY KEY (`id`)
) ENGINE=MyISAM AUTO_INCREMENT=65 DEFAULT CHARSET=utf8mb4 COLLATE=utf8mb4_unicode_ci;

--
-- Dumping data for table `ms011_ticket_message`
--

INSERT INTO `ms011_ticket_message` VALUES
(50,18,414,'customer','ممنون از شما',NULL,'2021-11-06 11:01:40','2022-01-31 10:33:34'),
(51,18,1,'supporter','خاهش میکنم این تیکت بسته میشه',NULL,'2021-11-06 11:02:08','2022-01-31 10:33:49'),
(46,16,1,'supporter','لطفا خطای ارسال را تصحیح  نمایید',NULL,'2021-11-06 10:49:07',NULL),
(48,18,414,'customer','سلام لطفا نام دامنه من را تغییر دهید',NULL,'2021-11-06 10:55:00',NULL),
(49,18,1,'supporter','با سلام خدمت شما نام دامنه مورد نظر تغییر کرد\n\nفایل ضمیمه شده','uploads/ticket/15100_Srh2Pz9Kq.jpg','2021-11-06 10:56:04','2021-11-06 10:56:04'),
(42,6,1,'supporter','بفرمایید امیدوارم بدردتون بخوره','uploads/ticket/14729_ssfHHhyiU.jpg','2021-11-04 14:01:02','2021-11-04 14:01:02'),
(39,6,1,'supporter','فایل راهنما برای شما ارسال شد',NULL,'2021-10-23 20:42:07','2021-11-04 13:37:29'),
(38,6,107,'customer','من این تیکت رو برای تست باز کردم',NULL,'2021-10-19 13:27:53','2021-11-04 13:37:33'),
(40,6,107,'customer','من این تیکت رو برای تست باز کردم','','2021-11-04 13:37:54','2021-11-04 13:37:58'),
(53,20,412,'supporter','sdfsdf f e ewr ewr',NULL,'2022-07-26 15:24:20',NULL),
(54,20,412,'supporter','لطفا مدارک رو پبرامون بفرستید',NULL,'2022-07-26 15:58:59',NULL),
(55,21,424,'customer','میخاستم بدونم چجوری میتونم اشتراک منابع رو برای شما انجام بدم',NULL,'2022-07-26 16:01:11',NULL),
(56,21,412,'supporter','این کار براحتی قابل انجامه',NULL,'2022-07-26 16:03:07',NULL),
(57,21,424,'customer','میشه توضیح بیشتری بدین ، چجوری میتونم انجامش بدم ؟',NULL,'2022-07-26 16:35:37',NULL),
(58,21,412,'supporter','میتونید برای اینکار از دسترسی ها استفاده بکنید',NULL,'2022-07-26 16:37:09',NULL),
(59,21,424,'customer','پس من از این قسمت که در تصویر گذاشتم وارد بشم ؟','uploads/ticket/15630_6Lc8ld9H8.jpg','2022-07-26 16:38:51','2022-07-26 16:38:51'),
(60,22,424,'customer','لطفا راهنما را برایم ارسال نمایید',NULL,'2022-07-26 16:44:46',NULL),
(61,23,424,'customer','لطفا در این مورد مرا راهنمایی کنید',NULL,'2022-07-26 16:48:39',NULL),
(62,23,424,'customer','میخواهم در این باره بیشتر بدانم',NULL,'2022-07-26 16:49:09',NULL),
(63,23,412,'supporter','پس با پشتیبانی تماس بگیرید',NULL,'2022-07-26 16:49:51',NULL),
(64,22,412,'supporter','فردا پاسخ شما را خواهم داد',NULL,'2022-07-26 16:50:26','2022-07-26 16:50:50');

--
-- Table structure for table `ms011_transaction`
--

CREATE TABLE `ms011_transaction` (
  `id` bigint(20) unsigned NOT NULL AUTO_INCREMENT,
  `amount` decimal(10,0) NOT NULL,
  `user_from` int(11) NOT NULL DEFAULT 0 COMMENT 'شخصی که باعث این درامد زایی شده',
  `user_to` int(11) DEFAULT 0 COMMENT 'والدی که سهمی از این سود میبرد',
  `relate_to` varchar(50) DEFAULT NULL,
  `in_out` varchar(10) DEFAULT NULL COMMENT 'ورودی یا خروجی',
  `relate_id` varchar(11) DEFAULT '0',
  `payment_method` varchar(50) DEFAULT NULL,
  `tracking_number` varchar(100) DEFAULT '0',
  `description` varchar(255) DEFAULT '',
  `created_by` int(11) DEFAULT 0,
  `edited_by` int(11) DEFAULT NULL,
  `created_at` timestamp NULL DEFAULT current_timestamp(),
  `updated_at` timestamp NULL DEFAULT NULL ON UPDATE current_timestamp(),
  PRIMARY KEY (`id`)
) ENGINE=MyISAM AUTO_INCREMENT=151 DEFAULT CHARSET=utf8mb4 COLLATE=utf8mb4_unicode_ci;

--
-- Dumping data for table `ms011_transaction`
--

INSERT INTO `ms011_transaction` VALUES
(15,60000,0,107,'charge_credit','in','0','manual','0','بابت خرید از هزینه جیب برای شرکت',1,0,'2021-02-20 23:05:18','2022-01-17 20:51:31'),
(2,3800,1,1,'charge_credit','out','1','online','0','شارژ اعتبار',0,0,'2021-02-20 18:21:07','2022-01-17 20:51:31'),
(16,5757587,0,57,'clearing','in','0','manual','0','بابت اضافه کاری',1,0,'2021-02-20 23:06:48','2022-01-17 20:51:31'),
(17,5457,0,1,'order_payment','in','0','manual','0','',1,0,'2021-02-20 23:07:50','2022-01-17 20:51:31'),
(10,48200,99,99,'charge_credit','in','1','online','0','شارژ اعتبار',0,0,'2021-02-20 18:21:07','2022-01-17 20:51:31'),
(19,150000,0,99,'clearing','in','0','manual','0','دریافت پورسانت شرکت',1,0,'2021-02-21 12:25:25','2022-01-17 20:51:31'),
(30,61351,1,1,'invoice_payment','out','0','online','12345678','پرداخت هزینه فاکتور به مبلغ 61,351 تومان  با شناسه 280',1,0,'2021-10-07 19:05:08','2022-01-17 20:51:31'),
(31,15054,1,1,'use_credit','out','0','system','0','پرداخت از اعتبار به مبلغ :  15054.2 تومان بابت  پرداخت هزینه فاکتوربا شناسه 281',1,0,'2021-10-07 19:48:07','2022-01-17 20:51:31'),
(32,15054,1,1,'invoice_payment','out','0','online','65','پرداخت هزینه فاکتور به مبلغ 15,054 تومان  با شناسه 281',1,0,'2021-10-07 19:49:04','2022-01-17 20:51:31'),
(33,15054,1,1,'invoice_payment','out','0','online','65','پرداخت هزینه فاکتور به مبلغ 15,054 تومان  با شناسه 281',1,0,'2021-10-07 19:49:32','2022-01-17 20:51:31'),
(34,15054,1,1,'invoice_payment','out','0','online','12345678','پرداخت هزینه فاکتور به مبلغ 15,054 تومان  با شناسه 281',1,0,'2021-10-07 21:09:28','2022-01-17 20:51:31'),
(35,12806,1,1,'invoice_payment','out','0','online','12345678','پرداخت هزینه فاکتور به مبلغ 12,806 تومان  با شناسه 282',1,0,'2021-10-08 17:51:56','2022-01-17 20:51:31'),
(36,15054,1,1,'invoice_payment','out','0','online','12345678','پرداخت هزینه فاکتور به مبلغ 15,054 تومان  با شناسه 283',1,0,'2021-10-08 20:25:05','2022-01-17 20:51:31'),
(37,14964,1,1,'invoice_payment','out','0','online','12345678','پرداخت هزینه فاکتور به مبلغ 14,964 تومان  با شناسه 284',1,0,'2021-10-08 20:38:13','2022-01-17 20:51:31'),
(38,55188,1,1,'invoice_payment','out','0','online','12345678','پرداخت هزینه فاکتور به مبلغ 55,188 تومان  با شناسه 285',1,0,'2021-10-08 20:42:37','2022-01-17 20:51:31'),
(39,76189,1,1,'invoice_payment','out','0','online','12345678','پرداخت هزینه فاکتور به مبلغ 76,189 تومان  با شناسه 286',1,0,'2021-10-08 20:44:56','2022-01-17 20:51:31'),
(40,10773,1,1,'use_credit','out','0','system','0','پرداخت از اعتبار به مبلغ :  10772.7 تومان بابت  پرداخت هزینه فاکتوربا شناسه 287',1,0,'2021-10-08 21:56:56','2022-01-17 20:51:31'),
(41,10773,1,1,'invoice_payment','out','0','online','75','پرداخت هزینه فاکتور به مبلغ 10,773 تومان  با شناسه 287',1,0,'2021-10-08 21:56:56','2022-01-17 20:51:31'),
(42,12049,1,1,'use_credit','out','0','system','0','پرداخت از اعتبار به مبلغ :  12048.7 تومان بابت  پرداخت هزینه فاکتوربا شناسه 288',1,0,'2021-10-09 05:50:51','2022-01-17 20:51:31'),
(43,12049,1,1,'invoice_payment','out','0','online','96','پرداخت هزینه فاکتور به مبلغ 12,049 تومان  با شناسه 288',1,0,'2021-10-09 05:50:51','2022-01-17 20:51:31'),
(44,5884,1,1,'invoice_payment','out','0','online','12345678','پرداخت هزینه فاکتور به مبلغ 5,884 تومان  با شناسه 290',1,0,'2021-10-09 21:57:55','2022-01-17 20:51:31'),
(45,6105,1,1,'use_credit','out','0','system','0','پرداخت از اعتبار به مبلغ :  6105 تومان بابت  پرداخت هزینه فاکتوربا شناسه 292',1,NULL,'2021-10-27 16:58:40','2022-01-17 20:51:31'),
(46,6105,1,1,'invoice_payment','out','0','online','124','پرداخت هزینه فاکتور به مبلغ 6,105 تومان  با شناسه 292',1,NULL,'2021-10-27 16:58:40','2022-01-17 20:51:31'),
(47,45500,1,107,'store_refer','in','14','online','0','درامد فروشنده از فروش محصول با شماره فاکتور:  292 و شماره زیر فاکتور:  343',1,NULL,'2021-10-27 16:58:40','2022-01-18 10:10:40'),
(48,11562,1,1,'use_credit','out','0','system','0','پرداخت از اعتبار به مبلغ :  11562 تومان بابت  پرداخت هزینه فاکتوربا شناسه 293',1,NULL,'2021-10-27 17:13:51','2022-01-17 20:51:31'),
(49,11562,1,1,'invoice_payment','out','0','online','125','پرداخت هزینه فاکتور به مبلغ 11,562 تومان  با شناسه 293',1,NULL,'2021-10-27 17:13:51','2022-01-17 20:51:31'),
(50,1176,1,57,'store_income','in','14','online','0','درامد فروشنده از فروش محصول با شماره فاکتور:  293 و شماره زیر فاکتور:  344 مبلغ زیر فاکتور : 1176',1,NULL,'2021-10-27 17:13:51','2022-01-17 20:51:31'),
(51,12814,1,1,'use_credit','out','0','system','0','پرداخت از اعتبار به مبلغ :  12814 تومان بابت  پرداخت هزینه فاکتوربا شناسه 294',1,NULL,'2021-10-27 17:46:06','2022-01-17 20:51:31'),
(52,12814,1,1,'invoice_payment','out','0','online','126','پرداخت هزینه فاکتور به مبلغ 12,814 تومان  با شناسه 294',1,NULL,'2021-10-27 17:46:06','2022-01-17 20:51:31'),
(53,2325,1,400,'store_income','in','9','online','0','درامد فروشنده از فروش محصول با شماره فاکتور:  294 و شماره زیر فاکتور:  345 مبلغ زیر فاکتور : 2325 و مبلغ کمسیون فروشگاه: 0',1,NULL,'2021-10-27 17:46:06','2022-01-17 20:51:31'),
(55,5046,1,1,'invoice_payment','out','0','online','127','پرداخت هزینه فاکتور به مبلغ 5,046 تومان  با شناسه 295',1,NULL,'2021-10-27 17:52:55','2022-01-17 20:51:31'),
(56,3528,1,57,'store_income','in','14','online','0','درامد فروشنده از فروش محصول با شماره فاکتور:  295 و شماره زیر فاکتور:  346 مبلغ زیر فاکتور : 3528 و مبلغ کمسیون فروشگاه: 0',1,NULL,'2021-10-27 17:52:55','2022-01-17 20:51:31'),
(57,1643,1,1,'use_credit','out','0','system','0','پرداخت از اعتبار به مبلغ :  1643 تومان بابت  پرداخت هزینه فاکتوربا شناسه 296',1,NULL,'2021-10-27 17:55:43','2022-01-17 20:51:31'),
(58,1643,1,1,'invoice_payment','out','0','online','128','پرداخت هزینه فاکتور به مبلغ 1,643 تومان  با شناسه 296',1,NULL,'2021-10-27 17:55:43','2022-01-17 20:51:31'),
(59,378,1,107,'store_income','in','10','online','0','درامد فروشنده از فروش محصول با شماره فاکتور:  296 و شماره زیر فاکتور:  347 مبلغ زیر فاکتور : 406 و مبلغ کمسیون فروشگاه: 28.42',1,NULL,'2021-10-27 17:55:43','2022-01-17 20:51:31'),
(60,429651,1,1,'use_credit','out','0','system','0','پرداخت از اعتبار به مبلغ :  429651 تومان بابت  پرداخت هزینه فاکتوربا شناسه 297',1,NULL,'2021-10-27 18:10:00','2022-01-17 20:51:31'),
(61,429651,1,1,'invoice_payment','out','0','system','129','پرداخت هزینه فاکتور به مبلغ 429,651 تومان  با شناسه 297',1,NULL,'2021-10-27 18:10:00','2022-01-17 20:51:31'),
(62,353622,1,410,'store_income','in','15','online','0','درامد فروشنده از فروش محصول با شماره فاکتور:  297 و شماره زیر فاکتور:  348 مبلغ زیر فاکتور : 376194 تومان و مبلغ کمسیون فروشگاه: 22571.64 تومان',1,NULL,'2021-10-27 18:10:00','2022-01-17 20:51:31'),
(63,175954,1,1,'use_credit','out','0','system','0','پرداخت از اعتبار به مبلغ :  175954 تومان بابت  پرداخت هزینه فاکتوربا شناسه 298',1,NULL,'2021-10-27 20:05:28','2022-01-17 20:51:31'),
(64,175954,1,1,'invoice_payment','out','0','online','132','پرداخت هزینه فاکتور به مبلغ 175,954 تومان  با شناسه 298',1,NULL,'2021-10-27 20:05:28','2022-01-17 20:51:31'),
(73,31420,0,400,'store_clearing','out','15','manual','0','تسویه حساب درامد فروشنده ، از مانده مبلغ تا اکنون : 2,325  تومان',1,NULL,'2021-10-28 14:26:34','2022-01-17 21:53:47'),
(74,12330,0,107,'store_clearing','out','14','manual','0','تسویه حساب درامد فروشنده ، از مانده مبلغ تا اکنون : 4,878  تومان',1,NULL,'2021-10-28 14:26:47','2022-01-17 21:54:07'),
(75,9563,0,57,'store_clearing','out','14','manual','0','تسویه حساب درامد فروشنده ، از مانده مبلغ تا اکنون : 4,704  تومان',1,NULL,'2021-10-28 14:34:55','2022-01-17 21:54:25'),
(76,36500,0,412,'store_clearing','out','15','manual','0','تسویه حساب درامد فروشنده ، از مانده مبلغ تا اکنون : 3,648  تومان',1,NULL,'2021-10-28 14:53:01','2022-01-19 20:56:09'),
(77,14230,0,412,'store_clearing','out','25','manual','0','تسویه حساب درامد فروشنده ، از مانده مبلغ تا اکنون : 3,098  تومان',1,NULL,'2021-10-28 14:53:13','2022-01-19 20:56:12'),
(78,12300,0,412,'store_clearing','out','24','manual','0','تسویه حساب درامد فروشنده ، از مانده مبلغ تا اکنون : 2,398  تومان',1,NULL,'2021-10-28 14:55:29','2022-01-19 20:56:17'),
(79,22600,0,57,'store_clearing','out','14','manual','0','تسویه حساب درامد فروشنده ، از مانده مبلغ تا اکنون : 2,079  تومان',1,NULL,'2021-10-28 14:56:15','2022-01-17 21:53:29'),
(80,55000,0,412,'store_clearing','out','15','manual','0','تسویه حساب درامد فروشنده ، از مانده مبلغ تا اکنون : 353,622  تومان\n\nاین تسویه موقتیه',1,NULL,'2021-10-28 14:56:52','2022-01-19 20:56:22'),
(81,164283,1,1,'use_credit','out','0','system','0','پرداخت از اعتبار به مبلغ :  164283 تومان بابت  پرداخت هزینه فاکتوربا شناسه 299',1,NULL,'2021-10-28 15:04:28','2022-01-17 20:51:31'),
(82,164283,1,1,'invoice_payment','out','0','online','133','پرداخت هزینه فاکتور به مبلغ 164,283 تومان  با شناسه 299',1,NULL,'2021-10-28 15:04:28','2022-01-17 20:51:31'),
(83,140045,1,57,'store_income','in','24','system','0','درامد فروشنده از فروش محصول با شماره فاکتور:  299 و شماره زیر فاکتور:  350 مبلغ زیر فاکتور : 147416 تومان و مبلغ کمسیون فروشگاه: 7370.8 تومان',1,NULL,'2021-10-28 15:04:29','2022-01-17 20:51:31'),
(84,35000,0,57,'store_clearing','out','24','manual','0','تسویه حساب درامد فروشنده ، از مانده مبلغ تا اکنون : 141,535  تومان',1,NULL,'2021-10-28 15:05:20','2022-01-17 20:51:31'),
(85,140045,1,57,'store_refer','in','24','system','0','برگشت محصولات فروشنده از شماره فاکتور:  299 و شماره زیر فاکتور:  350 مبلغ زیر فاکتور : 147416 تومان و مبلغ کمسیون فروشگاه: 140045.2 تومان',0,NULL,'2021-11-02 18:42:44','2022-01-17 20:51:31'),
(86,5000,0,400,'gift_credit','out','0','manual','0',NULL,0,1,'2021-11-21 21:44:39','2022-01-17 20:51:31'),
(88,14800,406,406,'charge_credit','out','0','manual','0','کسر از  شارژ مشتری به مبلغ14800 تومان توسط محمد مدیریت با شناسه 412-34339',412,NULL,'2022-02-13 23:13:27','2022-02-13 23:13:27'),
(89,1500,406,406,'change_credit','in','0','manual','0','افزایش   شارژ مشتری به مبلغ1500 تومان توسط محمد مدیریت با شناسه 412-34339',412,NULL,'2022-02-13 23:16:15','2022-02-13 23:16:15'),
(90,96300,406,406,'change_credit','in','0','manual','0','افزایش   شارژ مشتری به مبلغ96300 تومان توسط محمد مدیریت با شناسه 412-34339',412,NULL,'2022-02-13 23:17:16','2022-02-13 23:17:16'),
(91,73000,406,406,'change_credit','out','0','manual','0','کسر از   شارژ مشتری به مبلغ73000 تومان توسط محمد مدیریت با شناسه 412-34339',412,NULL,'2022-02-13 23:17:39','2022-02-13 23:17:39'),
(92,76090,412,412,'use_credit','out','0','system','0','پرداخت از اعتبار به مبلغ :  76090 تومان بابت  پرداخت هزینه فاکتوربا شناسه 321',412,NULL,'2022-07-23 14:03:06','2022-07-23 14:03:06'),
(93,76090,412,412,'invoice_payment','in','0','online','297','پرداخت هزینه فاکتور به مبلغ 76,090 تومان  با شناسه 321',412,NULL,'2022-07-23 14:03:06','2022-07-23 14:03:06'),
(94,63050,412,412,'store_income','in','33','system','0','درامد فروشنده از فروش محصول با شماره فاکتور:  321 و شماره زیر فاکتور:  375 مبلغ زیر فاکتور : 63050 تومان و مبلغ کمسیون فروشگاه: 0 تومان',412,NULL,'2022-07-23 14:03:06','2022-07-23 14:03:06'),
(95,485504,412,412,'use_credit','out','0','system','0','پرداخت از اعتبار به مبلغ :  485504 تومان بابت  پرداخت هزینه فاکتوربا شناسه 347',412,NULL,'2022-07-23 15:56:32','2022-07-23 15:56:32'),
(96,485504,412,412,'invoice_payment','in','0','online','305','پرداخت هزینه فاکتور به مبلغ 485,504 تومان  با شناسه 347',412,NULL,'2022-07-23 15:56:32','2022-07-23 15:56:32'),
(97,301397,412,412,'store_income','in','14','system','0','درامد فروشنده از فروش محصول با شماره فاکتور:  347 و شماره زیر فاکتور:  427 مبلغ زیر فاکتور : 331206 تومان و مبلغ کمسیون فروشگاه: 29808.54 تومان',412,NULL,'2022-07-23 15:56:32','2022-07-23 15:56:32'),
(98,104230,412,400,'store_income','in','9','system','0','درامد فروشنده از فروش محصول با شماره فاکتور:  347 و شماره زیر فاکتور:  428 مبلغ زیر فاکتور : 107454 تومان و مبلغ کمسیون فروشگاه: 3223.62 تومان',412,NULL,'2022-07-23 15:56:32','2022-07-23 15:56:32'),
(99,215490,412,412,'use_credit','out','0','system','0','پرداخت از اعتبار به مبلغ :  215490 تومان بابت  پرداخت هزینه فاکتوربا شناسه 355',412,NULL,'2022-08-16 13:54:34','2022-08-16 13:54:34'),
(100,215490,412,412,'invoice_payment','in','0','online','308','پرداخت هزینه فاکتور به مبلغ 215,490 تومان  با شناسه 355',412,NULL,'2022-08-16 13:54:34','2022-08-16 13:54:34'),
(101,176811,412,412,'store_income','in','15','system','0','درامد فروشنده از فروش محصول با شماره فاکتور:  355 و شماره زیر فاکتور:  441 مبلغ زیر فاکتور : 188097 تومان و مبلغ کمسیون فروشگاه: 11285.82 تومان',412,NULL,'2022-08-16 13:54:34','2022-08-16 13:54:34'),
(102,230702,0,412,'store_clearing','out','15','manual','0',NULL,412,NULL,'2022-08-18 01:24:13','2022-08-18 01:24:13'),
(103,176811,0,412,'store_clearing','out','15','manual','0','تسویه حساب درامد فروشنده ، از مانده مبلغ تا اکنون : 176,811  تومان',412,NULL,'2022-08-18 01:35:51','2022-08-18 01:35:51'),
(104,63050,0,412,'store_clearing','out','33','manual','0','تسویه حساب درامد فروشنده ، از مانده مبلغ تا اکنون : 63,050  تومان',412,NULL,'2022-08-18 01:36:34','2022-08-18 01:36:34'),
(105,106555,0,400,'store_clearing','out','9','manual','0','تسویه حساب درامد فروشنده ، از مانده مبلغ تا اکنون : 106,555  تومان',412,NULL,'2022-08-18 01:37:39','2022-08-18 01:37:39'),
(107,149774,412,412,'use_credit','out','0','system','0','پرداخت از اعتبار به مبلغ :  149774 تومان بابت  پرداخت هزینه فاکتوربا شناسه 378',412,NULL,'2022-10-03 14:25:16','2022-10-03 14:25:16'),
(108,149774,412,412,'invoice_payment','in','378','online','315','پرداخت هزینه فاکتور به مبلغ 149,774 تومان  با شناسه 378',412,NULL,'2022-10-03 14:25:16','2022-10-03 14:25:16'),
(109,114601,412,107,'store_income','in','10','system','0','درامد فروشنده از فروش محصول با شماره فاکتور:  378 و شماره زیر فاکتور:  465 مبلغ زیر فاکتور : 123227 تومان و مبلغ کمسیون فروشگاه: 8625.89 تومان',412,NULL,'2022-10-03 14:25:16','2022-10-03 14:25:16'),
(110,155200,412,412,'use_credit','out','0','system','0','پرداخت از اعتبار به مبلغ :  155200 تومان بابت  پرداخت هزینه فاکتوربا شناسه 379',412,NULL,'2022-10-12 13:14:16','2022-10-12 13:14:16'),
(111,155200,412,412,'invoice_payment','in','379','online','316','پرداخت هزینه فاکتور به مبلغ 155,200 تومان  با شناسه 379',412,NULL,'2022-10-12 13:14:16','2022-10-12 13:14:16'),
(112,128965,412,400,'store_income','in','9','system','0','درامد فروشنده از فروش محصول با شماره فاکتور:  379 و شماره زیر فاکتور:  466 مبلغ زیر فاکتور : 132954 تومان و مبلغ کمسیون فروشگاه: 3988.62 تومان',412,NULL,'2022-10-12 13:14:17','2022-10-12 13:14:17'),
(113,1586866,412,412,'use_credit','out','0','system','0','پرداخت از اعتبار به مبلغ :  1586866 تومان بابت  پرداخت هزینه فاکتوربا شناسه 380',412,NULL,'2022-10-12 13:52:08','2022-10-12 13:52:08'),
(114,1586866,412,412,'invoice_payment','in','380','online','317','پرداخت هزینه فاکتور به مبلغ 1,586,866 تومان  با شناسه 380',412,NULL,'2022-10-12 13:52:08','2022-10-12 13:52:08'),
(115,573006,412,107,'store_income','in','10','system','0','درامد فروشنده از فروش محصول با شماره فاکتور:  380 و شماره زیر فاکتور:  467 مبلغ زیر فاکتور : 616135 تومان و مبلغ کمسیون فروشگاه: 43129.45 تومان',412,NULL,'2022-10-12 13:52:08','2022-10-12 13:52:08'),
(116,707245,412,412,'store_income','in','15','system','0','درامد فروشنده از فروش محصول با شماره فاکتور:  380 و شماره زیر فاکتور:  468 مبلغ زیر فاکتور : 752388 تومان و مبلغ کمسیون فروشگاه: 45143.28 تومان',412,NULL,'2022-10-12 13:52:08','2022-10-12 13:52:08'),
(117,1102777,412,412,'use_credit','out','0','system','0','پرداخت از اعتبار به مبلغ :  1102777 تومان بابت  پرداخت هزینه فاکتوربا شناسه 381',412,NULL,'2022-10-12 15:42:50','2022-10-12 15:42:50'),
(118,1102777,412,412,'invoice_payment','in','381','online','318','پرداخت هزینه فاکتور به مبلغ 1,102,777 تومان  با شناسه 381',412,NULL,'2022-10-12 15:42:50','2022-10-12 15:42:50'),
(119,33670,412,412,'store_income','in','14','system','0','درامد فروشنده از فروش محصول با شماره فاکتور:  381 و شماره زیر فاکتور:  469 مبلغ زیر فاکتور : 37000 تومان و مبلغ کمسیون فروشگاه: 3330 تومان',412,NULL,'2022-10-12 15:42:50','2022-10-12 15:42:50'),
(120,948000,412,412,'store_income','in','33','system','0','درامد فروشنده از فروش محصول با شماره فاکتور:  381 و شماره زیر فاکتور:  470 مبلغ زیر فاکتور : 948000 تومان و مبلغ کمسیون فروشگاه: 0 تومان',412,NULL,'2022-10-12 15:42:50','2022-10-12 15:42:50'),
(121,16380,412,412,'store_income','in','14','system','0','درامد فروشنده از فروش محصول با شماره فاکتور:  381 و شماره زیر فاکتور:  471 مبلغ زیر فاکتور : 18000 تومان و مبلغ کمسیون فروشگاه: 1620 تومان',412,NULL,'2022-10-12 15:42:50','2022-10-12 15:42:50'),
(122,883712,412,412,'use_credit','out','0','system','0','پرداخت از اعتبار به مبلغ :  883712 تومان بابت  پرداخت هزینه فاکتوربا شناسه 382',412,NULL,'2022-10-12 20:22:35','2022-10-12 20:22:35'),
(123,883712,412,412,'invoice_payment','in','382','online','319','پرداخت هزینه فاکتور به مبلغ 883,712 تومان  با شناسه 382',412,NULL,'2022-10-12 20:22:35','2022-10-12 20:22:35'),
(124,530434,412,412,'store_income','in','15','system','0','درامد فروشنده از فروش محصول با شماره فاکتور:  382 و شماره زیر فاکتور:  472 مبلغ زیر فاکتور : 564291 تومان و مبلغ کمسیون فروشگاه: 33857.46 تومان',412,NULL,'2022-10-12 20:22:35','2022-10-12 20:22:35'),
(125,229202,412,107,'store_income','in','10','system','0','درامد فروشنده از فروش محصول با شماره فاکتور:  382 و شماره زیر فاکتور:  473 مبلغ زیر فاکتور : 246454 تومان و مبلغ کمسیون فروشگاه: 17251.78 تومان',412,NULL,'2022-10-12 20:22:35','2022-10-12 20:22:35'),
(126,9273,412,412,'use_credit','out','0','system','0','پرداخت از اعتبار به مبلغ :  9273 تومان بابت  پرداخت هزینه فاکتوربا شناسه 383',412,NULL,'2022-10-13 21:15:25','2022-10-13 21:15:25'),
(127,9273,412,412,'invoice_payment','in','383','online','320','پرداخت هزینه فاکتور به مبلغ 9,273 تومان  با شناسه 383',412,NULL,'2022-10-13 21:15:25','2022-10-13 21:15:25'),
(128,1698,412,400,'store_income','in','9','system','0','درامد فروشنده از فروش محصول با شماره فاکتور:  383 و شماره زیر فاکتور:  474 مبلغ زیر فاکتور : 1750 تومان و مبلغ کمسیون فروشگاه: 52.5 تومان',412,NULL,'2022-10-13 21:15:26','2022-10-13 21:15:26'),
(129,219915,412,412,'use_credit','out','0','system','0','پرداخت از اعتبار به مبلغ :  219915 تومان بابت  پرداخت هزینه فاکتوربا شناسه 384',412,NULL,'2022-10-22 15:40:13','2022-10-22 15:40:13'),
(130,219915,412,412,'invoice_payment','in','384','online','321','پرداخت هزینه فاکتور به مبلغ 219,915 تومان  با شناسه 384',412,NULL,'2022-10-22 15:40:13','2022-10-22 15:40:13'),
(131,158000,412,412,'store_income','in','33','system','0','درامد فروشنده از فروش محصول با شماره فاکتور:  384 و شماره زیر فاکتور:  476 مبلغ زیر فاکتور : 158000 تومان و مبلغ کمسیون فروشگاه: 0 تومان',412,NULL,'2022-10-22 15:40:13','2022-10-22 15:40:13'),
(132,33670,412,412,'store_income','in','14','system','0','درامد فروشنده از فروش محصول با شماره فاکتور:  384 و شماره زیر فاکتور:  475 مبلغ زیر فاکتور : 37000 تومان و مبلغ کمسیون فروشگاه: 3330 تومان',412,NULL,'2022-10-22 15:40:14','2022-10-22 15:40:14'),
(133,1465046,412,412,'use_credit','out','0','system','0','پرداخت از اعتبار به مبلغ :  1465046 تومان بابت  پرداخت هزینه فاکتوربا شناسه 385',412,NULL,'2022-10-23 20:09:37','2022-10-23 20:09:37'),
(134,1465046,412,412,'invoice_payment','in','385','online','322','پرداخت هزینه فاکتور به مبلغ 1,465,046 تومان  با شناسه 385',412,NULL,'2022-10-23 20:09:37','2022-10-23 20:09:37'),
(135,752554,412,412,'store_income','in','14','system','0','درامد فروشنده از فروش محصول با شماره فاکتور:  385 و شماره زیر فاکتور:  477 مبلغ زیر فاکتور : 826982 تومان و مبلغ کمسیون فروشگاه: 74428.38 تومان',412,NULL,'2022-10-23 20:09:37','2022-10-23 20:09:37'),
(136,134149,412,412,'store_income','in','14','system','0','درامد فروشنده از فروش محصول با شماره فاکتور:  385 و شماره زیر فاکتور:  478 مبلغ زیر فاکتور : 147416 تومان و مبلغ کمسیون فروشگاه: 13267.44 تومان',412,NULL,'2022-10-23 20:09:37','2022-10-23 20:09:37'),
(137,343803,412,107,'store_income','in','10','system','0','درامد فروشنده از فروش محصول با شماره فاکتور:  385 و شماره زیر فاکتور:  479 مبلغ زیر فاکتور : 369681 تومان و مبلغ کمسیون فروشگاه: 25877.67 تومان',412,NULL,'2022-10-23 20:09:37','2022-10-23 20:09:37'),
(138,350163,412,412,'use_credit','out','0','system','0','پرداخت از اعتبار به مبلغ :  350163 تومان بابت  پرداخت هزینه فاکتوربا شناسه 386',412,NULL,'2022-10-24 20:15:44','2022-10-24 20:15:44'),
(139,350163,412,412,'invoice_payment','in','386','online','323','پرداخت هزینه فاکتور به مبلغ 350,163 تومان  با شناسه 386',412,NULL,'2022-10-24 20:15:44','2022-10-24 20:15:44'),
(140,316000,412,412,'store_income','in','33','system','0','درامد فروشنده از فروش محصول با شماره فاکتور:  386 و شماره زیر فاکتور:  480 مبلغ زیر فاکتور : 316000 تومان و مبلغ کمسیون فروشگاه: 0 تومان',412,NULL,'2022-10-24 20:15:44','2022-10-24 20:15:44'),
(141,5093,412,400,'store_income','in','9','system','0','درامد فروشنده از فروش محصول با شماره فاکتور:  386 و شماره زیر فاکتور:  481 مبلغ زیر فاکتور : 5250 تومان و مبلغ کمسیون فروشگاه: 157.5 تومان',412,NULL,'2022-10-24 20:15:44','2022-10-24 20:15:44'),
(142,216339,459,459,'use_credit','out','0','system','0','پرداخت از اعتبار به مبلغ :  216339 تومان بابت  پرداخت هزینه فاکتوربا شناسه 390',459,NULL,'2023-04-08 16:43:23','2023-04-08 16:43:23'),
(143,216339,459,459,'invoice_payment','in','390','online','324','پرداخت هزینه فاکتور به مبلغ 216,339 تومان  با شناسه 390',459,NULL,'2023-04-08 16:43:23','2023-04-08 16:43:23'),
(144,25220,459,400,'store_income','in','9','system','0','درامد فروشنده از فروش محصول با شماره فاکتور:  390 و شماره زیر فاکتور:  483 مبلغ زیر فاکتور : 26000 تومان و مبلغ کمسیون فروشگاه: 780 تومان',459,NULL,'2023-04-08 16:43:23','2023-04-08 16:43:23'),
(145,153262,459,412,'store_income','in','15','system','0','درامد فروشنده از فروش محصول با شماره فاکتور:  390 و شماره زیر فاکتور:  484 مبلغ زیر فاکتور : 163045 تومان و مبلغ کمسیون فروشگاه: 9782.7 تومان',459,NULL,'2023-04-08 16:43:23','2023-04-08 16:43:23'),
(146,500000000,461,461,'change_credit','in','0','manual','0','افزایش   شارژ مشتری به مبلغ 500000000 تومان توسط محمد شجاع با شناسه 412-34339',412,NULL,'2023-04-09 23:41:30','2023-04-09 23:41:30'),
(147,248660,461,461,'use_credit','out','0','system','0','پرداخت از اعتبار به مبلغ :  248660 تومان بابت  پرداخت هزینه فاکتوربا شناسه 391',461,NULL,'2023-04-09 23:41:42','2023-04-09 23:41:42'),
(148,248660,461,461,'invoice_payment','in','391','online','325','پرداخت هزینه فاکتور به مبلغ 248,660 تومان  با شناسه 391',461,NULL,'2023-04-09 23:41:42','2023-04-09 23:41:42'),
(149,25220,461,400,'store_income','in','9','system','0','درامد فروشنده از فروش محصول با شماره فاکتور:  391 و شماره زیر فاکتور:  485 مبلغ زیر فاکتور : 26000 تومان و مبلغ کمسیون فروشگاه: 780 تومان',461,NULL,'2023-04-09 23:41:42','2023-04-09 23:41:42'),
(150,196064,461,400,'store_income','in','9','system','0','درامد فروشنده از فروش محصول با شماره فاکتور:  391 و شماره زیر فاکتور:  486 مبلغ زیر فاکتور : 202128 تومان و مبلغ کمسیون فروشگاه: 6063.84 تومان',461,NULL,'2023-04-09 23:41:42','2023-04-09 23:41:42');

--
-- Table structure for table `ms011_user_address`
--

CREATE TABLE `ms011_user_address` (
  `id` int(10) unsigned NOT NULL AUTO_INCREMENT,
  `user_id` int(10) unsigned NOT NULL,
  `state` int(11) NOT NULL,
  `city` int(11) NOT NULL,
  `zip_code` varchar(20) DEFAULT NULL,
  `address` varchar(255) NOT NULL,
  `lat` varchar(100) DEFAULT NULL,
  `lng` varchar(100) DEFAULT NULL,
  `mobile` varchar(25) DEFAULT NULL,
  `tel` varchar(30) DEFAULT NULL,
  `nickname` varchar(100) DEFAULT NULL COMMENT 'نام شخص تحویل گیرنده',
  `sort` int(11) DEFAULT 1,
  `status` varchar(10) DEFAULT 'active',
  `created_at` timestamp NULL DEFAULT current_timestamp(),
  `updated_at` timestamp NULL DEFAULT NULL ON UPDATE current_timestamp(),
  PRIMARY KEY (`id`),
  KEY `user_addresses_user_id_index` (`user_id`)
) ENGINE=MyISAM AUTO_INCREMENT=91 DEFAULT CHARSET=utf8mb4 COLLATE=utf8mb4_unicode_ci;

--
-- Dumping data for table `ms011_user_address`
--

INSERT INTO `ms011_user_address` VALUES
(69,414,27,588,'471236985','کمربندی شرقی بوستان 14 (کوچه استخر ولی عصر) انتهای کوچه پل شخصی سر پیچ','','','09115119590',NULL,'محمد شجاع',1,'active','2021-09-18 21:20:57','2021-09-18 16:51:20'),
(59,403,27,588,'56897412','کمربندی شرقی - استخر ولی عصر (بوستان14) انتهای کوچه پل شخصی','','','',NULL,'',1,'active','2021-02-09 18:17:52','0000-00-00 00:00:00'),
(61,1,27,588,'2364715698','کمربندی شرقی بعد از چهار راه شدا استخر ولی عصر بوستان 14 انتهای کوچه','','','09115119590',NULL,'محمد شجاع',1,'active','2021-08-16 05:51:44','2021-09-24 02:20:41'),
(62,406,27,588,'2364715698','کمربندی شرقی بعد از چهار راه شدا استخر ولی عصر بوستان 14 انتهای کوچه','','','',NULL,'',1,'active','2021-08-17 23:01:38','0000-00-00 00:00:00'),
(68,414,27,588,'471236589','کوچه استخر ولی عصر بعد از پل روبروی پارک سید جلال کوچه فتاحی - فرعی دوم منزل تابنده','','','09351569874',NULL,'کمیا تابنده',1,'active','2021-09-18 21:19:34','0000-00-00 00:00:00'),
(71,412,27,588,'1236548','بعد از میدان اصلی بسمت شهرداری جاده پلاچ ۴','36.56949370639145','52.7360862493515','09116539874',NULL,'علی محمدی',1,'active','2021-09-22 01:22:26','2022-03-15 20:50:02'),
(72,412,27,588,'2064789563','کمربندی شرقی بعد از چهار راه شهدا استخر ولی عصر بوستان 14 انتهای کوچه پپبعد از پل روبروی پارک سید جلال کوچه فتاحی فرعی 2','36.558187766360675','52.667062282562256','09353501415',NULL,'اسا تابنده',1,'active','2021-09-23 17:23:01','2022-03-15 20:26:43'),
(76,412,27,473,'2364715698','کمربندی شرقی بعد از چهار راه شدا استخر ولی عصر بوستان 14 انتهای کوچه','36.46326301239126','52.34706401824951','09115119590',NULL,'محمد شجاع',1,'active','2022-03-14 22:15:48','2022-03-15 20:49:35'),
(82,412,27,588,'1234567890','کمربندی شرقی بوستان 14 انتهای کوچه',NULL,NULL,'09353501323',NULL,'محمد شجاع',1,'active','2022-09-14 14:55:20',NULL),
(80,412,27,588,'475213659844','بلوار ولیعصر بوستان 14 بعد از پل داخل کوچه بعد از ورود فرعی اول','36.54718615360398','52.690037582069635','09353501234','0113265874','سیده فاطمه زهرا تنابنده',1,'active','2022-07-22 21:47:37','2022-07-22 21:49:25'),
(81,412,27,589,'2364715698','کمربندی شرقی بعد از چهار راه شدا استخر ولی عصر بوستان 14 انتهای کوچه','36.547263726273535','52.69026674330234','09115119590',NULL,'محمد شجاع',1,'active','2022-07-23 15:54:40','2022-09-01 22:16:09'),
(86,459,27,588,'4789896532','بلوار ولی عصر بوستان 14','36.547268035864015','52.68847301602363','09353501323',NULL,'محمد مسعودی',1,'active','2023-04-08 16:32:32',NULL),
(87,461,8,760,'14167933737','tt',NULL,NULL,'09034488898',NULL,'tt',1,'active','2023-04-09 16:10:49',NULL),
(88,463,1,493,'12123','عهخعهخعهخع',NULL,NULL,NULL,NULL,NULL,1,'active','2023-04-18 07:09:59',NULL),
(89,473,5,1382,'1234567890','کمربندی شرقی بوستان 312 انتهای کوچه','','','09337200943',NULL,'محمدرضا پازانی',1,'active','2023-08-01 10:29:54','2023-08-03 19:03:11'),
(90,473,8,760,'1254863652','تهران خانی اباد میعادشمالی کوچه 14','','','09337200943',NULL,'محمدرضا پازانی',1,'active','2023-08-01 14:25:45',NULL);

--
-- Table structure for table `ms011_user_custom_field`
--

CREATE TABLE `ms011_user_custom_field` (
  `id` bigint(20) unsigned NOT NULL AUTO_INCREMENT,
  `parent_id` int(11) DEFAULT NULL,
  `role` varchar(30) DEFAULT '0',
  `question` varchar(255) DEFAULT NULL,
  `is_required` tinyint(4) DEFAULT 0 COMMENT 'ضروزی است یا نه',
  `sort` int(11) DEFAULT 0,
  `type` varchar(50) DEFAULT NULL,
  `created_by` int(11) DEFAULT NULL,
  `created_at` timestamp NULL DEFAULT current_timestamp(),
  `updated_at` timestamp NULL DEFAULT NULL ON UPDATE current_timestamp(),
  PRIMARY KEY (`id`)
) ENGINE=MyISAM AUTO_INCREMENT=187 DEFAULT CHARSET=utf8mb4 COLLATE=utf8mb4_unicode_ci;

--
-- Dumping data for table `ms011_user_custom_field`
--

INSERT INTO `ms011_user_custom_field` VALUES
(146,0,'producer','سن',1,1,'number',1,'2020-09-13 18:42:33','2022-03-13 21:32:09'),
(159,0,'producer','رنج سنی',1,2,'list',1,'2020-09-16 20:06:57','2022-03-13 21:32:09'),
(177,0,'producer','اسم',0,0,'string',0,'2021-08-11 01:16:10','2022-03-13 21:32:09'),
(184,159,'producer','بالاتر از 18',0,2,NULL,NULL,'2022-03-13 21:32:10',NULL),
(185,159,'producer','بین 18 تا 20',0,2,NULL,NULL,'2022-03-13 21:32:10',NULL),
(186,159,'producer','بالاتر از 20 سال',0,2,NULL,NULL,'2022-03-13 21:32:10',NULL);

--
-- Table structure for table `ms011_user_custom_value`
--

CREATE TABLE `ms011_user_custom_value` (
  `id` bigint(20) unsigned NOT NULL AUTO_INCREMENT,
  `user_id` int(11) DEFAULT NULL,
  `field_id` int(10) unsigned DEFAULT 0,
  `answer` varchar(255) DEFAULT NULL,
  `created_at` timestamp NULL DEFAULT current_timestamp(),
  `updated_at` timestamp NULL DEFAULT NULL ON UPDATE current_timestamp(),
  PRIMARY KEY (`id`)
) ENGINE=MyISAM AUTO_INCREMENT=351 DEFAULT CHARSET=utf8mb4 COLLATE=utf8mb4_unicode_ci;

--
-- Dumping data for table `ms011_user_custom_value`
--

INSERT INTO `ms011_user_custom_value` VALUES
(333,419,142,'ولوم','2022-02-18 21:27:39',NULL),
(334,419,177,'پردازنده - 4هسته ای','2022-02-18 21:27:39',NULL),
(335,419,146,'فضای ذخیره سازی - زیاد','2022-02-18 21:27:39',NULL),
(336,419,159,'هارد دیسک - بالا','2022-02-18 21:27:39',NULL),
(337,419,145,'33','2022-02-18 21:27:39',NULL),
(338,419,178,'رم - خیلی خوب','2022-02-18 21:27:39',NULL),
(339,419,147,'باطری - باکیفیت','2022-02-18 21:27:39',NULL),
(340,419,169,'ظرفیت وجودی - خوبه','2022-02-18 21:27:39',NULL),
(341,419,170,'بله','2022-02-18 21:27:39',NULL),
(342,420,142,'ولوم','2022-02-18 21:28:21',NULL),
(343,420,177,'32','2022-02-18 21:28:21',NULL),
(344,420,146,'45','2022-02-18 21:28:21',NULL),
(345,420,159,NULL,'2022-02-18 21:28:21',NULL),
(346,420,145,'33','2022-02-18 21:28:21',NULL),
(347,420,178,NULL,'2022-02-18 21:28:21',NULL),
(348,420,147,NULL,'2022-02-18 21:28:21',NULL),
(349,420,169,'32','2022-02-18 21:28:21',NULL),
(350,420,170,'بله','2022-02-18 21:28:21',NULL),
(324,418,142,'ولوم','2022-02-18 21:10:03',NULL),
(325,418,177,'پردازنده - 4هسته ای','2022-02-18 21:10:03',NULL),
(326,418,146,'فضای ذخیره سازی - زیاد','2022-02-18 21:10:03',NULL),
(327,418,159,'هارد دیسک - بالا','2022-02-18 21:10:03',NULL),
(328,418,145,'33','2022-02-18 21:10:03',NULL),
(329,418,178,'رم - خیلی خوب','2022-02-18 21:10:03',NULL),
(330,418,147,'باطری - باکیفیت','2022-02-18 21:10:03',NULL),
(331,418,169,'ظرفیت وجودی - خوبه','2022-02-18 21:10:03',NULL),
(332,418,170,'بله','2022-02-18 21:10:03',NULL);

--
-- Table structure for table `ms011_user_meta`
--

CREATE TABLE `ms011_user_meta` (
  `id` int(10) unsigned NOT NULL AUTO_INCREMENT,
  `user_id` int(10) unsigned NOT NULL,
  `instagram` varchar(190) DEFAULT NULL,
  `telegram` varchar(190) DEFAULT NULL,
  `watsapp` varchar(190) DEFAULT NULL,
  `website` varchar(190) DEFAULT NULL,
  `twitter` varchar(190) DEFAULT NULL,
  `notify_comment_my_post` varchar(20) DEFAULT 'no',
  `notify_replay_my_comment` varchar(20) DEFAULT 'no',
  `notify_new_post` varchar(20) DEFAULT 'no',
  `notify_new_user` varchar(20) DEFAULT 'no',
  `created_at` timestamp NULL DEFAULT current_timestamp(),
  `updated_at` timestamp NULL DEFAULT NULL ON UPDATE current_timestamp(),
  `sheba` varchar(40) DEFAULT NULL,
  `seller_contact` varchar(50) DEFAULT NULL,
  `accountant_contact` varchar(50) DEFAULT NULL,
  PRIMARY KEY (`id`),
  KEY `user_addresses_user_id_index` (`user_id`)
) ENGINE=MyISAM AUTO_INCREMENT=64 DEFAULT CHARSET=utf8mb4 COLLATE=utf8mb4_unicode_ci;

--
-- Dumping data for table `ms011_user_meta`
--

INSERT INTO `ms011_user_meta` VALUES
(60,107,'fati.alipor','@telegram/me','wats.fati','moderniz.ir','twiit.fati','yes','yes','no','no','2021-02-09 17:30:54','2021-02-09 14:38:14',NULL,NULL,NULL),
(61,406,'hajghasem@insta','hajghasem@telegram','','','','yes','no','no','yes','2021-02-16 18:24:42','2021-02-16 14:55:57',NULL,NULL,NULL),
(62,1,'mohammad_insta','mohammad_telegram','mohammad_watsapp','moderniz.ir','mohammad_twiter','yes','no','yes','yes','2021-02-22 17:50:41','2021-02-22 14:21:15',NULL,NULL,NULL),
(63,477,NULL,NULL,NULL,NULL,NULL,'no','no','no','no','2023-09-05 05:48:45',NULL,'3','3','2');

--
-- Table structure for table `ms011_users`
--

CREATE TABLE `ms011_users` (
  `id` int(10) unsigned NOT NULL AUTO_INCREMENT,
  `username` varchar(198) NOT NULL,
  `parent_id` int(11) DEFAULT 0,
  `role` varchar(255) DEFAULT 'customer',
  `mobile` varchar(255) DEFAULT '',
  `nickname` varchar(198) DEFAULT '',
  `fname` varchar(100) DEFAULT '',
  `lname` varchar(100) DEFAULT '',
  `request_email` varchar(198) DEFAULT NULL,
  `email` varchar(198) DEFAULT NULL,
  `password` varchar(255) DEFAULT NULL,
  `permission_id` int(11) DEFAULT 0,
  `tel` varchar(255) DEFAULT '',
  `credit` decimal(10,0) DEFAULT 0,
  `income` decimal(10,1) DEFAULT 0.0,
  `score` float(10,0) DEFAULT 0,
  `debit` decimal(10,2) DEFAULT 0.00 COMMENT 'سقف بدهی استاد کار',
  `status` varchar(255) DEFAULT 'verification',
  `address` varchar(255) DEFAULT NULL,
  `state` int(11) DEFAULT 0,
  `city` int(11) DEFAULT 0,
  `zip_code` varchar(255) DEFAULT '',
  `lat` varchar(255) DEFAULT NULL,
  `lng` varchar(255) DEFAULT NULL,
  `code_melli` varchar(255) DEFAULT '',
  `birthday` datetime DEFAULT NULL,
  `married` varchar(255) DEFAULT '',
  `sex` varchar(255) DEFAULT NULL,
  `avatar` varchar(255) DEFAULT NULL,
  `description` mediumtext DEFAULT NULL,
  `about_me` varchar(11) DEFAULT NULL COMMENT 'متن توصیحی درباره سابقه مهارتها',
  `rate` float(7,0) DEFAULT 0,
  `remember_token` varchar(100) DEFAULT NULL,
  `mobile_verify_code` varchar(100) DEFAULT NULL COMMENT 'کد تایید پیامکی موبایل',
  `api_token` varchar(255) DEFAULT NULL,
  `recovery_pass_token` varchar(255) DEFAULT NULL,
  `edit_by` int(11) DEFAULT 0,
  `present_code` varchar(50) DEFAULT NULL,
  `intro_id` int(11) DEFAULT 0 COMMENT 'نحوه اشنایی',
  `shygun_guid` varchar(200) DEFAULT NULL,
  `created_at` timestamp NULL DEFAULT NULL,
  `updated_at` timestamp NULL DEFAULT NULL,
  `shygun_msg` varchar(50) DEFAULT NULL,
  `shygun_number` mediumtext DEFAULT NULL,
  `shygun_product_number` int(11) DEFAULT NULL,
  `company_economic_code` varchar(100) DEFAULT NULL,
  `company_registration_id` varchar(100) DEFAULT NULL,
  `company_name` varchar(100) DEFAULT NULL,
  `company_code` varchar(150) DEFAULT NULL,
  `company_shygun_number` varchar(50) DEFAULT NULL,
  `company_shygun_msg` varchar(250) DEFAULT NULL,
  `shygun_company_guid` varchar(150) DEFAULT NULL,
  `cats` varchar(100) DEFAULT NULL,
  `brand_title` varchar(45) DEFAULT NULL,
  `shygun_status` varchar(10) NOT NULL DEFAULT 'pending',
  `shygun_company_status` varchar(10) NOT NULL DEFAULT 'pending',
  PRIMARY KEY (`id`),
  UNIQUE KEY `users_username_unique` (`username`),
  KEY `users_email_unique` (`email`) USING BTREE
) ENGINE=MyISAM AUTO_INCREMENT=478 DEFAULT CHARSET=utf8mb4 COLLATE=utf8mb4_unicode_ci;

--
-- Dumping data for table `ms011_users`
--

INSERT INTO `ms011_users` VALUES
(1,'mohammad',0,'administrator','09353501323','محمد شجاع','محمد','شجاع',NULL,'mohammadshoja655@gmail.com','$2y$10$frdsPLA4QFe0PXkd86aTdeWhQ1g.BUsMhCCXrggTUJr967Vqv303K',419,'',98223423,0.0,0,0.00,'active',NULL,27,588,NULL,'','','2064772383','1986-05-23 00:00:00','','man','12556685470.jpg','محمد شجاع - برنامه نویس طراح و توسعه دهنده اپلیکیشن های تحت وب','',0,'x6lEEAbm9XufWLRhMcUgnDwyPSFMXTy5JrEDO8n9g4WnergmYrWM8ohDlSwB','69869','','eyJpdiI6IjV2TFZpbUtZckVqWElPNnF2c1ZwZWc9PSIsInZhbHVlIjoiL3c2UysrMWJ1SFpaLyswWkt1M2RqZz09IiwibWFjIjoiNjhjMDM1Yjg0ODNhMGY2YTE0ZWI2MWI0NTUxZjJkZmQwZjkxYzg5YTQ1NmE2YjBjZGQ4MTk4MWU4MjQ0YmJlNSJ9',412,'',0,NULL,'2021-02-09 19:35:57','2022-08-19 20:21:05',NULL,NULL,NULL,NULL,NULL,NULL,NULL,NULL,NULL,NULL,NULL,NULL,'pending','pending'),
(99,'09101000164',0,'operator','09101000164','مسعود قلی پور استاد کار','مسعود','قلی پور استاد کار','','','$2y$10$wvKbu6earkcaQ.7edLpn0.oUZ244yO1gu8c.V2cq7APShrz0Mq9L6',417,'',0,0.0,0,0.00,'active','',27,588,'','','','2058639587','1988-03-21 00:00:00','','man','','','',0,'',NULL,'$2y$10$YS2cCAkGvldJs.wmnifWu.gVAHz.dujQpT7E9YTLP/raX3yZPoqzC',NULL,1,'',0,NULL,'2019-05-03 02:57:33','2021-02-27 15:31:36',NULL,NULL,NULL,NULL,NULL,NULL,NULL,NULL,NULL,NULL,NULL,NULL,'pending','pending'),
(107,'mis_alipour',0,'operator','09330715018','فاطمه علیپور','فاطمه','علیپور','','fateme@gmail.com','$2y$10$.PsZPjgQUcamhmoJoon.ZuTr30VVmO3CSCPTJvZCKY9xOh3if9zfK',414,'',0,0.0,0,0.00,'verify','بعد از میدان اصلی بسمت شهرداری جاده پلاچ ۴',27,589,'1254987564','','','','2019-06-20 00:00:00','','man','547749721.jpg','','',0,'a4sXhKH2ZAa8FuUDU0eZO8GXqDqoKMf9hIzOXjQypNz9rUN1TRNTtJrqNG76',NULL,'$2y$10$HNynl9P4i6whr7BoowUMmujRtMqnF5FztryrkpRzDTHLNybixnQDe',NULL,1,'5698745',0,NULL,'2019-06-20 23:59:42','2021-02-21 15:36:22',NULL,NULL,NULL,NULL,NULL,NULL,NULL,NULL,NULL,NULL,NULL,NULL,'pending','pending'),
(400,'mohammadshoja',0,'operator','09353501308','محمد اپراتور','محمد','اپراتور',NULL,'','$2y$10$iiEHF2QlRrdlEfdjeiFmLOxFFNLPY35jZd.RwG6407R6mSIl7uYBa',419,'',2000000,0.0,0,0.00,'active','کمربندی شرقی',27,588,'1236587966','','','','1986-05-23 00:00:00','','man','201218487.jpg',NULL,'',0,'',NULL,'',NULL,412,'',0,NULL,'2021-02-07 14:01:49','2022-01-13 11:32:11',NULL,NULL,NULL,NULL,NULL,NULL,NULL,NULL,NULL,NULL,NULL,NULL,'pending','pending'),
(412,'admin',0,'administrator','09115119590','محمد شجاع','محمد','شجاع',NULL,'mohammadshoja65@gmail.com','$2y$10$aUqGnUr2H.AOGsAHQ8Nd/.KoaPv9nFh.NnlCpyd6Segx64FYXfDbS',0,'',994382248,0.0,0,0.00,'active','کمربندی بعد از میدان کشوری',27,588,'26598989','','',NULL,'1986-05-23 00:00:00','','man','3433911965.jpg',NULL,'',0,'NeLP9LAfP4YiX1ZzlFcPJMq2wPsk93RRp4FNf9xu9iS3N0i7epnBhFbaBZQG','82786','',NULL,412,'203201',0,NULL,'2021-02-07 14:30:42','2023-08-23 15:07:47',NULL,'212010023',NULL,NULL,NULL,NULL,NULL,NULL,'Moin number is not exist.',NULL,NULL,NULL,'pending','pending'),
(406,'ghasem',0,'customer','09111111111','قاسم سلیمانی','قاسم','سلیمانی',NULL,'','$2y$10$CFd2eBjOODvjrJj86JsgTeBWb8ooJtky9Mp39sP0VGZcDIkbelpri',0,'',25000,0.0,0,0.00,'active','بعد از پل رو گذر - جنب مسجد شمال',21,606,'412569979656','','','','1987-10-14 00:00:00','','','2042910106.jpg','','',0,'',NULL,'',NULL,1,'204267',0,NULL,'2021-02-16 14:43:15','2022-02-13 23:17:39',NULL,NULL,NULL,NULL,NULL,NULL,NULL,NULL,NULL,NULL,NULL,NULL,'pending','pending'),
(422,'customer_09356239874',0,'customer','09356239874','محمد شجاع','محمد','شجاع',NULL,NULL,'$2y$10$yXfRF.viCUaiCva.uDUnQeamGnRTOwER5PBs6gMEy2KyYJknM6Bne',0,'',0,0.0,0,0.00,'active',NULL,27,588,'',NULL,NULL,'',NULL,'',NULL,NULL,NULL,NULL,0,NULL,NULL,NULL,NULL,0,NULL,0,NULL,'2022-05-22 00:02:25',NULL,NULL,NULL,NULL,NULL,NULL,NULL,NULL,NULL,NULL,NULL,NULL,NULL,'pending','pending'),
(410,'amlakman',0,'rs_agent','09786532145','علی نجفیان','علی','نجفیان','','','$2y$10$8YZKciO0P2Q4rWl7hrhoc.wd4YomJEpksoa2wqXLWXY9J/r4puvqu',0,'',0,0.0,0,0.00,'active','',27,588,'','','','','2021-04-13 00:00:00','','','','','',0,'',NULL,'',NULL,1,'206259',0,NULL,'2021-03-30 14:36:40','2021-07-19 00:08:56',NULL,NULL,NULL,NULL,NULL,NULL,NULL,NULL,NULL,NULL,NULL,NULL,'pending','pending'),
(414,'customer_09115698563',0,'customer','09115698563','در انتظار نشانه','در انتظار','نشانه','','','$2y$10$.rKa8mFi2Hs1m263Rq1pMu1uWyyQrv5IUkvWF3NUkiTGGpJe69Ycy',0,'',0,0.0,0,0.00,'active','',27,1067,'','','',NULL,'1986-10-14 00:00:00','','woman','','','',0,'UKTdICfbhbF467YTlQMaJLTShAWm9HsqJ1Dqmmk4gIusqr0I9jrABAGaXXnw',NULL,'',NULL,414,'',0,NULL,'2021-09-17 15:36:17','2021-10-18 14:59:39',NULL,NULL,NULL,NULL,NULL,NULL,NULL,NULL,NULL,NULL,NULL,NULL,'pending','pending'),
(415,'agent2',0,'rs_agent','09365241236','علی محمدی','علی','محمدی','','','$2y$10$Yl90pZvnjw5IP4iEkHoNieNrEFT9iFXzE8/6sxNlihi5dE/UNwEHi',419,'',0,0.0,0,0.00,'active','',27,588,'','','','','2021-10-05 00:00:00','','','','','',0,'',NULL,'',NULL,412,'3449826',0,NULL,'2021-09-28 13:35:34','2021-09-28 13:35:34',NULL,NULL,NULL,NULL,NULL,NULL,NULL,NULL,NULL,NULL,NULL,NULL,'pending','pending'),
(417,'customer_09115119590',0,'customer','09115119590','خانم شایسته','خانم','شایسته',NULL,NULL,'$2y$10$V.2HOlt6x/2kCTrshhBbj.uc2D2LcLu3LN7/yjmsJs7qOtVBHC8UK',0,'',0,0.0,0,0.00,'active',NULL,27,588,NULL,NULL,NULL,'',NULL,'',NULL,NULL,NULL,NULL,0,NULL,NULL,NULL,NULL,1,NULL,0,NULL,'2021-11-03 16:00:16','2021-11-19 15:25:14',NULL,NULL,NULL,NULL,NULL,NULL,NULL,NULL,NULL,NULL,NULL,NULL,'pending','pending'),
(418,'customer_09353501321',0,'customer','09353501321','mohammad allahyari','mohammad','allahyari',NULL,NULL,'$2y$10$/WdiaGtW8gH/e0GONzRnwer4oN9gnQ982kDNGbjZCy.Oib/AK4//.',0,'',0,0.0,0,0.00,'active',NULL,27,588,'',NULL,NULL,'',NULL,'',NULL,NULL,NULL,NULL,0,NULL,NULL,NULL,NULL,0,NULL,0,NULL,'2022-03-10 10:02:43',NULL,NULL,NULL,NULL,NULL,NULL,NULL,NULL,NULL,NULL,NULL,NULL,NULL,'pending','pending'),
(423,'customer_09568987456',0,'customer','09568987456','صص صضض','صص','صضض',NULL,NULL,'$2y$10$DqhDa96D8/qD4CXxqIfhEe/msvWcuipgI0Zm7wBy5F92ANyFOnkau',0,'',0,0.0,0,0.00,'active',NULL,8,760,NULL,NULL,NULL,'',NULL,'',NULL,NULL,NULL,NULL,0,NULL,NULL,NULL,NULL,412,NULL,0,NULL,'2022-06-29 17:33:01','2023-04-08 16:19:29','Moin number is not exist.','',NULL,NULL,NULL,NULL,NULL,NULL,NULL,NULL,NULL,NULL,'pending','pending'),
(424,'customer_09353501314',0,'customer','09353501314','محمد شجاع','محمد','شجاع',NULL,NULL,'$2y$10$d6Nir2yp20jzprpuJSySAOcRwKNC83Ir/68E3vwmO82PIgKZrGW0O',0,'',0,0.0,0,0.00,'active',NULL,8,494,NULL,NULL,NULL,'',NULL,'',NULL,NULL,NULL,NULL,0,'lFhR5nQwUjiBCQpLD25HQfbMEI4lNkjZzeWP5z3KHZEQQzQfl8VxVGQzawXt',NULL,NULL,NULL,412,NULL,0,NULL,'2022-07-25 21:44:23','2023-04-05 14:32:03',NULL,'212010016',NULL,NULL,NULL,NULL,NULL,NULL,NULL,NULL,NULL,NULL,'pending','pending'),
(451,'courier',0,'courier','09211181073','مسعود متقیان','مسعود','متقیان',NULL,NULL,'$2y$10$bYR8ik1e6YivKLiTNHSfa.FJPg8MFBh/6RDZbgjZBar2Pru6Xm/q2',0,'',0,0.0,0,0.00,'active',NULL,27,473,NULL,NULL,NULL,'','2023-05-13 09:13:55','','man','36406182001.jpg',NULL,NULL,0,NULL,'19996',NULL,NULL,451,'3640641',0,NULL,'2023-01-29 01:40:35','2023-05-13 22:15:35',NULL,NULL,NULL,NULL,NULL,NULL,NULL,NULL,NULL,NULL,NULL,NULL,'pending','pending'),
(459,'customer_09118130114',0,'customer','09118130114','محمد مسعودی','محمد','مسعودی',NULL,NULL,'$2y$10$SX8C2c1EkuELmAjGBsaSWu82gl9854VYzoMTaKK1kXD5zm5j0NfhG',0,'',283661,0.0,0,0.00,'active',NULL,8,760,'',NULL,NULL,'',NULL,'',NULL,NULL,NULL,NULL,0,NULL,NULL,NULL,NULL,0,NULL,0,NULL,'2023-04-08 16:15:39','2023-04-08 16:43:23',NULL,'212010025',NULL,NULL,NULL,NULL,NULL,NULL,NULL,NULL,NULL,NULL,'pending','pending'),
(460,'تست فرشید',0,'customer','09124488898','تست فرشید','تست','فرشید',NULL,NULL,'$2y$10$8NOBnkb8vzUMrTyeBdgPme4bjlV/TdDCl./yR4hqctCHFy6YBkP0.',0,'',0,0.0,0,0.00,'active','تست',8,760,'1416793737',NULL,NULL,'',NULL,'',NULL,NULL,NULL,NULL,0,NULL,'30774',NULL,NULL,412,'3688354',0,NULL,'2023-04-09 08:56:24','2023-08-09 16:56:40',NULL,'212010026',NULL,NULL,NULL,NULL,NULL,NULL,NULL,NULL,NULL,NULL,'pending','pending'),
(461,'customer_09034488898',0,'customer','09034488898','فرشید  2 کرمی','فرشید  2','کرمی',NULL,NULL,'$2y$10$gxfgq8YQeQ1Gm4O1aESKresAv4oKulhvpMkwU6aK/U7XNVKIZNxVS',0,'',499751340,0.0,0,0.00,'active',NULL,8,760,NULL,NULL,NULL,'',NULL,'',NULL,NULL,NULL,NULL,0,NULL,NULL,NULL,NULL,412,NULL,0,NULL,'2023-04-09 23:39:20','2023-04-09 23:58:13',NULL,'212010029',NULL,NULL,NULL,NULL,NULL,NULL,NULL,NULL,NULL,NULL,'pending','pending'),
(462,'123',0,'customer','09121111111','ttt ttttt','ttt','ttttt',NULL,NULL,'$2y$10$8GdCFmeOrVsc5B/EwwedZeEtTlcHEPCc9sn9.xCWL4gif67BCrP22',0,'',0,0.0,0,0.00,'active',NULL,8,562,NULL,NULL,NULL,'',NULL,'',NULL,NULL,NULL,NULL,0,NULL,NULL,NULL,NULL,412,'3698900',0,NULL,'2023-04-09 23:56:56','2023-04-09 23:56:57',NULL,'212010028',NULL,NULL,NULL,NULL,NULL,NULL,NULL,NULL,NULL,NULL,'pending','pending'),
(463,'customer_09201181074',0,'customer','09201181074','تست شرکت',NULL,NULL,NULL,NULL,'$2y$10$KwSM4L/HCw0uNSeTpspOIuseqZ4WilA/gdcsuW.pDDfd7QBXliXDu',0,'',0,0.0,0,0.00,'active',NULL,27,588,NULL,NULL,NULL,'32322003',NULL,'',NULL,NULL,NULL,NULL,0,NULL,'50929',NULL,NULL,412,NULL,0,NULL,'2023-04-17 06:26:06','2023-04-21 06:57:44',NULL,NULL,NULL,'32322006','32322001',NULL,NULL,NULL,NULL,NULL,NULL,NULL,'pending','pending'),
(464,'msd_test',0,'courier','09113112121','4324 23423','4324','23423',NULL,NULL,'$2y$10$1IEnzwWTSOAUKb8inXSTouLUag087YSr5n.Dp9eYClRPMQq2OReNW',0,'',0,0.0,0,0.00,'active','23432423',6,575,'23432423',NULL,NULL,'','2023-04-10 00:00:00','',NULL,NULL,NULL,NULL,0,NULL,'04070',NULL,NULL,412,'3709573',0,NULL,'2023-04-17 10:15:40','2023-05-13 20:53:28',NULL,NULL,7545,NULL,NULL,NULL,NULL,NULL,NULL,NULL,NULL,NULL,'pending','pending'),
(465,'customer_09357141371',0,'customer','09357141371','نیکا پرداز نیک اندیش',NULL,NULL,NULL,NULL,'$2y$10$mBgSSLsHI7A.9p.hiKI/.eu5IpzaJkWNl8Dmn6HrqpsG8EDPNjspS',0,'',0,0.0,0,0.00,'active',NULL,8,445,NULL,NULL,NULL,'32322007','2000-04-10 00:00:00','',NULL,NULL,NULL,NULL,0,NULL,NULL,NULL,NULL,412,NULL,0,NULL,'2023-04-21 06:25:30','2023-04-21 07:42:00',NULL,'212010040',NULL,'32322008','32322009',NULL,NULL,NULL,NULL,NULL,NULL,NULL,'pending','pending'),
(466,'customer_09111181074',0,'customer','09111181074','مسعود حسن زاده','مسعود','حسن زاده',NULL,'test@gmail.com','$2y$10$k5ykDaA7mZfqj7b.c8pQduGcqAAxxP8dELmnLE8Bb7Ih.x2keG0Ti',0,'',0,0.0,0,0.00,'active',NULL,8,447,NULL,NULL,NULL,'2050051591','2002-04-10 00:00:00','',NULL,NULL,NULL,NULL,0,NULL,'54865',NULL,NULL,412,NULL,0,NULL,'2023-04-21 06:27:59','2023-05-13 13:16:16',NULL,'212010041',NULL,NULL,NULL,NULL,NULL,NULL,NULL,NULL,NULL,NULL,'pending','pending'),
(467,'sherkat_test',0,'customer','09113191142','شرکت پنلی',NULL,NULL,NULL,NULL,'$2y$10$OQ.ZdyKBatbyD6cn2TIioOCH4OBgwrRsymS8zzvPEv6XTXAcsbdUu',0,'',0,0.0,0,0.00,'active',NULL,8,445,'120222',NULL,NULL,'32322010','2011-04-10 00:00:00','',NULL,NULL,NULL,NULL,0,NULL,NULL,NULL,NULL,412,'3725443',0,NULL,'2023-04-21 07:07:02','2023-04-21 07:07:02',NULL,NULL,NULL,'32322011','32322012',NULL,NULL,NULL,NULL,NULL,NULL,NULL,'pending','pending'),
(468,'customer_09353501122',0,'customer','09353501122','','','',NULL,NULL,NULL,0,'',0,0.0,0,0.00,'active',NULL,0,0,'',NULL,NULL,'',NULL,'',NULL,NULL,NULL,NULL,0,NULL,NULL,NULL,NULL,0,NULL,0,NULL,'2023-04-29 07:49:57',NULL,NULL,NULL,NULL,NULL,NULL,NULL,NULL,NULL,NULL,NULL,NULL,NULL,'pending','pending'),
(469,'customer_09118130113',0,'customer','09118130113','','','',NULL,NULL,'$2y$10$4JTjn.XLhrT0EgOFtI8j3.R3cTQevl0.lHEOdg7wgVLYqsYQWpFhm',0,'',0,0.0,0,0.00,'active',NULL,0,0,'',NULL,NULL,'',NULL,'',NULL,NULL,NULL,NULL,0,NULL,'77277',NULL,NULL,0,NULL,0,NULL,'2023-04-29 07:52:03','2023-07-04 20:56:37',NULL,NULL,NULL,NULL,NULL,NULL,NULL,NULL,NULL,NULL,NULL,NULL,'pending','pending'),
(470,'p1',0,'courier','09129672238','پیک شماره 1','پیک','شماره 1',NULL,NULL,'$2y$10$ioUPRz2NsWwcGR0o1hLNUecND7N/C0.suGepQfWBHOwGtRlW56S6.',0,'',0,0.0,0,0.00,'active',NULL,8,760,NULL,NULL,NULL,'',NULL,'',NULL,NULL,NULL,NULL,0,NULL,'11161',NULL,NULL,412,'3741329',0,NULL,'2023-05-13 22:22:16','2023-05-14 16:44:41',NULL,NULL,NULL,NULL,NULL,NULL,NULL,NULL,NULL,NULL,NULL,NULL,'pending','pending'),
(471,'customer_09337200943',0,'customer','09337200943','','','',NULL,NULL,NULL,0,'',0,0.0,0,0.00,'active',NULL,0,0,'',NULL,NULL,'',NULL,'',NULL,NULL,NULL,NULL,0,NULL,'97215',NULL,NULL,0,NULL,0,NULL,'2023-07-04 20:56:50','2023-08-22 19:39:53',NULL,NULL,NULL,NULL,NULL,NULL,NULL,NULL,NULL,NULL,NULL,NULL,'pending','pending'),
(472,'customer_09121212122',0,'customer','09121212122','','','',NULL,NULL,NULL,0,'',0,0.0,0,0.00,'active',NULL,0,0,'',NULL,NULL,'',NULL,'',NULL,NULL,NULL,NULL,0,NULL,'58825',NULL,NULL,0,NULL,0,NULL,'2023-07-05 00:39:54',NULL,NULL,NULL,NULL,NULL,NULL,NULL,NULL,NULL,NULL,NULL,NULL,NULL,'pending','pending'),
(473,'customer_09354029460',0,'customer','09354029460','امیرعلی بیات','امیرعلی','بیات',NULL,NULL,'$2y$10$OEQXcacqtW3EQWQ4ht84ZOdDArAaf4tqEBlIVtVcEs3A/zgO19bie',0,'',0,0.0,0,0.00,'active',NULL,28,585,'',NULL,NULL,'0480677425','2023-07-19 16:10:14','','man',NULL,NULL,NULL,0,NULL,'76723',NULL,NULL,473,NULL,0,NULL,'2023-07-05 14:02:48','2023-08-29 17:05:30',NULL,NULL,NULL,NULL,NULL,NULL,NULL,NULL,NULL,NULL,NULL,NULL,'pending','pending'),
(474,'customer_09121212125',0,'customer','09121212125','','','',NULL,NULL,NULL,0,'',0,0.0,0,0.00,'active',NULL,0,0,'',NULL,NULL,'',NULL,'',NULL,NULL,NULL,NULL,0,NULL,'65248',NULL,NULL,0,NULL,0,NULL,'2023-07-06 01:57:22',NULL,NULL,NULL,NULL,NULL,NULL,NULL,NULL,NULL,NULL,NULL,NULL,NULL,'pending','pending'),
(475,'customer_09198022640',0,'customer','09198022640','','','',NULL,NULL,NULL,0,'',0,0.0,0,0.00,'active',NULL,0,0,'',NULL,NULL,'',NULL,'',NULL,NULL,NULL,NULL,0,NULL,'67205',NULL,NULL,0,NULL,0,NULL,'2023-07-06 01:59:05',NULL,NULL,NULL,NULL,NULL,NULL,NULL,NULL,NULL,NULL,NULL,NULL,NULL,'pending','pending'),
(476,'customer_09194586320',0,'customer','09194586320','','','',NULL,NULL,NULL,0,'',0,0.0,0,0.00,'active',NULL,0,0,'',NULL,NULL,'',NULL,'',NULL,NULL,NULL,NULL,0,NULL,'86468',NULL,NULL,0,NULL,0,NULL,'2023-07-06 22:04:58',NULL,NULL,NULL,NULL,NULL,NULL,NULL,NULL,NULL,NULL,NULL,NULL,NULL,'pending','pending'),
(477,'09121234567',0,'supplier','09121234567','فرشید کرمی','فرشید','کرمی',NULL,NULL,'$2y$10$ebwIwVGqzc7U78QKHbaoxeFONwJWf31ZSwSdBgv0D1Sd5n4.6Bala',0,'',0,0.0,0,0.00,'active','تهران ولیعصر',8,760,'1416793737',NULL,NULL,'',NULL,'',NULL,NULL,NULL,NULL,0,NULL,NULL,NULL,NULL,412,'3778463',0,NULL,'2023-09-03 18:30:45','2023-09-05 13:18:45',NULL,'510010002',NULL,'14011818260','606968','هماکام','14011818260',NULL,NULL,NULL,'243','پلازا','pending','pending');

--
-- Table structure for table `ms011_view_history`
--

CREATE TABLE `ms011_view_history` (
  `id` bigint(20) unsigned NOT NULL AUTO_INCREMENT,
  `relate_to` varchar(20) NOT NULL,
  `relate_id` int(11) DEFAULT NULL,
  `user_id` int(11) DEFAULT 0,
  `ip` varchar(100) DEFAULT NULL,
  `created_at` timestamp NULL DEFAULT current_timestamp(),
  `updated_at` timestamp NULL DEFAULT NULL ON UPDATE current_timestamp(),
  PRIMARY KEY (`id`),
  KEY `comments_post_id_index` (`relate_id`)
) ENGINE=MyISAM AUTO_INCREMENT=4518 DEFAULT CHARSET=utf8mb4 COLLATE=utf8mb4_unicode_ci;

--
-- Dumping data for table `ms011_view_history`
--

INSERT INTO `ms011_view_history` VALUES
(108,'product',7,1,NULL,'2022-07-05 15:44:31','2022-07-05 15:46:04'),
(109,'product',8,1,NULL,'2022-07-05 15:44:31','2022-07-05 15:46:04'),
(110,'product',11,1,NULL,'2022-07-05 15:44:32','2022-07-05 15:46:04'),
(111,'product',12,1,NULL,'2022-07-05 15:44:33','2022-07-05 15:46:04'),
(112,'product',18,1,NULL,'2022-07-05 15:44:42','2022-07-05 15:46:04'),
(113,'product',19,1,NULL,'2022-07-05 15:44:43','2022-07-05 15:46:04'),
(114,'product',20,1,NULL,'2022-07-05 15:44:44','2022-07-05 15:46:04'),
(115,'product',21,1,NULL,'2022-07-05 15:44:45','2022-07-05 15:46:04'),
(116,'product',7,1,NULL,'2022-07-05 15:44:46','2022-07-05 15:46:04'),
(117,'product',11,1,NULL,'2022-07-05 15:44:47','2022-07-05 15:46:04'),
(118,'product',22,1,NULL,'2022-07-05 15:44:57','2022-07-05 15:46:04'),
(119,'product',23,1,NULL,'2022-07-05 15:44:58','2022-07-05 15:46:04'),
(120,'product',24,1,NULL,'2022-07-05 15:44:59','2022-07-05 15:46:04'),
(121,'product',25,1,NULL,'2022-07-05 15:45:00','2022-07-05 15:46:04'),
(122,'product',26,1,NULL,'2022-07-05 15:45:01','2022-07-05 15:46:04'),
(123,'product',27,1,NULL,'2022-07-05 15:45:02','2022-07-05 15:46:04'),
(124,'product',28,1,NULL,'2022-07-05 15:45:10','2022-07-05 15:46:04'),
(125,'product',28,1,NULL,'2022-07-05 15:45:12','2022-07-05 15:46:04'),
(126,'product',28,1,NULL,'2022-07-05 15:45:13','2022-07-05 15:46:04'),
(127,'product',7,1,NULL,'2022-07-05 15:45:15','2022-07-05 15:46:04'),
(128,'product',19,1,NULL,'2022-07-05 15:45:17','2022-07-05 15:46:04'),
(129,'product',50,1,NULL,'2022-07-05 15:45:29','2022-07-05 15:46:04'),
(130,'product',23,1,NULL,'2022-07-05 15:45:31','2022-07-05 15:46:04'),
(131,'product',50,1,NULL,'2022-07-05 15:45:34','2022-07-05 15:46:04'),
(132,'product',7,1,NULL,'2022-07-05 15:59:32','2022-07-05 15:59:37'),
(133,'product',52,412,'::1','2022-07-13 14:24:51',NULL),
(134,'product',50,412,'::1','2022-07-13 14:26:24',NULL),
(135,'product',45,412,'::1','2022-07-13 22:19:50',NULL),
(136,'product',36,412,'::1','2022-07-13 23:21:23',NULL),
(137,'product',52,0,'192.168.1.101','2022-07-14 01:06:36',NULL),
(138,'product',52,412,'::1','2022-07-14 15:44:07',NULL),
(139,'product',28,412,'::1','2022-07-14 22:50:42',NULL),
(140,'product',50,412,'::1','2022-07-14 22:57:19',NULL),
(141,'product',22,412,'::1','2022-07-15 21:44:21',NULL),
(142,'product',52,412,'::1','2022-07-15 22:45:30',NULL),
(143,'product',45,0,'::1','2022-07-18 17:20:37',NULL),
(144,'product',52,0,'::1','2022-07-18 17:21:15',NULL),
(145,'product',52,0,'::1','2022-07-19 22:43:35',NULL),
(146,'product',39,412,'::1','2022-07-20 14:04:14',NULL),
(147,'product',35,412,'::1','2022-07-20 14:04:36',NULL),
(148,'product',47,412,'::1','2022-07-20 19:22:48',NULL),
(149,'product',52,412,'::1','2022-07-20 23:13:18',NULL),
(150,'product',36,412,'::1','2022-07-21 01:15:41',NULL),
(151,'product',52,412,'::1','2022-07-23 15:47:39',NULL),
(152,'product',47,412,'::1','2022-07-23 23:49:01',NULL),
(153,'product',33,412,'::1','2022-07-24 22:54:16',NULL),
(154,'product',52,412,'::1','2022-07-25 00:45:06',NULL),
(155,'product',52,412,'::1','2022-07-28 22:34:58',NULL),
(156,'product',39,412,'::1','2022-07-29 22:36:00',NULL),
(157,'product',52,412,'::1','2022-07-29 22:38:06',NULL),
(158,'product',24,0,'::1','2022-07-30 00:56:36',NULL),
(159,'product',45,0,'::1','2022-07-30 00:58:03',NULL),
(160,'product',28,412,'::1','2022-07-31 00:19:15',NULL),
(161,'product',27,412,'::1','2022-07-31 01:00:24',NULL),
(162,'product',52,412,'::1','2022-07-31 18:17:00',NULL),
(163,'product',52,0,'192.168.1.101','2022-07-31 18:24:06',NULL),
(164,'product',28,412,'::1','2022-08-01 14:56:25',NULL),
(165,'product',52,0,'192.168.1.101','2022-08-02 17:36:41',NULL),
(166,'product',52,0,'::1','2022-08-02 23:07:12',NULL),
(167,'product',39,412,'::1','2022-08-03 19:04:00',NULL),
(168,'product',52,412,'::1','2022-08-09 22:06:01',NULL),
(169,'product',52,412,'::1','2022-08-13 22:31:59',NULL),
(170,'product',52,412,'::1','2022-08-15 16:48:36',NULL),
(171,'product',52,412,'::1','2022-08-18 16:31:34',NULL),
(172,'product',52,412,'::1','2022-08-20 22:03:34',NULL),
(173,'product',52,412,'::1','2022-08-22 15:25:55',NULL),
(174,'product',12,412,'::1','2022-08-22 15:26:05',NULL),
(175,'product',25,412,'::1','2022-08-22 15:54:32',NULL),
(176,'product',36,412,'::1','2022-08-23 12:12:31',NULL),
(177,'product',34,412,'::1','2022-08-23 12:12:42',NULL),
(178,'product',24,412,'::1','2022-08-23 13:51:21',NULL),
(179,'product',39,412,'::1','2022-08-23 13:57:50',NULL),
(180,'product',47,412,'::1','2022-08-23 15:08:09',NULL),
(181,'product',18,412,'::1','2022-08-23 15:20:14',NULL),
(182,'product',52,412,'::1','2022-08-23 16:46:24',NULL),
(183,'product',28,412,'::1','2022-08-23 16:46:29',NULL),
(184,'product',11,412,'::1','2022-08-23 16:46:38',NULL),
(185,'product',52,412,'::1','2022-08-24 17:06:08',NULL),
(186,'product',28,412,'::1','2022-08-24 17:10:42',NULL),
(187,'product',12,412,'::1','2022-08-24 18:07:29',NULL),
(188,'product',11,412,'::1','2022-08-24 18:14:02',NULL),
(189,'product',50,412,'::1','2022-08-24 18:16:10',NULL),
(190,'product',52,412,'::1','2022-08-26 20:39:59',NULL),
(191,'product',50,412,'::1','2022-08-27 01:51:28',NULL),
(192,'product',47,412,'::1','2022-08-27 02:05:54',NULL),
(193,'product',12,412,'::1','2022-08-27 21:56:30',NULL),
(194,'product',11,412,'::1','2022-08-27 21:58:48',NULL),
(195,'product',47,412,'::1','2022-08-28 13:20:31',NULL),
(196,'product',52,412,'::1','2022-08-28 14:19:51',NULL),
(197,'product',52,0,'::1','2022-08-29 14:21:00',NULL),
(198,'product',12,412,'::1','2022-08-29 16:53:44',NULL),
(199,'product',7,412,'::1','2022-08-29 16:54:02',NULL),
(200,'product',52,412,'::1','2022-08-31 14:12:18',NULL),
(201,'product',52,412,'::1','2022-09-06 15:25:33',NULL),
(202,'product',22,412,'::1','2022-09-06 22:00:26',NULL),
(203,'product',21,412,'::1','2022-09-06 22:00:31',NULL),
(204,'product',24,412,'::1','2022-09-06 22:00:35',NULL),
(205,'product',47,412,'::1','2022-09-06 22:00:40',NULL),
(206,'product',20,412,'::1','2022-09-06 22:00:45',NULL),
(207,'product',25,412,'::1','2022-09-06 22:00:49',NULL),
(208,'product',33,412,'::1','2022-09-06 22:01:25',NULL),
(209,'product',31,412,'::1','2022-09-06 22:01:30',NULL),
(210,'product',29,412,'::1','2022-09-06 22:01:39',NULL),
(211,'product',27,412,'::1','2022-09-06 22:01:45',NULL),
(212,'product',23,412,'::1','2022-09-06 22:01:51',NULL),
(213,'product',19,412,'::1','2022-09-06 22:02:00',NULL),
(214,'product',52,0,'::1','2022-09-07 15:25:38',NULL),
(215,'product',52,412,'::1','2022-09-14 22:18:32',NULL),
(216,'product',52,0,'::1','2022-09-17 10:43:34',NULL),
(217,'product',24,0,'::1','2022-09-19 12:37:46',NULL),
(218,'product',52,0,'::1','2022-09-19 12:37:55',NULL),
(219,'product',52,412,'::1','2022-09-26 11:19:55',NULL),
(220,'product',52,0,'::1','2022-09-27 12:36:02',NULL),
(221,'product',28,0,'::1','2022-09-27 12:36:12',NULL),
(222,'product',52,412,'::1','2022-10-02 15:15:04',NULL),
(223,'product',52,412,'::1','2022-10-03 20:51:36',NULL),
(224,'product',52,412,'::1','2022-10-05 21:19:28',NULL),
(225,'product',22,0,'::1','2022-10-06 12:47:53',NULL),
(226,'product',36,412,'::1','2022-10-12 14:12:17',NULL),
(227,'product',47,412,'::1','2022-10-22 15:43:44',NULL),
(228,'product',52,459,'192.168.1.102','2023-04-08 16:32:46',NULL),
(229,'product',32,0,'216.244.66.241','2023-04-09 06:55:15',NULL),
(230,'product',52,461,'93.118.148.56','2023-04-09 23:40:12',NULL),
(231,'product',32,461,'93.118.148.56','2023-04-09 23:40:17',NULL),
(232,'product',32,0,'216.244.66.241','2023-04-10 08:39:47',NULL),
(233,'post',57,0,'185.38.142.58','2023-04-10 22:02:10',NULL),
(234,'post',57,0,'16.171.0.1','2023-04-12 17:33:17',NULL),
(235,'post',48,0,'16.171.0.1','2023-04-12 17:33:17',NULL),
(236,'post',69,0,'16.171.0.1','2023-04-12 17:33:17',NULL),
(237,'product',52,412,'::1','2023-05-06 04:05:51',NULL),
(238,'product',56,0,'185.191.171.15','2023-05-11 16:22:59',NULL),
(239,'product',34,0,'198.105.108.41','2023-05-11 19:34:17',NULL),
(240,'post',57,0,'198.105.108.41','2023-05-11 19:34:17',NULL),
(241,'post',69,0,'198.105.108.41','2023-05-11 19:34:18',NULL),
(242,'product',45,0,'198.105.108.41','2023-05-11 19:34:18',NULL),
(243,'post',48,0,'198.105.108.41','2023-05-11 19:34:18',NULL),
(244,'product',32,0,'198.105.108.41','2023-05-11 19:34:18',NULL),
(245,'product',39,0,'198.105.108.41','2023-05-11 19:34:18',NULL),
(246,'product',56,0,'198.105.108.41','2023-05-11 19:34:19',NULL),
(247,'product',52,0,'198.105.108.41','2023-05-11 19:34:19',NULL),
(248,'product',52,0,'46.101.80.192','2023-05-11 21:26:58',NULL),
(249,'product',56,0,'185.191.171.22','2023-05-12 09:29:13',NULL),
(250,'product',34,0,'51.222.253.8','2023-05-12 10:58:53',NULL),
(251,'product',39,0,'161.97.149.89','2023-05-12 12:59:21',NULL),
(252,'product',45,0,'161.97.149.89','2023-05-12 12:59:23',NULL),
(253,'product',56,0,'161.97.149.89','2023-05-12 12:59:25',NULL),
(254,'product',56,0,'185.191.171.6','2023-05-13 10:26:06',NULL),
(255,'product',56,0,'185.191.171.42','2023-05-13 10:26:09',NULL),
(256,'product',32,0,'149.202.87.160','2023-05-13 10:44:15',NULL),
(257,'product',34,0,'149.202.87.160','2023-05-13 10:44:22',NULL),
(258,'product',52,0,'149.202.87.160','2023-05-13 10:44:34',NULL),
(259,'product',39,0,'173.208.206.50','2023-05-13 13:33:06',NULL),
(260,'product',45,0,'173.208.206.50','2023-05-13 13:33:08',NULL),
(261,'product',56,0,'173.208.206.50','2023-05-13 13:33:10',NULL),
(262,'product',32,0,'54.36.148.133','2023-05-15 12:18:00',NULL),
(263,'post',48,0,'54.36.149.81','2023-05-15 13:27:19',NULL),
(264,'post',48,0,'54.36.148.255','2023-05-15 13:28:07',NULL),
(265,'product',52,0,'54.36.148.217','2023-05-15 14:37:39',NULL),
(266,'product',52,0,'54.36.148.121','2023-05-15 14:38:43',NULL),
(267,'product',39,0,'54.36.149.84','2023-05-15 15:38:47',NULL),
(268,'post',57,0,'54.36.149.29','2023-05-15 16:08:29',NULL),
(269,'product',34,0,'54.36.149.89','2023-05-15 18:35:28',NULL),
(270,'product',45,0,'54.36.148.186','2023-05-15 19:00:25',NULL),
(271,'post',69,0,'54.36.148.96','2023-05-15 20:13:18',NULL),
(272,'product',39,0,'54.36.148.66','2023-05-16 01:52:18',NULL),
(273,'product',39,0,'54.36.148.227','2023-05-16 01:55:24',NULL),
(274,'post',48,0,'149.56.150.11','2023-05-16 02:10:59',NULL),
(275,'product',56,0,'54.36.148.110','2023-05-16 03:08:25',NULL),
(276,'product',45,0,'54.36.148.111','2023-05-16 04:07:13',NULL),
(277,'product',45,0,'54.36.149.75','2023-05-16 04:07:21',NULL),
(278,'product',32,0,'135.181.74.243','2023-05-16 11:19:46',NULL),
(279,'product',34,0,'135.181.74.243','2023-05-16 11:19:53',NULL),
(280,'product',52,0,'135.181.74.243','2023-05-16 11:20:00',NULL),
(281,'product',39,0,'37.187.73.123','2023-05-16 13:46:06',NULL),
(282,'product',45,0,'37.187.73.123','2023-05-16 13:46:13',NULL),
(283,'product',56,0,'37.187.73.123','2023-05-16 13:46:18',NULL),
(284,'product',56,0,'54.36.148.206','2023-05-16 15:56:53',NULL),
(285,'post',69,0,'54.36.148.76','2023-05-16 16:48:25',NULL),
(286,'post',69,0,'54.36.149.105','2023-05-16 16:48:33',NULL),
(287,'post',48,0,'54.36.148.241','2023-05-16 21:38:45',NULL),
(288,'product',56,0,'110.239.215.135','2023-05-17 11:16:51',NULL),
(289,'product',32,0,'110.239.215.135','2023-05-17 11:16:51',NULL),
(290,'post',48,0,'110.239.215.135','2023-05-17 11:16:51',NULL),
(291,'post',57,0,'110.239.215.135','2023-05-17 11:16:51',NULL),
(292,'post',69,0,'110.239.215.135','2023-05-17 11:16:51',NULL),
(293,'product',39,0,'110.239.215.135','2023-05-17 11:16:51',NULL),
(294,'product',34,0,'110.239.215.135','2023-05-17 11:16:51',NULL),
(295,'product',52,0,'110.239.215.135','2023-05-17 11:16:51',NULL),
(296,'product',45,0,'110.239.215.135','2023-05-17 11:16:51',NULL),
(297,'product',39,0,'212.227.216.69','2023-05-17 14:02:18',NULL),
(298,'post',69,0,'212.227.216.69','2023-05-17 14:02:21',NULL),
(299,'product',32,0,'212.227.216.117','2023-05-17 14:02:25',NULL),
(300,'post',48,0,'212.227.216.53','2023-05-17 14:02:29',NULL),
(301,'product',56,0,'212.227.216.37','2023-05-17 14:02:30',NULL),
(302,'product',34,0,'212.227.216.101','2023-05-17 14:02:31',NULL),
(303,'post',57,0,'212.227.216.37','2023-05-17 14:02:32',NULL),
(304,'product',45,0,'212.227.216.21','2023-05-17 14:02:35',NULL),
(305,'post',57,0,'54.36.148.0','2023-05-17 15:40:02',NULL),
(306,'product',32,0,'54.36.149.87','2023-05-17 20:57:35',NULL),
(307,'product',32,0,'54.36.148.47','2023-05-17 21:09:58',NULL),
(308,'product',32,0,'54.36.148.140','2023-05-17 21:21:08',NULL),
(309,'product',32,0,'54.36.148.220','2023-05-17 21:30:44',NULL),
(310,'product',34,0,'54.36.148.154','2023-05-17 22:41:43',NULL),
(311,'product',34,0,'54.36.148.108','2023-05-17 22:41:54',NULL),
(312,'post',69,0,'168.151.119.73','2023-05-17 23:47:45',NULL),
(313,'product',45,0,'168.151.119.73','2023-05-17 23:47:45',NULL),
(314,'product',32,0,'168.151.119.73','2023-05-17 23:47:45',NULL),
(315,'post',57,0,'168.151.119.73','2023-05-17 23:47:45',NULL),
(316,'product',56,0,'168.151.119.73','2023-05-17 23:47:45',NULL),
(317,'product',52,0,'168.151.119.73','2023-05-17 23:47:45',NULL),
(318,'product',34,0,'168.151.119.73','2023-05-17 23:47:47',NULL),
(319,'product',39,0,'168.151.119.73','2023-05-17 23:47:47',NULL),
(320,'product',34,0,'54.36.148.175','2023-05-18 00:06:23',NULL),
(321,'product',34,0,'54.36.148.5','2023-05-18 00:39:40',NULL),
(322,'product',34,0,'54.36.148.106','2023-05-18 00:55:07',NULL),
(323,'product',32,0,'54.36.148.222','2023-05-18 01:10:02',NULL),
(324,'product',34,0,'54.36.149.87','2023-05-18 01:58:48',NULL),
(325,'product',39,0,'149.202.87.37','2023-05-18 14:01:26',NULL),
(326,'product',45,0,'149.202.87.37','2023-05-18 14:01:29',NULL),
(327,'product',56,0,'149.202.87.37','2023-05-18 14:01:35',NULL),
(328,'post',48,0,'5.116.5.26','2023-05-19 02:59:30',NULL),
(329,'post',57,0,'5.117.189.80','2023-05-19 04:13:12',NULL),
(330,'post',69,0,'5.116.229.38','2023-05-19 05:29:49',NULL),
(331,'product',32,0,'164.132.201.51','2023-05-19 11:20:56',NULL),
(332,'product',34,0,'164.132.201.51','2023-05-19 11:21:01',NULL),
(333,'product',52,0,'164.132.201.51','2023-05-19 11:21:06',NULL),
(334,'product',39,0,'149.202.87.176','2023-05-19 15:01:35',NULL),
(335,'product',45,0,'149.202.87.176','2023-05-19 15:01:39',NULL),
(336,'product',56,0,'149.202.87.176','2023-05-19 15:01:44',NULL),
(337,'product',39,0,'5.116.81.167','2023-05-19 19:44:56',NULL),
(338,'product',52,0,'5.115.218.163','2023-05-19 23:07:32',NULL),
(339,'product',32,0,'5.115.172.84','2023-05-20 02:46:40',NULL),
(340,'product',34,0,'5.117.120.71','2023-05-20 06:40:42',NULL),
(341,'product',45,0,'5.117.142.195','2023-05-20 10:49:33',NULL),
(342,'product',56,0,'5.117.168.154','2023-05-20 15:09:47',NULL),
(343,'product',32,0,'40.77.167.233','2023-05-21 05:31:51',NULL),
(344,'post',69,0,'185.191.171.8','2023-05-21 16:25:43',NULL),
(345,'product',32,0,'164.132.201.56','2023-05-22 12:50:17',NULL),
(346,'product',34,0,'164.132.201.56','2023-05-22 12:50:21',NULL),
(347,'product',52,0,'164.132.201.56','2023-05-22 12:50:30',NULL),
(348,'product',39,0,'65.108.78.33','2023-05-22 18:40:19',NULL),
(349,'product',45,0,'65.108.78.33','2023-05-22 18:41:40',NULL),
(350,'product',56,0,'65.108.78.33','2023-05-22 18:42:27',NULL),
(351,'product',56,0,'135.181.213.219','2023-05-22 23:56:52',NULL),
(352,'product',52,0,'46.246.41.173','2023-05-23 11:43:29',NULL),
(353,'post',57,0,'54.36.148.173','2023-05-24 02:02:23',NULL),
(354,'post',57,0,'54.36.148.53','2023-05-24 02:03:31',NULL),
(355,'product',52,0,'54.36.148.121','2023-05-24 02:17:47',NULL),
(356,'product',52,0,'54.36.148.116','2023-05-24 02:18:30',NULL),
(357,'product',45,0,'54.36.148.106','2023-05-24 06:28:24',NULL),
(358,'post',69,0,'54.36.148.50','2023-05-24 08:19:46',NULL),
(359,'product',34,0,'54.36.149.53','2023-05-24 08:33:58',NULL),
(360,'product',39,0,'54.36.148.48','2023-05-24 09:02:17',NULL),
(361,'product',34,0,'185.191.171.42','2023-05-24 11:03:51',NULL),
(362,'product',39,0,'54.36.148.61','2023-05-24 11:23:25',NULL),
(363,'product',39,0,'54.36.148.134','2023-05-24 11:23:28',NULL),
(364,'product',56,0,'54.36.149.11','2023-05-24 14:22:43',NULL),
(365,'product',39,0,'54.36.149.83','2023-05-24 15:19:33',NULL),
(366,'product',39,0,'54.36.148.158','2023-05-24 15:26:28',NULL),
(367,'product',39,0,'54.36.148.100','2023-05-24 15:32:23',NULL),
(368,'product',39,0,'54.36.148.8','2023-05-24 15:38:51',NULL),
(369,'product',45,0,'54.36.148.226','2023-05-24 15:45:46',NULL),
(370,'product',45,0,'54.36.149.48','2023-05-24 15:45:49',NULL),
(371,'product',45,0,'54.36.149.73','2023-05-24 15:52:24',NULL),
(372,'product',45,0,'54.36.148.164','2023-05-24 15:58:49',NULL),
(373,'product',45,0,'54.36.149.11','2023-05-24 16:05:38',NULL),
(374,'product',45,0,'54.36.148.108','2023-05-24 16:31:43',NULL),
(375,'post',48,0,'54.36.149.41','2023-05-24 20:53:53',NULL),
(376,'post',48,0,'54.36.149.39','2023-05-24 20:54:00',NULL),
(377,'product',32,0,'54.36.149.17','2023-05-24 21:25:39',NULL),
(378,'product',32,0,'54.36.148.48','2023-05-24 21:25:55',NULL),
(379,'product',56,0,'54.36.149.71','2023-05-24 21:56:12',NULL),
(380,'product',56,0,'54.36.148.214','2023-05-24 21:56:15',NULL),
(381,'product',56,0,'54.36.149.89','2023-05-24 22:10:23',NULL),
(382,'product',56,0,'54.36.148.241','2023-05-24 22:18:37',NULL),
(383,'product',56,0,'54.36.149.14','2023-05-24 22:33:46',NULL),
(384,'product',56,0,'54.36.148.113','2023-05-24 22:48:43',NULL),
(385,'product',52,412,'212.237.219.136','2023-05-24 23:06:55',NULL),
(386,'product',56,0,'54.36.148.194','2023-05-25 00:17:52',NULL),
(387,'product',56,0,'54.36.148.124','2023-05-25 00:25:04',NULL),
(388,'post',69,0,'54.36.148.126','2023-05-25 00:44:52',NULL),
(389,'product',56,0,'54.36.148.1','2023-05-25 01:09:40',NULL),
(390,'product',56,0,'54.36.148.188','2023-05-25 01:15:48',NULL),
(391,'product',56,0,'54.36.148.236','2023-05-25 01:22:17',NULL),
(392,'product',45,0,'54.36.148.197','2023-05-25 01:35:46',NULL),
(393,'product',39,0,'54.36.149.48','2023-05-25 01:50:22',NULL),
(394,'product',39,0,'54.36.148.56','2023-05-25 01:57:37',NULL),
(395,'product',45,0,'54.36.148.233','2023-05-25 02:04:43',NULL),
(396,'product',39,0,'54.36.148.189','2023-05-25 02:10:53',NULL),
(397,'product',39,0,'54.36.149.104','2023-05-25 02:18:49',NULL),
(398,'product',39,0,'54.36.148.20','2023-05-25 02:18:52',NULL),
(399,'product',39,0,'54.36.149.95','2023-05-25 02:25:38',NULL),
(400,'product',45,0,'54.36.148.39','2023-05-25 02:32:41',NULL),
(401,'product',45,0,'54.36.149.86','2023-05-25 02:39:33',NULL),
(402,'post',57,0,'52.167.144.44','2023-05-25 02:41:56',NULL),
(403,'product',45,0,'54.36.148.241','2023-05-25 02:46:53',NULL),
(404,'post',48,0,'54.36.148.176','2023-05-25 02:54:06',NULL),
(405,'post',48,0,'54.36.148.18','2023-05-25 02:54:26',NULL),
(406,'product',32,0,'54.36.149.72','2023-05-25 04:59:53',NULL),
(407,'post',57,0,'54.36.148.7','2023-05-25 06:07:26',NULL),
(408,'product',32,0,'54.36.149.15','2023-05-25 07:29:19',NULL),
(409,'product',32,0,'54.36.148.232','2023-05-25 07:36:18',NULL),
(410,'product',32,0,'54.36.148.199','2023-05-25 07:43:47',NULL),
(411,'product',32,0,'54.36.149.98','2023-05-25 07:51:05',NULL),
(412,'product',34,0,'54.36.149.106','2023-05-25 10:42:45',NULL),
(413,'product',34,0,'54.36.148.80','2023-05-25 10:42:49',NULL),
(414,'product',34,0,'54.36.148.47','2023-05-25 11:05:44',NULL),
(415,'product',56,0,'52.167.144.44','2023-05-25 11:37:56',NULL),
(416,'product',34,0,'54.36.149.2','2023-05-25 11:44:43',NULL),
(417,'product',34,0,'54.36.148.189','2023-05-25 12:13:49',NULL),
(418,'product',34,0,'54.36.148.255','2023-05-25 13:12:51',NULL),
(419,'product',32,0,'217.182.134.134','2023-05-25 14:18:01',NULL),
(420,'product',34,0,'217.182.134.134','2023-05-25 14:18:07',NULL),
(421,'product',52,0,'217.182.134.134','2023-05-25 14:18:16',NULL),
(422,'product',39,0,'167.114.116.38','2023-05-25 18:36:43',NULL),
(423,'product',45,0,'167.114.116.38','2023-05-25 18:36:45',NULL),
(424,'product',56,0,'167.114.116.38','2023-05-25 18:36:48',NULL),
(425,'product',32,0,'185.191.171.12','2023-05-26 20:51:18',NULL),
(426,'post',48,0,'185.191.171.14','2023-05-26 21:07:48',NULL),
(427,'post',69,0,'52.167.144.44','2023-05-27 17:42:14',NULL),
(428,'product',32,0,'94.23.7.188','2023-05-28 20:03:12',NULL),
(429,'product',34,0,'94.23.7.188','2023-05-28 20:03:15',NULL),
(430,'product',52,0,'94.23.7.188','2023-05-28 20:03:18',NULL),
(431,'product',39,0,'94.23.209.55','2023-05-28 22:08:04',NULL),
(432,'product',45,0,'94.23.209.55','2023-05-28 22:08:07',NULL),
(433,'product',56,0,'94.23.209.55','2023-05-28 22:08:11',NULL),
(434,'product',32,0,'54.36.149.100','2023-05-28 22:32:28',NULL),
(435,'product',34,0,'40.77.167.208','2023-05-29 01:15:40',NULL),
(436,'product',52,0,'54.36.148.187','2023-05-29 02:00:34',NULL),
(437,'product',52,0,'54.36.148.106','2023-05-29 02:01:15',NULL),
(438,'product',32,0,'52.167.144.25','2023-05-29 09:22:23',NULL),
(439,'post',57,0,'185.191.171.43','2023-05-29 14:03:11',NULL),
(440,'product',52,0,'80.191.60.132','2023-05-29 15:57:03',NULL),
(441,'product',32,412,'93.118.148.56','2023-05-29 16:15:58',NULL),
(442,'post',48,0,'54.36.149.22','2023-05-29 16:22:55',NULL),
(443,'post',57,0,'54.36.149.92','2023-05-29 18:27:01',NULL),
(444,'post',57,0,'54.36.148.132','2023-05-29 18:27:53',NULL),
(445,'product',52,412,'81.12.122.74','2023-05-29 22:42:48',NULL),
(446,'product',34,0,'54.36.148.65','2023-05-30 00:39:35',NULL),
(447,'product',34,0,'54.36.148.34','2023-05-30 00:39:39',NULL),
(448,'post',69,0,'54.36.148.175','2023-05-30 06:29:59',NULL),
(449,'product',39,0,'135.181.213.219','2023-05-30 20:12:53',NULL),
(450,'product',45,0,'135.181.213.219','2023-05-30 20:12:55',NULL),
(451,'product',56,0,'135.181.213.219','2023-05-30 20:12:57',NULL),
(452,'product',52,0,'40.77.167.241','2023-05-31 09:37:49',NULL),
(453,'post',57,0,'54.36.148.56','2023-05-31 11:46:14',NULL),
(454,'post',57,0,'54.36.148.76','2023-05-31 11:47:24',NULL),
(455,'post',57,0,'37.19.197.179','2023-05-31 12:38:05',NULL),
(456,'post',48,0,'37.19.197.179','2023-05-31 12:38:16',NULL),
(457,'post',69,0,'37.19.197.179','2023-05-31 12:38:20',NULL),
(458,'product',34,0,'54.36.148.176','2023-05-31 15:44:53',NULL),
(459,'product',32,0,'188.165.232.135','2023-05-31 17:30:13',NULL),
(460,'product',34,0,'188.165.232.135','2023-05-31 17:30:16',NULL),
(461,'product',52,0,'188.165.232.135','2023-05-31 17:30:19',NULL),
(462,'post',69,0,'54.36.148.240','2023-05-31 18:09:37',NULL),
(463,'product',45,0,'54.36.148.39','2023-05-31 18:27:51',NULL),
(464,'product',39,0,'54.36.149.19','2023-05-31 18:46:16',NULL),
(465,'product',39,0,'54.36.148.148','2023-05-31 18:46:19',NULL),
(466,'product',52,0,'54.36.148.125','2023-05-31 20:54:38',NULL),
(467,'product',52,0,'54.36.149.34','2023-05-31 20:54:46',NULL),
(468,'product',39,0,'217.182.175.125','2023-05-31 22:15:33',NULL),
(469,'product',45,0,'217.182.175.125','2023-05-31 22:15:36',NULL),
(470,'product',56,0,'217.182.175.125','2023-05-31 22:15:38',NULL),
(471,'product',56,0,'54.36.149.90','2023-06-01 04:31:41',NULL),
(472,'product',32,0,'54.36.149.88','2023-06-01 04:54:15',NULL),
(473,'product',32,0,'54.36.148.13','2023-06-01 04:54:25',NULL),
(474,'product',39,0,'54.36.149.101','2023-06-03 04:18:18',NULL),
(475,'product',39,0,'54.36.148.3','2023-06-03 04:18:20',NULL),
(476,'product',45,0,'54.36.148.244','2023-06-03 11:57:15',NULL),
(477,'product',45,0,'54.36.148.36','2023-06-03 11:57:19',NULL),
(478,'post',69,0,'40.77.167.175','2023-06-03 15:33:53',NULL),
(479,'product',32,0,'65.108.128.54','2023-06-03 19:00:20',NULL),
(480,'product',34,0,'65.108.128.54','2023-06-03 19:00:22',NULL),
(481,'product',52,0,'65.108.128.54','2023-06-03 19:00:24',NULL),
(482,'product',39,0,'135.181.180.59','2023-06-03 22:40:41',NULL),
(483,'product',45,0,'135.181.180.59','2023-06-03 22:40:43',NULL),
(484,'product',56,0,'135.181.180.59','2023-06-03 22:40:45',NULL),
(485,'product',34,0,'52.167.144.46','2023-06-04 01:17:48',NULL),
(486,'product',56,0,'54.36.148.3','2023-06-04 01:21:17',NULL),
(487,'product',56,0,'54.36.149.57','2023-06-04 01:21:21',NULL),
(488,'product',45,0,'40.77.167.241','2023-06-04 05:57:58',NULL),
(489,'product',39,0,'40.77.167.208','2023-06-06 06:49:33',NULL),
(490,'product',32,0,'158.69.23.160','2023-06-07 00:52:07',NULL),
(491,'product',34,0,'158.69.23.160','2023-06-07 00:52:09',NULL),
(492,'product',52,0,'158.69.23.160','2023-06-07 00:52:12',NULL),
(493,'product',39,0,'135.181.79.106','2023-06-07 01:12:12',NULL),
(494,'product',45,0,'135.181.79.106','2023-06-07 01:13:34',NULL),
(495,'product',56,0,'135.181.79.106','2023-06-07 01:14:56',NULL),
(496,'product',45,0,'40.77.167.237','2023-06-07 06:57:15',NULL),
(497,'product',39,0,'40.77.167.175','2023-06-08 04:46:13',NULL),
(498,'product',34,0,'51.222.253.5','2023-06-08 05:30:47',NULL),
(499,'product',34,0,'51.222.253.1','2023-06-08 05:30:57',NULL),
(500,'product',39,0,'51.222.253.8','2023-06-08 07:09:52',NULL),
(501,'product',39,0,'51.222.253.1','2023-06-08 07:09:58',NULL),
(502,'product',52,0,'51.222.253.6','2023-06-08 08:51:22',NULL),
(503,'post',57,0,'51.222.253.18','2023-06-08 09:02:39',NULL),
(504,'post',57,0,'51.222.253.11','2023-06-08 09:02:53',NULL),
(505,'post',69,0,'51.222.253.6','2023-06-08 09:43:34',NULL),
(506,'product',45,0,'51.222.253.20','2023-06-08 09:58:36',NULL),
(507,'post',48,0,'40.77.167.175','2023-06-08 14:09:46',NULL),
(508,'product',56,0,'51.222.253.6','2023-06-08 17:08:21',NULL),
(509,'product',32,0,'51.222.253.18','2023-06-08 19:18:07',NULL),
(510,'product',32,0,'51.222.253.5','2023-06-08 19:18:11',NULL),
(511,'product',39,0,'65.108.128.54','2023-06-09 00:56:58',NULL),
(512,'product',45,0,'65.108.128.54','2023-06-09 00:57:01',NULL),
(513,'product',56,0,'65.108.128.54','2023-06-09 00:57:03',NULL),
(514,'product',39,0,'164.132.201.78','2023-06-10 00:15:52',NULL),
(515,'product',45,0,'164.132.201.78','2023-06-10 00:15:59',NULL),
(516,'product',56,0,'164.132.201.78','2023-06-10 00:16:05',NULL),
(517,'product',32,0,'52.167.144.152','2023-06-10 00:54:45',NULL),
(518,'post',48,0,'18.205.38.252','2023-06-10 13:13:03',NULL),
(519,'post',57,0,'18.205.38.252','2023-06-10 13:13:04',NULL),
(520,'post',69,0,'18.205.38.252','2023-06-10 13:13:05',NULL),
(521,'post',69,0,'54.36.149.15','2023-06-11 04:25:40',NULL),
(522,'post',69,0,'54.36.148.139','2023-06-11 04:25:42',NULL),
(523,'post',57,0,'212.227.216.110','2023-06-11 10:03:49',NULL),
(524,'post',69,0,'212.227.216.78','2023-06-11 10:03:59',NULL),
(525,'product',32,0,'212.227.216.46','2023-06-11 10:03:59',NULL),
(526,'product',39,0,'212.227.216.94','2023-06-11 10:04:05',NULL),
(527,'post',48,0,'212.227.216.14','2023-06-11 10:04:05',NULL),
(528,'product',34,0,'212.227.216.94','2023-06-11 10:04:06',NULL),
(529,'product',56,0,'212.227.216.30','2023-06-11 10:04:06',NULL),
(530,'product',45,0,'212.227.216.14','2023-06-11 10:04:12',NULL),
(531,'product',32,0,'149.202.87.37','2023-06-11 20:27:25',NULL),
(532,'product',34,0,'149.202.87.37','2023-06-11 20:27:30',NULL),
(533,'product',52,0,'149.202.87.37','2023-06-11 20:27:35',NULL),
(534,'post',48,0,'51.222.253.7','2023-06-11 23:33:56',NULL),
(535,'product',45,0,'52.167.144.152','2023-06-12 09:53:43',NULL),
(536,'product',32,0,'51.222.253.6','2023-06-12 20:59:26',NULL),
(537,'product',32,0,'51.222.253.8','2023-06-12 20:59:29',NULL),
(538,'product',32,0,'149.202.87.176','2023-06-12 21:52:50',NULL),
(539,'product',34,0,'149.202.87.176','2023-06-12 21:52:58',NULL),
(540,'product',52,0,'149.202.87.176','2023-06-12 21:53:07',NULL),
(541,'product',32,0,'51.222.253.13','2023-06-12 21:57:42',NULL),
(542,'product',32,0,'51.222.253.15','2023-06-12 23:28:18',NULL),
(543,'product',34,0,'51.222.253.3','2023-06-13 00:51:19',NULL),
(544,'product',34,0,'51.222.253.10','2023-06-13 00:51:22',NULL),
(545,'product',32,0,'51.222.253.2','2023-06-13 01:02:31',NULL),
(546,'product',39,0,'193.70.81.99','2023-06-13 01:43:42',NULL),
(547,'product',45,0,'193.70.81.99','2023-06-13 01:43:45',NULL),
(548,'product',56,0,'193.70.81.99','2023-06-13 01:43:48',NULL),
(549,'product',34,0,'51.222.253.4','2023-06-13 02:26:06',NULL),
(550,'product',34,0,'51.222.253.17','2023-06-13 04:11:49',NULL),
(551,'post',57,0,'51.222.253.16','2023-06-13 10:44:16',NULL),
(552,'post',48,0,'104.167.221.206','2023-06-13 11:58:35',NULL),
(553,'product',34,0,'51.222.253.12','2023-06-13 20:23:49',NULL),
(554,'product',56,0,'185.191.171.37','2023-06-14 04:58:37',NULL),
(555,'product',45,0,'52.167.144.36','2023-06-14 15:08:34',NULL),
(556,'product',34,0,'54.36.149.90','2023-06-15 13:24:03',NULL),
(557,'post',48,412,'93.118.148.56','2023-06-15 16:23:26',NULL),
(558,'product',32,0,'51.222.253.9','2023-06-15 18:04:48',NULL),
(559,'post',69,0,'54.36.148.30','2023-06-15 19:38:14',NULL),
(560,'post',48,0,'149.56.150.2','2023-06-16 07:01:30',NULL),
(561,'product',34,0,'51.222.253.11','2023-06-16 15:46:51',NULL),
(562,'product',34,0,'51.222.253.19','2023-06-16 15:46:57',NULL),
(563,'product',32,0,'54.36.148.242','2023-06-16 18:42:48',NULL),
(564,'product',32,0,'54.36.149.69','2023-06-16 18:42:53',NULL),
(565,'product',52,0,'51.222.253.5','2023-06-16 19:42:10',NULL),
(566,'product',52,0,'51.222.253.19','2023-06-16 19:42:31',NULL),
(567,'product',56,0,'54.36.149.59','2023-06-16 21:46:55',NULL),
(568,'product',56,0,'54.36.148.139','2023-06-16 21:46:58',NULL),
(569,'post',48,0,'51.222.253.18','2023-06-17 00:28:33',NULL),
(570,'post',57,0,'51.222.253.15','2023-06-17 01:17:45',NULL),
(571,'product',39,0,'52.167.144.96','2023-06-17 02:44:03',NULL),
(572,'product',39,0,'54.36.148.72','2023-06-17 05:48:23',NULL),
(573,'product',39,0,'54.36.148.207','2023-06-17 05:48:25',NULL),
(574,'post',57,0,'54.36.149.2','2023-06-17 08:11:56',NULL),
(575,'post',69,0,'54.36.148.51','2023-06-17 18:55:25',NULL),
(576,'product',32,0,'40.77.167.96','2023-06-18 08:04:07',NULL),
(577,'product',32,0,'40.77.167.255','2023-06-18 08:54:28',NULL),
(578,'product',56,0,'54.36.148.36','2023-06-18 21:39:04',NULL),
(579,'product',56,0,'54.36.148.210','2023-06-18 22:08:49',NULL),
(580,'product',56,0,'54.36.149.75','2023-06-18 22:41:49',NULL),
(581,'product',56,0,'54.36.148.148','2023-06-18 23:23:43',NULL),
(582,'product',56,0,'54.36.148.240','2023-06-18 23:39:32',NULL),
(583,'product',34,0,'40.77.167.241','2023-06-18 23:47:27',NULL),
(584,'post',69,0,'54.36.148.236','2023-06-18 23:54:58',NULL),
(585,'post',69,0,'54.36.148.5','2023-06-18 23:55:01',NULL),
(586,'product',39,0,'54.36.148.53','2023-06-19 00:08:36',NULL),
(587,'product',39,0,'54.36.149.107','2023-06-19 00:23:17',NULL),
(588,'product',56,0,'52.167.144.20','2023-06-19 00:45:17',NULL),
(589,'product',39,0,'54.36.149.25','2023-06-19 00:46:35',NULL),
(590,'product',39,0,'54.36.148.21','2023-06-19 01:03:47',NULL),
(591,'product',39,0,'54.36.148.254','2023-06-19 01:19:49',NULL),
(592,'product',39,0,'65.108.46.72','2023-06-19 03:45:19',NULL),
(593,'product',45,0,'65.108.46.72','2023-06-19 03:45:21',NULL),
(594,'product',56,0,'65.108.46.72','2023-06-19 03:45:23',NULL),
(595,'product',32,0,'40.77.167.197','2023-06-19 05:22:53',NULL),
(596,'product',32,0,'135.181.212.177','2023-06-19 06:40:07',NULL),
(597,'product',34,0,'135.181.212.177','2023-06-19 06:40:09',NULL),
(598,'product',52,0,'135.181.212.177','2023-06-19 06:40:11',NULL),
(599,'product',45,0,'54.36.148.170','2023-06-19 07:22:55',NULL),
(600,'product',45,0,'54.36.148.139','2023-06-19 07:52:01',NULL),
(601,'product',45,0,'54.36.148.237','2023-06-19 08:18:53',NULL),
(602,'product',45,0,'54.36.149.99','2023-06-19 08:55:03',NULL),
(603,'product',39,0,'54.36.148.132','2023-06-19 09:28:27',NULL),
(604,'product',39,0,'54.36.149.97','2023-06-19 09:28:31',NULL),
(605,'product',45,0,'54.36.149.3','2023-06-19 10:31:12',NULL),
(606,'post',57,0,'54.36.149.98','2023-06-19 11:35:12',NULL),
(607,'product',39,0,'54.36.149.31','2023-06-19 11:40:53',NULL),
(608,'product',32,0,'54.36.148.152','2023-06-19 11:57:14',NULL),
(609,'product',32,0,'54.36.149.35','2023-06-19 11:57:16',NULL),
(610,'product',39,0,'54.36.149.81','2023-06-19 12:13:57',NULL),
(611,'product',39,0,'54.36.148.87','2023-06-19 12:30:03',NULL),
(612,'product',39,0,'54.36.148.242','2023-06-19 12:45:15',NULL),
(613,'product',45,0,'54.36.148.53','2023-06-19 13:01:02',NULL),
(614,'product',45,0,'54.36.148.150','2023-06-19 13:01:04',NULL),
(615,'product',45,0,'54.36.148.149','2023-06-19 13:15:15',NULL),
(616,'product',45,0,'54.36.148.11','2023-06-19 13:30:58',NULL),
(617,'product',45,0,'54.36.148.110','2023-06-19 13:50:26',NULL),
(618,'product',56,0,'216.244.66.241','2023-06-19 13:51:29',NULL),
(619,'product',45,0,'54.36.148.178','2023-06-19 14:07:42',NULL),
(620,'product',32,0,'54.36.148.191','2023-06-19 14:24:14',NULL),
(621,'product',32,0,'54.36.148.89','2023-06-19 14:24:31',NULL),
(622,'product',32,0,'54.36.149.87','2023-06-19 14:39:24',NULL),
(623,'product',32,0,'54.36.148.66','2023-06-19 14:53:31',NULL),
(624,'product',32,0,'54.36.148.56','2023-06-19 15:19:32',NULL),
(625,'product',56,0,'54.36.148.170','2023-06-19 21:04:34',NULL),
(626,'product',56,0,'54.36.149.57','2023-06-19 21:15:44',NULL),
(627,'product',56,0,'54.36.148.41','2023-06-19 21:27:08',NULL),
(628,'product',34,0,'54.36.148.218','2023-06-19 21:38:24',NULL),
(629,'product',34,0,'54.36.149.76','2023-06-19 21:38:26',NULL),
(630,'product',56,0,'54.36.149.18','2023-06-19 21:49:43',NULL),
(631,'product',34,0,'54.36.148.77','2023-06-19 22:11:37',NULL),
(632,'product',34,0,'54.36.149.30','2023-06-19 22:54:39',NULL),
(633,'product',34,0,'54.36.148.211','2023-06-19 23:51:36',NULL),
(634,'product',56,0,'54.36.149.106','2023-06-20 00:16:48',NULL),
(635,'post',48,0,'74.84.150.150','2023-06-20 01:50:06',NULL),
(636,'post',48,0,'54.36.149.15','2023-06-20 02:15:20',NULL),
(637,'post',48,0,'54.36.149.21','2023-06-20 02:15:24',NULL),
(638,'product',34,0,'54.36.149.28','2023-06-20 08:41:32',NULL),
(639,'post',57,0,'185.191.171.26','2023-06-20 23:44:22',NULL),
(640,'post',48,0,'185.191.171.10','2023-06-21 01:31:44',NULL),
(641,'product',34,0,'85.208.96.193','2023-06-21 09:16:46',NULL),
(642,'product',39,0,'54.36.149.85','2023-06-21 11:50:11',NULL),
(643,'product',39,0,'54.36.148.59','2023-06-21 11:50:17',NULL),
(644,'product',52,412,'93.118.148.56','2023-06-21 14:58:39',NULL),
(645,'product',45,0,'54.36.149.23','2023-06-21 15:18:01',NULL),
(646,'product',45,0,'54.36.148.51','2023-06-21 15:18:06',NULL),
(647,'product',32,0,'158.69.22.94','2023-06-22 03:13:57',NULL),
(648,'product',34,0,'158.69.22.94','2023-06-22 03:13:59',NULL),
(649,'product',52,0,'158.69.22.94','2023-06-22 03:14:01',NULL),
(650,'product',39,0,'185.217.125.68','2023-06-22 03:24:52',NULL),
(651,'product',45,0,'185.217.125.68','2023-06-22 03:25:01',NULL),
(652,'product',56,0,'185.217.125.68','2023-06-22 03:25:08',NULL),
(653,'product',56,0,'54.36.148.83','2023-06-22 08:05:03',NULL),
(654,'product',56,0,'54.36.148.113','2023-06-22 08:05:15',NULL),
(655,'product',56,0,'216.244.66.241','2023-06-22 15:42:53',NULL),
(656,'product',34,0,'54.36.148.123','2023-06-22 23:16:29',NULL),
(657,'product',52,0,'216.244.66.241','2023-06-22 23:23:02',NULL),
(658,'post',69,0,'54.36.148.253','2023-06-23 07:19:28',NULL),
(659,'product',32,0,'54.36.148.116','2023-06-24 03:11:49',NULL),
(660,'product',32,0,'54.36.149.84','2023-06-24 03:12:08',NULL),
(661,'product',56,0,'216.244.66.241','2023-06-24 08:19:23',NULL),
(662,'product',56,0,'54.36.148.6','2023-06-24 15:33:07',NULL),
(663,'product',56,0,'54.36.148.225','2023-06-24 15:33:09',NULL),
(664,'product',39,0,'143.110.166.75','2023-06-24 19:43:44',NULL),
(665,'product',56,0,'137.184.189.92','2023-06-24 19:43:51',NULL),
(666,'post',71,0,'178.131.141.10','2023-06-24 20:34:32',NULL),
(667,'post',57,0,'174.138.50.75','2023-06-24 22:03:30',NULL),
(668,'post',48,0,'216.244.66.241','2023-06-25 00:34:18',NULL),
(669,'product',39,0,'54.36.148.170','2023-06-25 02:05:57',NULL),
(670,'product',32,0,'149.202.87.37','2023-06-25 02:54:50',NULL),
(671,'product',34,0,'149.202.87.37','2023-06-25 02:54:55',NULL),
(672,'product',52,0,'149.202.87.37','2023-06-25 02:54:59',NULL),
(673,'product',39,0,'92.220.10.100','2023-06-25 05:08:22',NULL),
(674,'product',45,0,'92.220.10.100','2023-06-25 05:08:24',NULL),
(675,'product',56,0,'92.220.10.100','2023-06-25 05:08:26',NULL),
(676,'product',45,0,'216.244.66.241','2023-06-25 06:54:32',NULL),
(677,'product',56,0,'216.244.66.241','2023-06-25 11:23:02',NULL),
(678,'post',57,0,'54.36.148.120','2023-06-25 12:00:34',NULL),
(679,'post',57,0,'54.36.148.245','2023-06-25 12:01:50',NULL),
(680,'post',71,0,'178.131.140.24','2023-06-25 15:15:00',NULL),
(681,'post',73,0,'188.212.244.37','2023-06-25 15:30:57',NULL),
(682,'post',73,0,'178.131.140.24','2023-06-25 15:30:58',NULL),
(683,'post',73,0,'188.212.245.150','2023-06-25 16:14:51',NULL),
(684,'product',45,0,'159.65.207.245','2023-06-25 16:57:02',NULL),
(685,'post',57,0,'216.244.66.241','2023-06-25 16:59:02',NULL),
(686,'post',48,0,'212.227.216.152','2023-06-25 17:10:07',NULL),
(687,'product',56,0,'212.227.216.168','2023-06-25 17:10:07',NULL),
(688,'post',57,0,'212.227.216.208','2023-06-25 17:10:08',NULL),
(689,'post',69,0,'212.227.216.216','2023-06-25 17:10:18',NULL),
(690,'product',34,0,'212.227.216.144','2023-06-25 17:10:19',NULL),
(691,'product',39,0,'212.227.216.216','2023-06-25 17:10:26',NULL),
(692,'product',45,0,'212.227.216.216','2023-06-25 17:10:27',NULL),
(693,'product',32,0,'212.227.216.152','2023-06-25 17:10:27',NULL),
(694,'product',32,0,'185.191.171.41','2023-06-25 18:56:07',NULL),
(695,'product',39,0,'157.55.39.211','2023-06-25 19:45:59',NULL),
(696,'product',34,0,'216.244.66.241','2023-06-26 05:25:14',NULL),
(697,'product',45,0,'216.244.66.241','2023-06-26 14:56:40',NULL),
(698,'post',69,0,'161.35.68.120','2023-06-26 15:10:26',NULL),
(699,'product',34,0,'137.184.189.104','2023-06-26 16:11:23',NULL),
(700,'product',39,0,'216.244.66.241','2023-06-26 18:35:27',NULL),
(701,'product',45,0,'216.244.66.241','2023-06-27 15:07:27',NULL),
(702,'post',69,0,'216.244.66.241','2023-06-27 17:48:32',NULL),
(703,'product',34,0,'40.77.167.246','2023-06-27 18:28:31',NULL),
(704,'post',48,0,'216.244.66.241','2023-06-27 21:24:41',NULL),
(705,'product',34,0,'40.77.167.139','2023-06-27 21:42:57',NULL),
(706,'post',71,0,'5.52.132.0','2023-06-28 00:01:58',NULL),
(707,'post',57,0,'216.244.66.241','2023-06-28 01:59:53',NULL),
(708,'product',45,0,'165.227.226.102','2023-06-28 04:19:24',NULL),
(709,'product',39,0,'216.244.66.241','2023-06-28 05:37:42',NULL),
(710,'product',32,0,'94.23.7.188','2023-06-28 06:56:18',NULL),
(711,'product',34,0,'94.23.7.188','2023-06-28 06:56:27',NULL),
(712,'product',52,0,'94.23.7.188','2023-06-28 06:56:33',NULL),
(713,'post',57,0,'134.122.44.189','2023-06-28 07:00:15',NULL),
(714,'product',39,0,'94.23.209.55','2023-06-28 07:23:04',NULL),
(715,'product',45,0,'94.23.209.55','2023-06-28 07:23:10',NULL),
(716,'product',56,0,'94.23.209.55','2023-06-28 07:23:17',NULL),
(717,'product',32,0,'40.77.167.139','2023-06-28 15:10:36',NULL),
(718,'post',71,0,'188.212.242.36','2023-06-28 16:00:22',NULL),
(719,'product',45,0,'216.244.66.241','2023-06-28 17:14:57',NULL),
(720,'product',39,0,'216.244.66.241','2023-06-29 06:24:20',NULL),
(721,'post',69,0,'134.122.44.189','2023-06-29 11:00:04',NULL),
(722,'product',52,0,'137.184.44.215','2023-06-29 18:32:24',NULL),
(723,'product',45,0,'134.122.50.180','2023-06-29 19:58:29',NULL),
(724,'product',45,0,'216.244.66.241','2023-06-29 20:55:56',NULL),
(725,'product',52,0,'137.184.46.173','2023-06-29 21:01:48',NULL),
(726,'product',32,0,'167.71.12.89','2023-06-29 21:48:32',NULL),
(727,'product',39,0,'40.77.167.139','2023-06-29 23:09:45',NULL),
(728,'product',39,0,'65.108.128.54','2023-06-30 05:50:29',NULL),
(729,'product',45,0,'65.108.128.54','2023-06-30 05:50:31',NULL),
(730,'product',56,0,'65.108.128.54','2023-06-30 05:50:34',NULL),
(731,'post',57,0,'164.92.124.235','2023-06-30 07:14:19',NULL),
(732,'product',34,0,'54.36.148.3','2023-06-30 07:24:49',NULL),
(733,'product',34,0,'54.36.148.33','2023-06-30 07:25:03',NULL),
(734,'product',32,0,'164.92.194.60','2023-06-30 11:26:46',NULL),
(735,'post',48,0,'165.22.68.126','2023-06-30 15:02:26',NULL),
(736,'post',69,0,'54.36.148.85','2023-06-30 18:59:53',NULL),
(737,'post',69,0,'54.36.148.250','2023-06-30 18:59:58',NULL),
(738,'product',56,0,'137.184.189.92','2023-06-30 21:52:50',NULL),
(739,'product',45,0,'216.244.66.241','2023-07-01 01:30:02',NULL),
(740,'product',39,0,'216.244.66.241','2023-07-01 05:08:30',NULL),
(741,'product',39,0,'193.70.81.110','2023-07-01 06:52:15',NULL),
(742,'product',45,0,'193.70.81.110','2023-07-01 06:52:19',NULL),
(743,'product',56,0,'193.70.81.110','2023-07-01 06:52:22',NULL),
(744,'product',32,0,'94.23.203.202','2023-07-01 07:23:00',NULL),
(745,'product',34,0,'94.23.203.202','2023-07-01 07:23:02',NULL),
(746,'product',52,0,'94.23.203.202','2023-07-01 07:23:05',NULL),
(747,'post',48,0,'217.182.134.106','2023-07-01 09:22:10',NULL),
(748,'post',57,0,'217.182.134.106','2023-07-01 09:22:22',NULL),
(749,'product',34,0,'40.77.167.246','2023-07-01 11:18:15',NULL),
(750,'product',34,0,'216.244.66.241','2023-07-01 12:32:05',NULL),
(751,'product',45,0,'167.71.10.53','2023-07-01 19:49:13',NULL),
(752,'product',32,0,'54.36.148.210','2023-07-01 20:02:16',NULL),
(753,'product',32,0,'54.36.148.63','2023-07-01 20:02:18',NULL),
(754,'product',39,0,'5.78.75.151','2023-07-02 02:28:51',NULL),
(755,'product',32,0,'137.184.93.143','2023-07-02 07:38:36',NULL),
(756,'post',69,0,'5.78.105.8','2023-07-02 07:43:54',NULL),
(757,'product',56,0,'54.36.149.45','2023-07-02 07:50:58',NULL),
(758,'product',56,0,'54.36.148.175','2023-07-02 07:51:01',NULL),
(759,'product',52,0,'161.35.27.185','2023-07-02 08:30:10',NULL),
(760,'product',34,0,'206.189.123.243','2023-07-02 12:26:16',NULL),
(761,'product',34,0,'216.244.66.241','2023-07-02 13:55:19',NULL),
(762,'product',56,0,'161.35.65.21','2023-07-02 14:32:59',NULL),
(763,'product',39,0,'54.36.148.11','2023-07-02 16:51:19',NULL),
(764,'product',39,0,'54.36.148.204','2023-07-02 16:51:21',NULL),
(765,'product',34,0,'5.78.41.21','2023-07-02 16:54:55',NULL),
(766,'post',57,0,'52.165.149.97','2023-07-02 17:15:27',NULL),
(767,'product',52,0,'137.184.189.105','2023-07-02 21:33:33',NULL),
(768,'product',32,0,'54.36.149.90','2023-07-03 00:39:23',NULL),
(769,'post',69,0,'95.217.109.26','2023-07-03 00:41:17',NULL),
(770,'post',57,0,'54.36.148.110','2023-07-03 02:38:34',NULL),
(771,'product',32,0,'134.122.58.34','2023-07-03 04:18:09',NULL),
(772,'product',34,0,'5.78.40.76','2023-07-03 04:33:16',NULL),
(773,'product',39,0,'157.245.79.247','2023-07-03 07:50:23',NULL),
(774,'post',48,0,'206.189.119.23','2023-07-03 08:31:51',NULL),
(775,'post',48,0,'165.227.238.36','2023-07-03 09:42:25',NULL),
(776,'product',39,0,'40.77.167.246','2023-07-03 23:05:41',NULL),
(777,'product',52,0,'138.68.180.18','2023-07-03 23:39:30',NULL),
(778,'product',56,0,'167.71.2.63','2023-07-03 23:47:24',NULL),
(779,'product',34,0,'54.36.148.161','2023-07-04 01:26:00',NULL),
(780,'product',34,0,'54.36.148.24','2023-07-04 01:26:02',NULL),
(781,'product',39,0,'216.244.66.241','2023-07-04 01:50:23',NULL),
(782,'product',34,0,'40.77.167.246','2023-07-04 01:51:46',NULL),
(783,'post',57,0,'134.122.103.248','2023-07-04 04:30:57',NULL),
(784,'product',32,0,'65.108.46.72','2023-07-04 06:17:29',NULL),
(785,'product',34,0,'65.108.46.72','2023-07-04 06:17:31',NULL),
(786,'product',52,0,'65.108.46.72','2023-07-04 06:17:33',NULL),
(787,'post',69,0,'206.189.119.247','2023-07-04 09:30:37',NULL),
(788,'post',48,0,'213.239.221.27','2023-07-04 09:58:37',NULL),
(789,'product',39,0,'128.140.37.38','2023-07-04 11:28:20',NULL),
(790,'post',48,0,'167.71.10.53','2023-07-04 11:32:03',NULL),
(791,'product',39,0,'94.23.209.55','2023-07-04 11:38:36',NULL),
(792,'product',45,0,'94.23.209.55','2023-07-04 11:38:39',NULL),
(793,'product',56,0,'94.23.209.55','2023-07-04 11:38:41',NULL),
(794,'post',48,0,'65.108.0.71','2023-07-04 12:41:16',NULL),
(795,'post',57,0,'65.108.0.71','2023-07-04 12:41:18',NULL),
(796,'product',34,0,'216.244.66.241','2023-07-04 18:16:15',NULL),
(797,'product',52,0,'54.36.148.244','2023-07-05 07:13:54',NULL),
(798,'product',52,0,'54.36.149.106','2023-07-05 07:13:59',NULL),
(799,'post',48,0,'54.36.148.227','2023-07-05 15:36:46',NULL),
(800,'product',39,0,'185.191.171.26','2023-07-05 15:43:10',NULL),
(801,'product',39,0,'40.77.167.246','2023-07-05 15:52:10',NULL),
(802,'post',57,0,'54.36.148.77','2023-07-05 18:05:19',NULL),
(803,'product',34,0,'216.244.66.241','2023-07-06 00:43:18',NULL),
(804,'product',18,0,'69.160.160.60','2023-07-06 19:00:28',NULL),
(805,'product',11,0,'69.160.160.60','2023-07-06 19:00:28',NULL),
(806,'product',26,0,'69.160.160.60','2023-07-06 19:00:30',NULL),
(807,'product',39,0,'69.160.160.60','2023-07-06 19:00:31',NULL),
(808,'product',28,0,'216.244.66.241','2023-07-06 20:20:37',NULL),
(809,'post',69,0,'54.36.148.173','2023-07-06 23:29:14',NULL),
(810,'post',69,0,'54.36.148.47','2023-07-06 23:29:27',NULL),
(811,'product',34,0,'216.244.66.241','2023-07-07 03:47:44',NULL),
(812,'product',32,0,'216.244.66.241','2023-07-07 07:36:00',NULL),
(813,'product',31,0,'216.244.66.241','2023-07-07 07:38:24',NULL),
(814,'product',39,0,'65.108.125.120','2023-07-07 10:46:05',NULL),
(815,'product',56,0,'65.108.125.120','2023-07-07 10:46:11',NULL),
(816,'product',32,0,'65.108.46.72','2023-07-07 11:35:35',NULL),
(817,'product',34,0,'65.108.46.72','2023-07-07 11:35:37',NULL),
(818,'product',52,0,'65.108.46.72','2023-07-07 11:35:39',NULL),
(819,'post',69,0,'54.36.148.204','2023-07-07 11:53:47',NULL),
(820,'product',30,0,'216.244.66.241','2023-07-07 13:36:01',NULL),
(821,'product',11,0,'149.202.87.137','2023-07-07 15:23:08',NULL),
(822,'product',12,0,'149.202.87.137','2023-07-07 15:23:11',NULL),
(823,'product',18,0,'149.202.87.137','2023-07-07 15:23:13',NULL),
(824,'product',19,0,'149.202.87.137','2023-07-07 15:23:16',NULL),
(825,'product',20,0,'149.202.87.137','2023-07-07 15:23:19',NULL),
(826,'product',21,0,'149.202.87.137','2023-07-07 15:23:23',NULL),
(827,'product',22,0,'149.202.87.137','2023-07-07 15:23:26',NULL),
(828,'product',24,0,'149.202.87.137','2023-07-07 15:23:28',NULL),
(829,'product',26,0,'149.202.87.137','2023-07-07 15:23:31',NULL),
(830,'product',27,0,'149.202.87.137','2023-07-07 15:23:34',NULL),
(831,'product',29,0,'149.202.87.137','2023-07-07 15:23:37',NULL),
(832,'product',31,0,'149.202.87.137','2023-07-07 15:23:40',NULL),
(833,'product',33,0,'149.202.87.137','2023-07-07 15:23:42',NULL),
(834,'product',35,0,'149.202.87.137','2023-07-07 15:23:44',NULL),
(835,'product',47,0,'149.202.87.137','2023-07-07 15:23:47',NULL),
(836,'product',7,0,'149.202.87.137','2023-07-07 15:23:49',NULL),
(837,'product',8,0,'149.202.87.137','2023-07-07 15:23:52',NULL),
(838,'product',50,0,'149.202.87.137','2023-07-07 15:23:55',NULL),
(839,'product',24,0,'52.167.144.143','2023-07-07 16:07:12',NULL),
(840,'product',34,0,'54.36.149.68','2023-07-07 23:19:45',NULL),
(841,'product',34,0,'54.36.148.144','2023-07-07 23:19:52',NULL),
(842,'product',11,0,'54.36.149.11','2023-07-08 00:10:01',NULL),
(843,'product',11,0,'54.36.148.28','2023-07-08 00:10:12',NULL),
(844,'product',12,0,'54.36.148.105','2023-07-08 00:27:21',NULL),
(845,'product',12,0,'54.36.148.209','2023-07-08 00:27:29',NULL),
(846,'product',18,0,'54.36.149.88','2023-07-08 00:42:46',NULL),
(847,'product',18,0,'54.36.148.49','2023-07-08 00:42:51',NULL),
(848,'product',19,0,'54.36.149.32','2023-07-08 00:57:47',NULL),
(849,'product',19,0,'54.36.148.94','2023-07-08 00:57:51',NULL),
(850,'product',20,0,'54.36.149.13','2023-07-08 01:15:05',NULL),
(851,'product',20,0,'54.36.148.46','2023-07-08 01:15:08',NULL),
(852,'product',18,0,'52.167.144.143','2023-07-08 01:33:05',NULL),
(853,'product',11,0,'188.165.241.181','2023-07-08 01:33:54',NULL),
(854,'product',12,0,'188.165.241.181','2023-07-08 01:34:39',NULL),
(855,'product',18,0,'188.165.241.181','2023-07-08 01:35:17',NULL),
(856,'product',19,0,'188.165.241.181','2023-07-08 01:35:47',NULL),
(857,'product',20,0,'188.165.241.181','2023-07-08 01:36:11',NULL),
(858,'product',21,0,'188.165.241.181','2023-07-08 01:36:52',NULL),
(859,'product',22,0,'188.165.241.181','2023-07-08 01:37:25',NULL),
(860,'product',24,0,'188.165.241.181','2023-07-08 01:38:00',NULL),
(861,'product',26,0,'188.165.241.181','2023-07-08 01:38:31',NULL),
(862,'product',27,0,'188.165.241.181','2023-07-08 01:39:09',NULL),
(863,'product',28,0,'188.165.241.181','2023-07-08 01:39:44',NULL),
(864,'product',29,0,'188.165.241.181','2023-07-08 01:39:54',NULL),
(865,'product',31,0,'188.165.241.181','2023-07-08 01:40:27',NULL),
(866,'product',33,0,'188.165.241.181','2023-07-08 01:40:57',NULL),
(867,'product',35,0,'188.165.241.181','2023-07-08 01:41:28',NULL),
(868,'product',47,0,'188.165.241.181','2023-07-08 01:42:03',NULL),
(869,'product',7,0,'188.165.241.181','2023-07-08 01:42:42',NULL),
(870,'product',8,0,'188.165.241.181','2023-07-08 01:43:02',NULL),
(871,'product',28,0,'54.36.148.78','2023-07-08 03:04:46',NULL),
(872,'product',28,0,'54.36.148.221','2023-07-08 03:04:50',NULL),
(873,'product',11,0,'54.36.149.2','2023-07-08 03:13:54',NULL),
(874,'product',11,0,'54.36.149.18','2023-07-08 03:13:58',NULL),
(875,'product',11,0,'54.36.149.21','2023-07-08 03:21:56',NULL),
(876,'product',11,0,'54.36.148.44','2023-07-08 03:22:04',NULL),
(877,'product',11,0,'54.36.148.244','2023-07-08 03:29:44',NULL),
(878,'product',11,0,'54.36.148.63','2023-07-08 03:29:47',NULL),
(879,'product',11,0,'54.36.148.33','2023-07-08 03:38:00',NULL),
(880,'product',11,0,'54.36.148.190','2023-07-08 03:38:03',NULL),
(881,'product',11,0,'54.36.148.45','2023-07-08 03:45:46',NULL),
(882,'product',11,0,'54.36.148.230','2023-07-08 03:45:51',NULL),
(883,'product',12,0,'54.36.148.41','2023-07-08 03:54:03',NULL),
(884,'product',12,0,'54.36.148.64','2023-07-08 03:54:06',NULL),
(885,'product',12,0,'54.36.149.16','2023-07-08 04:01:50',NULL),
(886,'product',12,0,'54.36.149.90','2023-07-08 04:01:54',NULL),
(887,'product',23,0,'135.181.75.58','2023-07-08 06:54:19',NULL),
(888,'product',28,0,'135.181.75.58','2023-07-08 06:54:25',NULL),
(889,'product',30,0,'135.181.75.58','2023-07-08 06:54:52',NULL),
(890,'product',31,0,'216.244.66.241','2023-07-08 11:51:15',NULL),
(891,'product',26,0,'40.77.167.138','2023-07-08 12:03:27',NULL),
(892,'product',11,0,'54.36.148.199','2023-07-08 12:38:21',NULL),
(893,'product',11,0,'54.36.148.218','2023-07-08 12:38:25',NULL),
(894,'product',32,0,'216.244.66.241','2023-07-08 12:44:43',NULL),
(895,'product',12,0,'54.36.148.10','2023-07-08 15:14:16',NULL),
(896,'product',18,0,'54.36.149.42','2023-07-08 16:11:41',NULL),
(897,'product',18,0,'54.36.148.25','2023-07-08 16:12:01',NULL),
(898,'product',19,0,'54.36.148.172','2023-07-08 16:40:05',NULL),
(899,'product',19,0,'54.36.148.254','2023-07-08 16:40:10',NULL),
(900,'product',39,0,'40.77.167.139','2023-07-08 16:47:15',NULL),
(901,'product',23,0,'65.108.125.120','2023-07-08 16:53:11',NULL),
(902,'product',30,0,'65.108.125.120','2023-07-08 16:53:21',NULL),
(903,'product',20,0,'54.36.148.142','2023-07-08 17:01:24',NULL),
(904,'product',20,0,'54.36.149.93','2023-07-08 17:01:29',NULL),
(905,'product',21,0,'54.36.149.33','2023-07-08 17:26:13',NULL),
(906,'product',21,0,'54.36.149.39','2023-07-08 17:26:20',NULL),
(907,'product',22,0,'54.36.148.180','2023-07-08 17:54:53',NULL),
(908,'product',22,0,'54.36.149.31','2023-07-08 17:54:55',NULL),
(909,'product',24,0,'54.36.149.27','2023-07-08 18:06:08',NULL),
(910,'product',24,0,'54.36.149.12','2023-07-08 18:06:12',NULL),
(911,'product',26,0,'54.36.148.43','2023-07-08 18:22:15',NULL),
(912,'product',26,0,'54.36.148.190','2023-07-08 18:22:35',NULL),
(913,'product',27,0,'54.36.148.69','2023-07-08 18:31:13',NULL),
(914,'product',27,0,'54.36.148.248','2023-07-08 18:31:17',NULL),
(915,'product',29,0,'54.36.149.88','2023-07-08 18:40:09',NULL),
(916,'product',29,0,'54.36.149.0','2023-07-08 18:40:14',NULL),
(917,'product',7,0,'54.36.149.63','2023-07-08 18:50:21',NULL),
(918,'product',7,0,'54.36.148.186','2023-07-08 18:50:29',NULL),
(919,'product',8,0,'54.36.148.55','2023-07-08 18:59:58',NULL),
(920,'product',8,0,'54.36.149.65','2023-07-08 19:00:02',NULL),
(921,'post',48,0,'54.36.149.98','2023-07-08 20:51:10',NULL),
(922,'post',69,0,'54.36.149.10','2023-07-08 21:06:44',NULL),
(923,'product',27,0,'54.36.148.61','2023-07-08 21:52:36',NULL),
(924,'product',27,0,'54.36.149.36','2023-07-08 21:52:40',NULL),
(925,'product',27,0,'54.36.149.35','2023-07-08 22:00:49',NULL),
(926,'product',27,0,'54.36.148.184','2023-07-08 22:00:53',NULL),
(927,'product',27,0,'54.36.148.31','2023-07-08 22:08:01',NULL),
(928,'product',27,0,'54.36.148.42','2023-07-08 22:08:04',NULL),
(929,'product',27,0,'54.36.148.189','2023-07-08 22:16:02',NULL),
(930,'product',27,0,'54.36.148.247','2023-07-08 22:16:10',NULL),
(931,'product',27,0,'54.36.148.191','2023-07-08 22:23:18',NULL),
(932,'product',27,0,'54.36.148.141','2023-07-08 22:23:22',NULL),
(933,'product',11,0,'54.36.148.4','2023-07-08 22:59:43',NULL),
(934,'product',11,0,'54.36.148.196','2023-07-08 23:09:10',NULL),
(935,'product',11,0,'54.36.148.173','2023-07-08 23:09:14',NULL),
(936,'product',11,0,'54.36.148.234','2023-07-08 23:18:18',NULL),
(937,'product',11,0,'54.36.148.127','2023-07-08 23:18:23',NULL),
(938,'product',11,0,'54.36.148.195','2023-07-08 23:26:28',NULL),
(939,'product',11,0,'54.36.148.138','2023-07-08 23:26:34',NULL),
(940,'product',11,0,'54.36.148.142','2023-07-08 23:35:21',NULL),
(941,'product',11,0,'54.36.149.106','2023-07-08 23:35:23',NULL),
(942,'product',12,0,'54.36.149.78','2023-07-08 23:44:20',NULL),
(943,'product',12,0,'54.36.149.56','2023-07-08 23:44:24',NULL),
(944,'product',12,0,'54.36.148.74','2023-07-08 23:59:37',NULL),
(945,'product',12,0,'54.36.148.107','2023-07-08 23:59:40',NULL),
(946,'product',12,0,'54.36.149.96','2023-07-09 00:09:34',NULL),
(947,'product',12,0,'54.36.148.167','2023-07-09 00:09:39',NULL),
(948,'product',12,0,'54.36.148.121','2023-07-09 00:17:55',NULL),
(949,'product',12,0,'54.36.149.19','2023-07-09 00:17:58',NULL),
(950,'product',12,0,'54.36.148.13','2023-07-09 00:26:55',NULL),
(951,'product',12,0,'54.36.148.189','2023-07-09 00:27:02',NULL),
(952,'product',28,0,'54.36.148.13','2023-07-09 00:35:05',NULL),
(953,'product',28,0,'54.36.148.108','2023-07-09 00:35:08',NULL),
(954,'product',7,0,'54.36.148.78','2023-07-09 00:42:57',NULL),
(955,'product',7,0,'54.36.148.1','2023-07-09 00:43:00',NULL),
(956,'product',7,0,'54.36.148.91','2023-07-09 01:01:54',NULL),
(957,'product',7,0,'54.36.148.103','2023-07-09 01:01:58',NULL),
(958,'product',7,0,'54.36.148.76','2023-07-09 01:11:51',NULL),
(959,'product',7,0,'54.36.148.106','2023-07-09 01:12:00',NULL),
(960,'product',7,0,'54.36.149.70','2023-07-09 03:56:38',NULL),
(961,'product',7,0,'54.36.148.231','2023-07-09 03:56:42',NULL),
(962,'product',12,0,'54.36.148.195','2023-07-09 04:14:30',NULL),
(963,'product',12,0,'54.36.148.114','2023-07-09 04:14:43',NULL),
(964,'product',12,0,'54.36.148.68','2023-07-09 04:23:30',NULL),
(965,'product',12,0,'54.36.149.50','2023-07-09 04:23:34',NULL),
(966,'product',12,0,'54.36.149.27','2023-07-09 04:33:22',NULL),
(967,'product',12,0,'54.36.148.199','2023-07-09 04:33:27',NULL),
(968,'product',32,0,'54.36.149.67','2023-07-09 06:03:02',NULL),
(969,'product',27,0,'40.77.167.139','2023-07-09 07:08:56',NULL),
(970,'product',7,0,'54.36.148.83','2023-07-09 07:11:56',NULL),
(971,'product',7,0,'54.36.148.180','2023-07-09 07:12:10',NULL),
(972,'product',18,0,'54.36.148.126','2023-07-09 07:21:09',NULL),
(973,'product',18,0,'54.36.149.66','2023-07-09 07:21:19',NULL),
(974,'product',19,0,'54.36.148.61','2023-07-09 07:30:37',NULL),
(975,'product',19,0,'54.36.148.81','2023-07-09 07:30:40',NULL),
(976,'product',19,0,'54.36.148.180','2023-07-09 07:39:24',NULL),
(977,'product',19,0,'54.36.148.176','2023-07-09 07:39:29',NULL),
(978,'product',20,0,'54.36.148.152','2023-07-09 07:47:40',NULL),
(979,'product',20,0,'54.36.148.131','2023-07-09 07:47:45',NULL),
(980,'product',20,0,'54.36.148.22','2023-07-09 07:57:56',NULL),
(981,'product',20,0,'54.36.148.47','2023-07-09 07:58:02',NULL),
(982,'product',22,0,'54.36.148.216','2023-07-09 08:19:47',NULL),
(983,'product',22,0,'54.36.149.76','2023-07-09 08:19:54',NULL),
(984,'product',24,0,'54.36.148.222','2023-07-09 08:28:22',NULL),
(985,'product',24,0,'54.36.149.38','2023-07-09 08:28:24',NULL),
(986,'product',24,0,'54.36.149.44','2023-07-09 08:39:13',NULL),
(987,'product',24,0,'54.36.148.170','2023-07-09 08:39:18',NULL),
(988,'product',32,0,'54.36.148.134','2023-07-09 08:47:57',NULL),
(989,'product',32,0,'54.36.148.101','2023-07-09 09:36:58',NULL),
(990,'product',32,0,'54.36.148.133','2023-07-09 10:09:57',NULL),
(991,'product',32,0,'54.36.148.234','2023-07-09 10:17:22',NULL),
(992,'product',18,0,'54.36.148.11','2023-07-09 10:39:01',NULL),
(993,'product',18,0,'54.36.148.142','2023-07-09 10:39:05',NULL),
(994,'product',22,0,'54.36.149.9','2023-07-09 10:46:13',NULL),
(995,'product',22,0,'54.36.148.169','2023-07-09 10:46:15',NULL),
(996,'product',18,0,'54.36.148.58','2023-07-09 10:53:40',NULL),
(997,'product',18,0,'54.36.148.121','2023-07-09 10:53:56',NULL),
(998,'product',18,0,'54.36.148.199','2023-07-09 11:01:46',NULL),
(999,'product',18,0,'54.36.148.19','2023-07-09 11:01:50',NULL),
(1000,'product',18,0,'54.36.148.213','2023-07-09 11:10:24',NULL),
(1001,'product',18,0,'54.36.149.81','2023-07-09 11:10:30',NULL),
(1002,'product',18,0,'54.36.148.236','2023-07-09 11:18:54',NULL),
(1003,'product',18,0,'54.36.148.100','2023-07-09 11:18:56',NULL),
(1004,'product',18,0,'54.36.148.104','2023-07-09 11:26:46',NULL),
(1005,'product',19,0,'54.36.148.241','2023-07-09 11:34:10',NULL),
(1006,'product',19,0,'54.36.149.59','2023-07-09 11:34:26',NULL),
(1007,'product',19,0,'54.36.148.10','2023-07-09 11:46:11',NULL),
(1008,'product',19,0,'54.36.148.106','2023-07-09 11:46:14',NULL),
(1009,'product',19,0,'54.36.148.255','2023-07-09 11:55:03',NULL),
(1010,'product',19,0,'54.36.149.58','2023-07-09 11:55:06',NULL),
(1011,'product',32,0,'54.36.149.58','2023-07-09 12:28:38',NULL),
(1012,'product',34,0,'54.36.149.80','2023-07-09 12:47:35',NULL),
(1013,'product',34,0,'54.36.148.253','2023-07-09 12:47:50',NULL),
(1014,'product',18,0,'54.36.148.191','2023-07-09 13:16:25',NULL),
(1015,'product',18,0,'54.36.148.106','2023-07-09 13:16:29',NULL),
(1016,'product',18,0,'54.36.149.68','2023-07-09 13:23:39',NULL),
(1017,'product',18,0,'54.36.148.253','2023-07-09 13:23:43',NULL),
(1018,'product',18,0,'54.36.149.19','2023-07-09 13:30:08',NULL),
(1019,'product',18,0,'54.36.149.59','2023-07-09 13:30:12',NULL),
(1020,'product',19,0,'54.36.148.212','2023-07-09 13:37:03',NULL),
(1021,'product',19,0,'54.36.148.224','2023-07-09 13:37:06',NULL),
(1022,'product',19,0,'54.36.149.79','2023-07-09 13:43:16',NULL),
(1023,'product',19,0,'54.36.148.8','2023-07-09 13:43:24',NULL),
(1024,'product',19,0,'54.36.149.16','2023-07-09 13:49:44',NULL),
(1025,'product',19,0,'54.36.148.234','2023-07-09 13:49:47',NULL),
(1026,'product',20,0,'54.36.148.129','2023-07-09 13:56:38',NULL),
(1027,'product',20,0,'54.36.149.41','2023-07-09 13:56:41',NULL),
(1028,'product',20,0,'54.36.149.25','2023-07-09 14:02:48',NULL),
(1029,'product',20,0,'54.36.149.34','2023-07-09 14:02:51',NULL),
(1030,'product',20,0,'54.36.148.104','2023-07-09 14:09:05',NULL),
(1031,'product',20,0,'54.36.149.89','2023-07-09 14:09:09',NULL),
(1032,'product',22,0,'54.36.148.80','2023-07-09 14:15:48',NULL),
(1033,'product',22,0,'54.36.148.212','2023-07-09 14:15:50',NULL),
(1034,'product',22,0,'54.36.148.9','2023-07-09 14:21:59',NULL),
(1035,'product',22,0,'54.36.149.61','2023-07-09 14:22:01',NULL),
(1036,'product',24,0,'54.36.148.138','2023-07-09 14:29:06',NULL),
(1037,'product',24,0,'54.36.148.93','2023-07-09 14:29:08',NULL),
(1038,'product',24,0,'54.36.148.192','2023-07-09 14:36:14',NULL),
(1039,'product',24,0,'54.36.149.46','2023-07-09 14:36:17',NULL),
(1040,'product',24,0,'54.36.148.212','2023-07-09 14:43:14',NULL),
(1041,'product',24,0,'54.36.149.80','2023-07-09 14:43:16',NULL),
(1042,'product',19,0,'54.36.148.137','2023-07-09 14:50:22',NULL),
(1043,'product',19,0,'54.36.148.22','2023-07-09 14:50:24',NULL),
(1044,'product',19,0,'54.36.148.69','2023-07-09 14:57:45',NULL),
(1045,'product',19,0,'54.36.148.98','2023-07-09 14:57:51',NULL),
(1046,'product',20,0,'54.36.148.160','2023-07-09 15:04:47',NULL),
(1047,'product',20,0,'54.36.148.182','2023-07-09 15:04:50',NULL),
(1048,'product',20,0,'54.36.148.169','2023-07-09 15:12:35',NULL),
(1049,'product',20,0,'54.36.149.100','2023-07-09 15:12:39',NULL),
(1050,'product',20,0,'54.36.148.240','2023-07-09 15:19:52',NULL),
(1051,'product',20,0,'54.36.148.8','2023-07-09 15:19:57',NULL),
(1052,'product',20,0,'54.36.149.44','2023-07-09 15:27:16',NULL),
(1053,'product',20,0,'54.36.149.79','2023-07-09 15:27:18',NULL),
(1054,'product',20,0,'54.36.148.209','2023-07-09 15:35:04',NULL),
(1055,'product',20,0,'54.36.149.77','2023-07-09 15:35:07',NULL),
(1056,'product',28,0,'54.36.149.87','2023-07-09 15:42:23',NULL),
(1057,'product',28,0,'54.36.149.74','2023-07-09 15:42:30',NULL),
(1058,'product',34,0,'54.36.148.119','2023-07-09 16:11:02',NULL),
(1059,'product',34,0,'54.36.149.96','2023-07-09 16:31:16',NULL),
(1060,'product',22,0,'54.36.148.159','2023-07-09 16:56:11',NULL),
(1061,'product',22,0,'54.36.148.233','2023-07-09 16:56:15',NULL),
(1062,'product',28,0,'54.36.148.46','2023-07-09 17:02:38',NULL),
(1063,'product',28,0,'54.36.149.107','2023-07-09 17:02:42',NULL),
(1064,'product',28,0,'54.36.148.63','2023-07-09 17:08:29',NULL),
(1065,'product',28,0,'54.36.149.68','2023-07-09 17:08:33',NULL),
(1066,'product',28,0,'54.36.148.122','2023-07-09 17:14:07',NULL),
(1067,'product',28,0,'54.36.148.191','2023-07-09 17:14:09',NULL),
(1068,'product',28,0,'54.36.149.82','2023-07-09 17:19:36',NULL),
(1069,'product',28,0,'54.36.148.12','2023-07-09 17:19:40',NULL),
(1070,'product',28,0,'54.36.149.99','2023-07-09 17:25:35',NULL),
(1071,'product',28,0,'54.36.148.145','2023-07-09 17:25:39',NULL),
(1072,'product',28,0,'54.36.148.174','2023-07-09 17:31:41',NULL),
(1073,'product',28,0,'54.36.148.17','2023-07-09 17:31:45',NULL),
(1074,'product',28,0,'54.36.149.42','2023-07-09 17:37:53',NULL),
(1075,'product',28,0,'54.36.148.220','2023-07-09 17:43:44',NULL),
(1076,'product',28,0,'54.36.148.208','2023-07-09 17:43:47',NULL),
(1077,'product',28,0,'54.36.148.199','2023-07-09 17:48:52',NULL),
(1078,'product',28,0,'54.36.149.4','2023-07-09 17:48:55',NULL),
(1079,'product',21,0,'54.36.148.183','2023-07-09 17:53:50',NULL),
(1080,'product',21,0,'54.36.149.10','2023-07-09 17:53:55',NULL),
(1081,'product',21,0,'54.36.148.79','2023-07-09 17:59:27',NULL),
(1082,'product',21,0,'54.36.148.150','2023-07-09 17:59:31',NULL),
(1083,'product',21,0,'54.36.148.28','2023-07-09 18:06:39',NULL),
(1084,'product',21,0,'54.36.149.80','2023-07-09 18:06:41',NULL),
(1085,'product',21,0,'54.36.149.52','2023-07-09 18:12:34',NULL),
(1086,'product',21,0,'54.36.148.228','2023-07-09 18:12:39',NULL),
(1087,'product',21,0,'54.36.149.61','2023-07-09 18:17:58',NULL),
(1088,'product',21,0,'54.36.148.105','2023-07-09 18:18:10',NULL),
(1089,'product',26,0,'54.36.148.83','2023-07-09 18:22:56',NULL),
(1090,'product',26,0,'54.36.148.173','2023-07-09 18:23:05',NULL),
(1091,'product',26,0,'54.36.148.63','2023-07-09 18:27:59',NULL),
(1092,'product',26,0,'54.36.149.32','2023-07-09 18:28:15',NULL),
(1093,'product',26,0,'54.36.148.109','2023-07-09 18:34:01',NULL),
(1094,'product',26,0,'54.36.148.88','2023-07-09 18:34:04',NULL),
(1095,'product',26,0,'54.36.148.19','2023-07-09 18:39:40',NULL),
(1096,'product',26,0,'54.36.148.245','2023-07-09 18:39:44',NULL),
(1097,'product',26,0,'54.36.148.50','2023-07-09 18:45:41',NULL),
(1098,'product',26,0,'54.36.149.77','2023-07-09 18:45:44',NULL),
(1099,'product',29,0,'54.36.149.107','2023-07-09 18:51:28',NULL),
(1100,'product',29,0,'54.36.149.65','2023-07-09 18:51:31',NULL),
(1101,'product',29,0,'54.36.148.8','2023-07-09 18:57:34',NULL),
(1102,'product',29,0,'54.36.148.105','2023-07-09 18:57:38',NULL),
(1103,'product',29,0,'54.36.148.20','2023-07-09 19:03:37',NULL),
(1104,'product',29,0,'54.36.148.224','2023-07-09 19:03:41',NULL),
(1105,'product',29,0,'54.36.148.118','2023-07-09 19:09:28',NULL),
(1106,'product',29,0,'54.36.149.56','2023-07-09 19:09:37',NULL),
(1107,'product',29,0,'54.36.149.37','2023-07-09 19:16:11',NULL),
(1108,'product',29,0,'54.36.148.28','2023-07-09 19:16:20',NULL),
(1109,'product',23,0,'54.36.148.185','2023-07-09 20:11:02',NULL),
(1110,'product',23,0,'54.36.149.53','2023-07-09 20:11:05',NULL),
(1111,'product',30,0,'54.36.149.97','2023-07-09 20:28:17',NULL),
(1112,'product',30,0,'54.36.148.45','2023-07-09 20:28:20',NULL),
(1113,'product',34,0,'54.36.148.163','2023-07-09 20:51:08',NULL),
(1114,'product',34,0,'54.36.149.40','2023-07-09 20:51:13',NULL),
(1115,'post',57,0,'54.36.149.11','2023-07-09 20:57:58',NULL),
(1116,'product',56,0,'54.36.148.63','2023-07-09 21:47:03',NULL),
(1117,'product',23,0,'54.36.148.44','2023-07-09 23:10:30',NULL),
(1118,'product',23,0,'54.36.148.122','2023-07-09 23:10:36',NULL),
(1119,'product',30,0,'54.36.148.107','2023-07-09 23:19:31',NULL),
(1120,'product',30,0,'54.36.149.59','2023-07-09 23:19:38',NULL),
(1121,'product',31,0,'54.36.148.124','2023-07-09 23:29:42',NULL),
(1122,'product',31,0,'54.36.148.92','2023-07-09 23:29:46',NULL),
(1123,'product',39,0,'54.36.148.231','2023-07-10 01:49:12',NULL),
(1124,'product',32,0,'216.244.66.241','2023-07-10 01:50:00',NULL),
(1125,'product',50,0,'54.36.149.66','2023-07-10 02:29:50',NULL),
(1126,'product',50,0,'54.36.148.145','2023-07-10 02:30:10',NULL),
(1127,'product',30,0,'216.244.66.241','2023-07-10 02:43:59',NULL),
(1128,'product',31,0,'216.244.66.241','2023-07-10 02:57:17',NULL),
(1129,'product',50,0,'54.36.149.55','2023-07-10 03:40:28',NULL),
(1130,'product',50,0,'54.36.148.20','2023-07-10 03:40:37',NULL),
(1131,'product',31,0,'54.36.149.24','2023-07-10 03:48:37',NULL),
(1132,'product',31,0,'54.36.148.210','2023-07-10 03:48:48',NULL),
(1133,'product',33,0,'54.36.148.206','2023-07-10 03:57:39',NULL),
(1134,'product',33,0,'54.36.148.209','2023-07-10 03:57:44',NULL),
(1135,'product',35,0,'54.36.148.166','2023-07-10 04:05:33',NULL),
(1136,'product',35,0,'54.36.149.54','2023-07-10 04:05:39',NULL),
(1137,'product',47,0,'54.36.148.107','2023-07-10 04:14:18',NULL),
(1138,'product',47,0,'54.36.148.39','2023-07-10 04:14:23',NULL),
(1139,'product',23,0,'54.36.148.135','2023-07-10 04:21:19',NULL),
(1140,'product',23,0,'54.36.148.17','2023-07-10 04:21:26',NULL),
(1141,'product',23,0,'54.36.148.131','2023-07-10 04:28:43',NULL),
(1142,'product',23,0,'54.36.148.23','2023-07-10 04:28:46',NULL),
(1143,'product',23,0,'54.36.148.155','2023-07-10 04:37:02',NULL),
(1144,'product',23,0,'54.36.149.90','2023-07-10 04:37:17',NULL),
(1145,'product',23,0,'54.36.148.233','2023-07-10 04:44:43',NULL),
(1146,'product',23,0,'54.36.149.58','2023-07-10 04:44:49',NULL),
(1147,'product',23,0,'54.36.148.105','2023-07-10 04:52:54',NULL),
(1148,'product',23,0,'54.36.148.16','2023-07-10 04:52:58',NULL),
(1149,'product',23,0,'54.36.148.237','2023-07-10 05:01:03',NULL),
(1150,'product',23,0,'54.36.148.82','2023-07-10 05:01:14',NULL),
(1151,'product',39,0,'54.36.148.87','2023-07-10 05:39:54',NULL),
(1152,'product',47,0,'54.36.148.184','2023-07-10 06:02:45',NULL),
(1153,'product',47,0,'54.36.148.13','2023-07-10 06:02:48',NULL),
(1154,'product',47,0,'54.36.148.119','2023-07-10 06:09:08',NULL),
(1155,'product',47,0,'54.36.148.148','2023-07-10 06:09:12',NULL),
(1156,'product',47,0,'54.36.149.36','2023-07-10 06:15:23',NULL),
(1157,'product',47,0,'54.36.148.53','2023-07-10 06:15:28',NULL),
(1158,'product',47,0,'54.36.149.93','2023-07-10 06:20:26',NULL),
(1159,'product',47,0,'54.36.148.105','2023-07-10 06:20:30',NULL),
(1160,'product',47,0,'54.36.148.59','2023-07-10 06:25:45',NULL),
(1161,'product',47,0,'54.36.148.129','2023-07-10 06:25:49',NULL),
(1162,'product',33,0,'54.36.148.84','2023-07-10 06:37:00',NULL),
(1163,'product',33,0,'54.36.148.182','2023-07-10 06:37:03',NULL),
(1164,'product',33,0,'54.36.148.63','2023-07-10 06:42:37',NULL),
(1165,'product',33,0,'54.36.148.222','2023-07-10 06:42:40',NULL),
(1166,'product',33,0,'54.36.148.96','2023-07-10 06:48:09',NULL),
(1167,'product',33,0,'54.36.149.48','2023-07-10 06:48:13',NULL),
(1168,'product',33,0,'54.36.148.234','2023-07-10 06:53:49',NULL),
(1169,'product',33,0,'54.36.148.198','2023-07-10 06:53:54',NULL),
(1170,'product',33,0,'54.36.148.24','2023-07-10 06:59:14',NULL),
(1171,'product',33,0,'54.36.148.214','2023-07-10 06:59:18',NULL),
(1172,'product',35,0,'54.36.149.97','2023-07-10 07:04:31',NULL),
(1173,'product',35,0,'54.36.148.145','2023-07-10 07:04:36',NULL),
(1174,'product',35,0,'54.36.148.223','2023-07-10 07:10:27',NULL),
(1175,'product',35,0,'54.36.148.55','2023-07-10 07:10:34',NULL),
(1176,'product',35,0,'54.36.148.196','2023-07-10 07:17:30',NULL),
(1177,'product',35,0,'54.36.148.152','2023-07-10 07:17:37',NULL),
(1178,'product',32,0,'149.202.87.164','2023-07-10 07:37:35',NULL),
(1179,'product',34,0,'149.202.87.164','2023-07-10 07:37:43',NULL),
(1180,'product',52,0,'149.202.87.164','2023-07-10 07:37:47',NULL),
(1181,'product',35,0,'54.36.148.191','2023-07-10 07:37:50',NULL),
(1182,'product',35,0,'54.36.149.89','2023-07-10 07:37:53',NULL),
(1183,'product',35,0,'54.36.148.181','2023-07-10 07:44:52',NULL),
(1184,'product',35,0,'54.36.148.8','2023-07-10 07:44:56',NULL),
(1185,'product',23,0,'54.36.149.3','2023-07-10 07:51:36',NULL),
(1186,'product',23,0,'54.36.148.183','2023-07-10 07:51:39',NULL),
(1187,'product',23,0,'54.36.148.21','2023-07-10 07:58:53',NULL),
(1188,'product',23,0,'54.36.149.81','2023-07-10 07:58:58',NULL),
(1189,'product',23,0,'54.36.148.169','2023-07-10 08:06:07',NULL),
(1190,'product',23,0,'54.36.148.150','2023-07-10 08:06:16',NULL),
(1191,'product',23,0,'54.36.148.199','2023-07-10 08:13:22',NULL),
(1192,'product',23,0,'54.36.148.7','2023-07-10 08:13:28',NULL),
(1193,'product',21,0,'54.36.148.250','2023-07-10 08:19:43',NULL),
(1194,'product',21,0,'54.36.149.67','2023-07-10 08:19:51',NULL),
(1195,'product',34,0,'54.36.149.72','2023-07-10 08:33:18',NULL),
(1196,'product',22,0,'54.36.148.240','2023-07-10 09:39:14',NULL),
(1197,'product',22,0,'54.36.149.57','2023-07-10 09:39:28',NULL),
(1198,'product',24,0,'54.36.148.115','2023-07-10 09:44:03',NULL),
(1199,'product',24,0,'54.36.149.19','2023-07-10 09:44:07',NULL),
(1200,'product',26,0,'54.36.148.231','2023-07-10 09:48:22',NULL),
(1201,'product',26,0,'54.36.148.224','2023-07-10 09:48:26',NULL),
(1202,'product',27,0,'54.36.148.30','2023-07-10 09:53:06',NULL),
(1203,'product',27,0,'54.36.149.1','2023-07-10 09:53:09',NULL),
(1204,'product',29,0,'54.36.148.94','2023-07-10 09:58:01',NULL),
(1205,'product',29,0,'54.36.148.83','2023-07-10 09:58:03',NULL),
(1206,'product',33,0,'54.36.149.0','2023-07-10 10:02:54',NULL),
(1207,'product',33,0,'54.36.148.46','2023-07-10 10:03:00',NULL),
(1208,'product',35,0,'54.36.148.243','2023-07-10 10:07:46',NULL),
(1209,'product',35,0,'54.36.148.212','2023-07-10 10:07:49',NULL),
(1210,'product',47,0,'54.36.148.83','2023-07-10 10:13:22',NULL),
(1211,'product',47,0,'54.36.149.83','2023-07-10 10:13:25',NULL),
(1212,'product',7,0,'54.36.148.222','2023-07-10 10:18:53',NULL),
(1213,'product',7,0,'54.36.148.187','2023-07-10 10:18:56',NULL),
(1214,'product',8,0,'54.36.148.43','2023-07-10 10:23:29',NULL),
(1215,'product',8,0,'54.36.149.28','2023-07-10 10:23:31',NULL),
(1216,'product',31,0,'54.36.149.35','2023-07-10 10:28:39',NULL),
(1217,'product',31,0,'54.36.149.81','2023-07-10 10:28:42',NULL),
(1218,'product',31,0,'54.36.149.89','2023-07-10 10:33:27',NULL),
(1219,'product',31,0,'54.36.148.211','2023-07-10 10:33:31',NULL),
(1220,'product',31,0,'54.36.148.172','2023-07-10 10:46:41',NULL),
(1221,'product',31,0,'54.36.148.161','2023-07-10 10:46:45',NULL),
(1222,'product',31,0,'54.36.148.253','2023-07-10 10:51:51',NULL),
(1223,'product',31,0,'54.36.148.160','2023-07-10 10:52:01',NULL),
(1224,'product',31,0,'54.36.148.123','2023-07-10 10:57:37',NULL),
(1225,'product',31,0,'54.36.148.48','2023-07-10 10:57:40',NULL),
(1226,'product',31,0,'54.36.149.51','2023-07-10 11:02:46',NULL),
(1227,'product',31,0,'54.36.148.154','2023-07-10 11:02:52',NULL),
(1228,'product',31,0,'54.36.148.221','2023-07-10 11:08:33',NULL),
(1229,'product',31,0,'54.36.148.171','2023-07-10 11:08:37',NULL),
(1230,'product',31,0,'54.36.148.148','2023-07-10 11:14:07',NULL),
(1231,'product',31,0,'54.36.148.84','2023-07-10 11:14:15',NULL),
(1232,'product',31,0,'54.36.149.5','2023-07-10 11:20:29',NULL),
(1233,'product',31,0,'54.36.148.166','2023-07-10 11:20:33',NULL),
(1234,'product',31,0,'54.36.148.112','2023-07-10 11:25:41',NULL),
(1235,'product',31,0,'54.36.148.114','2023-07-10 11:25:44',NULL),
(1236,'product',8,0,'54.36.148.58','2023-07-10 11:31:54',NULL),
(1237,'product',8,0,'54.36.148.194','2023-07-10 11:31:57',NULL),
(1238,'product',8,0,'54.36.148.223','2023-07-10 11:38:17',NULL),
(1239,'product',8,0,'54.36.149.7','2023-07-10 11:38:29',NULL),
(1240,'product',8,0,'54.36.148.189','2023-07-10 11:44:34',NULL),
(1241,'product',8,0,'54.36.149.62','2023-07-10 11:44:36',NULL),
(1242,'product',8,0,'54.36.148.220','2023-07-10 11:50:34',NULL),
(1243,'product',8,0,'54.36.148.92','2023-07-10 11:50:43',NULL),
(1244,'product',8,0,'54.36.149.5','2023-07-10 11:56:38',NULL),
(1245,'product',8,0,'54.36.149.68','2023-07-10 11:56:41',NULL),
(1246,'product',30,0,'54.36.148.140','2023-07-10 12:02:11',NULL),
(1247,'product',30,0,'54.36.148.207','2023-07-10 12:02:15',NULL),
(1248,'product',30,0,'54.36.149.107','2023-07-10 12:07:41',NULL),
(1249,'product',30,0,'54.36.149.23','2023-07-10 12:07:44',NULL),
(1250,'product',30,0,'54.36.148.26','2023-07-10 12:13:08',NULL),
(1251,'product',30,0,'54.36.149.25','2023-07-10 12:13:11',NULL),
(1252,'product',30,0,'54.36.149.61','2023-07-10 12:19:08',NULL),
(1253,'product',30,0,'54.36.148.206','2023-07-10 12:19:10',NULL),
(1254,'product',30,0,'54.36.148.183','2023-07-10 12:24:49',NULL),
(1255,'product',30,0,'54.36.148.149','2023-07-10 12:24:53',NULL),
(1256,'product',30,0,'54.36.148.134','2023-07-10 12:30:33',NULL),
(1257,'product',30,0,'54.36.148.101','2023-07-10 12:30:37',NULL),
(1258,'post',57,0,'54.36.149.98','2023-07-10 12:47:31',NULL),
(1259,'product',27,0,'54.36.148.146','2023-07-10 12:58:58',NULL),
(1260,'product',27,0,'54.36.148.4','2023-07-10 12:59:02',NULL),
(1261,'product',27,0,'54.36.149.20','2023-07-10 13:03:57',NULL),
(1262,'product',27,0,'54.36.148.188','2023-07-10 13:04:01',NULL),
(1263,'product',27,0,'54.36.148.210','2023-07-10 13:09:37',NULL),
(1264,'product',27,0,'54.36.148.114','2023-07-10 13:09:39',NULL),
(1265,'product',27,0,'54.36.148.3','2023-07-10 13:16:25',NULL),
(1266,'product',27,0,'54.36.149.61','2023-07-10 13:16:27',NULL),
(1267,'product',47,0,'54.36.148.220','2023-07-10 13:26:59',NULL),
(1268,'product',47,0,'54.36.148.85','2023-07-10 13:27:02',NULL),
(1269,'product',47,0,'54.36.149.49','2023-07-10 13:32:00',NULL),
(1270,'product',47,0,'54.36.149.18','2023-07-10 13:36:56',NULL),
(1271,'product',47,0,'54.36.149.4','2023-07-10 13:36:58',NULL),
(1272,'product',47,0,'54.36.148.28','2023-07-10 13:41:23',NULL),
(1273,'product',47,0,'54.36.148.78','2023-07-10 13:41:26',NULL),
(1274,'product',47,0,'54.36.148.163','2023-07-10 13:46:30',NULL),
(1275,'product',7,0,'54.36.149.97','2023-07-10 13:57:06',NULL),
(1276,'product',7,0,'54.36.148.51','2023-07-10 13:57:09',NULL),
(1277,'product',7,0,'54.36.149.91','2023-07-10 14:01:53',NULL),
(1278,'product',7,0,'54.36.148.8','2023-07-10 14:01:59',NULL),
(1279,'product',7,0,'54.36.148.218','2023-07-10 14:08:22',NULL),
(1280,'product',7,0,'54.36.148.48','2023-07-10 14:08:25',NULL),
(1281,'product',7,0,'54.36.148.141','2023-07-10 14:18:11',NULL),
(1282,'product',7,0,'54.36.148.197','2023-07-10 14:18:13',NULL),
(1283,'product',7,0,'54.36.148.52','2023-07-10 14:23:08',NULL),
(1284,'product',7,0,'54.36.148.203','2023-07-10 14:23:14',NULL),
(1285,'product',22,0,'54.36.149.90','2023-07-10 14:28:44',NULL),
(1286,'product',22,0,'54.36.148.86','2023-07-10 14:28:49',NULL),
(1287,'product',22,0,'54.36.148.33','2023-07-10 14:34:14',NULL),
(1288,'product',22,0,'54.36.148.75','2023-07-10 14:34:26',NULL),
(1289,'product',22,0,'54.36.148.231','2023-07-10 14:39:55',NULL),
(1290,'product',22,0,'54.36.148.219','2023-07-10 14:40:00',NULL),
(1291,'product',22,0,'54.36.148.196','2023-07-10 14:46:18',NULL),
(1292,'product',22,0,'54.36.148.189','2023-07-10 14:46:20',NULL),
(1293,'product',22,0,'54.36.148.208','2023-07-10 14:51:36',NULL),
(1294,'product',22,0,'54.36.149.94','2023-07-10 14:51:39',NULL),
(1295,'product',24,0,'54.36.148.179','2023-07-10 14:56:55',NULL),
(1296,'product',24,0,'54.36.148.241','2023-07-10 14:57:01',NULL),
(1297,'product',24,0,'54.36.148.17','2023-07-10 15:16:54',NULL),
(1298,'product',24,0,'54.36.148.128','2023-07-10 15:16:57',NULL),
(1299,'product',24,0,'54.36.149.83','2023-07-10 15:21:51',NULL),
(1300,'product',24,0,'54.36.149.49','2023-07-10 15:21:55',NULL),
(1301,'product',24,0,'54.36.148.41','2023-07-10 15:27:40',NULL),
(1302,'product',39,0,'188.165.232.135','2023-07-10 16:05:07',NULL),
(1303,'product',56,0,'188.165.232.135','2023-07-10 16:05:37',NULL),
(1304,'product',11,0,'135.181.212.177','2023-07-10 17:44:40',NULL),
(1305,'product',12,0,'135.181.212.177','2023-07-10 17:44:43',NULL),
(1306,'product',18,0,'135.181.212.177','2023-07-10 17:44:44',NULL),
(1307,'product',19,0,'135.181.212.177','2023-07-10 17:44:46',NULL),
(1308,'product',20,0,'135.181.212.177','2023-07-10 17:44:48',NULL),
(1309,'product',21,0,'135.181.212.177','2023-07-10 17:44:50',NULL),
(1310,'product',22,0,'135.181.212.177','2023-07-10 17:44:52',NULL),
(1311,'product',24,0,'135.181.212.177','2023-07-10 17:44:54',NULL),
(1312,'product',26,0,'135.181.212.177','2023-07-10 17:44:57',NULL),
(1313,'product',27,0,'135.181.212.177','2023-07-10 17:44:59',NULL),
(1314,'product',29,0,'135.181.212.177','2023-07-10 17:45:01',NULL),
(1315,'product',31,0,'135.181.212.177','2023-07-10 17:45:03',NULL),
(1316,'product',33,0,'135.181.212.177','2023-07-10 17:45:05',NULL),
(1317,'product',35,0,'135.181.212.177','2023-07-10 17:45:07',NULL),
(1318,'product',47,0,'135.181.212.177','2023-07-10 17:45:09',NULL),
(1319,'product',7,0,'135.181.212.177','2023-07-10 17:45:11',NULL),
(1320,'product',8,0,'135.181.212.177','2023-07-10 17:45:17',NULL),
(1321,'product',50,0,'135.181.212.177','2023-07-10 17:45:19',NULL),
(1322,'product',27,0,'54.36.148.86','2023-07-10 17:51:44',NULL),
(1323,'product',27,0,'54.36.149.77','2023-07-10 17:51:47',NULL),
(1324,'product',33,0,'54.36.148.178','2023-07-10 18:06:05',NULL),
(1325,'product',33,0,'54.36.148.176','2023-07-10 18:06:15',NULL),
(1326,'product',33,0,'54.36.148.235','2023-07-10 18:10:47',NULL),
(1327,'product',33,0,'54.36.148.118','2023-07-10 18:10:49',NULL),
(1328,'product',33,0,'54.36.148.121','2023-07-10 18:14:57',NULL),
(1329,'product',33,0,'54.36.148.246','2023-07-10 18:14:59',NULL),
(1330,'product',33,0,'54.36.149.75','2023-07-10 18:20:22',NULL),
(1331,'product',33,0,'54.36.148.67','2023-07-10 18:20:25',NULL),
(1332,'product',33,0,'54.36.148.144','2023-07-10 18:25:34',NULL),
(1333,'product',33,0,'54.36.148.226','2023-07-10 18:25:37',NULL),
(1334,'product',35,0,'54.36.148.87','2023-07-10 18:31:02',NULL),
(1335,'product',35,0,'54.36.148.224','2023-07-10 18:31:05',NULL),
(1336,'product',35,0,'54.36.148.150','2023-07-10 18:35:27',NULL),
(1337,'product',35,0,'54.36.148.246','2023-07-10 18:35:31',NULL),
(1338,'post',48,0,'111.7.100.26','2023-07-10 18:39:43',NULL),
(1339,'post',69,0,'111.7.100.23','2023-07-10 18:39:43',NULL),
(1340,'product',52,0,'111.7.100.21','2023-07-10 18:39:43',NULL),
(1341,'product',11,0,'111.7.100.23','2023-07-10 18:39:43',NULL),
(1342,'product',8,0,'111.7.100.27','2023-07-10 18:39:43',NULL),
(1343,'product',24,0,'111.7.100.25','2023-07-10 18:39:44',NULL),
(1344,'post',57,0,'111.7.100.21','2023-07-10 18:39:44',NULL),
(1345,'product',21,0,'111.7.100.27','2023-07-10 18:39:44',NULL),
(1346,'product',47,0,'111.7.100.21','2023-07-10 18:39:44',NULL),
(1347,'post',57,0,'111.7.100.20','2023-07-10 18:39:45',NULL),
(1348,'product',39,0,'36.99.136.135','2023-07-10 18:39:46',NULL),
(1349,'product',18,0,'36.99.136.139','2023-07-10 18:39:47',NULL),
(1350,'product',26,0,'36.99.136.140','2023-07-10 18:39:48',NULL),
(1351,'post',69,0,'111.7.100.20','2023-07-10 18:39:48',NULL),
(1352,'product',35,0,'54.36.148.3','2023-07-10 18:39:51',NULL),
(1353,'product',19,0,'111.7.100.20','2023-07-10 18:39:52',NULL),
(1354,'product',21,0,'111.7.100.26','2023-07-10 18:39:52',NULL),
(1355,'product',35,0,'54.36.148.126','2023-07-10 18:39:54',NULL),
(1356,'product',35,0,'36.99.136.143','2023-07-10 18:39:57',NULL),
(1357,'post',48,0,'111.7.100.24','2023-07-10 18:39:57',NULL),
(1358,'product',26,0,'36.99.136.139','2023-07-10 18:40:17',NULL),
(1359,'product',11,0,'111.7.100.22','2023-07-10 18:40:32',NULL),
(1360,'product',24,0,'111.7.100.27','2023-07-10 18:40:37',NULL),
(1361,'product',24,0,'111.7.100.24','2023-07-10 18:40:42',NULL),
(1362,'product',18,0,'36.99.136.140','2023-07-10 18:41:05',NULL),
(1363,'product',52,0,'111.7.100.23','2023-07-10 18:41:09',NULL),
(1364,'product',18,0,'36.99.136.141','2023-07-10 18:41:12',NULL),
(1365,'product',35,0,'36.99.136.142','2023-07-10 18:41:30',NULL),
(1366,'product',35,0,'54.36.148.68','2023-07-10 18:45:03',NULL),
(1367,'product',35,0,'54.36.148.16','2023-07-10 18:45:09',NULL),
(1368,'product',35,0,'54.36.149.20','2023-07-10 18:49:23',NULL),
(1369,'product',35,0,'54.36.148.79','2023-07-10 18:49:26',NULL),
(1370,'product',21,0,'54.36.148.125','2023-07-10 18:54:31',NULL),
(1371,'product',21,0,'54.36.149.44','2023-07-10 18:54:34',NULL),
(1372,'product',21,0,'54.36.148.22','2023-07-10 19:00:41',NULL),
(1373,'product',21,0,'54.36.149.89','2023-07-10 19:00:43',NULL),
(1374,'product',21,0,'54.36.148.189','2023-07-10 19:06:45',NULL),
(1375,'product',21,0,'54.36.148.43','2023-07-10 19:06:48',NULL),
(1376,'product',56,0,'54.36.148.99','2023-07-10 19:12:24',NULL),
(1377,'product',28,0,'149.202.65.189','2023-07-10 20:31:01',NULL),
(1378,'product',21,0,'54.36.149.96','2023-07-10 21:11:13',NULL),
(1379,'product',21,0,'54.36.148.54','2023-07-10 21:11:21',NULL),
(1380,'product',21,0,'54.36.148.5','2023-07-10 21:17:24',NULL),
(1381,'product',21,0,'54.36.149.88','2023-07-10 21:17:27',NULL),
(1382,'product',26,0,'54.36.148.254','2023-07-10 21:24:02',NULL),
(1383,'product',26,0,'54.36.148.104','2023-07-10 21:24:07',NULL),
(1384,'product',26,0,'54.36.148.3','2023-07-10 21:30:08',NULL),
(1385,'product',26,0,'54.36.149.56','2023-07-10 21:30:11',NULL),
(1386,'product',26,0,'54.36.148.216','2023-07-10 21:46:10',NULL),
(1387,'product',26,0,'54.36.148.71','2023-07-10 21:53:09',NULL),
(1388,'product',26,0,'54.36.148.119','2023-07-10 21:53:22',NULL),
(1389,'product',26,0,'54.36.149.98','2023-07-10 21:59:40',NULL),
(1390,'product',26,0,'54.36.149.83','2023-07-10 21:59:42',NULL),
(1391,'product',29,0,'54.36.149.58','2023-07-10 22:06:22',NULL),
(1392,'product',29,0,'54.36.149.27','2023-07-10 22:06:24',NULL),
(1393,'product',29,0,'54.36.148.191','2023-07-10 22:15:50',NULL),
(1394,'product',29,0,'54.36.148.148','2023-07-10 22:15:54',NULL),
(1395,'product',29,0,'54.36.149.88','2023-07-10 22:29:25',NULL),
(1396,'product',29,0,'54.36.148.48','2023-07-10 23:37:34',NULL),
(1397,'product',29,0,'54.36.148.162','2023-07-10 23:37:38',NULL),
(1398,'product',29,0,'54.36.149.89','2023-07-10 23:58:48',NULL),
(1399,'product',29,0,'54.36.149.98','2023-07-10 23:58:50',NULL),
(1400,'product',8,0,'54.36.149.89','2023-07-11 00:18:35',NULL),
(1401,'product',8,0,'54.36.148.81','2023-07-11 00:18:41',NULL),
(1402,'product',8,0,'54.36.148.110','2023-07-11 00:36:29',NULL),
(1403,'product',8,0,'54.36.149.59','2023-07-11 00:36:32',NULL),
(1404,'product',8,0,'54.36.149.76','2023-07-11 00:56:21',NULL),
(1405,'product',8,0,'54.36.149.13','2023-07-11 00:56:26',NULL),
(1406,'product',8,0,'54.36.148.241','2023-07-11 01:16:50',NULL),
(1407,'product',8,0,'54.36.148.130','2023-07-11 01:16:54',NULL),
(1408,'product',24,0,'82.99.229.34','2023-07-11 01:24:55',NULL),
(1409,'product',8,0,'82.99.229.34','2023-07-11 01:24:57',NULL),
(1410,'product',8,0,'54.36.148.191','2023-07-11 02:12:34',NULL),
(1411,'product',8,0,'54.36.148.234','2023-07-11 02:12:45',NULL),
(1412,'product',24,0,'54.36.148.78','2023-07-11 03:27:35',NULL),
(1413,'product',24,0,'54.36.148.16','2023-07-11 03:28:41',NULL),
(1414,'product',30,0,'54.36.148.178','2023-07-11 04:16:42',NULL),
(1415,'product',30,0,'54.36.148.45','2023-07-11 04:16:55',NULL),
(1416,'product',30,0,'54.36.148.131','2023-07-11 05:05:01',NULL),
(1417,'product',30,0,'54.36.149.43','2023-07-11 05:05:07',NULL),
(1418,'product',30,0,'54.36.149.87','2023-07-11 07:39:54',NULL),
(1419,'product',30,0,'54.36.148.85','2023-07-11 07:39:57',NULL),
(1420,'product',30,0,'54.36.149.83','2023-07-11 14:45:35',NULL),
(1421,'product',30,0,'54.36.148.59','2023-07-11 14:45:42',NULL),
(1422,'product',26,0,'40.77.167.166','2023-07-11 16:46:01',NULL),
(1423,'product',23,0,'192.99.7.70','2023-07-11 17:24:17',NULL),
(1424,'product',30,0,'192.99.7.70','2023-07-11 17:24:19',NULL),
(1425,'product',28,0,'40.77.167.166','2023-07-11 22:41:14',NULL),
(1426,'product',26,0,'82.99.229.34','2023-07-12 11:31:50',NULL),
(1427,'post',57,0,'82.99.229.34','2023-07-12 16:43:39',NULL),
(1428,'product',19,0,'82.99.229.34','2023-07-12 16:43:40',NULL),
(1429,'product',26,0,'40.77.167.166','2023-07-12 19:28:22',NULL),
(1430,'product',52,0,'52.167.144.143','2023-07-13 01:51:13',NULL),
(1431,'product',31,0,'216.244.66.241','2023-07-13 05:08:40',NULL),
(1432,'product',32,0,'54.38.85.17','2023-07-13 07:57:54',NULL),
(1433,'product',34,0,'54.38.85.17','2023-07-13 07:58:06',NULL),
(1434,'product',52,0,'54.38.85.17','2023-07-13 07:58:21',NULL),
(1435,'product',32,0,'216.244.66.241','2023-07-13 12:48:51',NULL),
(1436,'product',39,0,'82.99.229.34','2023-07-13 15:16:50',NULL),
(1437,'product',39,0,'95.91.85.68','2023-07-13 16:56:02',NULL),
(1438,'product',56,0,'95.91.85.68','2023-07-13 16:56:10',NULL),
(1439,'product',28,0,'193.70.81.110','2023-07-13 20:36:28',NULL),
(1440,'product',27,0,'40.77.167.194','2023-07-13 21:07:32',NULL),
(1441,'product',11,0,'192.99.13.69','2023-07-13 22:34:56',NULL),
(1442,'product',12,0,'192.99.13.69','2023-07-13 22:35:00',NULL),
(1443,'product',18,0,'192.99.13.69','2023-07-13 22:35:02',NULL),
(1444,'product',19,0,'192.99.13.69','2023-07-13 22:35:05',NULL),
(1445,'product',20,0,'192.99.13.69','2023-07-13 22:35:07',NULL),
(1446,'product',21,0,'192.99.13.69','2023-07-13 22:35:09',NULL),
(1447,'product',22,0,'192.99.13.69','2023-07-13 22:35:12',NULL),
(1448,'product',24,0,'192.99.13.69','2023-07-13 22:35:15',NULL),
(1449,'product',26,0,'192.99.13.69','2023-07-13 22:35:17',NULL),
(1450,'product',27,0,'192.99.13.69','2023-07-13 22:35:19',NULL),
(1451,'product',29,0,'192.99.13.69','2023-07-13 22:35:21',NULL),
(1452,'product',31,0,'192.99.13.69','2023-07-13 22:35:23',NULL),
(1453,'product',33,0,'192.99.13.69','2023-07-13 22:35:26',NULL),
(1454,'product',35,0,'192.99.13.69','2023-07-13 22:35:28',NULL),
(1455,'product',47,0,'192.99.13.69','2023-07-13 22:35:30',NULL),
(1456,'product',7,0,'192.99.13.69','2023-07-13 22:35:33',NULL),
(1457,'product',8,0,'192.99.13.69','2023-07-13 22:35:35',NULL),
(1458,'product',50,0,'192.99.13.69','2023-07-13 22:35:38',NULL),
(1459,'product',12,0,'82.99.229.34','2023-07-14 05:17:46',NULL),
(1460,'product',11,0,'82.99.229.34','2023-07-14 05:17:47',NULL),
(1461,'product',29,0,'40.77.167.166','2023-07-14 07:19:34',NULL),
(1462,'product',23,0,'65.108.0.71','2023-07-14 07:36:41',NULL),
(1463,'product',30,0,'65.108.0.71','2023-07-14 07:36:43',NULL),
(1464,'post',48,0,'82.99.229.34','2023-07-14 08:48:29',NULL),
(1465,'product',56,0,'54.36.148.235','2023-07-14 13:37:45',NULL),
(1466,'product',56,0,'54.36.149.7','2023-07-14 14:20:05',NULL),
(1467,'product',56,0,'54.36.148.108','2023-07-14 14:20:11',NULL),
(1468,'product',56,0,'54.36.148.33','2023-07-14 14:44:04',NULL),
(1469,'product',52,0,'82.99.229.34','2023-07-14 14:46:40',NULL),
(1470,'product',47,0,'82.99.229.34','2023-07-14 14:46:41',NULL),
(1471,'product',29,0,'82.99.229.34','2023-07-14 14:46:44',NULL),
(1472,'product',56,0,'54.36.148.196','2023-07-14 15:12:44',NULL),
(1473,'product',56,0,'54.36.148.140','2023-07-14 15:38:10',NULL),
(1474,'product',39,0,'54.36.148.28','2023-07-14 16:13:45',NULL),
(1475,'product',39,0,'54.36.149.91','2023-07-14 16:47:19',NULL),
(1476,'product',39,0,'54.36.148.171','2023-07-14 17:23:03',NULL),
(1477,'product',39,0,'54.36.148.139','2023-07-14 18:57:18',NULL),
(1478,'product',39,0,'54.36.149.4','2023-07-14 19:30:50',NULL),
(1479,'post',69,0,'54.36.149.31','2023-07-14 21:04:48',NULL),
(1480,'post',69,0,'54.36.148.216','2023-07-14 21:04:57',NULL),
(1481,'product',21,0,'82.99.229.34','2023-07-15 05:41:45',NULL),
(1482,'product',27,0,'82.99.229.34','2023-07-15 05:41:46',NULL),
(1483,'product',22,0,'82.99.229.34','2023-07-15 14:06:55',NULL),
(1484,'product',7,0,'82.99.229.34','2023-07-15 14:07:04',NULL),
(1485,'product',32,0,'54.36.148.47','2023-07-15 15:47:54',NULL),
(1486,'product',32,0,'54.36.148.217','2023-07-15 15:47:57',NULL),
(1487,'product',35,0,'82.99.229.34','2023-07-15 16:39:59',NULL),
(1488,'product',32,0,'54.36.148.38','2023-07-15 17:25:35',NULL),
(1489,'product',32,0,'54.36.148.63','2023-07-15 18:04:17',NULL),
(1490,'post',57,0,'54.36.149.9','2023-07-15 19:24:33',NULL),
(1491,'product',39,0,'54.36.148.131','2023-07-15 20:00:40',NULL),
(1492,'product',39,0,'54.36.148.187','2023-07-15 20:00:42',NULL),
(1493,'product',20,0,'82.99.229.34','2023-07-15 22:05:02',NULL),
(1494,'product',39,0,'54.36.148.216','2023-07-16 00:06:01',NULL),
(1495,'post',69,0,'82.99.229.34','2023-07-16 02:25:53',NULL),
(1496,'product',33,0,'82.99.229.34','2023-07-16 02:25:56',NULL),
(1497,'product',18,0,'82.99.229.34','2023-07-16 02:25:57',NULL),
(1498,'product',34,0,'54.36.148.248','2023-07-16 02:57:56',NULL),
(1499,'product',34,0,'54.36.149.34','2023-07-16 02:58:05',NULL),
(1500,'product',56,0,'54.36.149.86','2023-07-16 03:54:17',NULL),
(1501,'product',34,0,'54.36.149.33','2023-07-16 04:11:26',NULL),
(1502,'product',56,0,'54.36.148.45','2023-07-16 04:33:29',NULL),
(1503,'product',56,0,'54.36.148.4','2023-07-16 04:52:31',NULL),
(1504,'product',34,0,'54.36.149.31','2023-07-16 06:39:26',NULL),
(1505,'product',56,0,'54.36.148.204','2023-07-16 07:19:12',NULL),
(1506,'product',56,0,'54.36.148.217','2023-07-16 08:19:27',NULL),
(1507,'product',32,0,'144.91.73.85','2023-07-16 08:38:13',NULL),
(1508,'product',34,0,'144.91.73.85','2023-07-16 08:38:19',NULL),
(1509,'product',52,0,'144.91.73.85','2023-07-16 08:38:34',NULL),
(1510,'product',34,0,'54.36.149.99','2023-07-16 09:35:19',NULL),
(1511,'product',39,0,'54.36.148.15','2023-07-16 10:02:34',NULL),
(1512,'product',39,0,'54.38.85.37','2023-07-16 10:42:41',NULL),
(1513,'product',56,0,'54.38.85.37','2023-07-16 11:44:03',NULL),
(1514,'post',48,0,'149.56.160.199','2023-07-16 11:47:53',NULL),
(1515,'product',32,0,'54.36.148.42','2023-07-16 15:04:10',NULL),
(1516,'product',11,0,'194.247.173.99','2023-07-16 16:36:18',NULL),
(1517,'product',12,0,'194.247.173.99','2023-07-16 16:36:20',NULL),
(1518,'product',18,0,'194.247.173.99','2023-07-16 16:36:22',NULL),
(1519,'product',19,0,'194.247.173.99','2023-07-16 16:36:24',NULL),
(1520,'product',20,0,'194.247.173.99','2023-07-16 16:36:26',NULL),
(1521,'product',21,0,'194.247.173.99','2023-07-16 16:36:28',NULL),
(1522,'product',22,0,'194.247.173.99','2023-07-16 16:36:30',NULL),
(1523,'product',24,0,'194.247.173.99','2023-07-16 16:36:32',NULL),
(1524,'product',26,0,'194.247.173.99','2023-07-16 16:36:34',NULL),
(1525,'product',27,0,'194.247.173.99','2023-07-16 16:36:36',NULL),
(1526,'product',29,0,'194.247.173.99','2023-07-16 16:36:38',NULL),
(1527,'product',31,0,'194.247.173.99','2023-07-16 16:36:40',NULL),
(1528,'product',33,0,'194.247.173.99','2023-07-16 16:36:42',NULL),
(1529,'product',35,0,'194.247.173.99','2023-07-16 16:36:44',NULL),
(1530,'product',47,0,'194.247.173.99','2023-07-16 16:36:46',NULL),
(1531,'product',7,0,'194.247.173.99','2023-07-16 16:36:48',NULL),
(1532,'product',8,0,'194.247.173.99','2023-07-16 16:36:50',NULL),
(1533,'product',50,0,'194.247.173.99','2023-07-16 16:36:52',NULL),
(1534,'product',34,0,'54.36.149.74','2023-07-16 19:17:24',NULL),
(1535,'product',28,0,'178.150.14.250','2023-07-16 20:36:40',NULL),
(1536,'product',39,0,'54.36.148.184','2023-07-16 23:19:24',NULL),
(1537,'product',39,0,'54.36.148.16','2023-07-16 23:20:15',NULL),
(1538,'product',32,0,'54.36.148.73','2023-07-17 00:48:55',NULL),
(1539,'product',32,0,'54.36.149.89','2023-07-17 00:49:02',NULL),
(1540,'product',39,0,'54.36.148.94','2023-07-17 02:38:19',NULL),
(1541,'product',23,0,'95.217.195.123','2023-07-17 07:22:11',NULL),
(1542,'product',30,0,'95.217.195.123','2023-07-17 07:22:13',NULL),
(1543,'product',32,0,'54.36.148.103','2023-07-17 07:58:47',NULL),
(1544,'post',69,0,'54.36.148.183','2023-07-17 08:41:31',NULL),
(1545,'product',11,0,'54.36.148.135','2023-07-17 10:51:30',NULL),
(1546,'product',12,0,'54.36.149.28','2023-07-17 12:31:20',NULL),
(1547,'product',18,0,'54.36.149.28','2023-07-17 12:56:00',NULL),
(1548,'product',34,0,'54.36.148.180','2023-07-17 13:26:30',NULL),
(1549,'product',34,0,'54.36.149.63','2023-07-17 13:26:34',NULL),
(1550,'product',19,0,'54.36.148.108','2023-07-17 13:49:57',NULL),
(1551,'product',19,0,'54.36.148.5','2023-07-17 13:50:04',NULL),
(1552,'product',8,0,'54.36.148.58','2023-07-17 14:16:00',NULL),
(1553,'product',8,0,'54.36.149.16','2023-07-17 14:16:10',NULL),
(1554,'product',22,0,'54.36.148.238','2023-07-17 16:17:21',NULL),
(1555,'product',22,0,'54.36.148.219','2023-07-17 16:18:09',NULL),
(1556,'product',26,0,'54.36.148.0','2023-07-17 16:41:05',NULL),
(1557,'product',24,0,'54.36.148.110','2023-07-17 17:03:58',NULL),
(1558,'product',29,0,'54.36.148.104','2023-07-17 17:26:35',NULL),
(1559,'product',29,0,'54.36.148.197','2023-07-17 17:26:44',NULL),
(1560,'product',7,0,'54.36.148.223','2023-07-17 17:49:48',NULL),
(1561,'product',7,0,'54.36.149.41','2023-07-17 17:49:52',NULL),
(1562,'product',27,0,'54.36.148.61','2023-07-17 18:15:07',NULL),
(1563,'product',21,0,'54.36.148.77','2023-07-17 18:42:12',NULL),
(1564,'product',21,0,'54.36.148.71','2023-07-17 18:42:15',NULL),
(1565,'product',20,0,'54.36.148.112','2023-07-17 19:06:47',NULL),
(1566,'product',39,0,'54.36.148.153','2023-07-18 00:25:14',NULL),
(1567,'product',56,0,'54.36.149.53','2023-07-18 01:21:14',NULL),
(1568,'post',57,0,'54.36.148.138','2023-07-18 07:13:05',NULL),
(1569,'post',57,0,'54.36.148.174','2023-07-18 07:13:52',NULL),
(1570,'post',57,0,'185.191.171.24','2023-07-18 10:03:38',NULL),
(1571,'post',48,0,'185.191.171.25','2023-07-18 20:11:16',NULL),
(1572,'product',47,0,'54.36.149.77','2023-07-18 23:12:06',NULL),
(1573,'product',34,0,'185.191.171.35','2023-07-19 08:39:58',NULL),
(1574,'product',32,0,'94.23.209.55','2023-07-19 14:19:50',NULL),
(1575,'product',34,0,'94.23.209.55','2023-07-19 14:19:53',NULL),
(1576,'product',52,0,'94.23.209.55','2023-07-19 14:19:56',NULL),
(1577,'product',11,0,'167.114.100.201','2023-07-19 16:40:47',NULL),
(1578,'product',12,0,'167.114.100.201','2023-07-19 16:40:49',NULL),
(1579,'product',18,0,'167.114.100.201','2023-07-19 16:40:51',NULL),
(1580,'product',19,0,'167.114.100.201','2023-07-19 16:40:53',NULL),
(1581,'product',20,0,'167.114.100.201','2023-07-19 16:40:56',NULL),
(1582,'product',21,0,'167.114.100.201','2023-07-19 16:40:58',NULL),
(1583,'product',22,0,'167.114.100.201','2023-07-19 16:41:00',NULL),
(1584,'product',24,0,'167.114.100.201','2023-07-19 16:41:02',NULL),
(1585,'product',26,0,'167.114.100.201','2023-07-19 16:41:04',NULL),
(1586,'product',27,0,'167.114.100.201','2023-07-19 16:41:06',NULL),
(1587,'product',29,0,'167.114.100.201','2023-07-19 16:41:08',NULL),
(1588,'product',31,0,'167.114.100.201','2023-07-19 16:41:11',NULL),
(1589,'product',33,0,'167.114.100.201','2023-07-19 16:41:13',NULL),
(1590,'product',35,0,'167.114.100.201','2023-07-19 16:41:15',NULL),
(1591,'product',47,0,'167.114.100.201','2023-07-19 16:41:17',NULL),
(1592,'product',7,0,'167.114.100.201','2023-07-19 16:41:19',NULL),
(1593,'product',8,0,'167.114.100.201','2023-07-19 16:41:22',NULL),
(1594,'product',50,0,'167.114.100.201','2023-07-19 16:41:24',NULL),
(1595,'product',28,0,'194.247.173.99','2023-07-19 20:50:45',NULL),
(1596,'product',39,0,'37.187.89.104','2023-07-19 23:08:46',NULL),
(1597,'product',56,0,'37.187.89.104','2023-07-19 23:09:10',NULL),
(1598,'post',57,0,'52.167.144.43','2023-07-20 03:31:59',NULL),
(1599,'product',33,0,'54.36.148.61','2023-07-20 16:07:45',NULL),
(1600,'product',33,0,'54.36.148.6','2023-07-20 16:07:50',NULL),
(1601,'product',35,0,'54.36.148.216','2023-07-20 17:26:13',NULL),
(1602,'product',35,0,'54.36.149.105','2023-07-20 17:26:17',NULL),
(1603,'product',32,0,'54.36.148.148','2023-07-20 23:52:18',NULL),
(1604,'product',23,0,'167.114.211.237','2023-07-21 23:26:11',NULL),
(1605,'product',30,0,'167.114.211.237','2023-07-21 23:26:13',NULL),
(1606,'product',39,0,'65.108.100.146','2023-07-22 14:09:49',NULL),
(1607,'product',56,0,'65.108.100.146','2023-07-22 14:10:31',NULL),
(1608,'product',32,0,'94.23.203.202','2023-07-22 17:20:06',NULL),
(1609,'product',34,0,'94.23.203.202','2023-07-22 17:20:11',NULL),
(1610,'product',52,0,'94.23.203.202','2023-07-22 17:20:18',NULL),
(1611,'post',48,0,'154.28.229.144','2023-07-22 18:21:05',NULL),
(1612,'product',8,0,'154.37.67.238','2023-07-22 21:07:42',NULL),
(1613,'product',24,0,'154.37.67.238','2023-07-22 21:07:44',NULL),
(1614,'product',22,0,'154.37.67.238','2023-07-22 21:07:47',NULL),
(1615,'product',19,0,'154.37.67.238','2023-07-22 21:07:53',NULL),
(1616,'product',35,0,'154.37.67.238','2023-07-22 21:07:55',NULL),
(1617,'product',52,0,'154.37.67.238','2023-07-22 21:07:57',NULL),
(1618,'product',20,0,'154.37.67.238','2023-07-22 21:07:59',NULL),
(1619,'product',33,0,'154.37.67.238','2023-07-22 21:08:00',NULL),
(1620,'product',26,0,'154.37.67.238','2023-07-22 21:08:01',NULL),
(1621,'product',12,0,'154.37.67.238','2023-07-22 21:08:04',NULL),
(1622,'product',21,0,'154.37.67.238','2023-07-22 21:08:07',NULL),
(1623,'product',47,0,'154.37.67.238','2023-07-22 21:08:13',NULL),
(1624,'product',7,0,'154.37.67.238','2023-07-22 21:08:15',NULL),
(1625,'product',18,0,'154.37.67.238','2023-07-22 21:08:22',NULL),
(1626,'product',27,0,'154.37.67.238','2023-07-22 21:08:34',NULL),
(1627,'product',39,0,'154.37.67.238','2023-07-22 21:08:45',NULL),
(1628,'product',28,0,'192.99.15.17','2023-07-22 22:41:07',NULL),
(1629,'product',11,0,'95.217.109.26','2023-07-23 01:26:57',NULL),
(1630,'product',12,0,'95.217.109.26','2023-07-23 01:27:00',NULL),
(1631,'product',18,0,'95.217.109.26','2023-07-23 01:27:02',NULL),
(1632,'product',19,0,'95.217.109.26','2023-07-23 01:27:05',NULL),
(1633,'product',20,0,'95.217.109.26','2023-07-23 01:27:07',NULL),
(1634,'product',21,0,'95.217.109.26','2023-07-23 01:27:09',NULL),
(1635,'product',22,0,'95.217.109.26','2023-07-23 01:27:11',NULL),
(1636,'product',24,0,'95.217.109.26','2023-07-23 01:27:13',NULL),
(1637,'product',26,0,'95.217.109.26','2023-07-23 01:27:16',NULL),
(1638,'product',27,0,'95.217.109.26','2023-07-23 01:27:18',NULL),
(1639,'product',29,0,'95.217.109.26','2023-07-23 01:27:20',NULL),
(1640,'product',31,0,'95.217.109.26','2023-07-23 01:27:22',NULL),
(1641,'product',33,0,'95.217.109.26','2023-07-23 01:27:24',NULL),
(1642,'product',35,0,'95.217.109.26','2023-07-23 01:27:27',NULL),
(1643,'product',47,0,'95.217.109.26','2023-07-23 01:27:29',NULL),
(1644,'product',7,0,'95.217.109.26','2023-07-23 01:27:31',NULL),
(1645,'product',8,0,'95.217.109.26','2023-07-23 01:27:33',NULL),
(1646,'product',50,0,'95.217.109.26','2023-07-23 01:27:35',NULL),
(1647,'product',32,0,'185.191.171.21','2023-07-23 08:49:51',NULL),
(1648,'product',52,0,'54.36.148.245','2023-07-23 15:08:32',NULL),
(1649,'product',52,0,'54.36.148.121','2023-07-23 15:08:39',NULL),
(1650,'product',34,0,'54.36.148.96','2023-07-23 23:54:04',NULL),
(1651,'product',34,0,'52.167.144.118','2023-07-24 12:25:44',NULL),
(1652,'product',52,0,'18.191.188.146','2023-07-24 18:53:06',NULL),
(1653,'product',27,0,'18.191.188.146','2023-07-24 18:53:08',NULL),
(1654,'product',12,0,'18.191.188.146','2023-07-24 18:53:09',NULL),
(1655,'product',19,0,'18.191.188.146','2023-07-24 18:53:10',NULL),
(1656,'product',26,0,'18.191.188.146','2023-07-24 18:53:11',NULL),
(1657,'product',24,0,'18.191.188.146','2023-07-24 18:53:13',NULL),
(1658,'product',29,0,'18.191.188.146','2023-07-24 18:53:14',NULL),
(1659,'product',21,0,'18.191.188.146','2023-07-24 18:53:15',NULL),
(1660,'product',32,0,'52.167.144.43','2023-07-24 22:48:12',NULL),
(1661,'post',57,0,'54.36.149.51','2023-07-25 07:24:50',NULL),
(1662,'post',57,0,'54.36.148.49','2023-07-25 07:25:24',NULL),
(1663,'post',48,0,'54.36.148.252','2023-07-25 09:47:00',NULL),
(1664,'product',32,0,'65.108.110.26','2023-07-25 13:41:20',NULL),
(1665,'product',34,0,'65.108.110.26','2023-07-25 13:41:22',NULL),
(1666,'product',52,0,'65.108.110.26','2023-07-25 13:41:25',NULL),
(1667,'product',39,0,'149.202.87.178','2023-07-25 14:39:11',NULL),
(1668,'product',56,0,'149.202.87.178','2023-07-25 14:39:28',NULL),
(1669,'post',69,0,'54.36.149.89','2023-07-25 16:11:25',NULL),
(1670,'product',11,0,'94.23.203.202','2023-07-25 22:51:06',NULL),
(1671,'product',12,0,'94.23.203.202','2023-07-25 22:51:08',NULL),
(1672,'product',18,0,'94.23.203.202','2023-07-25 22:51:12',NULL),
(1673,'product',19,0,'94.23.203.202','2023-07-25 22:51:16',NULL),
(1674,'product',20,0,'94.23.203.202','2023-07-25 22:51:18',NULL),
(1675,'product',21,0,'94.23.203.202','2023-07-25 22:51:20',NULL),
(1676,'product',22,0,'94.23.203.202','2023-07-25 22:51:23',NULL),
(1677,'product',24,0,'94.23.203.202','2023-07-25 22:51:27',NULL),
(1678,'product',26,0,'94.23.203.202','2023-07-25 22:51:29',NULL),
(1679,'product',27,0,'94.23.203.202','2023-07-25 22:51:33',NULL),
(1680,'product',29,0,'94.23.203.202','2023-07-25 22:51:36',NULL),
(1681,'product',31,0,'94.23.203.202','2023-07-25 22:51:39',NULL),
(1682,'product',33,0,'94.23.203.202','2023-07-25 22:51:42',NULL),
(1683,'product',35,0,'94.23.203.202','2023-07-25 22:51:45',NULL),
(1684,'product',47,0,'94.23.203.202','2023-07-25 22:51:48',NULL),
(1685,'product',7,0,'94.23.203.202','2023-07-25 22:51:51',NULL),
(1686,'product',8,0,'94.23.203.202','2023-07-25 22:51:53',NULL),
(1687,'product',50,0,'94.23.203.202','2023-07-25 22:51:57',NULL),
(1688,'product',29,0,'54.36.148.157','2023-07-25 23:53:15',NULL),
(1689,'product',28,0,'37.187.73.123','2023-07-26 00:48:40',NULL),
(1690,'product',27,0,'54.36.148.143','2023-07-26 01:57:01',NULL),
(1691,'product',24,0,'54.36.149.74','2023-07-26 02:13:11',NULL),
(1692,'product',34,0,'54.36.149.34','2023-07-26 02:45:32',NULL),
(1693,'product',39,0,'54.36.148.53','2023-07-26 03:01:33',NULL),
(1694,'product',21,0,'54.36.148.136','2023-07-26 03:22:23',NULL),
(1695,'product',32,0,'54.36.149.26','2023-07-26 04:00:59',NULL),
(1696,'product',7,0,'54.36.149.93','2023-07-26 05:50:08',NULL),
(1697,'product',26,0,'54.36.148.219','2023-07-26 07:01:28',NULL),
(1698,'product',11,0,'54.36.149.105','2023-07-26 08:38:15',NULL),
(1699,'product',18,0,'54.36.148.131','2023-07-26 09:14:40',NULL),
(1700,'product',12,0,'54.36.149.40','2023-07-26 10:37:54',NULL),
(1701,'product',18,0,'54.36.148.244','2023-07-26 11:43:32',NULL),
(1702,'product',19,0,'54.36.148.158','2023-07-26 12:11:24',NULL),
(1703,'product',12,0,'54.36.148.144','2023-07-26 12:40:04',NULL),
(1704,'product',20,0,'54.36.149.90','2023-07-26 13:10:48',NULL),
(1705,'product',22,0,'54.36.148.148','2023-07-26 13:48:52',NULL),
(1706,'post',69,0,'54.36.148.18','2023-07-26 16:08:18',NULL),
(1707,'product',11,0,'54.36.148.196','2023-07-26 16:41:51',NULL),
(1708,'product',23,0,'94.23.7.188','2023-07-26 19:11:14',NULL),
(1709,'product',30,0,'94.23.7.188','2023-07-26 19:11:16',NULL),
(1710,'product',52,0,'40.77.167.182','2023-07-26 20:48:38',NULL),
(1711,'product',56,0,'54.36.148.117','2023-07-27 04:20:54',NULL),
(1712,'product',47,0,'54.36.148.176','2023-07-27 06:09:06',NULL),
(1713,'product',28,0,'54.36.148.68','2023-07-28 00:45:53',NULL),
(1714,'product',28,0,'54.36.149.50','2023-07-28 04:43:19',NULL),
(1715,'product',20,0,'54.36.148.83','2023-07-28 06:43:42',NULL),
(1716,'post',57,0,'54.36.149.93','2023-07-28 07:14:12',NULL),
(1717,'product',27,0,'65.109.236.107','2023-07-28 07:17:53',NULL),
(1718,'product',12,0,'165.227.108.182','2023-07-28 07:34:17',NULL),
(1719,'product',19,0,'54.36.148.193','2023-07-28 07:46:42',NULL),
(1720,'product',19,0,'95.217.155.224','2023-07-28 07:56:22',NULL),
(1721,'post',57,0,'165.227.98.159','2023-07-28 09:03:40',NULL),
(1722,'product',24,0,'146.190.157.50','2023-07-28 09:35:40',NULL),
(1723,'post',69,0,'146.190.62.187','2023-07-28 10:00:59',NULL),
(1724,'product',47,0,'65.109.133.113','2023-07-28 10:12:26',NULL),
(1725,'product',24,0,'146.190.23.188','2023-07-28 10:57:54',NULL),
(1726,'product',7,0,'54.36.148.25','2023-07-28 11:01:23',NULL),
(1727,'post',48,0,'165.227.98.174','2023-07-28 11:05:21',NULL),
(1728,'product',7,0,'104.248.93.208','2023-07-28 11:49:50',NULL),
(1729,'product',52,0,'159.203.25.80','2023-07-28 12:32:38',NULL),
(1730,'product',22,0,'5.161.106.116','2023-07-28 13:04:13',NULL),
(1731,'product',8,0,'5.78.44.105','2023-07-28 13:04:55',NULL),
(1732,'product',22,0,'54.36.148.64','2023-07-28 13:59:39',NULL),
(1733,'product',24,0,'54.36.148.96','2023-07-28 14:48:02',NULL),
(1734,'product',33,0,'54.36.149.23','2023-07-28 15:54:07',NULL),
(1735,'product',35,0,'54.36.149.67','2023-07-28 16:20:58',NULL),
(1736,'product',33,0,'54.36.148.233','2023-07-28 18:55:58',NULL),
(1737,'product',32,0,'65.108.110.26','2023-07-28 19:16:28',NULL),
(1738,'product',34,0,'65.108.110.26','2023-07-28 19:16:30',NULL),
(1739,'product',52,0,'65.108.110.26','2023-07-28 19:16:33',NULL),
(1740,'product',47,0,'54.36.149.41','2023-07-28 19:27:45',NULL),
(1741,'product',39,0,'65.108.78.33','2023-07-28 20:30:21',NULL),
(1742,'product',56,0,'65.108.78.33','2023-07-28 20:30:27',NULL),
(1743,'product',31,0,'54.36.148.192','2023-07-28 20:45:57',NULL),
(1744,'product',11,0,'135.181.213.219','2023-07-28 21:45:57',NULL),
(1745,'product',12,0,'135.181.213.219','2023-07-28 21:45:59',NULL),
(1746,'product',18,0,'135.181.213.219','2023-07-28 21:46:01',NULL),
(1747,'product',19,0,'135.181.213.219','2023-07-28 21:46:03',NULL),
(1748,'product',20,0,'135.181.213.219','2023-07-28 21:46:05',NULL),
(1749,'product',21,0,'135.181.213.219','2023-07-28 21:46:07',NULL),
(1750,'product',22,0,'135.181.213.219','2023-07-28 21:46:10',NULL),
(1751,'product',24,0,'135.181.213.219','2023-07-28 21:46:12',NULL),
(1752,'product',26,0,'135.181.213.219','2023-07-28 21:46:14',NULL),
(1753,'product',27,0,'135.181.213.219','2023-07-28 21:46:16',NULL),
(1754,'product',29,0,'135.181.213.219','2023-07-28 21:46:18',NULL),
(1755,'product',31,0,'135.181.213.219','2023-07-28 21:46:20',NULL),
(1756,'product',33,0,'135.181.213.219','2023-07-28 21:46:23',NULL),
(1757,'product',35,0,'135.181.213.219','2023-07-28 21:46:25',NULL),
(1758,'product',47,0,'135.181.213.219','2023-07-28 21:46:28',NULL),
(1759,'product',7,0,'135.181.213.219','2023-07-28 21:46:30',NULL),
(1760,'product',8,0,'135.181.213.219','2023-07-28 21:46:32',NULL),
(1761,'product',50,0,'135.181.213.219','2023-07-28 21:46:34',NULL),
(1762,'product',21,0,'52.167.144.25','2023-07-29 00:13:47',NULL),
(1763,'product',50,0,'54.36.148.8','2023-07-29 01:02:50',NULL),
(1764,'product',39,0,'54.36.148.195','2023-07-29 03:54:11',NULL),
(1765,'product',21,0,'54.36.148.1','2023-07-29 09:30:19',NULL),
(1766,'product',23,0,'149.202.82.11','2023-07-29 13:06:08',NULL),
(1767,'product',30,0,'149.202.82.11','2023-07-29 13:06:28',NULL),
(1768,'product',28,0,'135.181.213.219','2023-07-29 13:47:59',NULL),
(1769,'post',69,0,'40.77.167.91','2023-07-29 20:26:09',NULL),
(1770,'product',50,412,'93.118.148.56','2023-07-29 22:02:21',NULL),
(1771,'product',27,0,'54.36.148.61','2023-07-30 04:24:53',NULL),
(1772,'product',30,0,'54.36.148.33','2023-07-30 07:26:59',NULL),
(1773,'product',30,0,'54.36.148.37','2023-07-30 08:39:56',NULL),
(1774,'product',8,0,'54.36.148.28','2023-07-30 11:07:35',NULL),
(1775,'product',50,0,'54.36.149.89','2023-07-30 13:00:37',NULL),
(1776,'product',26,0,'54.36.148.181','2023-07-30 15:12:49',NULL),
(1777,'product',31,0,'54.36.149.87','2023-07-30 15:42:02',NULL),
(1778,'product',19,0,'65.109.133.247','2023-07-30 18:03:01',NULL),
(1779,'post',57,0,'24.199.107.117','2023-07-30 18:10:32',NULL),
(1780,'product',29,0,'54.36.149.54','2023-07-30 18:53:29',NULL),
(1781,'product',29,0,'95.217.1.184','2023-07-30 19:55:29',NULL),
(1782,'product',22,0,'142.93.149.179','2023-07-30 20:28:22',NULL),
(1783,'product',56,0,'54.36.149.5','2023-07-30 20:54:37',NULL),
(1784,'product',23,0,'54.36.148.122','2023-07-30 22:02:28',NULL),
(1785,'product',23,0,'54.36.149.94','2023-07-30 22:16:14',NULL),
(1786,'product',32,0,'40.77.167.91','2023-07-30 23:01:24',NULL),
(1787,'product',18,0,'95.217.155.224','2023-07-30 23:24:21',NULL),
(1788,'product',35,0,'178.62.218.31','2023-07-31 02:38:24',NULL),
(1789,'post',57,0,'159.223.193.196','2023-07-31 06:07:54',NULL),
(1790,'product',20,0,'178.62.218.38','2023-07-31 06:56:07',NULL),
(1791,'product',52,0,'143.198.43.36','2023-07-31 07:38:11',NULL),
(1792,'product',35,0,'54.36.148.208','2023-07-31 09:03:16',NULL),
(1793,'product',19,0,'165.22.233.4','2023-07-31 09:22:07',NULL),
(1794,'product',8,0,'54.36.148.94','2023-07-31 11:46:55',NULL),
(1795,'product',18,0,'5.161.180.182','2023-07-31 13:21:51',NULL),
(1796,'product',21,0,'143.198.43.36','2023-07-31 14:36:40',NULL),
(1797,'product',39,0,'138.68.174.16','2023-07-31 15:43:58',NULL),
(1798,'post',48,0,'161.35.39.101','2023-07-31 15:50:14',NULL),
(1799,'product',32,0,'37.57.218.243','2023-07-31 17:01:24',NULL),
(1800,'product',34,0,'37.57.218.243','2023-07-31 17:01:26',NULL),
(1801,'product',52,0,'37.57.218.243','2023-07-31 17:01:28',NULL),
(1802,'product',12,0,'135.148.103.156','2023-07-31 17:13:29',NULL),
(1803,'product',39,0,'54.38.85.17','2023-07-31 17:13:38',NULL),
(1804,'product',56,0,'54.38.85.17','2023-07-31 17:14:44',NULL),
(1805,'product',28,0,'192.99.15.33','2023-08-01 02:25:05',NULL),
(1806,'product',27,0,'24.199.117.232','2023-08-01 05:47:17',NULL),
(1807,'product',27,0,'5.161.209.105','2023-08-01 11:06:44',NULL),
(1808,'product',11,0,'54.36.148.176','2023-08-01 12:01:00',NULL),
(1809,'product',11,0,'54.36.148.64','2023-08-01 12:36:30',NULL),
(1810,'product',24,0,'164.92.87.221','2023-08-01 13:00:30',NULL),
(1811,'product',39,0,'52.167.144.73','2023-08-01 13:04:00',NULL),
(1812,'product',11,0,'54.36.148.118','2023-08-01 13:09:02',NULL),
(1813,'product',11,0,'54.36.148.192','2023-08-01 13:37:12',NULL),
(1814,'product',11,0,'54.36.148.194','2023-08-01 14:07:31',NULL),
(1815,'product',12,0,'54.36.148.105','2023-08-01 14:38:15',NULL),
(1816,'product',12,0,'54.36.148.89','2023-08-01 15:11:20',NULL),
(1817,'product',24,0,'142.93.157.37','2023-08-01 16:22:03',NULL),
(1818,'product',7,0,'146.190.125.139','2023-08-01 16:47:51',NULL),
(1819,'product',23,0,'195.191.219.130','2023-08-01 17:14:41',NULL),
(1820,'product',30,0,'195.191.219.130','2023-08-01 17:14:43',NULL),
(1821,'product',27,0,'54.36.148.224','2023-08-01 19:06:09',NULL),
(1822,'product',8,0,'167.71.254.228','2023-08-01 19:34:30',NULL),
(1823,'product',27,0,'54.36.149.49','2023-08-01 20:04:37',NULL),
(1824,'product',7,412,'212.237.219.94','2023-08-01 20:25:48',NULL),
(1825,'product',27,0,'54.36.148.230','2023-08-01 21:52:35',NULL),
(1826,'product',27,0,'54.36.148.184','2023-08-02 00:19:39',NULL),
(1827,'product',11,0,'54.36.149.99','2023-08-02 01:13:06',NULL),
(1828,'product',11,0,'54.36.148.84','2023-08-02 01:36:53',NULL),
(1829,'product',26,0,'95.217.1.184','2023-08-02 01:58:26',NULL),
(1830,'product',11,0,'54.36.148.208','2023-08-02 02:00:59',NULL),
(1831,'product',11,0,'54.36.149.1','2023-08-02 02:23:52',NULL),
(1832,'product',11,0,'54.36.148.251','2023-08-02 02:43:58',NULL),
(1833,'product',12,0,'54.36.148.84','2023-08-02 03:04:57',NULL),
(1834,'product',12,0,'54.36.148.15','2023-08-02 03:26:34',NULL),
(1835,'product',12,0,'54.36.148.17','2023-08-02 03:48:32',NULL),
(1836,'product',12,0,'54.36.148.222','2023-08-02 04:08:53',NULL),
(1837,'product',12,0,'54.36.148.162','2023-08-02 04:35:22',NULL),
(1838,'product',7,0,'54.36.149.98','2023-08-02 05:02:01',NULL),
(1839,'product',7,0,'54.36.148.167','2023-08-02 05:29:30',NULL),
(1840,'product',22,0,'24.199.125.7','2023-08-02 05:50:39',NULL),
(1841,'product',7,0,'54.36.148.181','2023-08-02 05:55:38',NULL),
(1842,'product',7,0,'54.36.148.53','2023-08-02 06:25:24',NULL),
(1843,'product',39,0,'167.71.241.14','2023-08-02 06:39:26',NULL),
(1844,'product',27,0,'54.36.148.33','2023-08-02 07:21:22',NULL),
(1845,'product',7,0,'54.36.148.68','2023-08-02 08:36:39',NULL),
(1846,'product',18,0,'54.36.148.103','2023-08-02 10:57:44',NULL),
(1847,'product',19,0,'54.36.148.53','2023-08-02 11:13:38',NULL),
(1848,'product',19,0,'54.36.149.21','2023-08-02 11:36:12',NULL),
(1849,'product',35,0,'165.22.237.57','2023-08-02 11:38:06',NULL),
(1850,'product',20,0,'54.36.148.128','2023-08-02 11:51:17',NULL),
(1851,'product',20,0,'54.36.148.216','2023-08-02 12:06:41',NULL),
(1852,'product',22,0,'54.36.148.166','2023-08-02 12:23:41',NULL),
(1853,'product',21,0,'95.217.191.48','2023-08-02 12:36:47',NULL),
(1854,'product',24,0,'54.36.149.32','2023-08-02 12:39:25',NULL),
(1855,'post',69,0,'24.199.117.253','2023-08-02 12:46:50',NULL),
(1856,'product',24,0,'54.36.148.38','2023-08-02 13:02:27',NULL),
(1857,'product',12,0,'54.36.148.250','2023-08-02 13:19:57',NULL),
(1858,'product',12,0,'54.36.149.78','2023-08-02 13:38:05',NULL),
(1859,'product',12,0,'54.36.149.10','2023-08-02 13:56:33',NULL),
(1860,'post',57,0,'5.161.219.185','2023-08-02 15:18:23',NULL),
(1861,'product',18,0,'54.36.149.61','2023-08-02 15:34:07',NULL),
(1862,'product',22,0,'54.36.148.220','2023-08-02 16:11:21',NULL),
(1863,'product',18,0,'54.36.149.21','2023-08-02 17:01:45',NULL),
(1864,'product',18,0,'54.36.149.82','2023-08-02 17:11:35',NULL),
(1865,'product',19,0,'54.36.148.119','2023-08-02 17:24:53',NULL),
(1866,'product',19,0,'54.36.148.113','2023-08-02 17:35:22',NULL),
(1867,'product',19,0,'54.36.148.37','2023-08-02 17:46:02',NULL),
(1868,'product',20,0,'54.36.148.54','2023-08-02 17:56:51',NULL),
(1869,'product',20,0,'54.36.149.100','2023-08-02 18:46:20',NULL),
(1870,'product',22,0,'54.36.149.30','2023-08-02 18:58:14',NULL),
(1871,'product',22,0,'54.36.148.238','2023-08-02 19:09:50',NULL),
(1872,'product',24,0,'54.36.149.48','2023-08-02 19:23:59',NULL),
(1873,'product',24,0,'54.36.148.135','2023-08-02 19:36:37',NULL),
(1874,'product',24,0,'54.36.149.33','2023-08-02 19:49:45',NULL),
(1875,'product',18,0,'54.36.148.167','2023-08-02 20:02:48',NULL),
(1876,'product',20,0,'54.36.148.17','2023-08-02 20:58:08',NULL),
(1877,'product',18,0,'54.36.148.145','2023-08-02 21:10:03',NULL),
(1878,'product',18,0,'54.36.148.89','2023-08-02 21:21:26',NULL),
(1879,'product',11,0,'217.182.175.120','2023-08-02 21:33:28',NULL),
(1880,'product',12,0,'217.182.175.120','2023-08-02 21:33:30',NULL),
(1881,'product',18,0,'217.182.175.120','2023-08-02 21:33:31',NULL),
(1882,'product',19,0,'217.182.175.120','2023-08-02 21:33:34',NULL),
(1883,'product',20,0,'217.182.175.120','2023-08-02 21:33:35',NULL),
(1884,'product',21,0,'217.182.175.120','2023-08-02 21:33:37',NULL),
(1885,'product',22,0,'217.182.175.120','2023-08-02 21:33:39',NULL),
(1886,'product',24,0,'217.182.175.120','2023-08-02 21:33:41',NULL),
(1887,'product',26,0,'217.182.175.120','2023-08-02 21:33:43',NULL),
(1888,'product',27,0,'217.182.175.120','2023-08-02 21:33:45',NULL),
(1889,'product',29,0,'217.182.175.120','2023-08-02 21:33:47',NULL),
(1890,'product',31,0,'217.182.175.120','2023-08-02 21:33:49',NULL),
(1891,'product',33,0,'217.182.175.120','2023-08-02 21:33:51',NULL),
(1892,'product',35,0,'217.182.175.120','2023-08-02 21:33:53',NULL),
(1893,'product',47,0,'217.182.175.120','2023-08-02 21:33:55',NULL),
(1894,'product',7,0,'217.182.175.120','2023-08-02 21:33:57',NULL),
(1895,'product',8,0,'217.182.175.120','2023-08-02 21:33:59',NULL),
(1896,'product',50,0,'217.182.175.120','2023-08-02 21:34:01',NULL),
(1897,'product',18,0,'54.36.148.245','2023-08-02 21:42:20',NULL),
(1898,'product',18,0,'54.36.149.81','2023-08-02 21:52:19',NULL),
(1899,'product',12,0,'24.199.117.246','2023-08-02 22:06:54',NULL),
(1900,'product',19,0,'54.36.148.92','2023-08-02 22:12:53',NULL),
(1901,'product',19,0,'54.36.148.202','2023-08-02 22:23:54',NULL),
(1902,'product',19,0,'54.36.148.17','2023-08-02 22:33:31',NULL),
(1903,'product',29,0,'54.36.148.179','2023-08-02 22:56:28',NULL),
(1904,'post',69,0,'54.36.148.76','2023-08-02 23:08:07',NULL),
(1905,'product',22,0,'54.36.149.41','2023-08-02 23:40:45',NULL),
(1906,'product',19,0,'54.36.148.84','2023-08-03 00:02:56',NULL),
(1907,'product',19,0,'54.36.148.33','2023-08-03 00:10:35',NULL),
(1908,'product',20,0,'54.36.148.160','2023-08-03 00:17:41',NULL),
(1909,'product',20,0,'54.36.148.248','2023-08-03 00:25:17',NULL),
(1910,'product',20,0,'54.36.148.91','2023-08-03 00:40:18',NULL),
(1911,'product',20,0,'54.36.148.234','2023-08-03 00:48:07',NULL),
(1912,'product',21,0,'54.36.149.68','2023-08-03 00:55:40',NULL),
(1913,'product',21,0,'54.36.148.185','2023-08-03 01:04:28',NULL),
(1914,'product',21,0,'54.36.148.168','2023-08-03 01:12:25',NULL),
(1915,'product',21,0,'54.36.149.7','2023-08-03 01:20:03',NULL),
(1916,'product',21,0,'54.36.148.88','2023-08-03 01:28:17',NULL),
(1917,'product',26,0,'54.36.148.101','2023-08-03 01:47:16',NULL),
(1918,'product',26,0,'54.36.148.213','2023-08-03 01:55:49',NULL),
(1919,'product',26,0,'54.36.148.179','2023-08-03 02:04:28',NULL),
(1920,'product',26,0,'54.36.148.203','2023-08-03 02:13:51',NULL),
(1921,'product',26,0,'54.36.148.97','2023-08-03 02:22:53',NULL),
(1922,'product',29,0,'54.36.148.191','2023-08-03 02:31:28',NULL),
(1923,'product',20,0,'54.36.148.41','2023-08-03 02:40:06',NULL),
(1924,'product',28,0,'54.36.148.255','2023-08-03 02:50:50',NULL),
(1925,'product',28,0,'54.36.148.91','2023-08-03 03:02:32',NULL),
(1926,'product',28,0,'54.36.148.64','2023-08-03 03:17:02',NULL),
(1927,'product',28,0,'54.36.148.142','2023-08-03 03:33:14',NULL),
(1928,'product',28,0,'54.36.148.153','2023-08-03 03:41:58',NULL),
(1929,'product',28,0,'54.36.148.241','2023-08-03 03:50:32',NULL),
(1930,'product',28,0,'54.36.148.57','2023-08-03 04:01:39',NULL),
(1931,'product',28,0,'54.36.148.166','2023-08-03 04:14:28',NULL),
(1932,'product',27,0,'54.36.148.22','2023-08-03 04:24:03',NULL),
(1933,'product',28,0,'54.36.149.77','2023-08-03 04:44:18',NULL),
(1934,'product',29,0,'54.36.148.100','2023-08-03 04:55:14',NULL),
(1935,'product',29,0,'54.36.148.10','2023-08-03 05:07:03',NULL),
(1936,'product',47,0,'54.36.148.57','2023-08-03 05:19:33',NULL),
(1937,'product',47,0,'135.181.27.53','2023-08-03 05:35:12',NULL),
(1938,'product',47,0,'54.36.148.121','2023-08-03 05:35:50',NULL),
(1939,'product',47,0,'54.36.148.167','2023-08-03 06:11:18',NULL),
(1940,'product',47,0,'54.36.148.16','2023-08-03 06:32:00',NULL),
(1941,'product',19,0,'64.225.69.111','2023-08-03 06:43:49',NULL),
(1942,'product',47,0,'54.36.149.94','2023-08-03 06:50:50',NULL),
(1943,'post',69,0,'54.36.148.80','2023-08-03 07:08:30',NULL),
(1944,'product',7,0,'54.36.148.215','2023-08-03 07:26:45',NULL),
(1945,'product',18,0,'54.36.148.202','2023-08-03 09:04:19',NULL),
(1946,'product',29,0,'54.36.148.146','2023-08-03 09:57:42',NULL),
(1947,'product',29,0,'54.36.148.3','2023-08-03 10:17:58',NULL),
(1948,'product',12,0,'54.36.148.53','2023-08-03 10:45:38',NULL),
(1949,'product',24,0,'54.36.148.17','2023-08-03 11:26:59',NULL),
(1950,'product',33,0,'54.36.148.156','2023-08-03 12:39:21',NULL),
(1951,'product',33,0,'54.36.148.37','2023-08-03 12:57:30',NULL),
(1952,'product',33,0,'54.36.149.65','2023-08-03 13:06:07',NULL),
(1953,'product',33,0,'54.36.149.66','2023-08-03 13:14:56',NULL),
(1954,'product',33,0,'54.36.148.239','2023-08-03 13:32:45',NULL),
(1955,'product',35,0,'54.36.148.119','2023-08-03 13:41:17',NULL),
(1956,'product',35,0,'54.36.148.158','2023-08-03 13:59:50',NULL),
(1957,'product',35,0,'54.36.148.47','2023-08-03 14:18:37',NULL),
(1958,'product',35,0,'54.36.148.10','2023-08-03 14:28:46',NULL),
(1959,'product',21,0,'165.22.237.57','2023-08-03 15:38:39',NULL),
(1960,'product',35,0,'54.36.148.146','2023-08-03 16:31:22',NULL),
(1961,'product',22,0,'54.36.148.40','2023-08-03 16:44:57',NULL),
(1962,'product',39,0,'40.77.167.230','2023-08-03 16:53:44',NULL),
(1963,'product',32,0,'149.202.65.183','2023-08-03 16:55:00',NULL),
(1964,'product',34,0,'149.202.65.183','2023-08-03 16:55:23',NULL),
(1965,'product',52,0,'149.202.65.183','2023-08-03 16:55:42',NULL),
(1966,'product',39,0,'54.36.148.157','2023-08-03 17:12:51',NULL),
(1967,'product',21,0,'54.36.148.20','2023-08-03 17:28:38',NULL),
(1968,'product',23,0,'54.36.149.82','2023-08-03 18:35:30',NULL),
(1969,'product',23,0,'54.36.149.31','2023-08-03 18:46:04',NULL),
(1970,'product',27,0,'54.36.148.222','2023-08-03 18:54:44',NULL),
(1971,'product',23,0,'54.36.148.215','2023-08-03 19:11:17',NULL),
(1972,'product',27,0,'54.36.148.66','2023-08-03 19:19:04',NULL),
(1973,'product',23,0,'54.36.148.51','2023-08-03 19:33:27',NULL),
(1974,'product',27,0,'54.36.148.133','2023-08-03 19:43:30',NULL),
(1975,'product',47,0,'54.36.148.229','2023-08-03 19:50:42',NULL),
(1976,'product',47,0,'54.36.148.120','2023-08-03 19:58:43',NULL),
(1977,'product',23,0,'54.36.149.2','2023-08-03 20:07:10',NULL),
(1978,'product',27,0,'54.36.148.145','2023-08-03 20:16:14',NULL),
(1979,'product',47,0,'54.36.148.169','2023-08-03 20:25:40',NULL),
(1980,'product',7,0,'54.36.148.79','2023-08-03 20:45:19',NULL),
(1981,'post',48,0,'144.76.72.99','2023-08-03 20:45:29',NULL),
(1982,'post',57,0,'144.76.72.99','2023-08-03 20:45:37',NULL),
(1983,'product',32,0,'144.76.72.99','2023-08-03 20:45:58',NULL),
(1984,'product',34,0,'144.76.72.99','2023-08-03 20:47:03',NULL),
(1985,'product',7,0,'54.36.148.241','2023-08-03 20:54:59',NULL),
(1986,'product',23,0,'54.36.148.253','2023-08-03 21:06:41',NULL),
(1987,'post',69,0,'144.76.72.99','2023-08-03 21:23:29',NULL),
(1988,'product',50,0,'144.76.72.99','2023-08-03 21:24:28',NULL),
(1989,'product',52,0,'144.76.72.99','2023-08-03 21:24:40',NULL),
(1990,'product',12,0,'144.76.72.99','2023-08-03 21:24:51',NULL),
(1991,'product',18,0,'144.76.72.99','2023-08-03 21:25:28',NULL),
(1992,'product',19,0,'144.76.72.99','2023-08-03 21:25:40',NULL),
(1993,'product',20,0,'144.76.72.99','2023-08-03 21:25:52',NULL),
(1994,'product',21,0,'144.76.72.99','2023-08-03 21:26:05',NULL),
(1995,'product',22,0,'144.76.72.99','2023-08-03 21:26:20',NULL),
(1996,'product',24,0,'144.76.72.99','2023-08-03 21:26:36',NULL),
(1997,'product',26,0,'144.76.72.99','2023-08-03 21:26:48',NULL),
(1998,'product',27,0,'144.76.72.99','2023-08-03 21:27:02',NULL),
(1999,'product',29,0,'144.76.72.99','2023-08-03 21:27:15',NULL),
(2000,'product',31,0,'144.76.72.99','2023-08-03 21:27:27',NULL),
(2001,'product',7,0,'54.36.149.37','2023-08-03 21:27:39',NULL),
(2002,'product',33,0,'144.76.72.99','2023-08-03 21:27:39',NULL),
(2003,'product',35,0,'144.76.72.99','2023-08-03 21:27:51',NULL),
(2004,'product',39,0,'144.76.72.99','2023-08-03 21:28:04',NULL),
(2005,'product',47,0,'144.76.72.99','2023-08-03 21:28:15',NULL),
(2006,'product',56,0,'144.76.72.99','2023-08-03 21:28:23',NULL),
(2007,'product',7,0,'144.76.72.99','2023-08-03 21:28:32',NULL),
(2008,'product',8,0,'144.76.72.99','2023-08-03 21:28:42',NULL),
(2009,'product',23,0,'54.36.148.96','2023-08-03 21:37:40',NULL),
(2010,'product',23,0,'54.36.149.88','2023-08-03 22:00:05',NULL),
(2011,'product',28,0,'144.76.72.99','2023-08-03 22:02:22',NULL),
(2012,'product',11,0,'144.76.72.99','2023-08-03 22:10:51',NULL),
(2013,'product',47,0,'54.36.149.85','2023-08-03 22:12:45',NULL),
(2014,'product',7,0,'54.36.149.59','2023-08-03 22:33:20',NULL),
(2015,'product',23,0,'144.76.72.99','2023-08-03 22:42:41',NULL),
(2016,'product',30,0,'144.76.72.99','2023-08-03 22:43:35',NULL),
(2017,'product',23,0,'54.36.148.53','2023-08-03 22:46:38',NULL),
(2018,'product',47,0,'54.36.148.94','2023-08-03 22:58:10',NULL),
(2019,'product',39,0,'65.108.64.210','2023-08-03 23:07:47',NULL),
(2020,'product',56,0,'65.108.64.210','2023-08-03 23:07:53',NULL),
(2021,'product',7,0,'54.36.148.128','2023-08-03 23:09:54',NULL),
(2022,'product',23,0,'54.36.148.110','2023-08-03 23:22:28',NULL),
(2023,'product',22,0,'54.36.148.6','2023-08-03 23:50:11',NULL),
(2024,'product',27,0,'54.36.149.67','2023-08-03 23:56:29',NULL),
(2025,'product',11,0,'194.247.173.99','2023-08-04 00:02:38',NULL),
(2026,'product',12,0,'194.247.173.99','2023-08-04 00:02:40',NULL),
(2027,'product',18,0,'194.247.173.99','2023-08-04 00:02:42',NULL),
(2028,'product',19,0,'194.247.173.99','2023-08-04 00:02:44',NULL),
(2029,'product',20,0,'194.247.173.99','2023-08-04 00:02:46',NULL),
(2030,'product',21,0,'194.247.173.99','2023-08-04 00:02:48',NULL),
(2031,'product',22,0,'194.247.173.99','2023-08-04 00:02:50',NULL),
(2032,'product',24,0,'194.247.173.99','2023-08-04 00:02:52',NULL),
(2033,'product',26,0,'194.247.173.99','2023-08-04 00:02:54',NULL),
(2034,'product',27,0,'194.247.173.99','2023-08-04 00:02:55',NULL),
(2035,'product',29,0,'194.247.173.99','2023-08-04 00:02:57',NULL),
(2036,'product',31,0,'194.247.173.99','2023-08-04 00:02:59',NULL),
(2037,'product',33,0,'194.247.173.99','2023-08-04 00:03:01',NULL),
(2038,'product',35,0,'194.247.173.99','2023-08-04 00:03:03',NULL),
(2039,'product',47,0,'194.247.173.99','2023-08-04 00:03:05',NULL),
(2040,'product',7,0,'194.247.173.99','2023-08-04 00:03:07',NULL),
(2041,'product',8,0,'194.247.173.99','2023-08-04 00:03:09',NULL),
(2042,'product',50,0,'194.247.173.99','2023-08-04 00:03:11',NULL),
(2043,'product',22,0,'54.36.149.85','2023-08-04 00:03:55',NULL),
(2044,'product',22,0,'54.36.149.22','2023-08-04 00:17:17',NULL),
(2045,'product',22,0,'54.36.148.230','2023-08-04 00:23:04',NULL),
(2046,'product',22,0,'54.36.148.75','2023-08-04 00:29:04',NULL),
(2047,'product',24,0,'54.36.148.34','2023-08-04 00:36:22',NULL),
(2048,'product',24,0,'54.36.148.60','2023-08-04 00:42:51',NULL),
(2049,'product',24,0,'54.36.148.190','2023-08-04 00:56:26',NULL),
(2050,'product',8,0,'54.36.148.21','2023-08-04 01:30:28',NULL),
(2051,'product',8,0,'54.36.148.117','2023-08-04 01:58:19',NULL),
(2052,'product',8,0,'46.101.80.123','2023-08-04 02:59:11',NULL),
(2053,'product',31,0,'54.36.148.24','2023-08-04 03:44:50',NULL),
(2054,'product',31,0,'54.36.148.204','2023-08-04 03:56:59',NULL),
(2055,'product',31,0,'54.36.149.55','2023-08-04 04:09:57',NULL),
(2056,'product',31,0,'54.36.148.98','2023-08-04 04:22:14',NULL),
(2057,'product',31,0,'54.36.148.53','2023-08-04 04:39:37',NULL),
(2058,'product',24,0,'24.199.99.134','2023-08-04 05:15:33',NULL),
(2059,'product',22,0,'45.55.64.182','2023-08-04 05:47:32',NULL),
(2060,'product',21,0,'54.36.148.141','2023-08-04 05:51:15',NULL),
(2061,'product',21,0,'54.36.148.95','2023-08-04 05:56:57',NULL),
(2062,'product',21,0,'54.36.148.54','2023-08-04 06:01:53',NULL),
(2063,'product',30,0,'54.36.148.206','2023-08-04 06:13:54',NULL),
(2064,'product',30,0,'54.36.148.2','2023-08-04 06:19:52',NULL),
(2065,'product',8,0,'54.36.149.54','2023-08-04 06:31:32',NULL),
(2066,'product',30,0,'54.36.148.240','2023-08-04 06:36:43',NULL),
(2067,'product',52,0,'167.71.241.6','2023-08-04 06:37:35',NULL),
(2068,'product',8,0,'54.36.148.146','2023-08-04 06:42:17',NULL),
(2069,'product',8,0,'54.36.148.209','2023-08-04 06:52:57',NULL),
(2070,'post',48,0,'40.77.167.91','2023-08-04 06:53:47',NULL),
(2071,'product',30,0,'54.36.149.50','2023-08-04 06:58:52',NULL),
(2072,'product',31,0,'54.36.148.202','2023-08-04 07:04:44',NULL),
(2073,'product',30,0,'54.36.148.253','2023-08-04 07:09:44',NULL),
(2074,'product',31,0,'54.36.148.100','2023-08-04 07:16:54',NULL),
(2075,'product',27,0,'64.225.69.111','2023-08-04 07:17:20',NULL),
(2076,'product',31,0,'54.36.148.81','2023-08-04 07:22:47',NULL),
(2077,'product',33,0,'54.36.148.65','2023-08-04 07:43:16',NULL),
(2078,'product',31,0,'54.36.148.209','2023-08-04 07:48:46',NULL),
(2079,'product',33,0,'54.36.148.111','2023-08-04 07:54:33',NULL),
(2080,'product',31,0,'54.36.149.82','2023-08-04 08:00:32',NULL),
(2081,'product',33,0,'54.36.148.78','2023-08-04 08:06:20',NULL),
(2082,'product',33,0,'54.36.148.248','2023-08-04 08:11:42',NULL),
(2083,'product',35,0,'54.36.149.59','2023-08-04 08:17:10',NULL),
(2084,'product',35,0,'54.36.148.111','2023-08-04 08:22:40',NULL),
(2085,'product',35,0,'54.36.149.81','2023-08-04 08:28:34',NULL),
(2086,'product',35,0,'54.36.149.73','2023-08-04 08:34:43',NULL),
(2087,'product',35,0,'54.36.148.89','2023-08-04 08:40:41',NULL),
(2088,'product',47,0,'54.36.149.87','2023-08-04 08:46:35',NULL),
(2089,'product',11,0,'54.36.148.173','2023-08-04 08:52:10',NULL),
(2090,'product',26,0,'54.36.149.92','2023-08-04 09:03:22',NULL),
(2091,'product',30,0,'54.36.148.112','2023-08-04 09:08:17',NULL),
(2092,'product',33,0,'54.36.149.93','2023-08-04 09:28:14',NULL),
(2093,'product',21,0,'54.36.148.61','2023-08-04 09:39:28',NULL),
(2094,'product',21,0,'54.36.149.36','2023-08-04 09:50:10',NULL),
(2095,'product',26,0,'54.36.149.102','2023-08-04 09:59:23',NULL),
(2096,'product',26,0,'54.36.149.85','2023-08-04 10:08:39',NULL),
(2097,'product',26,0,'54.36.148.14','2023-08-04 10:17:57',NULL),
(2098,'product',26,0,'54.36.148.181','2023-08-04 10:27:01',NULL),
(2099,'product',26,0,'54.36.148.170','2023-08-04 10:36:36',NULL),
(2100,'product',29,0,'54.36.148.246','2023-08-04 10:52:01',NULL),
(2101,'product',29,0,'54.36.148.31','2023-08-04 11:01:57',NULL),
(2102,'product',29,0,'54.36.148.215','2023-08-04 11:12:19',NULL),
(2103,'product',29,0,'54.36.148.24','2023-08-04 11:33:16',NULL),
(2104,'product',29,0,'54.36.148.187','2023-08-04 11:44:33',NULL),
(2105,'product',24,0,'54.36.149.39','2023-08-04 12:57:18',NULL),
(2106,'product',12,0,'161.35.43.156','2023-08-04 14:27:48',NULL),
(2107,'product',8,0,'54.36.149.15','2023-08-04 15:22:21',NULL),
(2108,'product',8,0,'54.36.148.113','2023-08-04 15:57:14',NULL),
(2109,'product',8,0,'54.36.148.240','2023-08-04 16:28:30',NULL),
(2110,'post',48,0,'147.182.149.231','2023-08-04 16:46:42',NULL),
(2111,'post',69,0,'147.182.149.231','2023-08-04 16:46:42',NULL),
(2112,'post',57,0,'147.182.149.231','2023-08-04 16:46:42',NULL),
(2113,'product',7,0,'147.182.149.231','2023-08-04 16:46:43',NULL),
(2114,'product',24,0,'147.182.149.231','2023-08-04 16:46:43',NULL),
(2115,'product',8,0,'147.182.149.231','2023-08-04 16:46:43',NULL),
(2116,'product',26,0,'147.182.149.231','2023-08-04 16:46:43',NULL),
(2117,'product',33,0,'147.182.149.231','2023-08-04 16:46:43',NULL),
(2118,'product',22,0,'147.182.149.231','2023-08-04 16:46:43',NULL),
(2119,'product',21,0,'147.182.149.231','2023-08-04 16:46:43',NULL),
(2120,'product',12,0,'147.182.149.231','2023-08-04 16:46:43',NULL),
(2121,'product',39,0,'147.182.149.231','2023-08-04 16:46:43',NULL),
(2122,'product',19,0,'147.182.149.231','2023-08-04 16:46:43',NULL),
(2123,'product',35,0,'147.182.149.231','2023-08-04 16:46:43',NULL),
(2124,'product',29,0,'147.182.149.231','2023-08-04 16:46:43',NULL),
(2125,'product',52,0,'147.182.149.231','2023-08-04 16:46:43',NULL),
(2126,'product',27,0,'147.182.149.231','2023-08-04 16:46:43',NULL),
(2127,'product',47,0,'147.182.149.231','2023-08-04 16:46:44',NULL),
(2128,'product',20,0,'147.182.149.231','2023-08-04 16:46:44',NULL),
(2129,'product',18,0,'147.182.149.231','2023-08-04 16:46:44',NULL),
(2130,'product',8,0,'54.36.148.44','2023-08-04 17:01:02',NULL),
(2131,'product',23,0,'95.217.109.26','2023-08-04 18:50:25',NULL),
(2132,'product',30,0,'95.217.109.26','2023-08-04 18:50:28',NULL),
(2133,'product',8,0,'54.36.149.18','2023-08-04 18:57:30',NULL),
(2134,'post',48,0,'54.36.149.51','2023-08-04 20:39:31',NULL),
(2135,'product',30,0,'54.36.149.9','2023-08-04 21:32:25',NULL),
(2136,'product',30,0,'54.36.148.145','2023-08-04 23:20:19',NULL),
(2137,'product',28,0,'192.99.7.188','2023-08-04 23:23:02',NULL),
(2138,'product',30,0,'54.36.148.236','2023-08-05 00:17:55',NULL),
(2139,'product',19,0,'54.36.148.244','2023-08-05 06:12:18',NULL),
(2140,'product',47,0,'138.197.129.243','2023-08-05 07:33:03',NULL),
(2141,'product',30,0,'54.36.149.98','2023-08-05 08:18:24',NULL),
(2142,'product',29,0,'65.109.6.252','2023-08-05 09:57:32',NULL),
(2143,'product',47,0,'2.191.65.163','2023-08-05 11:52:37',NULL),
(2144,'product',32,0,'54.36.149.46','2023-08-05 14:41:04',NULL),
(2145,'product',32,0,'54.36.148.20','2023-08-05 16:14:52',NULL),
(2146,'product',32,0,'54.36.148.210','2023-08-05 16:41:01',NULL),
(2147,'product',32,0,'54.36.149.84','2023-08-05 17:10:26',NULL),
(2148,'product',32,0,'54.36.148.224','2023-08-05 17:38:41',NULL),
(2149,'product',20,0,'24.199.125.15','2023-08-05 19:33:55',NULL),
(2150,'post',57,0,'54.36.148.112','2023-08-05 19:37:08',NULL),
(2151,'product',34,0,'54.36.148.180','2023-08-05 20:56:24',NULL),
(2152,'post',69,0,'167.71.254.226','2023-08-05 22:56:47',NULL),
(2153,'product',34,0,'54.36.148.179','2023-08-06 01:42:08',NULL),
(2154,'post',57,0,'54.36.148.56','2023-08-06 02:55:52',NULL),
(2155,'product',34,0,'54.36.148.199','2023-08-06 04:01:04',NULL),
(2156,'product',26,0,'40.77.167.220','2023-08-06 06:14:06',NULL),
(2157,'product',34,0,'54.36.149.12','2023-08-06 06:18:58',NULL),
(2158,'product',7,0,'138.68.174.16','2023-08-06 07:23:29',NULL),
(2159,'product',33,0,'54.36.148.75','2023-08-06 08:51:40',NULL),
(2160,'product',33,0,'138.197.129.243','2023-08-06 10:36:00',NULL),
(2161,'product',35,0,'178.62.215.212','2023-08-06 14:40:47',NULL),
(2162,'product',32,0,'42.200.112.138','2023-08-06 17:14:12',NULL),
(2163,'product',34,0,'42.200.112.138','2023-08-06 17:14:22',NULL),
(2164,'product',52,0,'42.200.112.138','2023-08-06 17:14:31',NULL),
(2165,'post',57,0,'45.79.9.42','2023-08-06 18:26:29',NULL),
(2166,'product',34,0,'54.36.148.222','2023-08-06 18:38:56',NULL),
(2167,'product',26,0,'5.161.209.105','2023-08-06 19:20:05',NULL),
(2168,'product',39,0,'5.161.107.91','2023-08-06 20:46:00',NULL),
(2169,'product',39,0,'217.182.175.187','2023-08-06 21:44:27',NULL),
(2170,'product',56,0,'217.182.175.187','2023-08-06 21:44:39',NULL),
(2171,'product',28,0,'192.99.101.79','2023-08-07 03:35:00',NULL),
(2172,'post',69,0,'178.62.215.212','2023-08-07 15:20:55',NULL),
(2173,'product',23,0,'94.23.209.55','2023-08-07 16:55:06',NULL),
(2174,'product',30,0,'94.23.209.55','2023-08-07 16:55:09',NULL),
(2175,'product',18,0,'40.77.167.220','2023-08-07 22:47:32',NULL),
(2176,'product',7,0,'165.22.225.142','2023-08-07 22:59:16',NULL),
(2177,'product',12,0,'5.161.194.92','2023-08-07 23:14:18',NULL),
(2178,'product',27,0,'40.77.167.220','2023-08-08 04:06:22',NULL),
(2179,'product',35,0,'54.36.148.90','2023-08-08 06:23:37',NULL),
(2180,'product',8,0,'146.190.125.139','2023-08-08 06:37:45',NULL),
(2181,'product',19,0,'178.62.218.38','2023-08-08 07:20:10',NULL),
(2182,'product',8,0,'54.36.148.65','2023-08-08 08:29:26',NULL),
(2183,'product',18,0,'142.93.153.208','2023-08-08 09:31:28',NULL),
(2184,'product',20,0,'54.36.149.39','2023-08-08 13:37:07',NULL),
(2185,'post',57,0,'5.161.180.182','2023-08-08 14:48:18',NULL),
(2186,'product',32,0,'40.77.167.195','2023-08-09 16:22:26',NULL),
(2187,'product',22,412,'31.207.45.193','2023-08-09 16:30:09',NULL),
(2188,'product',29,0,'37.27.3.212','2023-08-09 19:45:09',NULL),
(2189,'product',32,0,'135.181.79.106','2023-08-09 20:11:28',NULL),
(2190,'product',34,0,'135.181.79.106','2023-08-09 20:11:30',NULL),
(2191,'product',52,0,'135.181.79.106','2023-08-09 20:11:32',NULL),
(2192,'product',39,0,'178.151.245.174','2023-08-09 20:14:24',NULL),
(2193,'product',56,0,'178.151.245.174','2023-08-09 20:14:51',NULL),
(2194,'post',48,0,'3.144.120.167','2023-08-09 20:19:19',NULL),
(2195,'post',69,0,'3.144.120.167','2023-08-09 20:19:19',NULL),
(2196,'post',57,0,'3.144.120.167','2023-08-09 20:19:19',NULL),
(2197,'product',22,0,'40.77.167.195','2023-08-09 21:55:57',NULL),
(2198,'product',27,0,'159.223.115.170','2023-08-09 22:44:47',NULL),
(2199,'product',20,0,'46.101.93.233','2023-08-09 22:51:34',NULL),
(2200,'product',11,0,'38.242.249.151','2023-08-10 03:51:52',NULL),
(2201,'product',12,0,'38.242.249.151','2023-08-10 03:51:55',NULL),
(2202,'product',18,0,'38.242.249.151','2023-08-10 03:51:56',NULL),
(2203,'product',19,0,'38.242.249.151','2023-08-10 03:51:58',NULL),
(2204,'product',20,0,'38.242.249.151','2023-08-10 03:52:00',NULL),
(2205,'product',21,0,'38.242.249.151','2023-08-10 03:52:02',NULL),
(2206,'product',22,0,'38.242.249.151','2023-08-10 03:52:04',NULL),
(2207,'product',24,0,'38.242.249.151','2023-08-10 03:52:06',NULL),
(2208,'product',26,0,'38.242.249.151','2023-08-10 03:52:08',NULL),
(2209,'product',27,0,'38.242.249.151','2023-08-10 03:52:10',NULL),
(2210,'product',29,0,'38.242.249.151','2023-08-10 03:52:12',NULL),
(2211,'product',31,0,'38.242.249.151','2023-08-10 03:52:14',NULL),
(2212,'product',33,0,'38.242.249.151','2023-08-10 03:52:16',NULL),
(2213,'product',35,0,'38.242.249.151','2023-08-10 03:52:18',NULL),
(2214,'product',47,0,'38.242.249.151','2023-08-10 03:52:19',NULL),
(2215,'product',7,0,'38.242.249.151','2023-08-10 03:52:21',NULL),
(2216,'product',8,0,'38.242.249.151','2023-08-10 03:52:23',NULL),
(2217,'product',50,0,'38.242.249.151','2023-08-10 03:52:25',NULL),
(2218,'product',39,0,'54.36.148.181','2023-08-10 09:04:42',NULL),
(2219,'product',56,0,'54.36.149.77','2023-08-10 13:10:01',NULL),
(2220,'product',39,0,'54.36.149.46','2023-08-10 15:46:08',NULL),
(2221,'post',69,0,'54.36.148.168','2023-08-10 16:01:33',NULL),
(2222,'product',56,0,'54.36.148.146','2023-08-10 17:18:30',NULL),
(2223,'product',23,0,'167.114.209.104','2023-08-10 17:37:18',NULL),
(2224,'product',30,0,'167.114.209.104','2023-08-10 17:37:21',NULL),
(2225,'product',39,0,'54.36.148.121','2023-08-10 17:38:09',NULL),
(2226,'product',21,0,'52.167.144.17','2023-08-10 18:27:32',NULL),
(2227,'product',56,0,'54.36.148.75','2023-08-10 18:50:06',NULL),
(2228,'post',48,0,'24.199.125.7','2023-08-10 21:08:38',NULL),
(2229,'product',56,0,'54.36.149.107','2023-08-10 21:19:25',NULL),
(2230,'product',8,0,'167.71.254.228','2023-08-11 00:31:57',NULL),
(2231,'product',33,0,'165.22.237.30','2023-08-11 01:49:35',NULL),
(2232,'product',33,0,'24.199.125.15','2023-08-11 01:56:23',NULL),
(2233,'post',69,0,'159.223.193.67','2023-08-11 04:39:13',NULL),
(2234,'product',27,0,'54.36.148.142','2023-08-11 07:06:12',NULL),
(2235,'product',56,0,'54.36.148.161','2023-08-11 08:46:26',NULL),
(2236,'product',32,0,'54.36.149.101','2023-08-11 08:59:05',NULL),
(2237,'product',52,0,'54.36.148.162','2023-08-11 10:31:12',NULL),
(2238,'post',57,0,'54.36.148.123','2023-08-11 11:41:52',NULL),
(2239,'product',39,0,'54.36.149.72','2023-08-11 13:08:57',NULL),
(2240,'product',29,0,'54.36.148.191','2023-08-11 14:02:58',NULL),
(2241,'post',69,0,'54.36.148.55','2023-08-11 14:35:58',NULL),
(2242,'product',32,0,'54.36.148.14','2023-08-11 15:43:02',NULL),
(2243,'post',48,0,'167.99.175.190','2023-08-11 16:26:17',NULL),
(2244,'post',57,0,'167.99.175.190','2023-08-11 16:26:17',NULL),
(2245,'post',69,0,'167.99.175.190','2023-08-11 16:26:18',NULL),
(2246,'product',7,0,'167.99.175.190','2023-08-11 16:26:18',NULL),
(2247,'product',21,0,'167.99.175.190','2023-08-11 16:26:18',NULL),
(2248,'product',8,0,'167.99.175.190','2023-08-11 16:26:18',NULL),
(2249,'product',24,0,'167.99.175.190','2023-08-11 16:26:18',NULL),
(2250,'product',22,0,'167.99.175.190','2023-08-11 16:26:18',NULL),
(2251,'product',22,0,'167.99.175.190','2023-08-11 16:26:18',NULL),
(2252,'product',19,0,'167.99.175.190','2023-08-11 16:26:18',NULL),
(2253,'product',26,0,'167.99.175.190','2023-08-11 16:26:18',NULL),
(2254,'product',33,0,'167.99.175.190','2023-08-11 16:26:18',NULL),
(2255,'product',12,0,'167.99.175.190','2023-08-11 16:26:18',NULL),
(2256,'product',39,0,'167.99.175.190','2023-08-11 16:26:18',NULL),
(2257,'product',39,0,'167.99.175.190','2023-08-11 16:26:18',NULL),
(2258,'product',52,0,'167.99.175.190','2023-08-11 16:26:18',NULL),
(2259,'product',47,0,'167.99.175.190','2023-08-11 16:26:19',NULL),
(2260,'product',29,0,'167.99.175.190','2023-08-11 16:26:19',NULL),
(2261,'product',27,0,'167.99.175.190','2023-08-11 16:26:19',NULL),
(2262,'product',35,0,'167.99.175.190','2023-08-11 16:26:19',NULL),
(2263,'product',35,0,'167.99.175.190','2023-08-11 16:26:19',NULL),
(2264,'product',18,0,'167.99.175.190','2023-08-11 16:26:19',NULL),
(2265,'product',20,0,'167.99.175.190','2023-08-11 16:26:19',NULL),
(2266,'product',32,0,'54.36.148.125','2023-08-11 17:21:33',NULL),
(2267,'product',21,0,'54.36.148.140','2023-08-11 17:45:00',NULL),
(2268,'product',32,0,'54.36.148.230','2023-08-11 18:20:58',NULL),
(2269,'product',22,0,'54.36.149.92','2023-08-11 19:20:02',NULL),
(2270,'product',28,0,'40.77.167.133','2023-08-11 20:45:28',NULL),
(2271,'product',39,0,'54.36.148.10','2023-08-12 00:11:46',NULL),
(2272,'product',39,0,'54.36.148.212','2023-08-12 00:58:16',NULL),
(2273,'product',39,0,'54.36.148.239','2023-08-12 02:46:54',NULL),
(2274,'product',34,0,'54.36.148.250','2023-08-12 04:48:53',NULL),
(2275,'product',56,0,'54.36.149.31','2023-08-12 05:19:29',NULL),
(2276,'product',56,0,'54.36.148.150','2023-08-12 07:32:20',NULL),
(2277,'product',34,0,'54.36.148.36','2023-08-12 07:50:39',NULL),
(2278,'product',56,0,'54.36.148.84','2023-08-12 08:08:05',NULL),
(2279,'product',34,0,'54.36.148.204','2023-08-12 09:50:24',NULL),
(2280,'product',56,0,'54.36.148.172','2023-08-12 10:29:51',NULL),
(2281,'product',34,0,'54.36.148.1','2023-08-12 12:07:20',NULL),
(2282,'product',39,0,'54.36.149.39','2023-08-12 12:22:40',NULL),
(2283,'product',34,0,'54.36.148.227','2023-08-12 12:38:18',NULL),
(2284,'product',56,0,'54.36.148.239','2023-08-12 13:20:16',NULL),
(2285,'product',32,0,'54.36.148.206','2023-08-12 14:59:26',NULL),
(2286,'product',32,0,'65.108.2.171','2023-08-12 20:28:12',NULL),
(2287,'product',34,0,'65.108.2.171','2023-08-12 20:28:14',NULL),
(2288,'product',52,0,'65.108.2.171','2023-08-12 20:28:16',NULL),
(2289,'product',39,0,'38.242.211.11','2023-08-12 20:54:25',NULL),
(2290,'product',56,0,'38.242.211.11','2023-08-12 20:55:59',NULL),
(2291,'product',34,0,'54.36.149.55','2023-08-12 23:07:09',NULL),
(2292,'product',32,0,'54.36.148.95','2023-08-13 00:05:38',NULL),
(2293,'product',39,0,'54.36.149.82','2023-08-13 01:23:10',NULL),
(2294,'product',11,0,'37.4.251.237','2023-08-13 02:17:46',NULL),
(2295,'product',12,0,'37.4.251.237','2023-08-13 02:17:48',NULL),
(2296,'product',18,0,'37.4.251.237','2023-08-13 02:17:55',NULL),
(2297,'product',19,0,'37.4.251.237','2023-08-13 02:17:57',NULL),
(2298,'product',20,0,'37.4.251.237','2023-08-13 02:17:59',NULL),
(2299,'product',21,0,'37.4.251.237','2023-08-13 02:19:02',NULL),
(2300,'product',22,0,'37.4.251.237','2023-08-13 02:19:04',NULL),
(2301,'product',24,0,'37.4.251.237','2023-08-13 02:19:06',NULL),
(2302,'product',26,0,'37.4.251.237','2023-08-13 02:20:13',NULL),
(2303,'product',27,0,'37.4.251.237','2023-08-13 02:20:15',NULL),
(2304,'product',29,0,'37.4.251.237','2023-08-13 02:20:17',NULL),
(2305,'product',31,0,'37.4.251.237','2023-08-13 02:20:23',NULL),
(2306,'product',33,0,'37.4.251.237','2023-08-13 02:20:26',NULL),
(2307,'product',35,0,'37.4.251.237','2023-08-13 02:20:28',NULL),
(2308,'product',47,0,'37.4.251.237','2023-08-13 02:21:22',NULL),
(2309,'product',7,0,'37.4.251.237','2023-08-13 02:21:24',NULL),
(2310,'product',8,0,'37.4.251.237','2023-08-13 02:21:26',NULL),
(2311,'product',50,0,'37.4.251.237','2023-08-13 02:21:28',NULL),
(2312,'product',7,0,'54.36.148.13','2023-08-13 04:09:51',NULL),
(2313,'product',39,0,'54.36.148.141','2023-08-13 05:24:01',NULL),
(2314,'product',28,0,'65.108.41.34','2023-08-13 05:50:25',NULL),
(2315,'product',47,0,'54.36.148.23','2023-08-13 06:33:14',NULL),
(2316,'product',26,0,'54.36.148.46','2023-08-13 11:09:17',NULL),
(2317,'product',12,0,'54.36.148.248','2023-08-13 12:16:48',NULL),
(2318,'product',39,0,'54.36.148.68','2023-08-13 13:46:13',NULL),
(2319,'product',19,0,'54.36.148.136','2023-08-13 14:44:07',NULL),
(2320,'product',24,0,'54.36.149.57','2023-08-13 15:34:21',NULL),
(2321,'product',12,0,'54.36.148.161','2023-08-13 18:04:31',NULL),
(2322,'product',23,0,'65.108.78.33','2023-08-13 20:54:47',NULL),
(2323,'product',30,0,'65.108.78.33','2023-08-13 20:54:49',NULL),
(2324,'product',11,0,'54.36.148.181','2023-08-14 05:16:58',NULL),
(2325,'product',11,0,'54.36.148.132','2023-08-14 12:27:47',NULL),
(2326,'product',12,0,'80.191.60.132','2023-08-14 13:58:29',NULL),
(2327,'post',48,0,'54.36.149.11','2023-08-14 20:53:12',NULL),
(2328,'post',57,0,'54.36.148.16','2023-08-14 23:06:00',NULL),
(2329,'post',57,0,'54.36.148.110','2023-08-15 01:33:08',NULL),
(2330,'product',28,0,'54.36.148.108','2023-08-15 15:29:24',NULL),
(2331,'product',52,0,'135.181.180.59','2023-08-15 20:00:54',NULL),
(2332,'product',7,0,'54.36.148.66','2023-08-15 20:25:12',NULL),
(2333,'product',8,0,'207.46.13.222','2023-08-15 23:08:44',NULL),
(2334,'product',11,0,'135.181.213.219','2023-08-16 03:51:07',NULL),
(2335,'product',12,0,'135.181.213.219','2023-08-16 03:51:09',NULL),
(2336,'product',26,0,'135.181.213.219','2023-08-16 03:51:35',NULL),
(2337,'product',27,0,'135.181.213.219','2023-08-16 03:51:37',NULL),
(2338,'product',29,0,'135.181.213.219','2023-08-16 03:51:39',NULL),
(2339,'product',7,0,'135.181.213.219','2023-08-16 03:51:57',NULL),
(2340,'product',8,0,'135.181.213.219','2023-08-16 03:51:59',NULL),
(2341,'post',69,0,'54.36.149.93','2023-08-16 06:28:57',NULL),
(2342,'product',8,0,'54.36.148.255','2023-08-16 07:34:59',NULL),
(2343,'product',8,0,'80.191.60.132','2023-08-16 13:05:07',NULL),
(2344,'post',57,0,'85.208.96.198','2023-08-16 13:07:10',NULL),
(2345,'post',48,0,'144.217.135.164','2023-08-16 15:56:02',NULL),
(2346,'product',27,0,'141.164.84.236','2023-08-16 18:13:03',NULL),
(2347,'product',28,0,'192.99.3.137','2023-08-17 00:56:02',NULL),
(2348,'product',28,0,'54.36.149.41','2023-08-17 06:03:32',NULL),
(2349,'post',48,0,'185.191.171.19','2023-08-17 16:12:26',NULL),
(2350,'product',26,0,'54.36.148.255','2023-08-17 23:24:06',NULL),
(2351,'post',57,0,'104.236.6.243','2023-08-18 20:07:09',NULL),
(2352,'post',69,0,'104.236.6.243','2023-08-18 20:07:09',NULL),
(2353,'post',48,0,'104.236.6.243','2023-08-18 20:07:09',NULL),
(2354,'product',12,0,'104.236.6.243','2023-08-18 20:07:10',NULL),
(2355,'product',26,0,'104.236.6.243','2023-08-18 20:07:10',NULL),
(2356,'product',52,0,'104.236.6.243','2023-08-18 20:07:10',NULL),
(2357,'product',29,0,'104.236.6.243','2023-08-18 20:07:10',NULL),
(2358,'product',7,0,'104.236.6.243','2023-08-18 20:07:10',NULL),
(2359,'product',8,0,'104.236.6.243','2023-08-18 20:07:10',NULL),
(2360,'product',11,0,'104.236.6.243','2023-08-18 20:07:10',NULL),
(2361,'product',27,0,'104.236.6.243','2023-08-18 20:07:10',NULL),
(2362,'product',28,0,'104.236.6.243','2023-08-18 20:07:10',NULL),
(2363,'product',52,0,'135.181.213.219','2023-08-18 20:24:59',NULL),
(2364,'product',27,0,'54.36.148.189','2023-08-19 01:08:52',NULL),
(2365,'product',11,0,'218.188.41.122','2023-08-19 04:20:22',NULL),
(2366,'product',12,0,'218.188.41.122','2023-08-19 04:20:25',NULL),
(2367,'product',26,0,'218.188.41.122','2023-08-19 04:20:59',NULL),
(2368,'product',27,0,'218.188.41.122','2023-08-19 04:21:02',NULL),
(2369,'product',29,0,'218.188.41.122','2023-08-19 04:21:05',NULL),
(2370,'product',7,0,'218.188.41.122','2023-08-19 04:21:29',NULL),
(2371,'product',8,0,'218.188.41.122','2023-08-19 04:21:32',NULL),
(2372,'product',29,0,'54.36.148.191','2023-08-19 08:39:20',NULL),
(2373,'product',28,0,'217.182.175.187','2023-08-19 09:10:40',NULL),
(2374,'product',12,0,'80.191.60.132','2023-08-19 16:36:24',NULL),
(2375,'product',8,0,'54.36.148.79','2023-08-19 18:37:21',NULL),
(2376,'product',29,0,'54.36.149.92','2023-08-19 19:58:58',NULL),
(2377,'post',69,0,'54.36.148.142','2023-08-20 08:50:39',NULL),
(2378,'product',12,0,'54.36.148.234','2023-08-21 17:42:32',NULL),
(2379,'product',52,0,'135.181.212.177','2023-08-21 22:11:47',NULL),
(2380,'product',11,0,'95.91.109.50','2023-08-22 05:25:19',NULL),
(2381,'product',12,0,'95.91.109.50','2023-08-22 05:25:23',NULL),
(2382,'product',26,0,'95.91.109.50','2023-08-22 05:25:58',NULL),
(2383,'product',29,0,'95.91.109.50','2023-08-22 05:26:11',NULL),
(2384,'product',7,0,'95.91.109.50','2023-08-22 05:26:40',NULL),
(2385,'product',8,0,'95.91.109.50','2023-08-22 05:26:43',NULL),
(2386,'product',7,0,'54.36.149.64','2023-08-22 13:24:13',NULL),
(2387,'product',26,0,'54.36.148.132','2023-08-22 15:49:35',NULL),
(2388,'product',28,0,'192.95.30.21','2023-08-22 16:45:12',NULL),
(2389,'product',27,0,'54.36.148.242','2023-08-23 01:36:25',NULL),
(2390,'product',52,0,'46.101.80.192','2023-08-23 16:58:15',NULL),
(2391,'post',57,0,'54.36.149.59','2023-08-23 16:58:39',NULL),
(2392,'product',11,0,'54.36.148.230','2023-08-23 22:15:00',NULL),
(2393,'product',8,0,'54.36.149.74','2023-08-24 07:49:34',NULL),
(2394,'product',11,412,'151.246.162.110','2023-08-24 18:02:57',NULL),
(2395,'product',52,0,'81.17.57.144','2023-08-24 21:50:22',NULL),
(2396,'product',28,0,'54.36.148.86','2023-08-25 04:53:38',NULL),
(2397,'post',57,0,'191.96.185.249','2023-08-25 13:18:16',NULL),
(2398,'product',52,0,'191.96.185.249','2023-08-25 13:18:26',NULL),
(2399,'product',11,0,'191.96.185.249','2023-08-25 13:18:36',NULL),
(2400,'product',29,0,'191.96.185.249','2023-08-25 13:18:42',NULL),
(2401,'post',48,0,'191.96.185.249','2023-08-25 13:18:45',NULL),
(2402,'post',69,0,'191.96.185.249','2023-08-25 13:18:47',NULL),
(2403,'product',8,0,'191.96.185.249','2023-08-25 13:18:55',NULL),
(2404,'product',12,0,'191.96.185.249','2023-08-25 13:18:59',NULL),
(2405,'product',7,0,'191.96.185.249','2023-08-25 13:19:09',NULL),
(2406,'product',28,0,'65.108.78.33','2023-08-25 17:12:08',NULL),
(2407,'post',48,0,'146.190.246.237','2023-08-25 17:25:10',NULL),
(2408,'post',57,0,'146.190.246.237','2023-08-25 17:25:10',NULL),
(2409,'post',69,0,'146.190.246.237','2023-08-25 17:25:10',NULL),
(2410,'product',8,0,'146.190.246.237','2023-08-25 17:25:10',NULL),
(2411,'product',26,0,'146.190.246.237','2023-08-25 17:25:10',NULL),
(2412,'product',7,0,'146.190.246.237','2023-08-25 17:25:10',NULL),
(2413,'product',12,0,'146.190.246.237','2023-08-25 17:25:10',NULL),
(2414,'product',52,0,'146.190.246.237','2023-08-25 17:25:10',NULL),
(2415,'product',29,0,'146.190.246.237','2023-08-25 17:25:11',NULL),
(2416,'product',11,0,'146.190.246.237','2023-08-25 17:25:11',NULL),
(2417,'product',27,0,'146.190.246.237','2023-08-25 17:25:11',NULL),
(2418,'product',28,0,'146.190.246.237','2023-08-25 17:25:11',NULL),
(2419,'product',11,0,'144.91.119.44','2023-08-25 19:04:49',NULL),
(2420,'product',12,0,'144.91.119.44','2023-08-25 19:04:51',NULL),
(2421,'product',26,0,'144.91.119.44','2023-08-25 19:05:15',NULL),
(2422,'product',27,0,'144.91.119.44','2023-08-25 19:05:17',NULL),
(2423,'product',29,0,'144.91.119.44','2023-08-25 19:05:19',NULL),
(2424,'product',7,0,'144.91.119.44','2023-08-25 19:05:35',NULL),
(2425,'product',8,0,'144.91.119.44','2023-08-25 19:05:37',NULL),
(2426,'post',48,0,'54.36.148.89','2023-08-26 19:16:07',NULL),
(2427,'product',27,0,'54.36.149.24','2023-08-27 03:06:26',NULL),
(2428,'product',8,0,'157.55.39.219','2023-08-27 05:48:50',NULL),
(2429,'product',11,0,'54.36.148.71','2023-08-27 13:22:54',NULL),
(2430,'product',27,0,'54.36.148.225','2023-08-27 13:55:10',NULL),
(2431,'product',12,0,'54.36.149.8','2023-08-27 14:28:01',NULL),
(2432,'product',12,0,'54.36.148.52','2023-08-27 15:58:17',NULL),
(2433,'product',11,0,'54.36.148.248','2023-08-27 16:24:12',NULL),
(2434,'product',11,0,'54.36.148.39','2023-08-27 16:52:31',NULL),
(2435,'product',7,0,'54.36.148.226','2023-08-27 17:18:02',NULL),
(2436,'product',12,0,'54.36.149.33','2023-08-27 17:35:55',NULL),
(2437,'product',11,0,'54.36.148.4','2023-08-27 17:54:36',NULL),
(2438,'product',12,0,'54.36.148.208','2023-08-27 18:13:50',NULL),
(2439,'product',7,0,'54.36.148.207','2023-08-27 18:33:52',NULL),
(2440,'product',11,0,'54.36.148.171','2023-08-27 18:54:58',NULL),
(2441,'product',11,0,'54.36.148.164','2023-08-27 19:44:10',NULL),
(2442,'product',27,0,'54.36.149.70','2023-08-27 20:24:49',NULL),
(2443,'product',12,0,'54.36.149.76','2023-08-27 20:45:21',NULL),
(2444,'product',7,0,'54.36.149.0','2023-08-27 21:05:45',NULL),
(2445,'product',11,0,'54.36.148.221','2023-08-27 21:49:09',NULL),
(2446,'product',11,0,'54.36.148.36','2023-08-27 22:12:31',NULL),
(2447,'product',12,0,'54.36.149.39','2023-08-27 23:12:37',NULL),
(2448,'product',52,0,'217.182.175.120','2023-08-28 00:03:24',NULL),
(2449,'product',27,0,'54.36.148.255','2023-08-28 00:09:39',NULL),
(2450,'product',12,0,'54.36.149.64','2023-08-28 00:35:46',NULL),
(2451,'product',7,0,'54.36.149.60','2023-08-28 01:25:10',NULL),
(2452,'product',27,0,'54.36.148.173','2023-08-28 02:28:58',NULL),
(2453,'product',11,0,'192.99.160.200','2023-08-28 08:49:17',NULL),
(2454,'product',12,0,'192.99.160.200','2023-08-28 08:49:19',NULL),
(2455,'product',26,0,'192.99.160.200','2023-08-28 08:49:45',NULL),
(2456,'product',27,0,'192.99.160.200','2023-08-28 08:49:47',NULL),
(2457,'product',29,0,'192.99.160.200','2023-08-28 08:49:50',NULL),
(2458,'product',7,0,'192.99.160.200','2023-08-28 08:50:08',NULL),
(2459,'product',8,0,'192.99.160.200','2023-08-28 08:50:10',NULL),
(2460,'product',12,0,'54.36.148.216','2023-08-28 11:54:08',NULL),
(2461,'product',12,0,'54.36.148.212','2023-08-28 12:21:37',NULL),
(2462,'product',12,0,'54.36.148.26','2023-08-28 13:26:19',NULL),
(2463,'product',7,0,'54.36.148.51','2023-08-28 14:01:58',NULL),
(2464,'product',11,0,'54.36.149.28','2023-08-28 14:21:06',NULL),
(2465,'product',28,0,'65.108.128.54','2023-08-28 15:23:58',NULL),
(2466,'product',11,0,'54.36.148.184','2023-08-28 15:28:08',NULL),
(2467,'product',26,0,'54.36.148.92','2023-08-28 15:46:32',NULL),
(2468,'product',26,0,'54.36.148.79','2023-08-28 16:00:26',NULL),
(2469,'product',26,0,'54.36.149.64','2023-08-28 16:14:24',NULL),
(2470,'product',26,0,'54.36.148.168','2023-08-28 16:43:09',NULL),
(2471,'product',26,0,'54.36.149.30','2023-08-28 17:12:54',NULL),
(2472,'product',29,0,'54.36.148.143','2023-08-28 17:44:46',NULL),
(2473,'product',28,0,'54.36.148.205','2023-08-28 19:30:56',NULL),
(2474,'product',28,0,'54.36.148.149','2023-08-28 19:56:55',NULL),
(2475,'product',28,0,'54.36.149.107','2023-08-28 20:10:50',NULL),
(2476,'product',29,0,'54.36.148.215','2023-08-28 20:24:53',NULL),
(2477,'product',29,0,'54.36.148.210','2023-08-28 20:37:29',NULL),
(2478,'product',28,0,'54.36.148.241','2023-08-28 20:49:57',NULL),
(2479,'product',28,0,'54.36.148.220','2023-08-28 22:46:41',NULL),
(2480,'product',28,0,'54.36.148.229','2023-08-29 01:40:45',NULL),
(2481,'product',28,0,'54.36.148.15','2023-08-29 01:57:36',NULL),
(2482,'product',29,0,'54.36.148.52','2023-08-29 02:15:53',NULL),
(2483,'product',28,0,'54.36.149.10','2023-08-29 02:34:34',NULL),
(2484,'product',28,0,'54.36.148.211','2023-08-29 03:12:20',NULL),
(2485,'post',69,0,'54.36.148.178','2023-08-29 03:38:46',NULL),
(2486,'product',29,0,'54.36.149.10','2023-08-29 05:58:51',NULL),
(2487,'product',27,0,'54.36.149.83','2023-08-29 08:17:31',NULL),
(2488,'product',27,0,'54.36.149.82','2023-08-29 16:11:32',NULL),
(2489,'product',27,0,'52.167.144.235','2023-08-29 16:13:43',NULL),
(2490,'product',27,0,'54.36.149.74','2023-08-29 16:33:26',NULL),
(2491,'product',28,0,'54.36.148.89','2023-08-29 16:57:49',NULL),
(2492,'product',27,0,'54.36.148.123','2023-08-29 17:49:02',NULL),
(2493,'product',7,0,'54.36.148.151','2023-08-29 19:19:02',NULL),
(2494,'product',7,0,'54.36.148.239','2023-08-29 19:27:44',NULL),
(2495,'product',8,0,'54.36.148.123','2023-08-29 19:36:50',NULL),
(2496,'product',7,0,'54.36.148.68','2023-08-29 19:45:54',NULL),
(2497,'product',27,0,'54.36.148.136','2023-08-29 22:00:17',NULL),
(2498,'product',7,0,'54.36.148.81','2023-08-29 23:06:58',NULL),
(2499,'product',8,0,'54.36.148.142','2023-08-30 00:37:29',NULL),
(2500,'product',8,0,'54.36.149.71','2023-08-30 01:20:13',NULL),
(2501,'product',8,0,'54.36.148.45','2023-08-30 01:39:29',NULL),
(2502,'product',26,0,'54.36.149.25','2023-08-30 03:56:01',NULL),
(2503,'product',26,0,'54.36.148.11','2023-08-30 04:07:11',NULL),
(2504,'product',26,0,'54.36.149.15','2023-08-30 04:17:29',NULL),
(2505,'product',26,0,'54.36.148.81','2023-08-30 04:27:40',NULL),
(2506,'product',26,0,'54.36.149.105','2023-08-30 04:37:42',NULL),
(2507,'product',29,0,'54.36.148.52','2023-08-30 04:48:59',NULL),
(2508,'product',29,0,'54.36.149.45','2023-08-30 05:00:41',NULL),
(2509,'product',29,0,'54.36.148.204','2023-08-30 05:20:53',NULL),
(2510,'product',29,0,'54.36.148.218','2023-08-30 06:03:55',NULL),
(2511,'product',29,0,'54.36.148.134','2023-08-30 07:34:42',NULL),
(2512,'product',7,0,'54.36.148.220','2023-08-30 08:00:47',NULL),
(2513,'product',8,0,'54.36.148.186','2023-08-30 09:17:55',NULL),
(2514,'product',29,0,'54.36.148.255','2023-08-30 16:03:17',NULL),
(2515,'product',8,0,'54.36.148.10','2023-08-30 18:24:04',NULL),
(2516,'product',8,0,'54.36.149.94','2023-08-30 19:25:43',NULL),
(2517,'post',69,0,'54.36.148.22','2023-08-30 19:52:55',NULL),
(2518,'product',8,0,'54.36.148.100','2023-08-30 20:22:13',NULL),
(2519,'product',8,0,'54.36.148.46','2023-08-30 23:12:44',NULL),
(2520,'product',8,0,'54.36.148.40','2023-08-31 00:00:59',NULL),
(2521,'product',7,0,'54.36.148.144','2023-08-31 02:51:35',NULL),
(2522,'product',52,0,'135.181.212.177','2023-08-31 02:57:04',NULL),
(2523,'product',12,0,'54.36.148.105','2023-08-31 05:10:15',NULL),
(2524,'product',52,0,'54.36.148.113','2023-08-31 06:19:06',NULL),
(2525,'product',12,0,'52.167.144.138','2023-08-31 11:02:58',NULL),
(2526,'product',27,0,'52.167.144.138','2023-08-31 11:02:59',NULL),
(2527,'product',7,0,'52.167.144.138','2023-08-31 11:03:00',NULL),
(2528,'product',28,0,'52.167.144.182','2023-08-31 11:04:49',NULL),
(2529,'product',11,0,'135.181.213.220','2023-08-31 13:02:08',NULL),
(2530,'product',12,0,'135.181.213.220','2023-08-31 13:02:10',NULL),
(2531,'product',26,0,'135.181.213.220','2023-08-31 13:02:36',NULL),
(2532,'product',27,0,'135.181.213.220','2023-08-31 13:02:39',NULL),
(2533,'product',29,0,'135.181.213.220','2023-08-31 13:02:41',NULL),
(2534,'product',7,0,'135.181.213.220','2023-08-31 13:02:59',NULL),
(2535,'product',8,0,'135.181.213.220','2023-08-31 13:03:01',NULL),
(2536,'product',27,0,'54.36.148.174','2023-08-31 13:15:15',NULL),
(2537,'product',28,0,'194.247.173.99','2023-08-31 13:50:37',NULL),
(2538,'product',26,0,'54.36.148.42','2023-08-31 20:59:52',NULL),
(2539,'post',48,0,'54.36.149.59','2023-09-01 11:31:41',NULL),
(2540,'post',57,0,'64.225.16.189','2023-09-01 16:09:54',NULL),
(2541,'post',48,0,'64.225.16.189','2023-09-01 16:09:54',NULL),
(2542,'post',69,0,'64.225.16.189','2023-09-01 16:09:54',NULL),
(2543,'product',7,0,'64.225.16.189','2023-09-01 16:09:55',NULL),
(2544,'product',8,0,'64.225.16.189','2023-09-01 16:09:55',NULL),
(2545,'product',12,0,'64.225.16.189','2023-09-01 16:09:55',NULL),
(2546,'product',26,0,'64.225.16.189','2023-09-01 16:09:55',NULL),
(2547,'product',27,0,'64.225.16.189','2023-09-01 16:09:55',NULL),
(2548,'product',11,0,'64.225.16.189','2023-09-01 16:09:55',NULL),
(2549,'product',28,0,'64.225.16.189','2023-09-01 16:09:55',NULL),
(2550,'product',52,0,'64.225.16.189','2023-09-01 16:09:55',NULL),
(2551,'product',29,0,'64.225.16.189','2023-09-01 16:09:55',NULL),
(2552,'product',12,0,'54.36.149.55','2023-09-01 17:27:14',NULL),
(2553,'product',11,0,'54.36.148.157','2023-09-01 20:04:02',NULL),
(2554,'product',11,0,'212.227.216.115','2023-09-01 21:40:32',NULL),
(2555,'post',69,0,'212.227.216.115','2023-09-01 21:40:39',NULL),
(2556,'product',12,0,'212.227.216.115','2023-09-01 21:40:41',NULL),
(2557,'post',57,0,'212.227.216.67','2023-09-01 21:40:41',NULL),
(2558,'post',48,0,'212.227.216.35','2023-09-01 21:40:45',NULL),
(2559,'post',48,0,'18.209.7.69','2023-09-02 02:53:23',NULL),
(2560,'post',57,0,'18.209.7.69','2023-09-02 02:53:23',NULL),
(2561,'post',69,0,'18.209.7.69','2023-09-02 02:53:25',NULL),
(2562,'post',57,0,'54.36.148.235','2023-09-02 03:43:59',NULL),
(2563,'product',11,0,'54.36.148.122','2023-09-02 10:56:33',NULL),
(2564,'post',57,0,'54.36.148.36','2023-09-02 17:14:56',NULL),
(2565,'product',52,0,'95.217.109.26','2023-09-03 04:14:21',NULL),
(2566,'product',11,0,'193.70.81.126','2023-09-03 10:59:10',NULL),
(2567,'product',12,0,'193.70.81.126','2023-09-03 10:59:25',NULL),
(2568,'product',26,0,'193.70.81.126','2023-09-03 11:03:16',NULL),
(2569,'product',27,0,'193.70.81.126','2023-09-03 11:03:33',NULL),
(2570,'product',29,0,'193.70.81.126','2023-09-03 11:03:48',NULL),
(2571,'product',7,0,'193.70.81.126','2023-09-03 11:05:42',NULL),
(2572,'product',8,0,'193.70.81.126','2023-09-03 11:05:54',NULL),
(2573,'product',26,0,'40.77.167.65','2023-09-03 21:13:23',NULL),
(2574,'product',8,0,'52.167.144.173','2023-09-03 22:13:36',NULL),
(2575,'product',28,0,'37.187.89.104','2023-09-04 00:37:41',NULL),
(2576,'post',48,0,'54.36.148.43','2023-09-04 07:47:53',NULL),
(2577,'post',57,0,'54.36.149.17','2023-09-04 13:40:10',NULL),
(2578,'post',69,0,'82.99.229.34','2023-09-04 21:18:59',NULL),
(2579,'product',7,0,'82.99.229.34','2023-09-04 21:19:00',NULL),
(2580,'product',26,0,'82.99.229.34','2023-09-04 21:19:01',NULL),
(2581,'product',27,0,'82.99.229.34','2023-09-04 21:19:03',NULL),
(2582,'product',7,0,'54.36.148.181','2023-09-04 21:32:25',NULL),
(2583,'product',28,0,'82.99.229.34','2023-09-04 22:29:06',NULL),
(2584,'product',52,0,'5.208.194.69','2023-09-05 04:04:34',NULL),
(2585,'product',28,0,'54.36.148.183','2023-09-05 04:31:14',NULL),
(2586,'product',26,0,'54.36.148.107','2023-09-05 06:01:57',NULL),
(2587,'product',28,0,'54.36.148.161','2023-09-05 11:16:42',NULL),
(2588,'product',52,0,'52.167.144.195','2023-09-05 12:30:14',NULL),
(2589,'post',69,0,'54.36.148.62','2023-09-06 01:07:22',NULL),
(2590,'product',52,0,'65.21.232.254','2023-09-06 06:30:14',NULL),
(2591,'product',12,0,'85.208.96.196','2023-09-06 06:43:12',NULL),
(2592,'product',12,0,'185.191.171.19','2023-09-06 06:43:14',NULL),
(2593,'product',11,0,'85.208.96.193','2023-09-06 10:58:10',NULL),
(2594,'product',27,0,'85.208.96.199','2023-09-06 11:06:07',NULL),
(2595,'product',27,0,'85.208.96.209','2023-09-06 12:33:05',NULL),
(2596,'product',27,0,'185.191.171.1','2023-09-06 12:33:08',NULL),
(2597,'post',69,0,'54.36.149.15','2023-09-06 12:37:59',NULL),
(2598,'product',28,0,'85.208.96.205','2023-09-06 13:11:11',NULL),
(2599,'product',12,0,'185.191.171.4','2023-09-06 13:25:53',NULL),
(2600,'product',7,0,'85.208.96.203','2023-09-06 14:15:45',NULL),
(2601,'post',69,0,'85.208.96.203','2023-09-06 16:21:56',NULL),
(2602,'product',52,0,'85.208.96.211','2023-09-06 18:40:06',NULL),
(2603,'product',28,0,'185.191.171.15','2023-09-06 20:13:34',NULL),
(2604,'product',28,0,'185.191.171.9','2023-09-06 20:13:37',NULL),
(2605,'post',69,0,'54.36.148.251','2023-09-06 23:58:49',NULL),
(2606,'product',26,0,'185.191.171.6','2023-09-07 00:04:30',NULL),
(2607,'product',28,0,'94.23.207.193','2023-09-07 00:19:25',NULL),
(2608,'product',11,0,'94.23.209.55','2023-09-07 00:42:25',NULL),
(2609,'product',12,0,'94.23.209.55','2023-09-07 00:42:27',NULL),
(2610,'product',26,0,'94.23.209.55','2023-09-07 00:43:10',NULL),
(2611,'product',27,0,'94.23.209.55','2023-09-07 00:43:13',NULL),
(2612,'product',29,0,'94.23.209.55','2023-09-07 00:43:16',NULL),
(2613,'product',7,0,'94.23.209.55','2023-09-07 00:43:43',NULL),
(2614,'product',8,0,'94.23.209.55','2023-09-07 00:43:45',NULL),
(2615,'product',8,0,'185.191.171.1','2023-09-07 03:00:30',NULL),
(2616,'product',29,0,'85.208.96.205','2023-09-07 04:17:40',NULL),
(2617,'product',11,0,'185.191.171.4','2023-09-07 09:12:31',NULL),
(2618,'product',11,0,'185.191.171.10','2023-09-07 09:12:33',NULL),
(2619,'product',11,0,'40.77.167.26','2023-09-07 10:21:04',NULL),
(2620,'post',57,0,'54.36.148.15','2023-09-07 11:57:15',NULL),
(2621,'product',27,0,'54.36.148.5','2023-09-07 16:46:46',NULL),
(2622,'product',52,0,'52.167.144.17','2023-09-07 20:01:27',NULL),
(2623,'product',29,0,'54.36.148.202','2023-09-07 21:20:37',NULL),
(2624,'product',52,0,'52.167.144.208','2023-09-07 21:27:55',NULL),
(2625,'product',8,0,'54.36.149.80','2023-09-08 05:56:30',NULL),
(2626,'product',29,0,'54.36.148.171','2023-09-08 09:00:42',NULL),
(2627,'product',7,0,'54.36.148.18','2023-09-08 10:58:56',NULL),
(2628,'product',12,0,'54.36.148.26','2023-09-08 12:16:00',NULL),
(2629,'product',8,0,'52.167.144.209','2023-09-08 15:31:07',NULL),
(2630,'product',26,0,'52.167.144.160','2023-09-08 16:09:50',NULL),
(2631,'post',48,0,'142.93.146.204','2023-09-08 16:20:44',NULL),
(2632,'post',69,0,'142.93.146.204','2023-09-08 16:20:45',NULL),
(2633,'post',57,0,'142.93.146.204','2023-09-08 16:20:45',NULL),
(2634,'product',7,0,'142.93.146.204','2023-09-08 16:20:45',NULL),
(2635,'product',26,0,'142.93.146.204','2023-09-08 16:20:45',NULL),
(2636,'product',12,0,'142.93.146.204','2023-09-08 16:20:45',NULL),
(2637,'product',8,0,'142.93.146.204','2023-09-08 16:20:45',NULL),
(2638,'product',52,0,'142.93.146.204','2023-09-08 16:20:45',NULL),
(2639,'product',11,0,'142.93.146.204','2023-09-08 16:20:45',NULL),
(2640,'product',29,0,'142.93.146.204','2023-09-08 16:20:45',NULL),
(2641,'product',27,0,'142.93.146.204','2023-09-08 16:20:45',NULL),
(2642,'product',28,0,'142.93.146.204','2023-09-08 16:20:45',NULL),
(2643,'product',52,0,'218.188.41.122','2023-09-09 05:37:24',NULL),
(2644,'product',26,0,'54.36.148.72','2023-09-09 17:33:24',NULL),
(2645,'product',11,0,'135.181.180.59','2023-09-09 18:15:06',NULL),
(2646,'product',12,0,'135.181.180.59','2023-09-09 18:15:08',NULL),
(2647,'product',26,0,'135.181.180.59','2023-09-09 18:15:34',NULL),
(2648,'product',27,0,'135.181.180.59','2023-09-09 18:15:36',NULL),
(2649,'product',29,0,'135.181.180.59','2023-09-09 18:15:38',NULL),
(2650,'product',7,0,'135.181.180.59','2023-09-09 18:15:56',NULL),
(2651,'product',8,0,'135.181.180.59','2023-09-09 18:15:58',NULL),
(2652,'product',52,0,'167.71.172.84','2023-09-09 19:59:10',NULL),
(2653,'product',28,0,'167.99.82.63','2023-09-09 20:05:02',NULL),
(2654,'product',28,0,'185.202.238.84','2023-09-09 20:37:22',NULL),
(2655,'post',57,0,'146.190.233.208','2023-09-09 20:52:19',NULL),
(2656,'post',48,412,'193.84.2.52','2023-09-09 22:42:03',NULL),
(2657,'product',52,0,'159.65.242.228','2023-09-09 23:12:08',NULL),
(2658,'product',27,0,'164.92.81.219','2023-09-10 04:06:48',NULL),
(2659,'product',29,0,'138.197.129.187','2023-09-10 04:19:53',NULL),
(2660,'product',27,0,'159.89.110.113','2023-09-10 05:11:32',NULL),
(2661,'product',52,0,'52.167.144.182','2023-09-10 07:32:33',NULL),
(2662,'product',8,0,'167.99.86.208','2023-09-10 09:47:45',NULL),
(2663,'product',26,0,'167.71.172.84','2023-09-10 14:38:00',NULL),
(2664,'product',7,0,'167.99.86.16','2023-09-10 17:03:56',NULL),
(2665,'product',7,0,'167.99.81.255','2023-09-10 17:39:00',NULL),
(2666,'post',69,0,'24.199.117.100','2023-09-10 20:18:46',NULL),
(2667,'post',48,0,'154.28.229.9','2023-09-10 20:27:49',NULL),
(2668,'product',7,0,'154.28.229.9','2023-09-10 20:27:50',NULL),
(2669,'product',8,0,'154.28.229.9','2023-09-10 20:27:50',NULL),
(2670,'product',26,0,'154.28.229.9','2023-09-10 20:27:50',NULL),
(2671,'product',11,0,'154.28.229.9','2023-09-10 20:27:50',NULL),
(2672,'post',69,0,'154.28.229.9','2023-09-10 20:27:50',NULL),
(2673,'product',29,0,'154.28.229.9','2023-09-10 20:27:50',NULL),
(2674,'product',52,0,'154.28.229.9','2023-09-10 20:27:50',NULL),
(2675,'product',12,0,'154.28.229.9','2023-09-10 20:27:50',NULL),
(2676,'product',28,0,'154.28.229.9','2023-09-10 20:27:50',NULL),
(2677,'post',57,0,'154.28.229.9','2023-09-10 20:27:50',NULL),
(2678,'product',27,0,'154.28.229.9','2023-09-10 20:27:50',NULL),
(2679,'post',57,0,'54.36.149.90','2023-09-10 20:55:31',NULL),
(2680,'product',7,0,'24.199.126.65','2023-09-10 21:48:35',NULL),
(2681,'product',8,0,'82.99.229.34','2023-09-11 04:34:18',NULL),
(2682,'product',28,0,'82.99.229.34','2023-09-11 04:34:24',NULL),
(2683,'product',26,0,'82.99.229.34','2023-09-11 04:34:25',NULL),
(2684,'post',57,0,'167.99.81.53','2023-09-11 07:39:04',NULL),
(2685,'product',26,0,'159.89.26.128','2023-09-11 09:09:05',NULL),
(2686,'post',57,0,'82.99.229.34','2023-09-11 18:08:33',NULL),
(2687,'post',69,0,'82.99.229.34','2023-09-11 18:08:35',NULL),
(2688,'product',11,0,'69.160.160.54','2023-09-11 18:41:51',NULL),
(2689,'product',7,0,'69.160.160.54','2023-09-11 18:41:54',NULL),
(2690,'product',26,0,'69.160.160.54','2023-09-11 18:41:59',NULL),
(2691,'product',8,0,'167.71.164.249','2023-09-11 19:30:15',NULL),
(2692,'product',11,0,'167.99.81.239','2023-09-11 21:12:09',NULL),
(2693,'product',12,0,'167.99.90.164','2023-09-11 22:21:21',NULL),
(2694,'product',27,0,'138.197.133.252','2023-09-11 22:58:16',NULL),
(2695,'product',12,0,'82.99.229.34','2023-09-12 00:40:48',NULL),
(2696,'product',11,0,'82.99.229.34','2023-09-12 00:40:50',NULL),
(2697,'product',28,0,'143.198.82.78','2023-09-12 02:28:12',NULL),
(2698,'post',48,0,'82.99.229.34','2023-09-12 02:46:32',NULL),
(2699,'product',29,0,'82.99.229.34','2023-09-12 09:14:48',NULL),
(2700,'product',52,0,'82.99.229.34','2023-09-12 09:14:50',NULL),
(2701,'post',57,0,'167.99.89.5','2023-09-12 10:04:16',NULL),
(2702,'product',27,0,'54.36.149.82','2023-09-12 13:29:07',NULL),
(2703,'product',11,0,'54.36.149.96','2023-09-12 15:50:15',NULL),
(2704,'product',27,0,'165.231.182.31','2023-09-12 18:21:57',NULL),
(2705,'product',11,0,'135.181.74.243','2023-09-12 22:37:39',NULL),
(2706,'product',12,0,'135.181.74.243','2023-09-12 22:37:50',NULL),
(2707,'product',26,0,'135.181.74.243','2023-09-12 22:40:45',NULL),
(2708,'product',27,0,'135.181.74.243','2023-09-12 22:40:59',NULL),
(2709,'product',28,0,'135.181.74.243','2023-09-12 22:41:06',NULL),
(2710,'product',29,0,'135.181.74.243','2023-09-12 22:41:22',NULL),
(2711,'product',7,0,'135.181.74.243','2023-09-12 22:45:45',NULL),
(2712,'product',8,0,'135.181.74.243','2023-09-12 22:46:01',NULL),
(2713,'product',52,0,'135.181.74.243','2023-09-12 22:46:47',NULL),
(2714,'product',7,0,'82.99.229.34','2023-09-13 00:17:17',NULL),
(2715,'product',11,0,'52.167.144.192','2023-09-13 00:51:12',NULL),
(2716,'product',12,0,'138.197.141.31','2023-09-13 02:55:20',NULL),
(2717,'product',52,0,'159.65.246.54','2023-09-13 09:25:20',NULL),
(2718,'product',28,0,'54.36.148.107','2023-09-13 15:17:46',NULL),
(2719,'product',11,0,'184.94.240.88','2023-09-14 01:00:38',NULL),
(2720,'product',12,0,'167.71.164.52','2023-09-14 07:29:46',NULL),
(2721,'product',27,0,'82.99.229.34','2023-09-14 09:51:39',NULL),
(2722,'post',48,0,'167.71.172.18','2023-09-14 10:11:38',NULL),
(2723,'product',11,0,'185.191.171.9','2023-09-14 16:19:24',NULL),
(2724,'product',11,0,'85.208.96.201','2023-09-14 16:19:26',NULL),
(2725,'product',28,0,'85.208.96.205','2023-09-14 17:47:01',NULL),
(2726,'product',28,0,'185.191.171.15','2023-09-14 17:47:03',NULL),
(2727,'product',29,0,'85.208.96.205','2023-09-14 18:00:03',NULL),
(2728,'product',29,0,'185.191.171.19','2023-09-14 18:00:09',NULL),
(2729,'product',29,0,'24.199.126.65','2023-09-14 18:34:35',NULL),
(2730,'product',11,0,'185.191.171.5','2023-09-14 18:56:23',NULL),
(2731,'product',8,0,'85.208.96.195','2023-09-14 22:20:58',NULL),
(2732,'product',8,0,'185.191.171.8','2023-09-14 22:21:00',NULL),
(2733,'product',12,0,'185.191.171.3','2023-09-14 22:43:24',NULL),
(2734,'product',12,0,'185.191.171.12','2023-09-14 22:43:26',NULL),
(2735,'product',11,0,'185.191.171.7','2023-09-14 22:46:26',NULL),
(2736,'post',57,0,'185.191.171.13','2023-09-15 00:26:12',NULL),
(2737,'product',12,0,'185.191.171.8','2023-09-15 00:28:30',NULL),
(2738,'product',12,0,'85.208.96.196','2023-09-15 01:06:36',NULL),
(2739,'product',11,0,'52.167.144.166','2023-09-15 01:31:48',NULL),
(2740,'product',28,0,'185.191.171.9','2023-09-15 01:45:29',NULL),
(2741,'product',11,0,'85.208.96.194','2023-09-15 02:00:25',NULL),
(2742,'product',26,0,'185.191.171.3','2023-09-15 02:19:23',NULL),
(2743,'product',26,0,'85.208.96.204','2023-09-15 02:19:25',NULL),
(2744,'post',48,0,'85.208.96.198','2023-09-15 04:13:48',NULL),
(2745,'product',7,0,'85.208.96.199','2023-09-15 05:19:47',NULL),
(2746,'product',7,0,'85.208.96.212','2023-09-15 05:19:49',NULL),
(2747,'product',26,0,'85.208.96.199','2023-09-15 06:16:50',NULL),
(2748,'product',7,0,'185.191.171.14','2023-09-15 06:30:45',NULL),
(2749,'product',7,0,'85.208.96.203','2023-09-15 06:38:52',NULL),
(2750,'product',11,0,'85.208.96.208','2023-09-15 07:19:30',NULL),
(2751,'product',29,0,'85.208.96.201','2023-09-15 07:29:34',NULL),
(2752,'product',28,0,'85.208.96.204','2023-09-15 08:09:57',NULL),
(2753,'product',12,0,'85.208.96.202','2023-09-15 08:25:16',NULL),
(2754,'product',26,0,'185.191.171.4','2023-09-15 08:53:33',NULL),
(2755,'product',27,0,'85.208.96.206','2023-09-15 08:55:33',NULL),
(2756,'product',27,0,'185.191.171.3','2023-09-15 08:55:35',NULL),
(2757,'product',27,0,'185.191.171.13','2023-09-15 09:03:15',NULL),
(2758,'product',7,0,'85.208.96.205','2023-09-15 09:44:26',NULL),
(2759,'product',27,0,'85.208.96.199','2023-09-15 10:02:23',NULL),
(2760,'product',26,0,'52.167.144.163','2023-09-15 11:12:37',NULL),
(2761,'product',12,0,'185.191.171.19','2023-09-15 11:57:52',NULL),
(2762,'product',7,0,'185.191.171.8','2023-09-15 12:00:36',NULL),
(2763,'product',8,0,'185.191.171.3','2023-09-15 12:11:51',NULL),
(2764,'post',57,0,'159.65.250.146','2023-09-15 12:56:41',NULL),
(2765,'product',11,0,'52.167.144.199','2023-09-15 13:02:26',NULL),
(2766,'product',26,0,'185.191.171.7','2023-09-15 13:42:49',NULL),
(2767,'product',28,0,'85.208.96.209','2023-09-15 13:44:14',NULL),
(2768,'product',8,0,'185.191.171.13','2023-09-15 13:57:43',NULL),
(2769,'product',27,0,'85.208.96.194','2023-09-15 14:02:35',NULL),
(2770,'product',8,0,'185.191.171.1','2023-09-15 15:00:08',NULL),
(2771,'product',28,0,'85.208.96.211','2023-09-15 15:45:17',NULL),
(2772,'post',57,0,'165.227.35.197','2023-09-15 16:15:11',NULL),
(2773,'post',48,0,'165.227.35.197','2023-09-15 16:15:11',NULL),
(2774,'post',69,0,'165.227.35.197','2023-09-15 16:15:11',NULL),
(2775,'product',7,0,'165.227.35.197','2023-09-15 16:15:11',NULL),
(2776,'product',8,0,'165.227.35.197','2023-09-15 16:15:11',NULL),
(2777,'product',12,0,'165.227.35.197','2023-09-15 16:15:11',NULL),
(2778,'product',52,0,'165.227.35.197','2023-09-15 16:15:11',NULL),
(2779,'product',26,0,'165.227.35.197','2023-09-15 16:15:11',NULL),
(2780,'product',28,0,'165.227.35.197','2023-09-15 16:15:11',NULL),
(2781,'product',29,0,'165.227.35.197','2023-09-15 16:15:11',NULL),
(2782,'product',29,0,'165.227.35.197','2023-09-15 16:15:11',NULL),
(2783,'product',11,0,'165.227.35.197','2023-09-15 16:15:11',NULL),
(2784,'product',27,0,'165.227.35.197','2023-09-15 16:15:12',NULL),
(2785,'product',7,0,'52.167.144.179','2023-09-15 17:19:51',NULL),
(2786,'post',69,0,'54.36.148.247','2023-09-15 18:13:16',NULL),
(2787,'product',29,0,'85.208.96.193','2023-09-15 18:22:30',NULL),
(2788,'product',8,0,'185.191.171.17','2023-09-15 18:46:14',NULL),
(2789,'product',26,0,'185.191.171.5','2023-09-15 19:07:10',NULL),
(2790,'product',28,0,'167.71.172.18','2023-09-15 19:12:27',NULL),
(2791,'product',8,0,'185.191.171.11','2023-09-15 21:03:33',NULL),
(2792,'product',7,0,'85.208.96.211','2023-09-15 21:55:32',NULL),
(2793,'product',29,0,'85.208.96.207','2023-09-15 22:45:30',NULL),
(2794,'product',8,0,'54.36.148.19','2023-09-16 00:15:29',NULL),
(2795,'post',69,0,'167.99.94.234','2023-09-16 01:27:04',NULL),
(2796,'product',11,0,'65.108.0.71','2023-09-16 05:49:44',NULL),
(2797,'product',12,0,'65.108.0.71','2023-09-16 05:49:46',NULL),
(2798,'product',26,0,'65.108.0.71','2023-09-16 05:50:11',NULL),
(2799,'product',27,0,'65.108.0.71','2023-09-16 05:50:13',NULL),
(2800,'product',28,0,'65.108.0.71','2023-09-16 05:50:15',NULL),
(2801,'product',29,0,'65.108.0.71','2023-09-16 05:50:17',NULL),
(2802,'product',7,0,'65.108.0.71','2023-09-16 05:50:58',NULL),
(2803,'product',8,0,'65.108.0.71','2023-09-16 05:51:00',NULL),
(2804,'product',52,0,'65.108.0.71','2023-09-16 05:51:06',NULL),
(2805,'product',8,0,'52.167.144.142','2023-09-16 10:35:23',NULL),
(2806,'product',29,0,'54.36.149.77','2023-09-16 11:46:44',NULL),
(2807,'post',48,0,'149.56.150.252','2023-09-16 16:57:52',NULL),
(2808,'post',48,0,'65.21.226.48','2023-09-16 17:10:51',NULL),
(2809,'post',57,0,'65.21.226.48','2023-09-16 17:10:55',NULL),
(2810,'post',69,0,'65.21.226.48','2023-09-16 17:10:57',NULL),
(2811,'product',11,0,'24.199.117.100','2023-09-16 18:44:33',NULL),
(2812,'product',7,0,'65.21.226.48','2023-09-16 20:05:28',NULL),
(2813,'product',8,0,'65.21.226.48','2023-09-16 20:05:33',NULL),
(2814,'product',26,0,'65.21.226.48','2023-09-16 20:05:38',NULL),
(2815,'product',12,0,'65.21.226.48','2023-09-16 20:05:43',NULL),
(2816,'product',52,0,'65.21.226.48','2023-09-16 20:46:49',NULL),
(2817,'product',29,0,'65.21.226.48','2023-09-16 20:46:54',NULL),
(2818,'product',11,0,'65.21.226.48','2023-09-16 20:47:00',NULL),
(2819,'product',27,0,'65.21.226.48','2023-09-16 21:22:46',NULL),
(2820,'product',28,0,'65.21.226.48','2023-09-16 21:22:51',NULL),
(2821,'product',7,0,'54.36.148.33','2023-09-17 00:48:57',NULL),
(2822,'product',11,0,'52.167.144.238','2023-09-17 09:32:29',NULL),
(2823,'product',12,0,'54.36.148.39','2023-09-17 14:05:13',NULL),
(2824,'post',69,0,'167.99.81.223','2023-09-17 14:34:34',NULL),
(2825,'product',8,0,'40.77.167.152','2023-09-17 22:10:36',NULL),
(2826,'post',48,0,'24.199.109.119','2023-09-18 04:13:21',NULL),
(2827,'product',26,0,'54.36.148.94','2023-09-18 05:23:02',NULL),
(2828,'product',28,0,'52.167.144.197','2023-09-18 10:52:56',NULL),
(2829,'product',28,0,'165.232.82.30','2023-09-18 14:15:11',NULL),
(2830,'product',7,0,'138.197.28.18','2023-09-18 17:44:37',NULL),
(2831,'post',69,0,'143.110.214.175','2023-09-18 21:19:47',NULL),
(2832,'post',48,0,'167.71.164.249','2023-09-18 21:45:06',NULL),
(2833,'product',11,0,'217.182.175.146','2023-09-18 22:22:28',NULL),
(2834,'product',12,0,'217.182.175.146','2023-09-18 22:22:49',NULL),
(2835,'product',26,0,'217.182.175.146','2023-09-18 22:26:31',NULL),
(2836,'product',27,0,'217.182.175.146','2023-09-18 22:26:49',NULL),
(2837,'product',28,0,'217.182.175.146','2023-09-18 22:27:04',NULL),
(2838,'product',29,0,'217.182.175.146','2023-09-18 22:27:22',NULL),
(2839,'product',7,0,'217.182.175.146','2023-09-18 22:33:18',NULL),
(2840,'product',8,0,'217.182.175.146','2023-09-18 22:33:33',NULL),
(2841,'product',52,0,'217.182.175.146','2023-09-18 22:34:23',NULL),
(2842,'product',8,0,'167.71.164.68','2023-09-19 00:31:00',NULL),
(2843,'product',27,0,'159.65.246.54','2023-09-19 04:03:38',NULL),
(2844,'product',52,0,'159.65.246.70','2023-09-19 06:54:40',NULL),
(2845,'product',27,0,'181.214.206.252','2023-09-19 10:32:15',NULL),
(2846,'post',57,0,'54.36.149.1','2023-09-19 17:10:00',NULL),
(2847,'product',11,0,'167.99.81.223','2023-09-19 19:12:44',NULL),
(2848,'product',26,0,'146.190.170.179','2023-09-19 23:32:45',NULL),
(2849,'post',48,0,'146.190.134.222','2023-09-20 00:58:18',NULL),
(2850,'product',11,0,'52.167.144.219','2023-09-20 01:29:26',NULL),
(2851,'product',52,0,'54.36.149.67','2023-09-20 10:17:00',NULL),
(2852,'product',52,0,'54.36.148.91','2023-09-20 10:17:14',NULL),
(2853,'product',29,0,'167.99.89.238','2023-09-20 11:23:13',NULL),
(2854,'product',12,0,'54.36.148.61','2023-09-20 14:27:00',NULL),
(2855,'product',12,0,'54.36.148.128','2023-09-20 14:27:17',NULL),
(2856,'product',11,0,'54.36.148.190','2023-09-21 00:17:20',NULL),
(2857,'product',11,0,'54.36.148.120','2023-09-21 00:17:40',NULL),
(2858,'product',12,0,'159.65.242.228','2023-09-21 04:35:49',NULL),
(2859,'product',12,0,'40.77.167.32','2023-09-21 05:20:39',NULL),
(2860,'product',29,0,'137.184.114.243','2023-09-21 12:17:21',NULL),
(2861,'product',11,0,'128.199.73.196','2023-09-21 12:26:13',NULL),
(2862,'product',11,0,'54.36.149.15','2023-09-21 12:38:10',NULL),
(2863,'product',11,0,'54.36.148.28','2023-09-21 12:39:16',NULL),
(2864,'product',27,0,'54.36.148.154','2023-09-21 20:59:45',NULL),
(2865,'product',27,0,'54.36.149.4','2023-09-21 20:59:52',NULL),
(2866,'product',52,0,'188.210.132.106','2023-09-21 21:25:20',NULL),
(2867,'product',28,0,'40.77.167.243','2023-09-21 23:30:00',NULL),
(2868,'product',27,0,'54.36.148.150','2023-09-22 01:45:58',NULL),
(2869,'product',27,0,'54.36.148.45','2023-09-22 01:46:30',NULL),
(2870,'product',11,0,'65.108.0.71','2023-09-22 01:50:49',NULL),
(2871,'product',12,0,'65.108.0.71','2023-09-22 01:50:51',NULL),
(2872,'product',26,0,'65.108.0.71','2023-09-22 01:51:15',NULL),
(2873,'product',27,0,'65.108.0.71','2023-09-22 01:51:17',NULL),
(2874,'product',28,0,'65.108.0.71','2023-09-22 01:51:19',NULL),
(2875,'product',29,0,'65.108.0.71','2023-09-22 01:51:21',NULL),
(2876,'product',7,0,'65.108.0.71','2023-09-22 01:52:02',NULL),
(2877,'product',8,0,'65.108.0.71','2023-09-22 01:52:04',NULL),
(2878,'product',52,0,'65.108.0.71','2023-09-22 01:52:10',NULL),
(2879,'product',28,0,'52.167.144.228','2023-09-22 02:26:22',NULL),
(2880,'product',8,0,'167.71.164.52','2023-09-22 09:13:02',NULL),
(2881,'post',48,0,'135.181.212.177','2023-09-22 12:00:01',NULL),
(2882,'post',57,0,'135.181.212.177','2023-09-22 12:00:03',NULL),
(2883,'product',26,0,'167.99.81.223','2023-09-22 12:23:22',NULL),
(2884,'product',27,0,'54.36.148.140','2023-09-22 15:22:52',NULL),
(2885,'product',11,0,'54.36.148.189','2023-09-22 16:14:42',NULL),
(2886,'product',12,0,'54.36.148.101','2023-09-22 16:52:16',NULL),
(2887,'post',48,0,'34.245.33.51','2023-09-22 19:20:47',NULL),
(2888,'post',57,0,'34.245.33.51','2023-09-22 19:20:48',NULL),
(2889,'post',69,0,'34.245.33.51','2023-09-22 19:20:50',NULL),
(2890,'post',48,0,'167.71.182.104','2023-09-22 19:29:35',NULL),
(2891,'post',57,0,'167.71.182.104','2023-09-22 19:29:35',NULL),
(2892,'post',69,0,'167.71.182.104','2023-09-22 19:29:35',NULL),
(2893,'product',7,0,'167.71.182.104','2023-09-22 19:29:35',NULL),
(2894,'product',8,0,'167.71.182.104','2023-09-22 19:29:35',NULL),
(2895,'product',26,0,'167.71.182.104','2023-09-22 19:29:35',NULL),
(2896,'product',12,0,'167.71.182.104','2023-09-22 19:29:35',NULL),
(2897,'product',52,0,'167.71.182.104','2023-09-22 19:29:36',NULL),
(2898,'product',11,0,'167.71.182.104','2023-09-22 19:29:36',NULL),
(2899,'product',27,0,'167.71.182.104','2023-09-22 19:29:36',NULL),
(2900,'product',28,0,'167.71.182.104','2023-09-22 19:29:36',NULL),
(2901,'product',29,0,'167.71.182.104','2023-09-22 19:29:36',NULL),
(2902,'product',7,0,'54.36.148.121','2023-09-22 20:03:43',NULL),
(2903,'product',11,0,'54.36.148.103','2023-09-22 20:36:24',NULL),
(2904,'product',12,0,'54.36.149.93','2023-09-22 21:09:13',NULL),
(2905,'product',7,0,'54.36.148.187','2023-09-22 22:01:18',NULL),
(2906,'product',12,0,'54.36.148.99','2023-09-22 22:50:49',NULL),
(2907,'product',7,0,'54.36.148.39','2023-09-22 23:33:50',NULL),
(2908,'product',27,0,'54.36.148.137','2023-09-23 00:19:47',NULL),
(2909,'product',12,0,'54.36.148.140','2023-09-23 01:06:25',NULL),
(2910,'product',12,0,'54.36.148.234','2023-09-23 01:06:51',NULL),
(2911,'product',12,0,'54.36.148.226','2023-09-23 02:13:43',NULL),
(2912,'product',12,0,'54.36.148.149','2023-09-23 02:14:35',NULL),
(2913,'product',11,0,'54.36.148.6','2023-09-23 03:21:32',NULL),
(2914,'product',11,0,'54.36.149.9','2023-09-23 04:25:01',NULL),
(2915,'product',7,0,'54.36.149.73','2023-09-23 05:02:07',NULL),
(2916,'product',7,0,'54.36.148.139','2023-09-23 05:41:47',NULL),
(2917,'product',27,0,'54.36.148.159','2023-09-23 07:20:56',NULL),
(2918,'product',27,0,'54.36.149.20','2023-09-23 08:49:20',NULL),
(2919,'product',12,0,'54.36.149.6','2023-09-23 09:37:30',NULL),
(2920,'product',12,0,'54.36.149.49','2023-09-23 12:54:53',NULL),
(2921,'product',12,0,'54.36.149.91','2023-09-23 12:55:04',NULL),
(2922,'product',11,0,'54.36.148.201','2023-09-23 14:15:06',NULL),
(2923,'product',11,0,'54.36.148.159','2023-09-23 15:16:02',NULL),
(2924,'product',7,0,'54.36.148.97','2023-09-23 16:44:35',NULL),
(2925,'product',11,0,'54.36.148.108','2023-09-23 17:55:26',NULL),
(2926,'product',11,0,'54.36.148.39','2023-09-23 19:04:23',NULL),
(2927,'product',52,0,'176.65.239.75','2023-09-23 19:57:43',NULL),
(2928,'product',12,0,'54.36.148.89','2023-09-23 20:28:12',NULL),
(2929,'product',12,0,'54.36.148.232','2023-09-23 21:25:19',NULL),
(2930,'product',11,0,'157.55.39.9','2023-09-23 21:36:58',NULL),
(2931,'product',28,0,'54.36.148.116','2023-09-23 21:55:26',NULL),
(2932,'product',26,0,'54.36.149.59','2023-09-23 23:05:29',NULL),
(2933,'product',26,0,'54.36.148.140','2023-09-23 23:05:39',NULL),
(2934,'product',28,0,'54.36.148.44','2023-09-23 23:32:50',NULL),
(2935,'product',26,0,'54.36.148.50','2023-09-23 23:59:20',NULL),
(2936,'product',26,0,'54.36.149.49','2023-09-24 00:26:17',NULL),
(2937,'product',26,0,'54.36.149.37','2023-09-24 00:26:25',NULL),
(2938,'product',29,0,'54.36.148.101','2023-09-24 00:53:52',NULL),
(2939,'product',28,0,'54.36.148.22','2023-09-24 01:18:46',NULL),
(2940,'product',8,0,'54.36.148.201','2023-09-24 01:40:58',NULL),
(2941,'product',28,0,'54.36.148.210','2023-09-24 03:15:32',NULL),
(2942,'product',26,0,'54.36.148.56','2023-09-24 04:31:49',NULL),
(2943,'product',26,0,'54.36.148.193','2023-09-24 06:10:44',NULL),
(2944,'product',28,0,'54.36.149.64','2023-09-24 06:55:15',NULL),
(2945,'product',29,0,'54.36.149.38','2023-09-24 07:59:51',NULL),
(2946,'product',11,0,'54.36.148.115','2023-09-24 08:35:42',NULL),
(2947,'product',11,0,'54.36.149.72','2023-09-24 08:36:02',NULL),
(2948,'product',29,0,'54.36.148.233','2023-09-24 09:19:37',NULL),
(2949,'product',28,0,'54.36.148.195','2023-09-24 10:03:45',NULL),
(2950,'product',28,0,'54.36.148.21','2023-09-24 10:41:17',NULL),
(2951,'product',28,0,'54.36.149.105','2023-09-24 12:48:29',NULL),
(2952,'product',29,0,'54.36.148.159','2023-09-24 13:28:26',NULL),
(2953,'product',29,0,'54.36.148.84','2023-09-24 13:28:32',NULL),
(2954,'product',28,0,'54.36.148.90','2023-09-24 14:06:44',NULL),
(2955,'post',69,0,'54.36.148.65','2023-09-24 14:40:59',NULL),
(2956,'post',69,0,'54.36.149.39','2023-09-24 14:41:13',NULL),
(2957,'product',28,0,'40.77.167.143','2023-09-24 15:45:54',NULL),
(2958,'product',29,0,'54.36.148.234','2023-09-24 15:49:55',NULL),
(2959,'product',26,0,'54.36.148.178','2023-09-24 16:22:38',NULL),
(2960,'product',12,0,'40.77.167.20','2023-09-24 22:46:11',NULL),
(2961,'product',11,0,'178.150.14.250','2023-09-25 00:17:41',NULL),
(2962,'product',12,0,'178.150.14.250','2023-09-25 00:17:48',NULL),
(2963,'product',26,0,'178.150.14.250','2023-09-25 00:19:46',NULL),
(2964,'product',27,0,'178.150.14.250','2023-09-25 00:19:56',NULL),
(2965,'product',28,0,'178.150.14.250','2023-09-25 00:20:07',NULL),
(2966,'product',29,0,'178.150.14.250','2023-09-25 00:20:20',NULL),
(2967,'product',7,0,'178.150.14.250','2023-09-25 00:23:59',NULL),
(2968,'product',8,0,'178.150.14.250','2023-09-25 00:24:08',NULL),
(2969,'product',52,0,'178.150.14.250','2023-09-25 00:24:38',NULL),
(2970,'post',48,0,'40.77.167.18','2023-09-25 05:49:44',NULL),
(2971,'post',69,0,'192.99.37.133','2023-09-25 09:20:36',NULL),
(2972,'product',28,0,'54.36.149.7','2023-09-25 11:16:44',NULL),
(2973,'post',57,0,'54.36.148.95','2023-09-25 14:16:16',NULL),
(2974,'product',27,0,'52.167.144.22','2023-09-25 14:51:19',NULL),
(2975,'product',7,0,'54.36.148.5','2023-09-25 16:31:47',NULL),
(2976,'product',11,0,'52.167.144.231','2023-09-25 20:51:41',NULL),
(2977,'product',27,0,'54.36.148.249','2023-09-25 22:11:16',NULL),
(2978,'product',27,0,'54.36.148.77','2023-09-26 04:31:28',NULL),
(2979,'product',26,0,'40.77.167.28','2023-09-26 05:15:47',NULL),
(2980,'product',7,0,'54.36.148.192','2023-09-26 07:01:38',NULL),
(2981,'product',12,0,'54.36.148.113','2023-09-26 08:42:32',NULL),
(2982,'product',12,0,'54.36.149.69','2023-09-26 08:42:45',NULL),
(2983,'product',8,0,'54.36.148.162','2023-09-26 11:49:26',NULL),
(2984,'product',8,0,'54.36.148.97','2023-09-26 11:49:34',NULL),
(2985,'product',27,0,'54.36.148.106','2023-09-26 12:17:59',NULL),
(2986,'product',27,0,'54.36.149.24','2023-09-26 12:18:07',NULL),
(2987,'product',26,0,'54.36.148.189','2023-09-26 16:10:36',NULL),
(2988,'product',26,0,'54.36.148.210','2023-09-26 16:29:32',NULL),
(2989,'product',26,0,'54.36.148.62','2023-09-26 18:39:01',NULL),
(2990,'product',26,0,'54.36.148.166','2023-09-26 19:05:32',NULL),
(2991,'product',26,0,'54.36.149.31','2023-09-26 20:23:48',NULL),
(2992,'product',28,0,'151.241.132.9','2023-09-26 20:24:08',NULL),
(2993,'product',26,0,'54.36.148.22','2023-09-26 20:24:30',NULL),
(2994,'product',12,0,'216.244.66.241','2023-09-26 21:12:31',NULL),
(2995,'post',57,0,'216.244.66.241','2023-09-27 02:22:52',NULL),
(2996,'product',8,0,'54.36.148.90','2023-09-27 09:30:44',NULL),
(2997,'product',8,0,'54.36.148.64','2023-09-27 09:30:51',NULL),
(2998,'product',28,0,'157.55.39.61','2023-09-27 12:12:45',NULL),
(2999,'product',8,0,'54.36.148.246','2023-09-27 14:06:48',NULL),
(3000,'product',8,0,'54.36.148.134','2023-09-27 14:06:59',NULL),
(3001,'product',26,0,'51.222.253.13','2023-09-27 14:41:26',NULL),
(3002,'product',26,0,'51.222.253.8','2023-09-27 14:41:36',NULL),
(3003,'product',7,0,'51.222.253.17','2023-09-27 15:29:33',NULL),
(3004,'product',11,0,'54.36.148.154','2023-09-27 15:48:39',NULL),
(3005,'product',27,0,'51.222.253.5','2023-09-27 17:38:11',NULL),
(3006,'product',8,0,'54.36.148.179','2023-09-27 20:01:58',NULL),
(3007,'product',29,0,'51.222.253.3','2023-09-27 21:55:03',NULL),
(3008,'product',28,0,'216.244.66.241','2023-09-27 23:02:46',NULL),
(3009,'product',29,0,'51.222.253.17','2023-09-28 00:04:55',NULL),
(3010,'product',29,0,'51.222.253.10','2023-09-28 02:14:59',NULL),
(3011,'product',29,0,'51.222.253.5','2023-09-28 03:11:36',NULL),
(3012,'product',52,0,'207.46.13.154','2023-09-28 04:53:38',NULL),
(3013,'product',11,0,'94.23.203.107','2023-09-28 05:30:59',NULL),
(3014,'product',12,0,'94.23.203.107','2023-09-28 05:31:06',NULL),
(3015,'product',26,0,'94.23.203.107','2023-09-28 05:32:30',NULL),
(3016,'product',27,0,'94.23.203.107','2023-09-28 05:32:35',NULL),
(3017,'product',28,0,'94.23.203.107','2023-09-28 05:32:43',NULL),
(3018,'product',29,0,'94.23.203.107','2023-09-28 05:32:50',NULL),
(3019,'product',7,0,'94.23.203.107','2023-09-28 05:35:18',NULL),
(3020,'product',8,0,'94.23.203.107','2023-09-28 05:35:21',NULL),
(3021,'product',52,0,'94.23.203.107','2023-09-28 05:35:28',NULL),
(3022,'product',8,0,'54.36.148.161','2023-09-28 07:37:03',NULL),
(3023,'product',27,0,'195.78.54.89','2023-09-28 08:59:17',NULL),
(3024,'product',11,0,'40.77.167.3','2023-09-28 14:59:32',NULL),
(3025,'product',29,0,'51.222.253.12','2023-09-28 17:28:18',NULL),
(3026,'post',69,0,'51.222.253.11','2023-09-28 17:46:09',NULL),
(3027,'post',69,0,'51.222.253.17','2023-09-28 17:46:14',NULL),
(3028,'product',8,0,'51.222.253.15','2023-09-28 20:41:04',NULL),
(3029,'product',8,0,'51.222.253.2','2023-09-28 20:41:16',NULL),
(3030,'product',8,0,'51.222.253.6','2023-09-28 22:59:17',NULL),
(3031,'product',29,0,'51.222.253.9','2023-09-28 23:16:37',NULL),
(3032,'product',27,0,'51.222.253.6','2023-09-29 00:53:09',NULL),
(3033,'product',27,0,'51.222.253.11','2023-09-29 00:53:13',NULL),
(3034,'product',8,0,'51.222.253.1','2023-09-29 01:41:23',NULL),
(3035,'product',8,0,'51.222.253.14','2023-09-29 01:41:37',NULL),
(3036,'post',57,0,'54.36.149.92','2023-09-29 03:24:32',NULL),
(3037,'product',29,0,'54.36.148.12','2023-09-29 07:30:33',NULL),
(3038,'post',69,0,'54.36.148.186','2023-09-29 15:43:55',NULL),
(3039,'post',69,0,'216.244.66.241','2023-09-29 19:02:16',NULL),
(3040,'product',12,0,'52.167.144.24','2023-09-30 00:55:14',NULL),
(3041,'product',11,0,'54.36.148.12','2023-09-30 01:09:34',NULL),
(3042,'product',27,0,'143.244.41.139','2023-09-30 05:37:03',NULL),
(3043,'post',48,0,'54.36.148.74','2023-09-30 11:07:47',NULL),
(3044,'post',48,0,'54.36.149.103','2023-09-30 11:07:55',NULL),
(3045,'product',28,0,'54.36.149.27','2023-09-30 12:32:05',NULL),
(3046,'product',28,0,'54.36.148.33','2023-09-30 12:32:11',NULL),
(3047,'product',12,0,'54.36.148.11','2023-09-30 12:51:56',NULL),
(3048,'product',12,0,'54.36.149.25','2023-09-30 12:52:04',NULL),
(3049,'product',27,0,'54.36.148.201','2023-09-30 14:36:41',NULL),
(3050,'product',27,0,'54.36.148.106','2023-09-30 14:36:46',NULL),
(3051,'post',57,0,'54.36.148.29','2023-09-30 19:42:20',NULL),
(3052,'post',57,0,'54.36.149.84','2023-09-30 19:42:24',NULL),
(3053,'product',27,0,'54.36.148.75','2023-12-22 04:56:53',NULL),
(3054,'post',48,0,'34.205.50.21','2023-12-22 05:30:20',NULL),
(3055,'post',57,0,'34.205.50.21','2023-12-22 05:30:21',NULL),
(3056,'post',69,0,'34.205.50.21','2023-12-22 05:30:22',NULL),
(3057,'product',7,0,'34.205.50.21','2023-12-22 05:30:27',NULL),
(3058,'product',8,0,'34.205.50.21','2023-12-22 05:30:28',NULL),
(3059,'product',29,0,'54.36.148.181','2023-12-22 08:54:06',NULL),
(3060,'product',12,0,'54.36.148.120','2023-12-22 13:56:21',NULL),
(3061,'product',8,0,'54.36.149.59','2023-12-22 14:22:06',NULL),
(3062,'product',12,0,'54.36.148.226','2023-12-22 14:57:13',NULL),
(3063,'product',11,0,'54.36.148.108','2023-12-22 18:22:47',NULL),
(3064,'product',29,0,'54.36.148.230','2023-12-22 23:13:04',NULL),
(3065,'post',48,0,'170.253.57.111','2023-12-23 02:05:36',NULL),
(3066,'post',57,0,'170.253.57.111','2023-12-23 02:05:36',NULL),
(3067,'post',69,0,'170.253.57.111','2023-12-23 02:05:36',NULL),
(3068,'product',7,0,'170.253.57.111','2023-12-23 02:05:37',NULL),
(3069,'product',8,0,'170.253.57.111','2023-12-23 02:05:37',NULL),
(3070,'product',26,0,'170.253.57.111','2023-12-23 02:05:38',NULL),
(3071,'product',12,0,'170.253.57.111','2023-12-23 02:05:38',NULL),
(3072,'product',29,0,'170.253.57.111','2023-12-23 02:05:38',NULL),
(3073,'product',11,0,'170.253.57.111','2023-12-23 02:05:38',NULL),
(3074,'product',27,0,'170.253.57.111','2023-12-23 02:05:38',NULL),
(3075,'product',28,0,'170.253.57.111','2023-12-23 02:05:38',NULL),
(3076,'product',11,0,'54.36.148.100','2023-12-23 05:49:54',NULL),
(3077,'product',28,0,'54.36.148.11','2023-12-23 07:25:59',NULL),
(3078,'product',7,0,'54.36.149.74','2023-12-23 14:30:38',NULL),
(3079,'product',27,0,'54.36.148.251','2023-12-23 16:11:08',NULL),
(3080,'post',57,0,'40.77.167.132','2023-12-23 17:35:43',NULL),
(3081,'product',11,0,'91.229.245.57','2023-12-24 02:55:19',NULL),
(3082,'product',12,0,'91.229.245.57','2023-12-24 02:55:33',NULL),
(3083,'product',26,0,'91.229.245.57','2023-12-24 02:58:36',NULL),
(3084,'product',27,0,'91.229.245.57','2023-12-24 02:58:58',NULL),
(3085,'product',28,0,'91.229.245.57','2023-12-24 02:59:17',NULL),
(3086,'product',29,0,'91.229.245.57','2023-12-24 02:59:29',NULL),
(3087,'product',7,0,'91.229.245.57','2023-12-24 03:05:19',NULL),
(3088,'product',8,0,'91.229.245.57','2023-12-24 03:05:24',NULL),
(3089,'product',52,0,'91.229.245.57','2023-12-24 03:06:13',NULL),
(3090,'product',7,0,'54.36.148.60','2023-12-24 18:53:21',NULL),
(3091,'product',12,0,'54.36.148.83','2023-12-24 21:40:58',NULL),
(3092,'product',11,0,'54.36.148.150','2023-12-24 22:03:08',NULL),
(3093,'product',52,0,'54.36.149.64','2023-12-24 22:24:34',NULL),
(3094,'product',26,0,'54.36.148.16','2023-12-24 22:45:16',NULL),
(3095,'product',26,0,'54.36.148.183','2023-12-24 22:45:19',NULL),
(3096,'product',7,0,'54.36.148.144','2023-12-24 23:05:16',NULL),
(3097,'product',7,0,'54.36.149.98','2023-12-24 23:05:17',NULL),
(3098,'product',28,0,'54.36.148.33','2023-12-24 23:26:08',NULL),
(3099,'product',28,0,'54.36.148.215','2023-12-24 23:26:10',NULL),
(3100,'product',8,0,'54.36.148.174','2023-12-24 23:46:34',NULL),
(3101,'product',8,0,'54.36.148.187','2023-12-24 23:46:35',NULL),
(3102,'product',7,0,'52.167.144.140','2023-12-24 23:50:04',NULL),
(3103,'product',29,0,'54.36.148.192','2023-12-25 00:07:52',NULL),
(3104,'product',29,0,'54.36.148.95','2023-12-25 00:07:54',NULL),
(3105,'product',12,0,'54.36.148.99','2023-12-25 01:12:58',NULL),
(3106,'post',57,0,'54.36.148.14','2023-12-25 01:56:45',NULL),
(3107,'post',57,0,'54.36.148.63','2023-12-25 01:56:49',NULL),
(3108,'product',27,0,'54.36.149.19','2023-12-25 02:12:10',NULL),
(3109,'post',57,0,'154.6.94.22','2023-12-25 04:53:52',NULL),
(3110,'product',7,0,'154.6.94.22','2023-12-25 04:54:08',NULL),
(3111,'product',26,0,'54.36.148.174','2023-12-25 08:12:52',NULL),
(3112,'product',8,0,'54.36.148.78','2023-12-25 09:54:57',NULL),
(3113,'product',29,0,'54.36.148.7','2023-12-25 13:49:39',NULL),
(3114,'product',28,0,'54.36.148.145','2023-12-25 16:38:06',NULL),
(3115,'post',69,0,'54.36.148.66','2023-12-25 17:19:03',NULL),
(3116,'product',7,0,'54.36.148.188','2023-12-25 21:53:47',NULL),
(3117,'product',52,0,'86.104.89.39','2023-12-26 01:47:54',NULL),
(3118,'product',26,0,'54.36.148.112','2023-12-26 02:41:49',NULL),
(3119,'product',12,0,'54.36.148.8','2023-12-26 08:50:52',NULL),
(3120,'product',11,0,'54.36.149.70','2023-12-26 09:01:10',NULL),
(3121,'product',11,0,'54.36.148.104','2023-12-26 09:01:11',NULL),
(3122,'product',11,0,'54.36.148.111','2023-12-26 09:11:40',NULL),
(3123,'product',11,0,'54.36.148.112','2023-12-26 09:11:44',NULL),
(3124,'product',12,0,'54.36.148.146','2023-12-26 09:21:22',NULL),
(3125,'product',12,0,'54.36.148.76','2023-12-26 09:21:23',NULL),
(3126,'product',11,0,'54.36.148.130','2023-12-26 09:31:44',NULL),
(3127,'product',11,0,'54.36.148.169','2023-12-26 09:31:46',NULL),
(3128,'product',11,0,'54.36.148.137','2023-12-26 09:41:10',NULL),
(3129,'product',11,0,'54.36.149.30','2023-12-26 09:41:12',NULL),
(3130,'product',12,0,'54.36.149.98','2023-12-26 09:50:31',NULL),
(3131,'product',12,0,'54.36.148.193','2023-12-26 09:50:33',NULL),
(3132,'product',12,0,'54.36.149.30','2023-12-26 10:00:03',NULL),
(3133,'product',12,0,'54.36.148.152','2023-12-26 10:00:06',NULL),
(3134,'product',11,0,'54.36.148.198','2023-12-26 10:09:38',NULL),
(3135,'product',7,0,'54.36.149.95','2023-12-26 10:17:08',NULL),
(3136,'product',28,0,'54.36.148.200','2023-12-26 10:19:00',NULL),
(3137,'product',28,0,'54.36.148.76','2023-12-26 10:19:01',NULL),
(3138,'product',28,0,'54.36.149.49','2023-12-26 10:28:21',NULL),
(3139,'product',28,0,'54.36.148.144','2023-12-26 10:28:23',NULL),
(3140,'product',28,0,'54.36.148.9','2023-12-26 10:38:04',NULL),
(3141,'product',28,0,'54.36.149.0','2023-12-26 10:38:05',NULL),
(3142,'product',28,0,'54.36.149.105','2023-12-26 10:47:21',NULL),
(3143,'product',28,0,'54.36.148.51','2023-12-26 10:47:23',NULL),
(3144,'product',27,0,'54.36.148.185','2023-12-26 10:56:08',NULL),
(3145,'product',27,0,'54.36.149.8','2023-12-26 10:56:10',NULL),
(3146,'product',27,0,'54.36.149.16','2023-12-26 11:05:04',NULL),
(3147,'product',27,0,'54.36.148.246','2023-12-26 11:05:06',NULL),
(3148,'product',7,0,'54.36.148.16','2023-12-26 11:14:21',NULL),
(3149,'product',7,0,'54.36.149.101','2023-12-26 11:14:23',NULL),
(3150,'product',52,0,'54.36.148.44','2023-12-26 12:44:34',NULL),
(3151,'product',52,0,'54.36.148.67','2023-12-26 12:44:39',NULL),
(3152,'product',27,0,'54.36.149.93','2023-12-26 13:07:34',NULL),
(3153,'product',26,0,'54.36.148.219','2023-12-26 13:31:39',NULL),
(3154,'product',26,0,'54.36.148.146','2023-12-26 13:31:48',NULL),
(3155,'product',26,0,'54.36.148.16','2023-12-26 13:42:45',NULL),
(3156,'product',26,0,'54.36.148.191','2023-12-26 13:53:43',NULL),
(3157,'product',26,0,'54.36.148.252','2023-12-26 13:53:45',NULL),
(3158,'product',26,0,'54.36.148.140','2023-12-26 16:52:50',NULL),
(3159,'product',26,0,'54.36.148.234','2023-12-26 16:52:52',NULL),
(3160,'product',27,0,'54.36.149.79','2023-12-26 17:04:07',NULL),
(3161,'product',7,0,'54.36.149.36','2023-12-26 17:22:19',NULL),
(3162,'product',7,0,'54.36.148.134','2023-12-26 17:22:20',NULL),
(3163,'product',26,0,'54.36.148.229','2023-12-26 17:31:19',NULL),
(3164,'product',29,0,'54.36.148.0','2023-12-26 17:39:25',NULL),
(3165,'product',29,0,'54.36.148.241','2023-12-26 17:39:26',NULL),
(3166,'product',29,0,'54.36.149.52','2023-12-26 17:48:11',NULL),
(3167,'product',29,0,'54.36.149.43','2023-12-26 17:48:16',NULL),
(3168,'product',29,0,'54.36.148.91','2023-12-26 17:56:36',NULL),
(3169,'product',29,0,'54.36.148.82','2023-12-26 18:05:27',NULL),
(3170,'product',29,0,'54.36.148.79','2023-12-26 18:05:29',NULL),
(3171,'product',29,0,'54.36.148.62','2023-12-26 18:20:40',NULL),
(3172,'product',8,0,'54.36.148.158','2023-12-26 18:29:27',NULL),
(3173,'product',8,0,'54.36.148.178','2023-12-26 18:37:52',NULL),
(3174,'product',8,0,'54.36.149.32','2023-12-26 18:37:54',NULL),
(3175,'product',8,0,'54.36.148.133','2023-12-26 18:46:39',NULL),
(3176,'product',8,0,'54.36.148.242','2023-12-26 18:46:41',NULL),
(3177,'product',8,0,'54.36.148.50','2023-12-26 18:55:15',NULL),
(3178,'product',8,0,'54.36.149.41','2023-12-26 19:03:32',NULL),
(3179,'product',8,0,'54.36.148.121','2023-12-26 19:03:34',NULL),
(3180,'product',12,0,'54.36.148.230','2023-12-26 19:12:27',NULL),
(3181,'post',69,0,'54.36.148.184','2023-12-26 19:29:05',NULL),
(3182,'post',69,0,'54.36.148.20','2023-12-26 19:29:07',NULL),
(3183,'post',69,0,'207.46.13.154','2023-12-26 19:59:06',NULL),
(3184,'post',57,0,'54.36.148.120','2023-12-26 21:42:30',NULL),
(3185,'product',29,0,'54.36.148.222','2023-12-27 00:58:10',NULL),
(3186,'product',11,0,'84.46.255.144','2023-12-27 03:37:00',NULL),
(3187,'product',12,0,'84.46.255.144','2023-12-27 03:37:25',NULL),
(3188,'product',26,0,'84.46.255.144','2023-12-27 03:42:07',NULL),
(3189,'product',27,0,'84.46.255.144','2023-12-27 03:42:25',NULL),
(3190,'product',28,0,'84.46.255.144','2023-12-27 03:42:47',NULL),
(3191,'product',29,0,'84.46.255.144','2023-12-27 03:43:05',NULL),
(3192,'product',29,0,'54.36.149.102','2023-12-27 03:48:40',NULL),
(3193,'product',29,0,'54.36.148.98','2023-12-27 03:48:43',NULL),
(3194,'product',7,0,'84.46.255.144','2023-12-27 03:50:41',NULL),
(3195,'product',8,0,'84.46.255.144','2023-12-27 03:51:07',NULL),
(3196,'product',52,0,'84.46.255.144','2023-12-27 03:52:17',NULL),
(3197,'product',29,0,'54.36.148.147','2023-12-27 04:11:57',NULL),
(3198,'product',29,0,'54.36.149.9','2023-12-27 04:11:59',NULL),
(3199,'product',29,0,'54.36.148.180','2023-12-27 04:31:56',NULL),
(3200,'product',29,0,'54.36.149.4','2023-12-27 04:31:59',NULL),
(3201,'product',29,0,'54.36.149.77','2023-12-27 04:48:02',NULL),
(3202,'product',29,0,'54.36.148.148','2023-12-27 05:04:40',NULL),
(3203,'product',29,0,'54.36.149.34','2023-12-27 05:04:42',NULL),
(3204,'product',28,0,'54.36.149.33','2023-12-27 06:30:46',NULL),
(3205,'product',8,0,'54.36.148.241','2023-12-27 07:13:49',NULL),
(3206,'product',8,0,'54.36.148.219','2023-12-27 07:13:51',NULL),
(3207,'product',12,0,'54.36.148.213','2023-12-27 07:30:35',NULL),
(3208,'product',7,0,'54.36.149.47','2023-12-27 08:32:52',NULL),
(3209,'product',7,0,'54.36.148.158','2023-12-27 08:32:54',NULL),
(3210,'product',8,0,'54.36.149.80','2023-12-27 09:44:01',NULL),
(3211,'product',8,0,'54.36.149.9','2023-12-27 10:01:23',NULL),
(3212,'product',8,0,'54.36.148.29','2023-12-27 10:51:47',NULL),
(3213,'product',8,0,'54.36.149.102','2023-12-27 10:51:51',NULL),
(3214,'product',8,0,'54.36.148.234','2023-12-27 11:05:45',NULL),
(3215,'product',8,0,'54.36.148.233','2023-12-27 11:05:46',NULL),
(3216,'product',7,0,'54.36.148.125','2023-12-27 11:42:52',NULL),
(3217,'product',7,0,'54.36.148.140','2023-12-27 11:42:53',NULL),
(3218,'product',7,0,'54.36.148.237','2023-12-27 11:55:18',NULL),
(3219,'product',7,0,'54.36.148.9','2023-12-27 11:55:20',NULL),
(3220,'product',7,0,'54.36.148.246','2023-12-27 12:07:29',NULL),
(3221,'product',7,0,'54.36.149.25','2023-12-27 12:07:31',NULL),
(3222,'product',7,0,'54.36.148.98','2023-12-27 12:19:26',NULL),
(3223,'product',7,0,'54.36.148.77','2023-12-27 12:19:27',NULL),
(3224,'product',7,0,'54.36.148.248','2023-12-27 12:30:30',NULL),
(3225,'product',7,0,'54.36.149.31','2023-12-27 12:30:32',NULL),
(3226,'product',26,0,'54.36.149.7','2023-12-27 14:16:57',NULL),
(3227,'product',28,0,'54.36.148.37','2023-12-27 14:43:43',NULL),
(3228,'product',28,0,'54.36.149.44','2023-12-27 14:43:45',NULL),
(3229,'product',28,0,'54.36.148.59','2023-12-27 17:04:06',NULL),
(3230,'product',28,0,'54.36.148.249','2023-12-27 17:04:12',NULL),
(3231,'product',28,0,'54.36.148.254','2023-12-27 17:23:38',NULL),
(3232,'product',28,0,'54.36.148.108','2023-12-27 17:23:40',NULL),
(3233,'product',28,0,'54.36.148.62','2023-12-27 17:37:02',NULL),
(3234,'product',28,0,'54.36.148.31','2023-12-27 17:37:06',NULL),
(3235,'product',26,0,'54.36.148.247','2023-12-27 18:20:00',NULL),
(3236,'product',26,0,'54.36.148.64','2023-12-27 18:32:10',NULL),
(3237,'product',26,0,'54.36.149.63','2023-12-27 18:32:11',NULL),
(3238,'product',26,0,'54.36.148.86','2023-12-27 18:44:45',NULL),
(3239,'product',28,0,'54.36.148.149','2023-12-27 19:47:14',NULL),
(3240,'product',28,0,'54.36.148.174','2023-12-27 19:47:16',NULL),
(3241,'product',26,0,'54.36.148.12','2023-12-27 19:59:52',NULL),
(3242,'product',26,0,'54.36.149.67','2023-12-27 19:59:54',NULL),
(3243,'product',26,0,'54.36.148.26','2023-12-27 20:12:10',NULL),
(3244,'product',26,0,'54.36.148.218','2023-12-27 20:12:13',NULL),
(3245,'product',28,0,'54.36.148.38','2023-12-27 20:23:31',NULL),
(3246,'product',12,0,'54.36.149.107','2023-12-27 21:41:20',NULL),
(3247,'product',11,0,'54.36.148.181','2023-12-27 21:52:22',NULL),
(3248,'product',11,0,'54.36.149.96','2023-12-28 01:11:56',NULL),
(3249,'product',11,0,'54.36.148.62','2023-12-28 01:11:59',NULL),
(3250,'product',12,0,'54.36.148.95','2023-12-28 01:27:47',NULL),
(3251,'product',11,0,'54.36.149.93','2023-12-28 01:42:50',NULL),
(3252,'product',11,0,'54.36.148.132','2023-12-28 01:42:53',NULL),
(3253,'product',12,0,'54.36.148.184','2023-12-28 01:56:21',NULL),
(3254,'product',12,0,'54.36.148.176','2023-12-28 01:56:22',NULL),
(3255,'product',12,0,'54.36.148.183','2023-12-28 02:07:45',NULL),
(3256,'product',12,0,'54.36.148.252','2023-12-28 02:07:51',NULL),
(3257,'product',12,0,'54.36.148.101','2023-12-28 02:17:30',NULL),
(3258,'product',12,0,'54.36.148.91','2023-12-28 02:27:21',NULL),
(3259,'product',11,0,'54.36.148.165','2023-12-28 02:37:28',NULL),
(3260,'product',11,0,'54.36.148.91','2023-12-28 02:37:35',NULL),
(3261,'product',52,0,'216.244.66.241','2023-12-28 02:46:01',NULL),
(3262,'product',11,0,'54.36.148.157','2023-12-28 02:47:58',NULL),
(3263,'product',11,0,'54.36.148.64','2023-12-28 02:48:00',NULL),
(3264,'product',11,0,'54.36.148.37','2023-12-28 02:57:47',NULL),
(3265,'product',11,0,'54.36.148.119','2023-12-28 02:57:49',NULL),
(3266,'post',69,0,'54.36.149.83','2023-12-28 05:04:36',NULL),
(3267,'product',27,0,'54.36.149.55','2023-12-28 05:24:23',NULL),
(3268,'post',57,0,'54.36.149.54','2023-12-28 05:43:56',NULL),
(3269,'post',57,0,'54.36.148.142','2023-12-28 05:44:00',NULL),
(3270,'product',27,0,'54.36.149.59','2023-12-28 07:21:04',NULL),
(3271,'product',27,0,'54.36.148.66','2023-12-28 07:41:46',NULL),
(3272,'product',27,0,'54.36.148.36','2023-12-28 07:41:48',NULL),
(3273,'product',27,0,'54.36.148.130','2023-12-28 07:51:22',NULL),
(3274,'product',27,0,'54.36.148.218','2023-12-28 07:51:24',NULL),
(3275,'product',27,0,'54.36.149.75','2023-12-28 08:08:53',NULL),
(3276,'product',27,0,'54.36.148.3','2023-12-28 08:17:49',NULL),
(3277,'product',27,0,'54.36.149.100','2023-12-28 08:17:50',NULL),
(3278,'product',7,0,'40.77.167.235','2023-12-29 08:02:06',NULL),
(3279,'post',48,0,'176.123.1.108','2023-12-30 00:40:48',NULL),
(3280,'post',57,0,'176.123.1.108','2023-12-30 00:40:56',NULL),
(3281,'post',69,0,'176.123.1.108','2023-12-30 00:41:06',NULL),
(3282,'post',69,0,'13.52.182.151','2023-12-30 07:35:06',NULL),
(3283,'post',57,0,'13.52.182.151','2023-12-30 07:35:06',NULL),
(3284,'post',48,0,'13.52.182.151','2023-12-30 07:35:06',NULL),
(3285,'product',11,0,'192.95.30.177','2023-12-30 10:39:28',NULL),
(3286,'product',12,0,'192.95.30.177','2023-12-30 10:39:32',NULL),
(3287,'product',27,0,'192.95.30.177','2023-12-30 10:42:41',NULL),
(3288,'product',28,0,'192.95.30.177','2023-12-30 10:42:45',NULL),
(3289,'product',29,0,'192.95.30.177','2023-12-30 10:42:47',NULL),
(3290,'product',7,0,'192.95.30.177','2023-12-30 10:44:42',NULL),
(3291,'product',8,0,'192.95.30.177','2023-12-30 10:44:44',NULL),
(3292,'product',52,0,'192.95.30.177','2023-12-30 10:44:51',NULL),
(3293,'post',48,0,'65.108.6.34','2023-12-30 14:49:31',NULL),
(3294,'post',57,0,'65.108.6.34','2023-12-30 14:49:39',NULL),
(3295,'post',69,0,'65.108.6.34','2023-12-30 14:49:42',NULL),
(3296,'product',7,0,'65.108.6.34','2023-12-30 17:38:20',NULL),
(3297,'product',8,0,'65.108.6.34','2023-12-30 17:38:28',NULL),
(3298,'product',26,0,'65.108.6.34','2023-12-30 17:38:36',NULL),
(3299,'product',12,0,'65.108.6.34','2023-12-30 18:17:16',NULL),
(3300,'product',52,0,'65.108.6.34','2023-12-30 18:17:24',NULL),
(3301,'product',29,0,'65.108.6.34','2023-12-30 18:52:26',NULL),
(3302,'product',11,0,'65.108.6.34','2023-12-30 18:52:34',NULL),
(3303,'product',27,0,'65.108.6.34','2023-12-30 18:52:41',NULL),
(3304,'product',28,0,'65.108.6.34','2023-12-30 19:21:56',NULL),
(3305,'post',48,0,'51.222.253.5','2023-12-31 15:28:07',NULL),
(3306,'post',48,0,'51.222.253.13','2023-12-31 15:28:10',NULL),
(3307,'post',48,0,'51.222.253.6','2024-01-01 00:20:05',NULL),
(3308,'post',69,0,'40.77.167.63','2024-01-02 03:36:50',NULL),
(3309,'post',48,0,'44.199.211.224','2024-01-02 09:37:40',NULL),
(3310,'post',57,0,'44.199.211.224','2024-01-02 09:37:40',NULL),
(3311,'post',69,0,'44.199.211.224','2024-01-02 09:37:41',NULL),
(3312,'product',7,0,'44.199.211.224','2024-01-02 09:37:46',NULL),
(3313,'product',8,0,'44.199.211.224','2024-01-02 09:37:47',NULL),
(3314,'post',48,0,'143.110.230.251','2024-01-02 12:12:35',NULL),
(3315,'product',28,0,'66.249.66.201','2024-01-02 18:09:44',NULL),
(3316,'product',11,0,'94.23.7.188','2024-01-02 22:11:06',NULL),
(3317,'product',12,0,'94.23.7.188','2024-01-02 22:11:17',NULL),
(3318,'product',26,0,'94.23.7.188','2024-01-02 22:12:38',NULL),
(3319,'product',27,0,'94.23.7.188','2024-01-02 22:12:44',NULL),
(3320,'product',28,0,'94.23.7.188','2024-01-02 22:12:50',NULL),
(3321,'product',29,0,'94.23.7.188','2024-01-02 22:12:56',NULL),
(3322,'product',7,0,'94.23.7.188','2024-01-02 22:15:42',NULL),
(3323,'product',8,0,'94.23.7.188','2024-01-02 22:15:47',NULL),
(3324,'product',52,0,'94.23.7.188','2024-01-02 22:16:01',NULL),
(3325,'post',69,0,'66.249.66.202','2024-01-02 23:16:41',NULL),
(3326,'post',48,0,'3.94.149.57','2024-01-03 01:19:04',NULL),
(3327,'post',57,0,'3.94.149.57','2024-01-03 01:19:05',NULL),
(3328,'post',69,0,'3.94.149.57','2024-01-03 01:19:05',NULL),
(3329,'product',7,0,'3.94.149.57','2024-01-03 01:19:11',NULL),
(3330,'product',8,0,'3.94.149.57','2024-01-03 01:19:12',NULL),
(3331,'post',48,0,'91.92.242.145','2024-01-03 09:07:00',NULL),
(3332,'post',57,0,'91.92.242.145','2024-01-03 09:07:02',NULL),
(3333,'post',69,0,'91.92.242.145','2024-01-03 09:07:05',NULL),
(3334,'product',7,0,'91.92.242.145','2024-01-03 09:07:31',NULL),
(3335,'product',8,0,'91.92.242.145','2024-01-03 09:07:37',NULL),
(3336,'product',26,0,'91.92.242.145','2024-01-03 09:07:43',NULL),
(3337,'product',12,0,'91.92.242.145','2024-01-03 09:07:49',NULL),
(3338,'product',52,0,'91.92.242.145','2024-01-03 09:07:54',NULL),
(3339,'product',11,0,'91.92.242.145','2024-01-03 09:08:01',NULL),
(3340,'product',27,0,'91.92.242.145','2024-01-03 09:08:05',NULL),
(3341,'product',28,0,'91.92.242.145','2024-01-03 09:08:12',NULL),
(3342,'product',52,0,'46.101.80.192','2024-01-03 18:02:19',NULL),
(3343,'post',57,0,'216.244.66.241','2024-01-04 00:06:17',NULL),
(3344,'post',48,0,'192.144.39.60','2024-01-04 21:47:22',NULL),
(3345,'post',57,0,'192.144.39.60','2024-01-04 21:47:23',NULL),
(3346,'post',69,0,'192.144.39.60','2024-01-04 21:47:24',NULL),
(3347,'product',11,0,'194.247.173.99','2024-01-05 14:17:59',NULL),
(3348,'product',12,0,'194.247.173.99','2024-01-05 14:18:01',NULL),
(3349,'product',26,0,'194.247.173.99','2024-01-05 14:18:31',NULL),
(3350,'product',27,0,'194.247.173.99','2024-01-05 14:18:34',NULL),
(3351,'product',28,0,'194.247.173.99','2024-01-05 14:18:37',NULL),
(3352,'product',29,0,'194.247.173.99','2024-01-05 14:18:39',NULL),
(3353,'product',7,0,'194.247.173.99','2024-01-05 14:19:33',NULL),
(3354,'product',8,0,'194.247.173.99','2024-01-05 14:19:36',NULL),
(3355,'product',52,0,'194.247.173.99','2024-01-05 14:19:45',NULL),
(3356,'post',48,0,'3.235.100.6','2024-01-05 22:43:06',NULL),
(3357,'post',57,0,'3.235.100.6','2024-01-05 22:43:06',NULL),
(3358,'post',69,0,'3.235.100.6','2024-01-05 22:43:07',NULL),
(3359,'product',7,0,'3.235.100.6','2024-01-05 22:43:12',NULL),
(3360,'product',8,0,'3.235.100.6','2024-01-05 22:43:13',NULL),
